May 13 15:05:06.243591 dv-cinder-832130-2-smb devstack@keystone.service[80240]: [pid: 80240|app: 0|req: 103/195] 10.222.0.87 () {56 vars in 1374 bytes} [Fri May 13 15:05:06 2022] GET /identity/v3/role_assignments?user.id=3bd6d5800fa749c58a5b416cc8646da1&scope.project.id=a3c7eb3d1e6443a18615af62891abc10&role.id=808a08f3cd2a492484bd6343ede096b4 => generated 608 bytes in 171 msecs (HTTP/1.1 200) 5 headers in 177 bytes (1 switches on core 0)
May 13 15:05:06.244863 dv-cinder-832130-2-smb devstack@keystone.service[80240]: DEBUG keystone.server.flask.request_processing.middleware.auth_context [None req-2aa5061c-6c89-4eab-b224-24e9add22d25 None admin] Authenticating user token {{(pid=80240) process_request /usr/local/lib/python3.8/dist-packages/keystonemiddleware/auth_token/__init__.py:407}}
May 13 15:05:06.288629 dv-cinder-832130-2-smb devstack@keystone.service[80239]: [pid: 80239|app: 0|req: 93/196] 10.222.0.87 () {58 vars in 1282 bytes} [Fri May 13 15:05:05 2022] GET /identity/v3/auth/tokens => generated 799 bytes in 341 msecs (HTTP/1.1 200) 6 headers in 358 bytes (1 switches on core 0)
May 13 15:05:06.289305 dv-cinder-832130-2-smb devstack@keystone.service[80239]: DEBUG keystone.server.flask.request_processing.middleware.auth_context [None req-23d74337-02d9-49ef-94dc-cf22c3eea934 None admin] Authenticating user token {{(pid=80239) process_request /usr/local/lib/python3.8/dist-packages/keystonemiddleware/auth_token/__init__.py:407}}
May 13 15:05:06.371924 dv-cinder-832130-2-smb devstack@keystone.service[80240]: DEBUG keystone.server.flask.request_processing.middleware.auth_context [None req-2aa5061c-6c89-4eab-b224-24e9add22d25 None admin] Validating token access rules against request {{(pid=80240) validate_allowed_request /usr/local/lib/python3.8/dist-packages/keystonemiddleware/auth_token/__init__.py:545}}
May 13 15:05:06.404564 dv-cinder-832130-2-smb devstack@keystone.service[80239]: DEBUG keystone.server.flask.request_processing.middleware.auth_context [None req-23d74337-02d9-49ef-94dc-cf22c3eea934 None admin] Validating token access rules against request {{(pid=80239) validate_allowed_request /usr/local/lib/python3.8/dist-packages/keystonemiddleware/auth_token/__init__.py:545}}
May 13 15:05:06.411255 dv-cinder-832130-2-smb devstack@keystone.service[80240]: DEBUG keystone.server.flask.request_processing.middleware.auth_context [None req-bf536a8e-91cd-4a8c-8027-035a1fdd1086 None admin] RBAC: auth_context: {'token': , 'domain_id': None, 'trust_id': None, 'trustor_id': None, 'trustee_id': None, 'domain_name': None, 'group_ids': [], 'user_id': 'd08cc3ac36604b8b9138d251bf61603f', 'user_domain_id': 'default', 'system_scope': 'all', 'project_id': None, 'project_domain_id': None, 'roles': ['admin', 'member', 'reader'], 'is_admin_project': True, 'service_user_id': None, 'service_user_domain_id': None, 'service_project_id': None, 'service_project_domain_id': None, 'service_roles': []} {{(pid=80240) fill_context /opt/stack/keystone/keystone/server/flask/request_processing/middleware/auth_context.py:478}}
May 13 15:05:06.412081 dv-cinder-832130-2-smb devstack@keystone.service[80240]: DEBUG keystone.server.flask.request_processing.req_logging [None req-bf536a8e-91cd-4a8c-8027-035a1fdd1086 None admin] REQUEST_METHOD: `GET` {{(pid=80240) log_request_info /opt/stack/keystone/keystone/server/flask/request_processing/req_logging.py:27}}
May 13 15:05:06.412368 dv-cinder-832130-2-smb devstack@keystone.service[80240]: DEBUG keystone.server.flask.request_processing.req_logging [None req-bf536a8e-91cd-4a8c-8027-035a1fdd1086 None admin] SCRIPT_NAME: `/identity` {{(pid=80240) log_request_info /opt/stack/keystone/keystone/server/flask/request_processing/req_logging.py:28}}
May 13 15:05:06.412662 dv-cinder-832130-2-smb devstack@keystone.service[80240]: DEBUG keystone.server.flask.request_processing.req_logging [None req-bf536a8e-91cd-4a8c-8027-035a1fdd1086 None admin] PATH_INFO: `/v3/roles/anotherrole` {{(pid=80240) log_request_info /opt/stack/keystone/keystone/server/flask/request_processing/req_logging.py:29}}
May 13 15:05:06.427308 dv-cinder-832130-2-smb devstack@keystone.service[80240]: DEBUG keystone.common.rbac_enforcer.enforcer [None req-bf536a8e-91cd-4a8c-8027-035a1fdd1086 None admin] Extracting inferred target data resulted in "NOT FOUND (404)". {{(pid=80240) enforce_call /opt/stack/keystone/keystone/common/rbac_enforcer/enforcer.py:409}}
May 13 15:05:06.433574 dv-cinder-832130-2-smb devstack@keystone.service[80240]: ERROR keystone.server.flask.application [None req-bf536a8e-91cd-4a8c-8027-035a1fdd1086 None admin] Could not find role: anotherrole.: keystone.exception.RoleNotFound: Could not find role: anotherrole.
May 13 15:05:06.433574 dv-cinder-832130-2-smb devstack@keystone.service[80240]: ERROR keystone.server.flask.application
Traceback (most recent call last):
May 13 15:05:06.433574 dv-cinder-832130-2-smb devstack@keystone.service[80240]: ERROR keystone.server.flask.application
File "/usr/local/lib/python3.8/dist-packages/flask/app.py", line 1523, in full_dispatch_request
May 13 15:05:06.433574 dv-cinder-832130-2-smb devstack@keystone.service[80240]: ERROR keystone.server.flask.application rv = self.dispatch_request()
May 13 15:05:06.433574 dv-cinder-832130-2-smb devstack@keystone.service[80240]: ERROR keystone.server.flask.application
File "/usr/local/lib/python3.8/dist-packages/flask/app.py", line 1509, in dispatch_request
May 13 15:05:06.433574 dv-cinder-832130-2-smb devstack@keystone.service[80240]: ERROR keystone.server.flask.application return self.ensure_sync(self.view_functions[rule.endpoint])(**req.view_args)
May 13 15:05:06.433574 dv-cinder-832130-2-smb devstack@keystone.service[80240]: ERROR keystone.server.flask.application
File "/usr/local/lib/python3.8/dist-packages/flask_restful/__init__.py", line 467, in wrapper
May 13 15:05:06.433574 dv-cinder-832130-2-smb devstack@keystone.service[80240]: ERROR keystone.server.flask.application resp = resource(*args, **kwargs)
May 13 15:05:06.433574 dv-cinder-832130-2-smb devstack@keystone.service[80240]: ERROR keystone.server.flask.application
File "/usr/local/lib/python3.8/dist-packages/flask/views.py", line 84, in view
May 13 15:05:06.433574 dv-cinder-832130-2-smb devstack@keystone.service[80240]: ERROR keystone.server.flask.application return current_app.ensure_sync(self.dispatch_request)(*args, **kwargs)
May 13 15:05:06.433574 dv-cinder-832130-2-smb devstack@keystone.service[80240]: ERROR keystone.server.flask.application
File "/usr/local/lib/python3.8/dist-packages/flask_restful/__init__.py", line 582, in dispatch_request
May 13 15:05:06.433574 dv-cinder-832130-2-smb devstack@keystone.service[80240]: ERROR keystone.server.flask.application resp = meth(*args, **kwargs)
May 13 15:05:06.433574 dv-cinder-832130-2-smb devstack@keystone.service[80240]: ERROR keystone.server.flask.application
File "/opt/stack/keystone/keystone/api/roles.py", line 50, in get
May 13 15:05:06.433574 dv-cinder-832130-2-smb devstack@keystone.service[80240]: ERROR keystone.server.flask.application return self._get_role(role_id)
May 13 15:05:06.433574 dv-cinder-832130-2-smb devstack@keystone.service[80240]: ERROR keystone.server.flask.application
File "/opt/stack/keystone/keystone/api/roles.py", line 70, in _get_role
May 13 15:05:06.433574 dv-cinder-832130-2-smb devstack@keystone.service[80240]: ERROR keystone.server.flask.application ENFORCER.enforce_call(action='identity:get_role')
May 13 15:05:06.434542 dv-cinder-832130-2-smb devstack@keystone.service[80240]: ERROR keystone.server.flask.application
File "/opt/stack/keystone/keystone/common/rbac_enforcer/enforcer.py", line 402, in enforce_call
May 13 15:05:06.434542 dv-cinder-832130-2-smb devstack@keystone.service[80240]: ERROR keystone.server.flask.application policy_dict.update(cls._extract_member_target_data(
May 13 15:05:06.434542 dv-cinder-832130-2-smb devstack@keystone.service[80240]: ERROR keystone.server.flask.application
File "/opt/stack/keystone/keystone/common/rbac_enforcer/enforcer.py", line 234, in _extract_member_target_data
May 13 15:05:06.434542 dv-cinder-832130-2-smb devstack@keystone.service[80240]: ERROR keystone.server.flask.application member_name: func(flask.request.view_args[key])
May 13 15:05:06.434542 dv-cinder-832130-2-smb devstack@keystone.service[80240]: ERROR keystone.server.flask.application
File "/opt/stack/keystone/keystone/common/manager.py", line 115, in wrapped
May 13 15:05:06.434542 dv-cinder-832130-2-smb devstack@keystone.service[80240]: ERROR keystone.server.flask.application __ret_val = __f(*args, **kwargs)
May 13 15:05:06.434542 dv-cinder-832130-2-smb devstack@keystone.service[80240]: ERROR keystone.server.flask.application
File "/usr/local/lib/python3.8/dist-packages/decorator.py", line 232, in fun
May 13 15:05:06.434542 dv-cinder-832130-2-smb devstack@keystone.service[80240]: ERROR keystone.server.flask.application return caller(func, *(extras + args), **kw)
May 13 15:05:06.434542 dv-cinder-832130-2-smb devstack@keystone.service[80240]: ERROR keystone.server.flask.application
File "/usr/local/lib/python3.8/dist-packages/dogpile/cache/region.py", line 1577, in get_or_create_for_user_func
May 13 15:05:06.434542 dv-cinder-832130-2-smb devstack@keystone.service[80240]: ERROR keystone.server.flask.application return self.get_or_create(
May 13 15:05:06.434542 dv-cinder-832130-2-smb devstack@keystone.service[80240]: ERROR keystone.server.flask.application
File "/usr/local/lib/python3.8/dist-packages/dogpile/cache/region.py", line 1042, in get_or_create
May 13 15:05:06.434542 dv-cinder-832130-2-smb devstack@keystone.service[80240]: ERROR keystone.server.flask.application with Lock(
May 13 15:05:06.434542 dv-cinder-832130-2-smb devstack@keystone.service[80240]: ERROR keystone.server.flask.application
File "/usr/local/lib/python3.8/dist-packages/dogpile/lock.py", line 185, in __enter__
May 13 15:05:06.434542 dv-cinder-832130-2-smb devstack@keystone.service[80240]: ERROR keystone.server.flask.application return self._enter()
May 13 15:05:06.434542 dv-cinder-832130-2-smb devstack@keystone.service[80240]: ERROR keystone.server.flask.application
File "/usr/local/lib/python3.8/dist-packages/dogpile/lock.py", line 94, in _enter
May 13 15:05:06.434542 dv-cinder-832130-2-smb devstack@keystone.service[80240]: ERROR keystone.server.flask.application generated = self._enter_create(value, createdtime)
May 13 15:05:06.435329 dv-cinder-832130-2-smb devstack@keystone.service[80240]: ERROR keystone.server.flask.application
File "/usr/local/lib/python3.8/dist-packages/dogpile/lock.py", line 178, in _enter_create
May 13 15:05:06.435329 dv-cinder-832130-2-smb devstack@keystone.service[80240]: ERROR keystone.server.flask.application return self.creator()
May 13 15:05:06.435329 dv-cinder-832130-2-smb devstack@keystone.service[80240]: ERROR keystone.server.flask.application
File "/usr/local/lib/python3.8/dist-packages/dogpile/cache/region.py", line 995, in gen_value
May 13 15:05:06.435329 dv-cinder-832130-2-smb devstack@keystone.service[80240]: ERROR keystone.server.flask.application created_value = creator(
May 13 15:05:06.435329 dv-cinder-832130-2-smb devstack@keystone.service[80240]: ERROR keystone.server.flask.application
File "/opt/stack/keystone/keystone/assignment/core.py", line 1276, in get_role
May 13 15:05:06.435329 dv-cinder-832130-2-smb devstack@keystone.service[80240]: ERROR keystone.server.flask.application return self.driver.get_role(role_id)
May 13 15:05:06.435329 dv-cinder-832130-2-smb devstack@keystone.service[80240]: ERROR keystone.server.flask.application
File "/opt/stack/keystone/keystone/assignment/role_backends/sql.py", line 70, in get_role
May 13 15:05:06.435329 dv-cinder-832130-2-smb devstack@keystone.service[80240]: ERROR keystone.server.flask.application return self._get_role(session, role_id).to_dict()
May 13 15:05:06.435329 dv-cinder-832130-2-smb devstack@keystone.service[80240]: ERROR keystone.server.flask.application
File "/opt/stack/keystone/keystone/assignment/role_backends/sql.py", line 65, in _get_role
May 13 15:05:06.435329 dv-cinder-832130-2-smb devstack@keystone.service[80240]: ERROR keystone.server.flask.application raise exception.RoleNotFound(role_id=role_id)
May 13 15:05:06.435329 dv-cinder-832130-2-smb devstack@keystone.service[80240]: ERROR keystone.server.flask.application keystone.exception.RoleNotFound: Could not find role: anotherrole.
May 13 15:05:06.435329 dv-cinder-832130-2-smb devstack@keystone.service[80240]: ERROR keystone.server.flask.application
May 13 15:05:06.435938 dv-cinder-832130-2-smb devstack@keystone.service[80240]: [pid: 80240|app: 0|req: 104/197] 10.222.0.87 () {56 vars in 1114 bytes} [Fri May 13 15:05:06 2022] GET /identity/v3/roles/anotherrole => generated 89 bytes in 191 msecs (HTTP/1.1 404) 5 headers in 183 bytes (1 switches on core 0)
May 13 15:05:06.436619 dv-cinder-832130-2-smb devstack@keystone.service[80240]: DEBUG keystone.server.flask.request_processing.middleware.auth_context [None req-bf536a8e-91cd-4a8c-8027-035a1fdd1086 None admin] Authenticating user token {{(pid=80240) process_request /usr/local/lib/python3.8/dist-packages/keystonemiddleware/auth_token/__init__.py:407}}
May 13 15:05:06.452147 dv-cinder-832130-2-smb devstack@keystone.service[80239]: DEBUG keystone.server.flask.request_processing.middleware.auth_context [None req-d7f7e59b-1ea6-4308-88f7-bf89a23d304b None admin] RBAC: auth_context: {'token': , 'domain_id': None, 'trust_id': None, 'trustor_id': None, 'trustee_id': None, 'domain_name': None, 'group_ids': [], 'user_id': 'd08cc3ac36604b8b9138d251bf61603f', 'user_domain_id': 'default', 'system_scope': 'all', 'project_id': None, 'project_domain_id': None, 'roles': ['admin', 'member', 'reader'], 'is_admin_project': True, 'service_user_id': None, 'service_user_domain_id': None, 'service_project_id': None, 'service_project_domain_id': None, 'service_roles': []} {{(pid=80239) fill_context /opt/stack/keystone/keystone/server/flask/request_processing/middleware/auth_context.py:478}}
May 13 15:05:06.453080 dv-cinder-832130-2-smb devstack@keystone.service[80239]: DEBUG keystone.server.flask.request_processing.req_logging [None req-d7f7e59b-1ea6-4308-88f7-bf89a23d304b None admin] REQUEST_METHOD: `GET` {{(pid=80239) log_request_info /opt/stack/keystone/keystone/server/flask/request_processing/req_logging.py:27}}
May 13 15:05:06.453360 dv-cinder-832130-2-smb devstack@keystone.service[80239]: DEBUG keystone.server.flask.request_processing.req_logging [None req-d7f7e59b-1ea6-4308-88f7-bf89a23d304b None admin] SCRIPT_NAME: `/identity` {{(pid=80239) log_request_info /opt/stack/keystone/keystone/server/flask/request_processing/req_logging.py:28}}
May 13 15:05:06.453628 dv-cinder-832130-2-smb devstack@keystone.service[80239]: DEBUG keystone.server.flask.request_processing.req_logging [None req-d7f7e59b-1ea6-4308-88f7-bf89a23d304b None admin] PATH_INFO: `/v3/users/55dd776975ed4abea056e05403087bb6` {{(pid=80239) log_request_info /opt/stack/keystone/keystone/server/flask/request_processing/req_logging.py:29}}
May 13 15:05:06.454835 dv-cinder-832130-2-smb devstack@keystone.service[80239]: DEBUG keystone.common.rbac_enforcer.enforcer [None req-d7f7e59b-1ea6-4308-88f7-bf89a23d304b None admin] RBAC: Authorizing `identity:get_user(user_id=55dd776975ed4abea056e05403087bb6)` {{(pid=80239) enforce_call /opt/stack/keystone/keystone/common/rbac_enforcer/enforcer.py:449}}
May 13 15:05:06.456886 dv-cinder-832130-2-smb devstack@keystone.service[80239]: DEBUG keystone.common.rbac_enforcer.enforcer [None req-d7f7e59b-1ea6-4308-88f7-bf89a23d304b None admin] RBAC: Authorization granted {{(pid=80239) enforce_call /opt/stack/keystone/keystone/common/rbac_enforcer/enforcer.py:457}}
May 13 15:05:06.459857 dv-cinder-832130-2-smb devstack@keystone.service[80239]: [pid: 80239|app: 0|req: 94/198] 10.222.0.87 () {56 vars in 1177 bytes} [Fri May 13 15:05:06 2022] GET /identity/v3/users/55dd776975ed4abea056e05403087bb6 => generated 289 bytes in 170 msecs (HTTP/1.1 200) 5 headers in 177 bytes (1 switches on core 0)
May 13 15:05:06.460734 dv-cinder-832130-2-smb devstack@keystone.service[80239]: DEBUG keystone.server.flask.request_processing.middleware.auth_context [None req-d7f7e59b-1ea6-4308-88f7-bf89a23d304b None admin] Authenticating user token {{(pid=80239) process_request /usr/local/lib/python3.8/dist-packages/keystonemiddleware/auth_token/__init__.py:407}}
May 13 15:05:06.551309 dv-cinder-832130-2-smb devstack@keystone.service[80240]: DEBUG keystone.server.flask.request_processing.middleware.auth_context [None req-bf536a8e-91cd-4a8c-8027-035a1fdd1086 None admin] Validating token access rules against request {{(pid=80240) validate_allowed_request /usr/local/lib/python3.8/dist-packages/keystonemiddleware/auth_token/__init__.py:545}}
May 13 15:05:06.572714 dv-cinder-832130-2-smb devstack@keystone.service[80239]: DEBUG keystone.server.flask.request_processing.middleware.auth_context [None req-d7f7e59b-1ea6-4308-88f7-bf89a23d304b None admin] Validating token access rules against request {{(pid=80239) validate_allowed_request /usr/local/lib/python3.8/dist-packages/keystonemiddleware/auth_token/__init__.py:545}}
May 13 15:05:06.588471 dv-cinder-832130-2-smb devstack@keystone.service[80240]: DEBUG keystone.server.flask.request_processing.middleware.auth_context [None req-b9801a2e-2787-4c24-962d-569289523efe None admin] RBAC: auth_context: {'token': , 'domain_id': None, 'trust_id': None, 'trustor_id': None, 'trustee_id': None, 'domain_name': None, 'group_ids': [], 'user_id': 'd08cc3ac36604b8b9138d251bf61603f', 'user_domain_id': 'default', 'system_scope': 'all', 'project_id': None, 'project_domain_id': None, 'roles': ['admin', 'member', 'reader'], 'is_admin_project': True, 'service_user_id': None, 'service_user_domain_id': None, 'service_project_id': None, 'service_project_domain_id': None, 'service_roles': []} {{(pid=80240) fill_context /opt/stack/keystone/keystone/server/flask/request_processing/middleware/auth_context.py:478}}
May 13 15:05:06.589535 dv-cinder-832130-2-smb devstack@keystone.service[80240]: DEBUG keystone.server.flask.request_processing.req_logging [None req-b9801a2e-2787-4c24-962d-569289523efe None admin] REQUEST_METHOD: `GET` {{(pid=80240) log_request_info /opt/stack/keystone/keystone/server/flask/request_processing/req_logging.py:27}}
May 13 15:05:06.590128 dv-cinder-832130-2-smb devstack@keystone.service[80240]: DEBUG keystone.server.flask.request_processing.req_logging [None req-b9801a2e-2787-4c24-962d-569289523efe None admin] SCRIPT_NAME: `/identity` {{(pid=80240) log_request_info /opt/stack/keystone/keystone/server/flask/request_processing/req_logging.py:28}}
May 13 15:05:06.590414 dv-cinder-832130-2-smb devstack@keystone.service[80240]: DEBUG keystone.server.flask.request_processing.req_logging [None req-b9801a2e-2787-4c24-962d-569289523efe None admin] PATH_INFO: `/v3/projects/8ac1bc9683d04caea9df39fb2870297b` {{(pid=80240) log_request_info /opt/stack/keystone/keystone/server/flask/request_processing/req_logging.py:29}}
May 13 15:05:06.591641 dv-cinder-832130-2-smb devstack@keystone.service[80240]: DEBUG keystone.common.rbac_enforcer.enforcer [None req-b9801a2e-2787-4c24-962d-569289523efe None admin] RBAC: Authorizing `identity:get_project(project_id=8ac1bc9683d04caea9df39fb2870297b)` {{(pid=80240) enforce_call /opt/stack/keystone/keystone/common/rbac_enforcer/enforcer.py:449}}
May 13 15:05:06.593612 dv-cinder-832130-2-smb devstack@keystone.service[80240]: DEBUG keystone.common.rbac_enforcer.enforcer [None req-b9801a2e-2787-4c24-962d-569289523efe None admin] RBAC: Authorization granted {{(pid=80240) enforce_call /opt/stack/keystone/keystone/common/rbac_enforcer/enforcer.py:457}}
May 13 15:05:06.598862 dv-cinder-832130-2-smb devstack@keystone.service[80240]: [pid: 80240|app: 0|req: 105/199] 10.222.0.87 () {56 vars in 1186 bytes} [Fri May 13 15:05:06 2022] GET /identity/v3/projects/8ac1bc9683d04caea9df39fb2870297b => generated 302 bytes in 161 msecs (HTTP/1.1 200) 5 headers in 177 bytes (1 switches on core 0)
May 13 15:05:06.599952 dv-cinder-832130-2-smb devstack@keystone.service[80240]: DEBUG keystone.server.flask.request_processing.middleware.auth_context [None req-b9801a2e-2787-4c24-962d-569289523efe None admin] Authenticating user token {{(pid=80240) process_request /usr/local/lib/python3.8/dist-packages/keystonemiddleware/auth_token/__init__.py:407}}
May 13 15:05:06.623447 dv-cinder-832130-2-smb devstack@keystone.service[80239]: DEBUG keystone.server.flask.request_processing.middleware.auth_context [None req-14069f64-887d-4bf3-a385-61929625c127 None admin] RBAC: auth_context: {'token': , 'domain_id': None, 'trust_id': None, 'trustor_id': None, 'trustee_id': None, 'domain_name': None, 'group_ids': [], 'user_id': 'd08cc3ac36604b8b9138d251bf61603f', 'user_domain_id': 'default', 'system_scope': 'all', 'project_id': None, 'project_domain_id': None, 'roles': ['admin', 'member', 'reader'], 'is_admin_project': True, 'service_user_id': None, 'service_user_domain_id': None, 'service_project_id': None, 'service_project_domain_id': None, 'service_roles': []} {{(pid=80239) fill_context /opt/stack/keystone/keystone/server/flask/request_processing/middleware/auth_context.py:478}}
May 13 15:05:06.624479 dv-cinder-832130-2-smb devstack@keystone.service[80239]: DEBUG keystone.server.flask.request_processing.req_logging [None req-14069f64-887d-4bf3-a385-61929625c127 None admin] REQUEST_METHOD: `GET` {{(pid=80239) log_request_info /opt/stack/keystone/keystone/server/flask/request_processing/req_logging.py:27}}
May 13 15:05:06.625279 dv-cinder-832130-2-smb devstack@keystone.service[80239]: DEBUG keystone.server.flask.request_processing.req_logging [None req-14069f64-887d-4bf3-a385-61929625c127 None admin] SCRIPT_NAME: `/identity` {{(pid=80239) log_request_info /opt/stack/keystone/keystone/server/flask/request_processing/req_logging.py:28}}
May 13 15:05:06.625563 dv-cinder-832130-2-smb devstack@keystone.service[80239]: DEBUG keystone.server.flask.request_processing.req_logging [None req-14069f64-887d-4bf3-a385-61929625c127 None admin] PATH_INFO: `/v3/roles` {{(pid=80239) log_request_info /opt/stack/keystone/keystone/server/flask/request_processing/req_logging.py:29}}
May 13 15:05:06.626320 dv-cinder-832130-2-smb devstack@keystone.service[80239]: DEBUG keystone.common.rbac_enforcer.enforcer [None req-14069f64-887d-4bf3-a385-61929625c127 None admin] RBAC: Adding query filter params (name=anotherrole) {{(pid=80239) _extract_filter_values /opt/stack/keystone/keystone/common/rbac_enforcer/enforcer.py:167}}
May 13 15:05:06.626625 dv-cinder-832130-2-smb devstack@keystone.service[80239]: DEBUG keystone.common.rbac_enforcer.enforcer [None req-14069f64-887d-4bf3-a385-61929625c127 None admin] RBAC: Authorizing `identity:list_roles()` {{(pid=80239) enforce_call /opt/stack/keystone/keystone/common/rbac_enforcer/enforcer.py:449}}
May 13 15:05:06.629244 dv-cinder-832130-2-smb devstack@keystone.service[80239]: DEBUG keystone.common.rbac_enforcer.enforcer [None req-14069f64-887d-4bf3-a385-61929625c127 None admin] RBAC: Authorization granted {{(pid=80239) enforce_call /opt/stack/keystone/keystone/common/rbac_enforcer/enforcer.py:457}}
May 13 15:05:06.644755 dv-cinder-832130-2-smb devstack@keystone.service[80239]: [pid: 80239|app: 0|req: 95/200] 10.222.0.87 () {56 vars in 1111 bytes} [Fri May 13 15:05:06 2022] GET /identity/v3/roles?name=anotherrole => generated 334 bytes in 179 msecs (HTTP/1.1 200) 5 headers in 177 bytes (1 switches on core 0)
May 13 15:05:06.645681 dv-cinder-832130-2-smb devstack@keystone.service[80239]: DEBUG keystone.server.flask.request_processing.middleware.auth_context [None req-14069f64-887d-4bf3-a385-61929625c127 None admin] Authenticating user token {{(pid=80239) process_request /usr/local/lib/python3.8/dist-packages/keystonemiddleware/auth_token/__init__.py:407}}
May 13 15:05:06.733049 dv-cinder-832130-2-smb devstack@keystone.service[80240]: DEBUG keystone.server.flask.request_processing.middleware.auth_context [None req-b9801a2e-2787-4c24-962d-569289523efe None admin] Validating token access rules against request {{(pid=80240) validate_allowed_request /usr/local/lib/python3.8/dist-packages/keystonemiddleware/auth_token/__init__.py:545}}
May 13 15:05:06.772791 dv-cinder-832130-2-smb devstack@keystone.service[80240]: DEBUG keystone.server.flask.request_processing.middleware.auth_context [None req-8ece4cbd-f449-4597-a5fa-85bea1a261d4 None admin] RBAC: auth_context: {'token': , 'domain_id': None, 'trust_id': None, 'trustor_id': None, 'trustee_id': None, 'domain_name': None, 'group_ids': [], 'user_id': 'd08cc3ac36604b8b9138d251bf61603f', 'user_domain_id': 'default', 'system_scope': 'all', 'project_id': None, 'project_domain_id': None, 'roles': ['admin', 'member', 'reader'], 'is_admin_project': True, 'service_user_id': None, 'service_user_domain_id': None, 'service_project_id': None, 'service_project_domain_id': None, 'service_roles': []} {{(pid=80240) fill_context /opt/stack/keystone/keystone/server/flask/request_processing/middleware/auth_context.py:478}}
May 13 15:05:06.775772 dv-cinder-832130-2-smb devstack@keystone.service[80240]: DEBUG keystone.server.flask.request_processing.req_logging [None req-8ece4cbd-f449-4597-a5fa-85bea1a261d4 None admin] REQUEST_METHOD: `GET` {{(pid=80240) log_request_info /opt/stack/keystone/keystone/server/flask/request_processing/req_logging.py:27}}
May 13 15:05:06.775772 dv-cinder-832130-2-smb devstack@keystone.service[80240]: DEBUG keystone.server.flask.request_processing.req_logging [None req-8ece4cbd-f449-4597-a5fa-85bea1a261d4 None admin] SCRIPT_NAME: `/identity` {{(pid=80240) log_request_info /opt/stack/keystone/keystone/server/flask/request_processing/req_logging.py:28}}
May 13 15:05:06.775772 dv-cinder-832130-2-smb devstack@keystone.service[80240]: DEBUG keystone.server.flask.request_processing.req_logging [None req-8ece4cbd-f449-4597-a5fa-85bea1a261d4 None admin] PATH_INFO: `/v3/auth/tokens` {{(pid=80240) log_request_info /opt/stack/keystone/keystone/server/flask/request_processing/req_logging.py:29}}
May 13 15:05:06.776231 dv-cinder-832130-2-smb devstack@keystone.service[80239]: DEBUG keystone.server.flask.request_processing.middleware.auth_context [None req-14069f64-887d-4bf3-a385-61929625c127 None admin] Validating token access rules against request {{(pid=80239) validate_allowed_request /usr/local/lib/python3.8/dist-packages/keystonemiddleware/auth_token/__init__.py:545}}
May 13 15:05:06.812103 dv-cinder-832130-2-smb devstack@keystone.service[80239]: DEBUG keystone.server.flask.request_processing.middleware.auth_context [None req-13b57101-e213-4b30-8345-9aef89e2ff5b None admin] RBAC: auth_context: {'token': , 'domain_id': None, 'trust_id': None, 'trustor_id': None, 'trustee_id': None, 'domain_name': None, 'group_ids': [], 'user_id': 'd08cc3ac36604b8b9138d251bf61603f', 'user_domain_id': 'default', 'system_scope': 'all', 'project_id': None, 'project_domain_id': None, 'roles': ['admin', 'member', 'reader'], 'is_admin_project': True, 'service_user_id': None, 'service_user_domain_id': None, 'service_project_id': None, 'service_project_domain_id': None, 'service_roles': []} {{(pid=80239) fill_context /opt/stack/keystone/keystone/server/flask/request_processing/middleware/auth_context.py:478}}
May 13 15:05:06.812995 dv-cinder-832130-2-smb devstack@keystone.service[80239]: DEBUG keystone.server.flask.request_processing.req_logging [None req-13b57101-e213-4b30-8345-9aef89e2ff5b None admin] REQUEST_METHOD: `GET` {{(pid=80239) log_request_info /opt/stack/keystone/keystone/server/flask/request_processing/req_logging.py:27}}
May 13 15:05:06.813276 dv-cinder-832130-2-smb devstack@keystone.service[80239]: DEBUG keystone.server.flask.request_processing.req_logging [None req-13b57101-e213-4b30-8345-9aef89e2ff5b None admin] SCRIPT_NAME: `/identity` {{(pid=80239) log_request_info /opt/stack/keystone/keystone/server/flask/request_processing/req_logging.py:28}}
May 13 15:05:06.813885 dv-cinder-832130-2-smb devstack@keystone.service[80239]: DEBUG keystone.server.flask.request_processing.req_logging [None req-13b57101-e213-4b30-8345-9aef89e2ff5b None admin] PATH_INFO: `/v3/role_assignments` {{(pid=80239) log_request_info /opt/stack/keystone/keystone/server/flask/request_processing/req_logging.py:29}}
May 13 15:05:06.816314 dv-cinder-832130-2-smb devstack@keystone.service[80239]: DEBUG keystone.common.rbac_enforcer.enforcer [None req-13b57101-e213-4b30-8345-9aef89e2ff5b None admin] RBAC: Adding query filter params (role.id=4d8571886a1d436a8947efdd02837804, scope.project.id=8ac1bc9683d04caea9df39fb2870297b, user.id=6c37189f6b664c25a59fe29a68457b7d) {{(pid=80239) _extract_filter_values /opt/stack/keystone/keystone/common/rbac_enforcer/enforcer.py:167}}
May 13 15:05:06.816633 dv-cinder-832130-2-smb devstack@keystone.service[80239]: DEBUG keystone.common.rbac_enforcer.enforcer [None req-13b57101-e213-4b30-8345-9aef89e2ff5b None admin] RBAC: Authorizing `identity:list_role_assignments()` {{(pid=80239) enforce_call /opt/stack/keystone/keystone/common/rbac_enforcer/enforcer.py:449}}
May 13 15:05:06.818706 dv-cinder-832130-2-smb devstack@keystone.service[80239]: DEBUG keystone.common.rbac_enforcer.enforcer [None req-13b57101-e213-4b30-8345-9aef89e2ff5b None admin] RBAC: Authorization granted {{(pid=80239) enforce_call /opt/stack/keystone/keystone/common/rbac_enforcer/enforcer.py:457}}
May 13 15:05:06.825629 dv-cinder-832130-2-smb devstack@keystone.service[80239]: [pid: 80239|app: 0|req: 96/201] 10.222.0.87 () {56 vars in 1374 bytes} [Fri May 13 15:05:06 2022] GET /identity/v3/role_assignments?user.id=6c37189f6b664c25a59fe29a68457b7d&scope.project.id=8ac1bc9683d04caea9df39fb2870297b&role.id=4d8571886a1d436a8947efdd02837804 => generated 259 bytes in 180 msecs (HTTP/1.1 200) 5 headers in 177 bytes (1 switches on core 0)
May 13 15:05:06.827078 dv-cinder-832130-2-smb devstack@keystone.service[80239]: DEBUG keystone.server.flask.request_processing.middleware.auth_context [None req-13b57101-e213-4b30-8345-9aef89e2ff5b None admin] Authenticating user token {{(pid=80239) process_request /usr/local/lib/python3.8/dist-packages/keystonemiddleware/auth_token/__init__.py:407}}
May 13 15:05:06.878226 dv-cinder-832130-2-smb devstack@keystone.service[80240]: DEBUG keystone.common.rbac_enforcer.enforcer [None req-8ece4cbd-f449-4597-a5fa-85bea1a261d4 None admin] RBAC: Authorizing `identity:validate_token()` {{(pid=80240) enforce_call /opt/stack/keystone/keystone/common/rbac_enforcer/enforcer.py:449}}
May 13 15:05:06.879853 dv-cinder-832130-2-smb devstack@keystone.service[80240]: DEBUG keystone.common.rbac_enforcer.enforcer [None req-8ece4cbd-f449-4597-a5fa-85bea1a261d4 None admin] RBAC: Authorization granted {{(pid=80240) enforce_call /opt/stack/keystone/keystone/common/rbac_enforcer/enforcer.py:457}}
May 13 15:05:06.987727 dv-cinder-832130-2-smb devstack@keystone.service[80240]: [pid: 80240|app: 0|req: 106/202] 10.222.0.87 () {58 vars in 1282 bytes} [Fri May 13 15:05:06 2022] GET /identity/v3/auth/tokens => generated 799 bytes in 388 msecs (HTTP/1.1 200) 6 headers in 358 bytes (1 switches on core 0)
May 13 15:05:06.993308 dv-cinder-832130-2-smb devstack@keystone.service[80240]: DEBUG keystone.server.flask.request_processing.middleware.auth_context [None req-8ece4cbd-f449-4597-a5fa-85bea1a261d4 None admin] Authenticating user token {{(pid=80240) process_request /usr/local/lib/python3.8/dist-packages/keystonemiddleware/auth_token/__init__.py:407}}
May 13 15:05:07.044261 dv-cinder-832130-2-smb devstack@keystone.service[80239]: DEBUG keystone.server.flask.request_processing.middleware.auth_context [None req-13b57101-e213-4b30-8345-9aef89e2ff5b None admin] Validating token access rules against request {{(pid=80239) validate_allowed_request /usr/local/lib/python3.8/dist-packages/keystonemiddleware/auth_token/__init__.py:545}}
May 13 15:05:07.097154 dv-cinder-832130-2-smb devstack@keystone.service[80240]: DEBUG keystone.server.flask.request_processing.middleware.auth_context [None req-8ece4cbd-f449-4597-a5fa-85bea1a261d4 None admin] Validating token access rules against request {{(pid=80240) validate_allowed_request /usr/local/lib/python3.8/dist-packages/keystonemiddleware/auth_token/__init__.py:545}}
May 13 15:05:07.133467 dv-cinder-832130-2-smb devstack@keystone.service[80239]: DEBUG keystone.server.flask.request_processing.middleware.auth_context [None req-4c302dd7-cf82-4b92-a007-68d8b6a9f45e None admin] RBAC: auth_context: {'token': , 'domain_id': None, 'trust_id': None, 'trustor_id': None, 'trustee_id': None, 'domain_name': None, 'group_ids': [], 'user_id': 'd08cc3ac36604b8b9138d251bf61603f', 'user_domain_id': 'default', 'system_scope': 'all', 'project_id': None, 'project_domain_id': None, 'roles': ['admin', 'member', 'reader'], 'is_admin_project': True, 'service_user_id': None, 'service_user_domain_id': None, 'service_project_id': None, 'service_project_domain_id': None, 'service_roles': []} {{(pid=80239) fill_context /opt/stack/keystone/keystone/server/flask/request_processing/middleware/auth_context.py:478}}
May 13 15:05:07.133933 dv-cinder-832130-2-smb devstack@keystone.service[80240]: DEBUG keystone.server.flask.request_processing.middleware.auth_context [None req-7ae55012-af7e-4fc6-b090-9f6ff8005026 None admin] RBAC: auth_context: {'token': , 'domain_id': None, 'trust_id': None, 'trustor_id': None, 'trustee_id': None, 'domain_name': None, 'group_ids': [], 'user_id': 'd08cc3ac36604b8b9138d251bf61603f', 'user_domain_id': 'default', 'system_scope': 'all', 'project_id': None, 'project_domain_id': None, 'roles': ['admin', 'member', 'reader'], 'is_admin_project': True, 'service_user_id': None, 'service_user_domain_id': None, 'service_project_id': None, 'service_project_domain_id': None, 'service_roles': []} {{(pid=80240) fill_context /opt/stack/keystone/keystone/server/flask/request_processing/middleware/auth_context.py:478}}
May 13 15:05:07.134805 dv-cinder-832130-2-smb devstack@keystone.service[80240]: DEBUG keystone.server.flask.request_processing.req_logging [None req-7ae55012-af7e-4fc6-b090-9f6ff8005026 None admin] REQUEST_METHOD: `GET` {{(pid=80240) log_request_info /opt/stack/keystone/keystone/server/flask/request_processing/req_logging.py:27}}
May 13 15:05:07.135002 dv-cinder-832130-2-smb devstack@keystone.service[80239]: DEBUG keystone.server.flask.request_processing.req_logging [None req-4c302dd7-cf82-4b92-a007-68d8b6a9f45e None admin] REQUEST_METHOD: `GET` {{(pid=80239) log_request_info /opt/stack/keystone/keystone/server/flask/request_processing/req_logging.py:27}}
May 13 15:05:07.135130 dv-cinder-832130-2-smb devstack@keystone.service[80240]: DEBUG keystone.server.flask.request_processing.req_logging [None req-7ae55012-af7e-4fc6-b090-9f6ff8005026 None admin] SCRIPT_NAME: `/identity` {{(pid=80240) log_request_info /opt/stack/keystone/keystone/server/flask/request_processing/req_logging.py:28}}
May 13 15:05:07.135288 dv-cinder-832130-2-smb devstack@keystone.service[80239]: DEBUG keystone.server.flask.request_processing.req_logging [None req-4c302dd7-cf82-4b92-a007-68d8b6a9f45e None admin] SCRIPT_NAME: `/identity` {{(pid=80239) log_request_info /opt/stack/keystone/keystone/server/flask/request_processing/req_logging.py:28}}
May 13 15:05:07.135395 dv-cinder-832130-2-smb devstack@keystone.service[80240]: DEBUG keystone.server.flask.request_processing.req_logging [None req-7ae55012-af7e-4fc6-b090-9f6ff8005026 None admin] PATH_INFO: `/v3/projects/a3c7eb3d1e6443a18615af62891abc10` {{(pid=80240) log_request_info /opt/stack/keystone/keystone/server/flask/request_processing/req_logging.py:29}}
May 13 15:05:07.135569 dv-cinder-832130-2-smb devstack@keystone.service[80239]: DEBUG keystone.server.flask.request_processing.req_logging [None req-4c302dd7-cf82-4b92-a007-68d8b6a9f45e None admin] PATH_INFO: `/v3/users/6c37189f6b664c25a59fe29a68457b7d` {{(pid=80239) log_request_info /opt/stack/keystone/keystone/server/flask/request_processing/req_logging.py:29}}
May 13 15:05:07.137299 dv-cinder-832130-2-smb devstack@keystone.service[80240]: DEBUG keystone.common.rbac_enforcer.enforcer [None req-7ae55012-af7e-4fc6-b090-9f6ff8005026 None admin] RBAC: Authorizing `identity:get_project(project_id=a3c7eb3d1e6443a18615af62891abc10)` {{(pid=80240) enforce_call /opt/stack/keystone/keystone/common/rbac_enforcer/enforcer.py:449}}
May 13 15:05:07.138742 dv-cinder-832130-2-smb devstack@keystone.service[80240]: DEBUG keystone.common.rbac_enforcer.enforcer [None req-7ae55012-af7e-4fc6-b090-9f6ff8005026 None admin] RBAC: Authorization granted {{(pid=80240) enforce_call /opt/stack/keystone/keystone/common/rbac_enforcer/enforcer.py:457}}
May 13 15:05:07.140627 dv-cinder-832130-2-smb devstack@keystone.service[80240]: [pid: 80240|app: 0|req: 107/203] 10.222.0.87 () {56 vars in 1186 bytes} [Fri May 13 15:05:06 2022] GET /identity/v3/projects/a3c7eb3d1e6443a18615af62891abc10 => generated 298 bytes in 148 msecs (HTTP/1.1 200) 5 headers in 177 bytes (1 switches on core 0)
May 13 15:05:07.141428 dv-cinder-832130-2-smb devstack@keystone.service[80239]: DEBUG keystone.common.rbac_enforcer.enforcer [None req-4c302dd7-cf82-4b92-a007-68d8b6a9f45e None admin] RBAC: Authorizing `identity:get_user(user_id=6c37189f6b664c25a59fe29a68457b7d)` {{(pid=80239) enforce_call /opt/stack/keystone/keystone/common/rbac_enforcer/enforcer.py:449}}
May 13 15:05:07.143475 dv-cinder-832130-2-smb devstack@keystone.service[80239]: DEBUG keystone.common.rbac_enforcer.enforcer [None req-4c302dd7-cf82-4b92-a007-68d8b6a9f45e None admin] RBAC: Authorization granted {{(pid=80239) enforce_call /opt/stack/keystone/keystone/common/rbac_enforcer/enforcer.py:457}}
May 13 15:05:07.145445 dv-cinder-832130-2-smb devstack@keystone.service[80239]: [pid: 80239|app: 0|req: 97/204] 10.222.0.87 () {56 vars in 1177 bytes} [Fri May 13 15:05:06 2022] GET /identity/v3/users/6c37189f6b664c25a59fe29a68457b7d => generated 283 bytes in 319 msecs (HTTP/1.1 200) 5 headers in 177 bytes (1 switches on core 0)
May 13 15:05:07.147927 dv-cinder-832130-2-smb devstack@keystone.service[80240]: DEBUG keystone.server.flask.request_processing.middleware.auth_context [None req-7ae55012-af7e-4fc6-b090-9f6ff8005026 None admin] Authenticating user token {{(pid=80240) process_request /usr/local/lib/python3.8/dist-packages/keystonemiddleware/auth_token/__init__.py:407}}
May 13 15:05:07.155863 dv-cinder-832130-2-smb devstack@keystone.service[80239]: DEBUG keystone.server.flask.request_processing.middleware.auth_context [None req-4c302dd7-cf82-4b92-a007-68d8b6a9f45e None admin] Authenticating user token {{(pid=80239) process_request /usr/local/lib/python3.8/dist-packages/keystonemiddleware/auth_token/__init__.py:407}}
May 13 15:05:07.316778 dv-cinder-832130-2-smb devstack@keystone.service[80240]: DEBUG keystone.server.flask.request_processing.middleware.auth_context [None req-7ae55012-af7e-4fc6-b090-9f6ff8005026 None admin] Validating token access rules against request {{(pid=80240) validate_allowed_request /usr/local/lib/python3.8/dist-packages/keystonemiddleware/auth_token/__init__.py:545}}
May 13 15:05:07.330190 dv-cinder-832130-2-smb devstack@keystone.service[80239]: DEBUG keystone.server.flask.request_processing.middleware.auth_context [None req-4c302dd7-cf82-4b92-a007-68d8b6a9f45e None admin] Validating token access rules against request {{(pid=80239) validate_allowed_request /usr/local/lib/python3.8/dist-packages/keystonemiddleware/auth_token/__init__.py:545}}
May 13 15:05:07.367681 dv-cinder-832130-2-smb devstack@keystone.service[80240]: DEBUG keystone.server.flask.request_processing.middleware.auth_context [None req-3144b5eb-77ff-4a06-a317-a9c4c5af34b8 None admin] RBAC: auth_context: {'token': , 'domain_id': None, 'trust_id': None, 'trustor_id': None, 'trustee_id': None, 'domain_name': None, 'group_ids': [], 'user_id': 'd08cc3ac36604b8b9138d251bf61603f', 'user_domain_id': 'default', 'system_scope': 'all', 'project_id': None, 'project_domain_id': None, 'roles': ['admin', 'member', 'reader'], 'is_admin_project': True, 'service_user_id': None, 'service_user_domain_id': None, 'service_project_id': None, 'service_project_domain_id': None, 'service_roles': []} {{(pid=80240) fill_context /opt/stack/keystone/keystone/server/flask/request_processing/middleware/auth_context.py:478}}
May 13 15:05:07.368339 dv-cinder-832130-2-smb devstack@keystone.service[80240]: DEBUG keystone.server.flask.request_processing.req_logging [None req-3144b5eb-77ff-4a06-a317-a9c4c5af34b8 None admin] REQUEST_METHOD: `GET` {{(pid=80240) log_request_info /opt/stack/keystone/keystone/server/flask/request_processing/req_logging.py:27}}
May 13 15:05:07.368616 dv-cinder-832130-2-smb devstack@keystone.service[80240]: DEBUG keystone.server.flask.request_processing.req_logging [None req-3144b5eb-77ff-4a06-a317-a9c4c5af34b8 None admin] SCRIPT_NAME: `/identity` {{(pid=80240) log_request_info /opt/stack/keystone/keystone/server/flask/request_processing/req_logging.py:28}}
May 13 15:05:07.368914 dv-cinder-832130-2-smb devstack@keystone.service[80240]: DEBUG keystone.server.flask.request_processing.req_logging [None req-3144b5eb-77ff-4a06-a317-a9c4c5af34b8 None admin] PATH_INFO: `/v3/role_assignments` {{(pid=80240) log_request_info /opt/stack/keystone/keystone/server/flask/request_processing/req_logging.py:29}}
May 13 15:05:07.369751 dv-cinder-832130-2-smb devstack@keystone.service[80240]: DEBUG keystone.common.rbac_enforcer.enforcer [None req-3144b5eb-77ff-4a06-a317-a9c4c5af34b8 None admin] RBAC: Adding query filter params (role.id=1e461b67334f47f2a957191678b6ad1c, scope.project.id=a3c7eb3d1e6443a18615af62891abc10, user.id=55dd776975ed4abea056e05403087bb6) {{(pid=80240) _extract_filter_values /opt/stack/keystone/keystone/common/rbac_enforcer/enforcer.py:167}}
May 13 15:05:07.370082 dv-cinder-832130-2-smb devstack@keystone.service[80240]: DEBUG keystone.common.rbac_enforcer.enforcer [None req-3144b5eb-77ff-4a06-a317-a9c4c5af34b8 None admin] RBAC: Authorizing `identity:list_role_assignments()` {{(pid=80240) enforce_call /opt/stack/keystone/keystone/common/rbac_enforcer/enforcer.py:449}}
May 13 15:05:07.371490 dv-cinder-832130-2-smb devstack@keystone.service[80240]: DEBUG keystone.common.rbac_enforcer.enforcer [None req-3144b5eb-77ff-4a06-a317-a9c4c5af34b8 None admin] RBAC: Authorization granted {{(pid=80240) enforce_call /opt/stack/keystone/keystone/common/rbac_enforcer/enforcer.py:457}}
May 13 15:05:07.378190 dv-cinder-832130-2-smb devstack@keystone.service[80240]: [pid: 80240|app: 0|req: 108/205] 10.222.0.87 () {56 vars in 1374 bytes} [Fri May 13 15:05:07 2022] GET /identity/v3/role_assignments?user.id=55dd776975ed4abea056e05403087bb6&scope.project.id=a3c7eb3d1e6443a18615af62891abc10&role.id=1e461b67334f47f2a957191678b6ad1c => generated 608 bytes in 230 msecs (HTTP/1.1 200) 5 headers in 177 bytes (1 switches on core 0)
May 13 15:05:07.398280 dv-cinder-832130-2-smb devstack@keystone.service[80239]: DEBUG keystone.server.flask.request_processing.middleware.auth_context [None req-8d7b8998-b066-47c3-bab5-4e71a827d3ae None admin] RBAC: auth_context: {'token': , 'domain_id': None, 'trust_id': None, 'trustor_id': None, 'trustee_id': None, 'domain_name': None, 'group_ids': [], 'user_id': 'd08cc3ac36604b8b9138d251bf61603f', 'user_domain_id': 'default', 'system_scope': 'all', 'project_id': None, 'project_domain_id': None, 'roles': ['admin', 'member', 'reader'], 'is_admin_project': True, 'service_user_id': None, 'service_user_domain_id': None, 'service_project_id': None, 'service_project_domain_id': None, 'service_roles': []} {{(pid=80239) fill_context /opt/stack/keystone/keystone/server/flask/request_processing/middleware/auth_context.py:478}}
May 13 15:05:07.398881 dv-cinder-832130-2-smb devstack@keystone.service[80239]: DEBUG keystone.server.flask.request_processing.req_logging [None req-8d7b8998-b066-47c3-bab5-4e71a827d3ae None admin] REQUEST_METHOD: `GET` {{(pid=80239) log_request_info /opt/stack/keystone/keystone/server/flask/request_processing/req_logging.py:27}}
May 13 15:05:07.399168 dv-cinder-832130-2-smb devstack@keystone.service[80239]: DEBUG keystone.server.flask.request_processing.req_logging [None req-8d7b8998-b066-47c3-bab5-4e71a827d3ae None admin] SCRIPT_NAME: `/identity` {{(pid=80239) log_request_info /opt/stack/keystone/keystone/server/flask/request_processing/req_logging.py:28}}
May 13 15:05:07.399451 dv-cinder-832130-2-smb devstack@keystone.service[80239]: DEBUG keystone.server.flask.request_processing.req_logging [None req-8d7b8998-b066-47c3-bab5-4e71a827d3ae None admin] PATH_INFO: `/v3/auth/tokens` {{(pid=80239) log_request_info /opt/stack/keystone/keystone/server/flask/request_processing/req_logging.py:29}}
May 13 15:05:07.483449 dv-cinder-832130-2-smb devstack@keystone.service[80239]: DEBUG keystone.common.rbac_enforcer.enforcer [None req-8d7b8998-b066-47c3-bab5-4e71a827d3ae None admin] RBAC: Authorizing `identity:validate_token()` {{(pid=80239) enforce_call /opt/stack/keystone/keystone/common/rbac_enforcer/enforcer.py:449}}
May 13 15:05:07.484965 dv-cinder-832130-2-smb devstack@keystone.service[80239]: DEBUG keystone.common.rbac_enforcer.enforcer [None req-8d7b8998-b066-47c3-bab5-4e71a827d3ae None admin] RBAC: Authorization granted {{(pid=80239) enforce_call /opt/stack/keystone/keystone/common/rbac_enforcer/enforcer.py:457}}
May 13 15:05:07.595519 dv-cinder-832130-2-smb devstack@keystone.service[80239]: [pid: 80239|app: 0|req: 98/206] 10.222.0.87 () {58 vars in 1282 bytes} [Fri May 13 15:05:07 2022] GET /identity/v3/auth/tokens => generated 799 bytes in 440 msecs (HTTP/1.1 200) 6 headers in 358 bytes (2 switches on core 0)
May 13 15:05:07.602323 dv-cinder-832130-2-smb devstack@keystone.service[80240]: DEBUG keystone.server.flask.request_processing.middleware.auth_context [None req-3144b5eb-77ff-4a06-a317-a9c4c5af34b8 None admin] Authenticating user token {{(pid=80240) process_request /usr/local/lib/python3.8/dist-packages/keystonemiddleware/auth_token/__init__.py:407}}
May 13 15:05:07.718414 dv-cinder-832130-2-smb devstack@keystone.service[80240]: DEBUG keystone.server.flask.request_processing.middleware.auth_context [None req-3144b5eb-77ff-4a06-a317-a9c4c5af34b8 None admin] Validating token access rules against request {{(pid=80240) validate_allowed_request /usr/local/lib/python3.8/dist-packages/keystonemiddleware/auth_token/__init__.py:545}}
May 13 15:05:07.757721 dv-cinder-832130-2-smb devstack@keystone.service[80240]: DEBUG keystone.server.flask.request_processing.middleware.auth_context [None req-a9c8868e-55e6-497c-93cf-7fec27d92263 None admin] RBAC: auth_context: {'token': , 'domain_id': None, 'trust_id': None, 'trustor_id': None, 'trustee_id': None, 'domain_name': None, 'group_ids': [], 'user_id': 'd08cc3ac36604b8b9138d251bf61603f', 'user_domain_id': 'default', 'system_scope': 'all', 'project_id': None, 'project_domain_id': None, 'roles': ['admin', 'member', 'reader'], 'is_admin_project': True, 'service_user_id': None, 'service_user_domain_id': None, 'service_project_id': None, 'service_project_domain_id': None, 'service_roles': []} {{(pid=80240) fill_context /opt/stack/keystone/keystone/server/flask/request_processing/middleware/auth_context.py:478}}
May 13 15:05:07.758612 dv-cinder-832130-2-smb devstack@keystone.service[80240]: DEBUG keystone.server.flask.request_processing.req_logging [None req-a9c8868e-55e6-497c-93cf-7fec27d92263 None admin] REQUEST_METHOD: `GET` {{(pid=80240) log_request_info /opt/stack/keystone/keystone/server/flask/request_processing/req_logging.py:27}}
May 13 15:05:07.758943 dv-cinder-832130-2-smb devstack@keystone.service[80240]: DEBUG keystone.server.flask.request_processing.req_logging [None req-a9c8868e-55e6-497c-93cf-7fec27d92263 None admin] SCRIPT_NAME: `/identity` {{(pid=80240) log_request_info /opt/stack/keystone/keystone/server/flask/request_processing/req_logging.py:28}}
May 13 15:05:07.759224 dv-cinder-832130-2-smb devstack@keystone.service[80240]: DEBUG keystone.server.flask.request_processing.req_logging [None req-a9c8868e-55e6-497c-93cf-7fec27d92263 None admin] PATH_INFO: `/v3/projects/8ac1bc9683d04caea9df39fb2870297b` {{(pid=80240) log_request_info /opt/stack/keystone/keystone/server/flask/request_processing/req_logging.py:29}}
May 13 15:05:07.761165 dv-cinder-832130-2-smb devstack@keystone.service[80240]: DEBUG keystone.common.rbac_enforcer.enforcer [None req-a9c8868e-55e6-497c-93cf-7fec27d92263 None admin] RBAC: Authorizing `identity:get_project(project_id=8ac1bc9683d04caea9df39fb2870297b)` {{(pid=80240) enforce_call /opt/stack/keystone/keystone/common/rbac_enforcer/enforcer.py:449}}
May 13 15:05:07.762637 dv-cinder-832130-2-smb devstack@keystone.service[80240]: DEBUG keystone.common.rbac_enforcer.enforcer [None req-a9c8868e-55e6-497c-93cf-7fec27d92263 None admin] RBAC: Authorization granted {{(pid=80240) enforce_call /opt/stack/keystone/keystone/common/rbac_enforcer/enforcer.py:457}}
May 13 15:05:07.764681 dv-cinder-832130-2-smb devstack@keystone.service[80240]: [pid: 80240|app: 0|req: 109/207] 10.222.0.87 () {56 vars in 1186 bytes} [Fri May 13 15:05:07 2022] GET /identity/v3/projects/8ac1bc9683d04caea9df39fb2870297b => generated 302 bytes in 163 msecs (HTTP/1.1 200) 5 headers in 177 bytes (1 switches on core 0)
May 13 15:05:07.770939 dv-cinder-832130-2-smb devstack@keystone.service[80239]: DEBUG keystone.server.flask.request_processing.middleware.auth_context [None req-8d7b8998-b066-47c3-bab5-4e71a827d3ae None admin] Authenticating user token {{(pid=80239) process_request /usr/local/lib/python3.8/dist-packages/keystonemiddleware/auth_token/__init__.py:407}}
May 13 15:05:07.872996 dv-cinder-832130-2-smb devstack@keystone.service[80239]: DEBUG keystone.server.flask.request_processing.middleware.auth_context [None req-8d7b8998-b066-47c3-bab5-4e71a827d3ae None admin] Validating token access rules against request {{(pid=80239) validate_allowed_request /usr/local/lib/python3.8/dist-packages/keystonemiddleware/auth_token/__init__.py:545}}
