May 13 15:28:05.797363 dv-cinder-832130-2-smb devstack@c-api.service[110763]: DEBUG cinder.volume.api [None req-6d26077b-fb41-45ad-aff8-0edfe6fc53c3 tempest-GroupSnapshotsTest-927706793 tempest-GroupSnapshotsTest-927706793-project] Task 'cinder.volume.flows.api.create_volume.ExtractVolumeRequestTask;volume:create' (42e43952-8772-4840-8c60-eb10c3d15237) transitioned into state 'SUCCESS' from state 'RUNNING' with result '{'size': 1, 'snapshot_id': None, 'source_volid': None, 'volume_type': VolumeType(created_at=2022-05-13T15:28:00Z,deleted=False,deleted_at=None,description=None,extra_specs={},id=aea55e66-c906-4627-a798-07ca10a756d1,is_public=True,name='tempest-GroupSnapshotsTest-volume-type-47386868',projects=[],qos_specs=,qos_specs_id=None,updated_at=None), 'volume_type_id': 'aea55e66-c906-4627-a798-07ca10a756d1', 'encryption_key_id': None, 'qos_specs': None, 'consistencygroup_id': None, 'cgsnapshot_id': None, 'group_id': '8eda35e4-f8b8-4aea-b8e0-5426e2fde830', 'replication_status': 'disabled', 'refresh_az': False, 'backup_id': None, 'multiattach': False, 'availability_zones': ['nova']}' {{(pid=110763) _task_receiver /usr/local/lib/python3.8/dist-packages/taskflow/listeners/logging.py:178}}
May 13 15:28:05.801902 dv-cinder-832130-2-smb devstack@c-api.service[110763]: DEBUG cinder.volume.api [None req-6d26077b-fb41-45ad-aff8-0edfe6fc53c3 tempest-GroupSnapshotsTest-927706793 tempest-GroupSnapshotsTest-927706793-project] Task 'cinder.volume.flows.api.create_volume.QuotaReserveTask;volume:create' (c7e826f7-546c-48fd-a174-3a064157af61) transitioned into state 'RUNNING' from state 'PENDING' {{(pid=110763) _task_receiver /usr/local/lib/python3.8/dist-packages/taskflow/listeners/logging.py:190}}
May 13 15:28:05.880281 dv-cinder-832130-2-smb devstack@c-api.service[110763]: WARNING cinder.quota [None req-6d26077b-fb41-45ad-aff8-0edfe6fc53c3 tempest-GroupSnapshotsTest-927706793 tempest-GroupSnapshotsTest-927706793-project] Deprecated: Default quota for resource: volumes_tempest-GroupSnapshotsTest-volume-type-47386868 is set by the default quota flag: quota_volumes_tempest-GroupSnapshotsTest-volume-type-47386868, it is now deprecated. Please use the default quota class for default quota.
May 13 15:28:05.882874 dv-cinder-832130-2-smb devstack@c-api.service[110763]: WARNING cinder.quota [None req-6d26077b-fb41-45ad-aff8-0edfe6fc53c3 tempest-GroupSnapshotsTest-927706793 tempest-GroupSnapshotsTest-927706793-project] Deprecated: Default quota for resource: gigabytes_tempest-GroupSnapshotsTest-volume-type-47386868 is set by the default quota flag: quota_gigabytes_tempest-GroupSnapshotsTest-volume-type-47386868, it is now deprecated. Please use the default quota class for default quota.
May 13 15:28:06.049071 dv-cinder-832130-2-smb devstack@c-api.service[110763]: DEBUG cinder.quota [None req-6d26077b-fb41-45ad-aff8-0edfe6fc53c3 tempest-GroupSnapshotsTest-927706793 tempest-GroupSnapshotsTest-927706793-project] Created reservations ['ee29719f-9412-4278-9a72-103e0373bb9b', '40727239-0182-422b-a837-5c9671e0e027', 'eff073e9-18ac-4041-9dd5-75ea40b006d5', 'f55c6328-a010-4d8e-9de8-eb2d87daa22a'] {{(pid=110763) reserve /opt/stack/cinder/cinder/quota.py:755}}
May 13 15:28:06.052528 dv-cinder-832130-2-smb devstack@c-api.service[110763]: DEBUG cinder.volume.api [None req-6d26077b-fb41-45ad-aff8-0edfe6fc53c3 tempest-GroupSnapshotsTest-927706793 tempest-GroupSnapshotsTest-927706793-project] Task 'cinder.volume.flows.api.create_volume.QuotaReserveTask;volume:create' (c7e826f7-546c-48fd-a174-3a064157af61) transitioned into state 'SUCCESS' from state 'RUNNING' with result '{'reservations': ['ee29719f-9412-4278-9a72-103e0373bb9b', '40727239-0182-422b-a837-5c9671e0e027', 'eff073e9-18ac-4041-9dd5-75ea40b006d5', 'f55c6328-a010-4d8e-9de8-eb2d87daa22a']}' {{(pid=110763) _task_receiver /usr/local/lib/python3.8/dist-packages/taskflow/listeners/logging.py:178}}
May 13 15:28:06.057869 dv-cinder-832130-2-smb devstack@c-api.service[110762]: DEBUG cinder.quota [None req-317b2170-a3f1-48c3-9eb8-7820a0186ee7 tempest-DeleteServersTestJSON-2145683337 tempest-DeleteServersTestJSON-2145683337-project] Created reservations ['d4981cc2-0a9c-4105-981f-f9a1ec30cbbb', '49bb95fa-bdab-4a34-aa2d-53d3a9d75990', 'ad345c73-d04e-4c7b-b166-da733f792014', '297d7653-5c12-450d-8808-68b1fd72c027'] {{(pid=110762) reserve /opt/stack/cinder/cinder/quota.py:755}}
May 13 15:28:06.058076 dv-cinder-832130-2-smb devstack@c-api.service[110763]: DEBUG cinder.volume.api [None req-6d26077b-fb41-45ad-aff8-0edfe6fc53c3 tempest-GroupSnapshotsTest-927706793 tempest-GroupSnapshotsTest-927706793-project] Task 'cinder.volume.flows.api.create_volume.EntryCreateTask;volume:create' (21c17321-ee1e-4fcb-a974-01091c26ea04) transitioned into state 'RUNNING' from state 'PENDING' {{(pid=110763) _task_receiver /usr/local/lib/python3.8/dist-packages/taskflow/listeners/logging.py:190}}
May 13 15:28:06.071564 dv-cinder-832130-2-smb devstack@c-api.service[110762]: DEBUG cinder.volume.api [None req-317b2170-a3f1-48c3-9eb8-7820a0186ee7 tempest-DeleteServersTestJSON-2145683337 tempest-DeleteServersTestJSON-2145683337-project] Task 'cinder.volume.flows.api.create_volume.QuotaReserveTask;volume:create' (a46d72a7-d7b1-44a0-92b3-bc8940b54bd8) transitioned into state 'SUCCESS' from state 'RUNNING' with result '{'reservations': ['d4981cc2-0a9c-4105-981f-f9a1ec30cbbb', '49bb95fa-bdab-4a34-aa2d-53d3a9d75990', 'ad345c73-d04e-4c7b-b166-da733f792014', '297d7653-5c12-450d-8808-68b1fd72c027']}' {{(pid=110762) _task_receiver /usr/local/lib/python3.8/dist-packages/taskflow/listeners/logging.py:178}}
May 13 15:28:06.091094 dv-cinder-832130-2-smb devstack@c-api.service[110762]: DEBUG cinder.volume.api [None req-317b2170-a3f1-48c3-9eb8-7820a0186ee7 tempest-DeleteServersTestJSON-2145683337 tempest-DeleteServersTestJSON-2145683337-project] Task 'cinder.volume.flows.api.create_volume.EntryCreateTask;volume:create' (94e937df-357b-49cd-9bdb-4014afaf6156) transitioned into state 'RUNNING' from state 'PENDING' {{(pid=110762) _task_receiver /usr/local/lib/python3.8/dist-packages/taskflow/listeners/logging.py:190}}
May 13 15:28:06.208790 dv-cinder-832130-2-smb devstack@c-api.service[110763]: DEBUG cinder.volume.api [None req-6d26077b-fb41-45ad-aff8-0edfe6fc53c3 tempest-GroupSnapshotsTest-927706793 tempest-GroupSnapshotsTest-927706793-project] Task 'cinder.volume.flows.api.create_volume.EntryCreateTask;volume:create' (21c17321-ee1e-4fcb-a974-01091c26ea04) transitioned into state 'SUCCESS' from state 'RUNNING' with result '{'volume_id': '59b0c3cd-ca4e-4bfb-95d1-e2de7482a3cf', 'volume_properties': VolumeProperties(attach_status='detached',availability_zone='nova',cgsnapshot_id=None,consistencygroup_id=None,display_description=None,display_name='tempest-GroupSnapshotsTest-Volume-2143798113',encryption_key_id=None,group_id=8eda35e4-f8b8-4aea-b8e0-5426e2fde830,group_type_id=,metadata={},multiattach=False,project_id='e5bc2cc54043409985330de22a91a1b4',qos_specs=None,replication_status=,reservations=['ee29719f-9412-4278-9a72-103e0373bb9b','40727239-0182-422b-a837-5c9671e0e027','eff073e9-18ac-4041-9dd5-75ea40b006d5','f55c6328-a010-4d8e-9de8-eb2d87daa22a'],size=1,snapshot_id=None,source_replicaid=,source_volid=None,status='creating',user_id='927d04e608af41cc9012643be1df022a',volume_type_id=aea55e66-c906-4627-a798-07ca10a756d1), 'volume': Volume(_name_id=None,admin_metadata=,attach_status='detached',availability_zone='nova',bootable=False,cluster=,cluster_name=None,consistencygroup=,consistencygroup_id=None,created_at=2022-05-13T15:28:06Z,deleted=False,deleted_at=None,display_description=None,display_name='tempest-GroupSnapshotsTest-Volume-2143798113',ec2_id=None,encryption_key_id=None,glance_metadata=,group=,group_id=8eda35e4-f8b8-4aea-b8e0-5426e2fde830,host=None,id=59b0c3cd-ca4e-4bfb-95d1-e2de7482a3cf,launched_at=None,metadata={},migration_status=None,multiattach=False,previous_status=None,project_id='e5bc2cc54043409985330de22a91a1b4',provider_auth=None,provider_geometry=None,provider_id=None,provider_location=None,replication_driver_data=None,replication_extended_status=None,replication_status=None,scheduled_at=None,service_uuid=None,shared_targets=True,size=1,snapshot_id=None,snapshots=,source_volid=None,status='creating',terminated_at=None,updated_at=None,use_quota=True,user_id='927d04e608af41cc9012643be1df022a',volume_attachment=VolumeAttachmentList,volume_type=VolumeType(aea55e66-c906-4627-a798-07ca10a756d1),volume_type_id=aea55e66-c906-4627-a798-07ca10a756d1)}' {{(pid=110763) _task_receiver /usr/local/lib/python3.8/dist-packages/taskflow/listeners/logging.py:178}}
May 13 15:28:06.213855 dv-cinder-832130-2-smb devstack@c-api.service[110763]: DEBUG cinder.volume.api [None req-6d26077b-fb41-45ad-aff8-0edfe6fc53c3 tempest-GroupSnapshotsTest-927706793 tempest-GroupSnapshotsTest-927706793-project] Task 'cinder.volume.flows.api.create_volume.QuotaCommitTask;volume:create' (edeed1f4-8a03-4d9b-896d-ec3b6c72229e) transitioned into state 'RUNNING' from state 'PENDING' {{(pid=110763) _task_receiver /usr/local/lib/python3.8/dist-packages/taskflow/listeners/logging.py:190}}
May 13 15:28:06.238419 dv-cinder-832130-2-smb devstack@c-api.service[110762]: DEBUG cinder.volume.api [None req-317b2170-a3f1-48c3-9eb8-7820a0186ee7 tempest-DeleteServersTestJSON-2145683337 tempest-DeleteServersTestJSON-2145683337-project] Task 'cinder.volume.flows.api.create_volume.EntryCreateTask;volume:create' (94e937df-357b-49cd-9bdb-4014afaf6156) transitioned into state 'SUCCESS' from state 'RUNNING' with result '{'volume_id': '3d21e16c-3766-4ddf-bb0b-056969d7c65b', 'volume_properties': VolumeProperties(attach_status='detached',availability_zone='nova',cgsnapshot_id=None,consistencygroup_id=None,display_description=None,display_name='tempest-DeleteServersTestJSON-volume-1153981087',encryption_key_id=None,group_id=None,group_type_id=,metadata={},multiattach=False,project_id='f8e249c2d49747eab4478f53c3fd6226',qos_specs=None,replication_status=,reservations=['d4981cc2-0a9c-4105-981f-f9a1ec30cbbb','49bb95fa-bdab-4a34-aa2d-53d3a9d75990','ad345c73-d04e-4c7b-b166-da733f792014','297d7653-5c12-450d-8808-68b1fd72c027'],size=1,snapshot_id=None,source_replicaid=,source_volid=None,status='creating',user_id='eaa13cda54a84b678214807e9720203e',volume_type_id=1e24c022-859a-44e3-9cb5-b940fac80f80), 'volume': Volume(_name_id=None,admin_metadata=,attach_status='detached',availability_zone='nova',bootable=False,cluster=,cluster_name=None,consistencygroup=,consistencygroup_id=None,created_at=2022-05-13T15:28:06Z,deleted=False,deleted_at=None,display_description=None,display_name='tempest-DeleteServersTestJSON-volume-1153981087',ec2_id=None,encryption_key_id=None,glance_metadata=,group=,group_id=None,host=None,id=3d21e16c-3766-4ddf-bb0b-056969d7c65b,launched_at=None,metadata={},migration_status=None,multiattach=False,previous_status=None,project_id='f8e249c2d49747eab4478f53c3fd6226',provider_auth=None,provider_geometry=None,provider_id=None,provider_location=None,replication_driver_data=None,replication_extended_status=None,replication_status=None,scheduled_at=None,service_uuid=None,shared_targets=True,size=1,snapshot_id=None,snapshots=,source_volid=None,status='creating',terminated_at=None,updated_at=None,use_quota=True,user_id='eaa13cda54a84b678214807e9720203e',volume_attachment=VolumeAttachmentList,volume_type=VolumeType(1e24c022-859a-44e3-9cb5-b940fac80f80),volume_type_id=1e24c022-859a-44e3-9cb5-b940fac80f80)}' {{(pid=110762) _task_receiver /usr/local/lib/python3.8/dist-packages/taskflow/listeners/logging.py:178}}
May 13 15:28:06.242668 dv-cinder-832130-2-smb devstack@c-api.service[110762]: DEBUG cinder.volume.api [None req-317b2170-a3f1-48c3-9eb8-7820a0186ee7 tempest-DeleteServersTestJSON-2145683337 tempest-DeleteServersTestJSON-2145683337-project] Task 'cinder.volume.flows.api.create_volume.QuotaCommitTask;volume:create' (2db1da34-63ef-4ba4-b6e3-07277df31f6e) transitioned into state 'RUNNING' from state 'PENDING' {{(pid=110762) _task_receiver /usr/local/lib/python3.8/dist-packages/taskflow/listeners/logging.py:190}}
May 13 15:28:06.363662 dv-cinder-832130-2-smb devstack@c-api.service[110763]: DEBUG cinder.volume.api [None req-6d26077b-fb41-45ad-aff8-0edfe6fc53c3 tempest-GroupSnapshotsTest-927706793 tempest-GroupSnapshotsTest-927706793-project] Task 'cinder.volume.flows.api.create_volume.QuotaCommitTask;volume:create' (edeed1f4-8a03-4d9b-896d-ec3b6c72229e) transitioned into state 'SUCCESS' from state 'RUNNING' with result '{'volume_properties': VolumeProperties(attach_status='detached',availability_zone='nova',cgsnapshot_id=None,consistencygroup_id=None,display_description=None,display_name='tempest-GroupSnapshotsTest-Volume-2143798113',encryption_key_id=None,group_id=8eda35e4-f8b8-4aea-b8e0-5426e2fde830,group_type_id=,metadata={},multiattach=False,project_id='e5bc2cc54043409985330de22a91a1b4',qos_specs=None,replication_status=,reservations=['ee29719f-9412-4278-9a72-103e0373bb9b','40727239-0182-422b-a837-5c9671e0e027','eff073e9-18ac-4041-9dd5-75ea40b006d5','f55c6328-a010-4d8e-9de8-eb2d87daa22a'],size=1,snapshot_id=None,source_replicaid=,source_volid=None,status='creating',user_id='927d04e608af41cc9012643be1df022a',volume_type_id=aea55e66-c906-4627-a798-07ca10a756d1)}' {{(pid=110763) _task_receiver /usr/local/lib/python3.8/dist-packages/taskflow/listeners/logging.py:178}}
May 13 15:28:06.369635 dv-cinder-832130-2-smb devstack@c-api.service[110763]: DEBUG cinder.volume.api [None req-6d26077b-fb41-45ad-aff8-0edfe6fc53c3 tempest-GroupSnapshotsTest-927706793 tempest-GroupSnapshotsTest-927706793-project] Task 'cinder.volume.flows.api.create_volume.VolumeCastTask;volume:create' (f8ceec32-133d-45a6-9b8a-09909a7c375d) transitioned into state 'RUNNING' from state 'PENDING' {{(pid=110763) _task_receiver /usr/local/lib/python3.8/dist-packages/taskflow/listeners/logging.py:190}}
May 13 15:28:06.448812 dv-cinder-832130-2-smb devstack@c-api.service[110762]: DEBUG cinder.volume.api [None req-317b2170-a3f1-48c3-9eb8-7820a0186ee7 tempest-DeleteServersTestJSON-2145683337 tempest-DeleteServersTestJSON-2145683337-project] Task 'cinder.volume.flows.api.create_volume.QuotaCommitTask;volume:create' (2db1da34-63ef-4ba4-b6e3-07277df31f6e) transitioned into state 'SUCCESS' from state 'RUNNING' with result '{'volume_properties': VolumeProperties(attach_status='detached',availability_zone='nova',cgsnapshot_id=None,consistencygroup_id=None,display_description=None,display_name='tempest-DeleteServersTestJSON-volume-1153981087',encryption_key_id=None,group_id=None,group_type_id=,metadata={},multiattach=False,project_id='f8e249c2d49747eab4478f53c3fd6226',qos_specs=None,replication_status=,reservations=['d4981cc2-0a9c-4105-981f-f9a1ec30cbbb','49bb95fa-bdab-4a34-aa2d-53d3a9d75990','ad345c73-d04e-4c7b-b166-da733f792014','297d7653-5c12-450d-8808-68b1fd72c027'],size=1,snapshot_id=None,source_replicaid=,source_volid=None,status='creating',user_id='eaa13cda54a84b678214807e9720203e',volume_type_id=1e24c022-859a-44e3-9cb5-b940fac80f80)}' {{(pid=110762) _task_receiver /usr/local/lib/python3.8/dist-packages/taskflow/listeners/logging.py:178}}
May 13 15:28:06.454450 dv-cinder-832130-2-smb devstack@c-api.service[110762]: DEBUG cinder.volume.api [None req-317b2170-a3f1-48c3-9eb8-7820a0186ee7 tempest-DeleteServersTestJSON-2145683337 tempest-DeleteServersTestJSON-2145683337-project] Task 'cinder.volume.flows.api.create_volume.VolumeCastTask;volume:create' (33b1fe65-619b-44ed-9491-39060762d018) transitioned into state 'RUNNING' from state 'PENDING' {{(pid=110762) _task_receiver /usr/local/lib/python3.8/dist-packages/taskflow/listeners/logging.py:190}}
May 13 15:28:06.465388 dv-cinder-832130-2-smb devstack@c-api.service[110763]: DEBUG cinder.volume.api [None req-6d26077b-fb41-45ad-aff8-0edfe6fc53c3 tempest-GroupSnapshotsTest-927706793 tempest-GroupSnapshotsTest-927706793-project] Task 'cinder.volume.flows.api.create_volume.VolumeCastTask;volume:create' (f8ceec32-133d-45a6-9b8a-09909a7c375d) transitioned into state 'SUCCESS' from state 'RUNNING' with result 'None' {{(pid=110763) _task_receiver /usr/local/lib/python3.8/dist-packages/taskflow/listeners/logging.py:178}}
May 13 15:28:06.473167 dv-cinder-832130-2-smb devstack@c-api.service[110763]: DEBUG cinder.volume.api [None req-6d26077b-fb41-45ad-aff8-0edfe6fc53c3 tempest-GroupSnapshotsTest-927706793 tempest-GroupSnapshotsTest-927706793-project] Flow 'volume_create_api' (167ca3d0-75ad-4a02-a55d-5ce81ac3c8aa) transitioned into state 'SUCCESS' from state 'RUNNING' {{(pid=110763) _flow_receiver /usr/local/lib/python3.8/dist-packages/taskflow/listeners/logging.py:141}}
May 13 15:28:06.478723 dv-cinder-832130-2-smb devstack@c-api.service[110763]: INFO cinder.volume.api [None req-6d26077b-fb41-45ad-aff8-0edfe6fc53c3 tempest-GroupSnapshotsTest-927706793 tempest-GroupSnapshotsTest-927706793-project] Create volume request issued successfully.
May 13 15:28:06.486171 dv-cinder-832130-2-smb devstack@c-api.service[110763]: WARNING stevedore.named [None req-6d26077b-fb41-45ad-aff8-0edfe6fc53c3 tempest-GroupSnapshotsTest-927706793 tempest-GroupSnapshotsTest-927706793-project] Could not load cinder.keymgr.conf_key_mgr.ConfKeyManager
May 13 15:28:06.491084 dv-cinder-832130-2-smb devstack@c-api.service[110763]: WARNING castellan.key_manager [None req-6d26077b-fb41-45ad-aff8-0edfe6fc53c3 tempest-GroupSnapshotsTest-927706793 tempest-GroupSnapshotsTest-927706793-project] Deprecation Warning : cinder.keymgr.conf_key_mgr.ConfKeyManager is not a stevedore based driver, trying to load it as a class: stevedore.exception.NoMatches: No 'castellan.drivers' driver found, looking for 'cinder.keymgr.conf_key_mgr.ConfKeyManager'
May 13 15:28:06.528924 dv-cinder-832130-2-smb devstack@c-api.service[110763]: DEBUG oslo_db.sqlalchemy.engines [None req-6d26077b-fb41-45ad-aff8-0edfe6fc53c3 tempest-GroupSnapshotsTest-927706793 tempest-GroupSnapshotsTest-927706793-project] MySQL server mode set to STRICT_TRANS_TABLES,STRICT_ALL_TABLES,NO_ZERO_IN_DATE,NO_ZERO_DATE,ERROR_FOR_DIVISION_BY_ZERO,TRADITIONAL,NO_ENGINE_SUBSTITUTION {{(pid=110763) _check_effective_sql_mode /usr/local/lib/python3.8/dist-packages/oslo_db/sqlalchemy/engines.py:314}}
May 13 15:28:06.550696 dv-cinder-832130-2-smb devstack@c-api.service[110763]: /usr/local/lib/python3.8/dist-packages/oslo_context/context.py:100: DeprecationWarning: Policy enforcement is depending on the value of is_admin. This key is deprecated. Please update your policy file to use the standard policy values.
May 13 15:28:06.550696 dv-cinder-832130-2-smb devstack@c-api.service[110763]: warnings.warn('Policy enforcement is depending on the value of '
May 13 15:28:06.575926 dv-cinder-832130-2-smb devstack@c-api.service[110763]: INFO cinder.api.openstack.wsgi [None req-6d26077b-fb41-45ad-aff8-0edfe6fc53c3 tempest-GroupSnapshotsTest-927706793 tempest-GroupSnapshotsTest-927706793-project] http://10.222.0.87/volume/v3/e5bc2cc54043409985330de22a91a1b4/volumes returned with HTTP 202
May 13 15:28:06.588684 dv-cinder-832130-2-smb devstack@c-api.service[110763]: [pid: 110763|app: 0|req: 109/209] 10.222.0.87 () {62 vars in 1276 bytes} [Fri May 13 15:28:05 2022] POST /volume/v3/e5bc2cc54043409985330de22a91a1b4/volumes => generated 906 bytes in 1084 msecs (HTTP/1.1 202) 7 headers in 292 bytes (1 switches on core 0)
May 13 15:28:06.592887 dv-cinder-832130-2-smb devstack@c-api.service[110762]: DEBUG cinder.volume.api [None req-317b2170-a3f1-48c3-9eb8-7820a0186ee7 tempest-DeleteServersTestJSON-2145683337 tempest-DeleteServersTestJSON-2145683337-project] Task 'cinder.volume.flows.api.create_volume.VolumeCastTask;volume:create' (33b1fe65-619b-44ed-9491-39060762d018) transitioned into state 'SUCCESS' from state 'RUNNING' with result 'None' {{(pid=110762) _task_receiver /usr/local/lib/python3.8/dist-packages/taskflow/listeners/logging.py:178}}
May 13 15:28:06.594191 dv-cinder-832130-2-smb devstack@c-api.service[110763]: DEBUG cinder.api.middleware.request_id [None req-58fd2257-7ac7-426f-a5d7-97565ef4e653 None None] RequestId filter calling following filter/app {{(pid=110763) _context_setter /opt/stack/cinder/cinder/api/middleware/request_id.py:62}}
May 13 15:28:06.599081 dv-cinder-832130-2-smb devstack@c-api.service[110763]: INFO cinder.api.openstack.wsgi [None req-58fd2257-7ac7-426f-a5d7-97565ef4e653 tempest-GroupSnapshotsTest-927706793 tempest-GroupSnapshotsTest-927706793-project] GET http://10.222.0.87/volume/v3/e5bc2cc54043409985330de22a91a1b4/volumes/59b0c3cd-ca4e-4bfb-95d1-e2de7482a3cf
May 13 15:28:06.599605 dv-cinder-832130-2-smb devstack@c-api.service[110763]: DEBUG cinder.api.openstack.wsgi [None req-58fd2257-7ac7-426f-a5d7-97565ef4e653 tempest-GroupSnapshotsTest-927706793 tempest-GroupSnapshotsTest-927706793-project] Empty body provided in request {{(pid=110763) get_body /opt/stack/cinder/cinder/api/openstack/wsgi.py:715}}
May 13 15:28:06.600073 dv-cinder-832130-2-smb devstack@c-api.service[110763]: DEBUG cinder.api.openstack.wsgi [None req-58fd2257-7ac7-426f-a5d7-97565ef4e653 tempest-GroupSnapshotsTest-927706793 tempest-GroupSnapshotsTest-927706793-project] Calling method 'show' {{(pid=110763) _process_stack /opt/stack/cinder/cinder/api/openstack/wsgi.py:868}}
May 13 15:28:06.601783 dv-cinder-832130-2-smb devstack@c-api.service[110762]: DEBUG cinder.volume.api [None req-317b2170-a3f1-48c3-9eb8-7820a0186ee7 tempest-DeleteServersTestJSON-2145683337 tempest-DeleteServersTestJSON-2145683337-project] Flow 'volume_create_api' (d0991651-1b3d-4bb2-86ea-49b8c0fa31d3) transitioned into state 'SUCCESS' from state 'RUNNING' {{(pid=110762) _flow_receiver /usr/local/lib/python3.8/dist-packages/taskflow/listeners/logging.py:141}}
May 13 15:28:06.606706 dv-cinder-832130-2-smb devstack@c-api.service[110762]: INFO cinder.volume.api [None req-317b2170-a3f1-48c3-9eb8-7820a0186ee7 tempest-DeleteServersTestJSON-2145683337 tempest-DeleteServersTestJSON-2145683337-project] Create volume request issued successfully.
May 13 15:28:06.606706 dv-cinder-832130-2-smb devstack@c-api.service[110762]: INFO cinder.api.openstack.wsgi [None req-317b2170-a3f1-48c3-9eb8-7820a0186ee7 tempest-DeleteServersTestJSON-2145683337 tempest-DeleteServersTestJSON-2145683337-project] http://10.222.0.87/volume/v3/f8e249c2d49747eab4478f53c3fd6226/volumes returned with HTTP 202
May 13 15:28:06.609085 dv-cinder-832130-2-smb devstack@c-api.service[110762]: [pid: 110762|app: 0|req: 101/210] 10.222.0.87 () {60 vars in 1234 bytes} [Fri May 13 15:28:05 2022] POST /volume/v3/f8e249c2d49747eab4478f53c3fd6226/volumes => generated 821 bytes in 1287 msecs (HTTP/1.1 202) 7 headers in 291 bytes (1 switches on core 0)
May 13 15:28:06.633887 dv-cinder-832130-2-smb devstack@c-api.service[110762]: DEBUG cinder.api.middleware.request_id [None req-51da2bed-28d3-4bcb-9a32-85ba13fa883c None None] RequestId filter calling following filter/app {{(pid=110762) _context_setter /opt/stack/cinder/cinder/api/middleware/request_id.py:62}}
May 13 15:28:06.643450 dv-cinder-832130-2-smb devstack@c-api.service[110762]: INFO cinder.api.openstack.wsgi [None req-51da2bed-28d3-4bcb-9a32-85ba13fa883c tempest-DeleteServersTestJSON-2145683337 tempest-DeleteServersTestJSON-2145683337-project] GET http://10.222.0.87/volume/v3/f8e249c2d49747eab4478f53c3fd6226/volumes/3d21e16c-3766-4ddf-bb0b-056969d7c65b
May 13 15:28:06.649256 dv-cinder-832130-2-smb devstack@c-api.service[110762]: DEBUG cinder.api.openstack.wsgi [None req-51da2bed-28d3-4bcb-9a32-85ba13fa883c tempest-DeleteServersTestJSON-2145683337 tempest-DeleteServersTestJSON-2145683337-project] Empty body provided in request {{(pid=110762) get_body /opt/stack/cinder/cinder/api/openstack/wsgi.py:715}}
May 13 15:28:06.649256 dv-cinder-832130-2-smb devstack@c-api.service[110762]: DEBUG cinder.api.openstack.wsgi [None req-51da2bed-28d3-4bcb-9a32-85ba13fa883c tempest-DeleteServersTestJSON-2145683337 tempest-DeleteServersTestJSON-2145683337-project] Calling method 'show' {{(pid=110762) _process_stack /opt/stack/cinder/cinder/api/openstack/wsgi.py:868}}
May 13 15:28:06.649570 dv-cinder-832130-2-smb devstack@c-api.service[110763]: /usr/local/lib/python3.8/dist-packages/oslo_context/context.py:100: DeprecationWarning: Policy enforcement is depending on the value of is_admin. This key is deprecated. Please update your policy file to use the standard policy values.
May 13 15:28:06.649570 dv-cinder-832130-2-smb devstack@c-api.service[110763]: warnings.warn('Policy enforcement is depending on the value of '
May 13 15:28:06.675641 dv-cinder-832130-2-smb devstack@c-api.service[110763]: INFO cinder.volume.api [None req-58fd2257-7ac7-426f-a5d7-97565ef4e653 tempest-GroupSnapshotsTest-927706793 tempest-GroupSnapshotsTest-927706793-project] Volume info retrieved successfully.
May 13 15:28:06.677410 dv-cinder-832130-2-smb devstack@c-api.service[110762]: /usr/local/lib/python3.8/dist-packages/oslo_context/context.py:100: DeprecationWarning: Policy enforcement is depending on the value of is_admin. This key is deprecated. Please update your policy file to use the standard policy values.
May 13 15:28:06.677410 dv-cinder-832130-2-smb devstack@c-api.service[110762]: warnings.warn('Policy enforcement is depending on the value of '
May 13 15:28:06.679420 dv-cinder-832130-2-smb devstack@c-api.service[110763]: WARNING stevedore.named [None req-58fd2257-7ac7-426f-a5d7-97565ef4e653 tempest-GroupSnapshotsTest-927706793 tempest-GroupSnapshotsTest-927706793-project] Could not load cinder.keymgr.conf_key_mgr.ConfKeyManager
May 13 15:28:06.680477 dv-cinder-832130-2-smb devstack@c-api.service[110763]: WARNING castellan.key_manager [None req-58fd2257-7ac7-426f-a5d7-97565ef4e653 tempest-GroupSnapshotsTest-927706793 tempest-GroupSnapshotsTest-927706793-project] Deprecation Warning : cinder.keymgr.conf_key_mgr.ConfKeyManager is not a stevedore based driver, trying to load it as a class: stevedore.exception.NoMatches: No 'castellan.drivers' driver found, looking for 'cinder.keymgr.conf_key_mgr.ConfKeyManager'
May 13 15:28:06.698310 dv-cinder-832130-2-smb devstack@c-api.service[110763]: DEBUG oslo_db.sqlalchemy.engines [None req-58fd2257-7ac7-426f-a5d7-97565ef4e653 tempest-GroupSnapshotsTest-927706793 tempest-GroupSnapshotsTest-927706793-project] MySQL server mode set to STRICT_TRANS_TABLES,STRICT_ALL_TABLES,NO_ZERO_IN_DATE,NO_ZERO_DATE,ERROR_FOR_DIVISION_BY_ZERO,TRADITIONAL,NO_ENGINE_SUBSTITUTION {{(pid=110763) _check_effective_sql_mode /usr/local/lib/python3.8/dist-packages/oslo_db/sqlalchemy/engines.py:314}}
May 13 15:28:06.706094 dv-cinder-832130-2-smb devstack@c-api.service[110762]: INFO cinder.volume.api [None req-51da2bed-28d3-4bcb-9a32-85ba13fa883c tempest-DeleteServersTestJSON-2145683337 tempest-DeleteServersTestJSON-2145683337-project] Volume info retrieved successfully.
May 13 15:28:06.714726 dv-cinder-832130-2-smb devstack@c-api.service[110763]: /usr/local/lib/python3.8/dist-packages/oslo_context/context.py:100: DeprecationWarning: Policy enforcement is depending on the value of is_admin. This key is deprecated. Please update your policy file to use the standard policy values.
May 13 15:28:06.714726 dv-cinder-832130-2-smb devstack@c-api.service[110763]: warnings.warn('Policy enforcement is depending on the value of '
May 13 15:28:06.741503 dv-cinder-832130-2-smb devstack@c-api.service[110762]: INFO cinder.api.openstack.wsgi [None req-51da2bed-28d3-4bcb-9a32-85ba13fa883c tempest-DeleteServersTestJSON-2145683337 tempest-DeleteServersTestJSON-2145683337-project] http://10.222.0.87/volume/v3/f8e249c2d49747eab4478f53c3fd6226/volumes/3d21e16c-3766-4ddf-bb0b-056969d7c65b returned with HTTP 200
May 13 15:28:06.764695 dv-cinder-832130-2-smb devstack@c-api.service[110762]: [pid: 110762|app: 0|req: 102/211] 10.222.0.87 () {58 vars in 1324 bytes} [Fri May 13 15:28:06 2022] GET /volume/v3/f8e249c2d49747eab4478f53c3fd6226/volumes/3d21e16c-3766-4ddf-bb0b-056969d7c65b => generated 889 bytes in 121 msecs (HTTP/1.1 200) 7 headers in 285 bytes (2 switches on core 0)
May 13 15:28:06.821209 dv-cinder-832130-2-smb devstack@c-api.service[110763]: INFO cinder.api.openstack.wsgi [None req-58fd2257-7ac7-426f-a5d7-97565ef4e653 tempest-GroupSnapshotsTest-927706793 tempest-GroupSnapshotsTest-927706793-project] http://10.222.0.87/volume/v3/e5bc2cc54043409985330de22a91a1b4/volumes/59b0c3cd-ca4e-4bfb-95d1-e2de7482a3cf returned with HTTP 200
May 13 15:28:06.824479 dv-cinder-832130-2-smb devstack@c-api.service[110763]: [pid: 110763|app: 0|req: 110/212] 10.222.0.87 () {60 vars in 1365 bytes} [Fri May 13 15:28:06 2022] GET /volume/v3/e5bc2cc54043409985330de22a91a1b4/volumes/59b0c3cd-ca4e-4bfb-95d1-e2de7482a3cf => generated 974 bytes in 231 msecs (HTTP/1.1 200) 7 headers in 286 bytes (2 switches on core 0)
May 13 15:28:07.775637 dv-cinder-832130-2-smb devstack@c-api.service[110762]: DEBUG cinder.api.middleware.request_id [None req-23af511e-c572-4bc2-8326-e6942f09f16f None None] RequestId filter calling following filter/app {{(pid=110762) _context_setter /opt/stack/cinder/cinder/api/middleware/request_id.py:62}}
May 13 15:28:07.782372 dv-cinder-832130-2-smb devstack@c-api.service[110762]: INFO cinder.api.openstack.wsgi [None req-23af511e-c572-4bc2-8326-e6942f09f16f tempest-DeleteServersTestJSON-2145683337 tempest-DeleteServersTestJSON-2145683337-project] GET http://10.222.0.87/volume/v3/f8e249c2d49747eab4478f53c3fd6226/volumes/3d21e16c-3766-4ddf-bb0b-056969d7c65b
May 13 15:28:07.784313 dv-cinder-832130-2-smb devstack@c-api.service[110762]: DEBUG cinder.api.openstack.wsgi [None req-23af511e-c572-4bc2-8326-e6942f09f16f tempest-DeleteServersTestJSON-2145683337 tempest-DeleteServersTestJSON-2145683337-project] Empty body provided in request {{(pid=110762) get_body /opt/stack/cinder/cinder/api/openstack/wsgi.py:715}}
May 13 15:28:07.790228 dv-cinder-832130-2-smb devstack@c-api.service[110762]: DEBUG cinder.api.openstack.wsgi [None req-23af511e-c572-4bc2-8326-e6942f09f16f tempest-DeleteServersTestJSON-2145683337 tempest-DeleteServersTestJSON-2145683337-project] Calling method 'show' {{(pid=110762) _process_stack /opt/stack/cinder/cinder/api/openstack/wsgi.py:868}}
May 13 15:28:07.826172 dv-cinder-832130-2-smb devstack@c-api.service[110762]: /usr/local/lib/python3.8/dist-packages/oslo_context/context.py:100: DeprecationWarning: Policy enforcement is depending on the value of is_admin. This key is deprecated. Please update your policy file to use the standard policy values.
May 13 15:28:07.826172 dv-cinder-832130-2-smb devstack@c-api.service[110762]: warnings.warn('Policy enforcement is depending on the value of '
May 13 15:28:07.846600 dv-cinder-832130-2-smb devstack@c-api.service[110762]: INFO cinder.volume.api [None req-23af511e-c572-4bc2-8326-e6942f09f16f tempest-DeleteServersTestJSON-2145683337 tempest-DeleteServersTestJSON-2145683337-project] Volume info retrieved successfully.
May 13 15:28:07.848822 dv-cinder-832130-2-smb devstack@c-api.service[110763]: DEBUG cinder.api.middleware.request_id [None req-b018ed87-0f81-44eb-adba-a8c23e39a8e6 None None] RequestId filter calling following filter/app {{(pid=110763) _context_setter /opt/stack/cinder/cinder/api/middleware/request_id.py:62}}
May 13 15:28:07.860923 dv-cinder-832130-2-smb devstack@c-api.service[110763]: INFO cinder.api.openstack.wsgi [None req-b018ed87-0f81-44eb-adba-a8c23e39a8e6 tempest-GroupSnapshotsTest-927706793 tempest-GroupSnapshotsTest-927706793-project] GET http://10.222.0.87/volume/v3/e5bc2cc54043409985330de22a91a1b4/volumes/59b0c3cd-ca4e-4bfb-95d1-e2de7482a3cf
May 13 15:28:07.862203 dv-cinder-832130-2-smb devstack@c-api.service[110763]: DEBUG cinder.api.openstack.wsgi [None req-b018ed87-0f81-44eb-adba-a8c23e39a8e6 tempest-GroupSnapshotsTest-927706793 tempest-GroupSnapshotsTest-927706793-project] Empty body provided in request {{(pid=110763) get_body /opt/stack/cinder/cinder/api/openstack/wsgi.py:715}}
May 13 15:28:07.863750 dv-cinder-832130-2-smb devstack@c-api.service[110763]: DEBUG cinder.api.openstack.wsgi [None req-b018ed87-0f81-44eb-adba-a8c23e39a8e6 tempest-GroupSnapshotsTest-927706793 tempest-GroupSnapshotsTest-927706793-project] Calling method 'show' {{(pid=110763) _process_stack /opt/stack/cinder/cinder/api/openstack/wsgi.py:868}}
May 13 15:28:07.872822 dv-cinder-832130-2-smb devstack@c-api.service[110762]: INFO cinder.api.openstack.wsgi [None req-23af511e-c572-4bc2-8326-e6942f09f16f tempest-DeleteServersTestJSON-2145683337 tempest-DeleteServersTestJSON-2145683337-project] http://10.222.0.87/volume/v3/f8e249c2d49747eab4478f53c3fd6226/volumes/3d21e16c-3766-4ddf-bb0b-056969d7c65b returned with HTTP 200
May 13 15:28:07.876307 dv-cinder-832130-2-smb devstack@c-api.service[110762]: [pid: 110762|app: 0|req: 103/213] 10.222.0.87 () {58 vars in 1324 bytes} [Fri May 13 15:28:07 2022] GET /volume/v3/f8e249c2d49747eab4478f53c3fd6226/volumes/3d21e16c-3766-4ddf-bb0b-056969d7c65b => generated 914 bytes in 103 msecs (HTTP/1.1 200) 7 headers in 285 bytes (1 switches on core 0)
May 13 15:28:07.907751 dv-cinder-832130-2-smb devstack@c-api.service[110763]: /usr/local/lib/python3.8/dist-packages/oslo_context/context.py:100: DeprecationWarning: Policy enforcement is depending on the value of is_admin. This key is deprecated. Please update your policy file to use the standard policy values.
May 13 15:28:07.907751 dv-cinder-832130-2-smb devstack@c-api.service[110763]: warnings.warn('Policy enforcement is depending on the value of '
May 13 15:28:07.927138 dv-cinder-832130-2-smb devstack@c-api.service[110763]: INFO cinder.volume.api [None req-b018ed87-0f81-44eb-adba-a8c23e39a8e6 tempest-GroupSnapshotsTest-927706793 tempest-GroupSnapshotsTest-927706793-project] Volume info retrieved successfully.
May 13 15:28:07.929815 dv-cinder-832130-2-smb devstack@c-api.service[110763]: WARNING stevedore.named [None req-b018ed87-0f81-44eb-adba-a8c23e39a8e6 tempest-GroupSnapshotsTest-927706793 tempest-GroupSnapshotsTest-927706793-project] Could not load cinder.keymgr.conf_key_mgr.ConfKeyManager
May 13 15:28:07.930499 dv-cinder-832130-2-smb devstack@c-api.service[110763]: WARNING castellan.key_manager [None req-b018ed87-0f81-44eb-adba-a8c23e39a8e6 tempest-GroupSnapshotsTest-927706793 tempest-GroupSnapshotsTest-927706793-project] Deprecation Warning : cinder.keymgr.conf_key_mgr.ConfKeyManager is not a stevedore based driver, trying to load it as a class: stevedore.exception.NoMatches: No 'castellan.drivers' driver found, looking for 'cinder.keymgr.conf_key_mgr.ConfKeyManager'
May 13 15:28:07.943236 dv-cinder-832130-2-smb devstack@c-api.service[110763]: DEBUG oslo_db.sqlalchemy.engines [None req-b018ed87-0f81-44eb-adba-a8c23e39a8e6 tempest-GroupSnapshotsTest-927706793 tempest-GroupSnapshotsTest-927706793-project] MySQL server mode set to STRICT_TRANS_TABLES,STRICT_ALL_TABLES,NO_ZERO_IN_DATE,NO_ZERO_DATE,ERROR_FOR_DIVISION_BY_ZERO,TRADITIONAL,NO_ENGINE_SUBSTITUTION {{(pid=110763) _check_effective_sql_mode /usr/local/lib/python3.8/dist-packages/oslo_db/sqlalchemy/engines.py:314}}
May 13 15:28:07.955700 dv-cinder-832130-2-smb devstack@c-api.service[110763]: /usr/local/lib/python3.8/dist-packages/oslo_context/context.py:100: DeprecationWarning: Policy enforcement is depending on the value of is_admin. This key is deprecated. Please update your policy file to use the standard policy values.
May 13 15:28:07.955700 dv-cinder-832130-2-smb devstack@c-api.service[110763]: warnings.warn('Policy enforcement is depending on the value of '
May 13 15:28:07.986966 dv-cinder-832130-2-smb devstack@c-api.service[110763]: INFO cinder.api.openstack.wsgi [None req-b018ed87-0f81-44eb-adba-a8c23e39a8e6 tempest-GroupSnapshotsTest-927706793 tempest-GroupSnapshotsTest-927706793-project] http://10.222.0.87/volume/v3/e5bc2cc54043409985330de22a91a1b4/volumes/59b0c3cd-ca4e-4bfb-95d1-e2de7482a3cf returned with HTTP 200
May 13 15:28:08.002438 dv-cinder-832130-2-smb devstack@c-api.service[110763]: [pid: 110763|app: 0|req: 111/214] 10.222.0.87 () {60 vars in 1365 bytes} [Fri May 13 15:28:07 2022] GET /volume/v3/e5bc2cc54043409985330de22a91a1b4/volumes/59b0c3cd-ca4e-4bfb-95d1-e2de7482a3cf => generated 999 bytes in 156 msecs (HTTP/1.1 200) 7 headers in 286 bytes (1 switches on core 0)
May 13 15:28:08.019275 dv-cinder-832130-2-smb devstack@c-api.service[110762]: DEBUG cinder.api.middleware.request_id [None req-604e1949-4ff3-4329-8458-1b0514f296fe None None] RequestId filter calling following filter/app {{(pid=110762) _context_setter /opt/stack/cinder/cinder/api/middleware/request_id.py:62}}
May 13 15:28:08.027816 dv-cinder-832130-2-smb devstack@c-api.service[110762]: INFO cinder.api.openstack.wsgi [None req-604e1949-4ff3-4329-8458-1b0514f296fe tempest-GroupSnapshotsTest-927706793 tempest-GroupSnapshotsTest-927706793-project] PUT http://10.222.0.87/volume/v3/e5bc2cc54043409985330de22a91a1b4/groups/8eda35e4-f8b8-4aea-b8e0-5426e2fde830
May 13 15:28:08.029487 dv-cinder-832130-2-smb devstack@c-api.service[110762]: DEBUG cinder.api.openstack.wsgi [None req-604e1949-4ff3-4329-8458-1b0514f296fe tempest-GroupSnapshotsTest-927706793 tempest-GroupSnapshotsTest-927706793-project] Action: 'update', calling method: version_select, body: {"group": {"remove_volumes": "2c799247-e382-44bf-a2f1-53ba8eac8ba2"}} {{(pid=110762) _process_stack /opt/stack/cinder/cinder/api/openstack/wsgi.py:866}}
May 13 15:28:08.031482 dv-cinder-832130-2-smb devstack@c-api.service[110762]: DEBUG cinder.api.v3.groups [None req-604e1949-4ff3-4329-8458-1b0514f296fe tempest-GroupSnapshotsTest-927706793 tempest-GroupSnapshotsTest-927706793-project] Update called for group 8eda35e4-f8b8-4aea-b8e0-5426e2fde830. {{(pid=110762) update /opt/stack/cinder/cinder/api/v3/groups.py:302}}
May 13 15:28:08.032262 dv-cinder-832130-2-smb devstack@c-api.service[110762]: INFO cinder.api.v3.groups [None req-604e1949-4ff3-4329-8458-1b0514f296fe tempest-GroupSnapshotsTest-927706793 tempest-GroupSnapshotsTest-927706793-project] Updating group 8eda35e4-f8b8-4aea-b8e0-5426e2fde830 with name None description: None add_volumes: None remove_volumes: 2c799247-e382-44bf-a2f1-53ba8eac8ba2.
May 13 15:28:08.044419 dv-cinder-832130-2-smb devstack@c-api.service[110762]: /usr/local/lib/python3.8/dist-packages/oslo_context/context.py:100: DeprecationWarning: Policy enforcement is depending on the value of is_admin. This key is deprecated. Please update your policy file to use the standard policy values.
May 13 15:28:08.044419 dv-cinder-832130-2-smb devstack@c-api.service[110762]: warnings.warn('Policy enforcement is depending on the value of '
May 13 15:28:08.126889 dv-cinder-832130-2-smb devstack@c-api.service[110763]: DEBUG cinder.api.middleware.request_id [req-05cecc22-d050-4dcb-8efd-a6092da51def req-92859a0f-517b-47e8-a306-ebc40b709cda None None] RequestId filter calling following filter/app {{(pid=110763) _context_setter /opt/stack/cinder/cinder/api/middleware/request_id.py:62}}
May 13 15:28:08.136479 dv-cinder-832130-2-smb devstack@c-api.service[110763]: INFO cinder.api.openstack.wsgi [req-05cecc22-d050-4dcb-8efd-a6092da51def req-92859a0f-517b-47e8-a306-ebc40b709cda tempest-DeleteServersTestJSON-2145683337 tempest-DeleteServersTestJSON-2145683337-project] GET http://10.222.0.87/volume/v3/f8e249c2d49747eab4478f53c3fd6226/volumes/3d21e16c-3766-4ddf-bb0b-056969d7c65b
May 13 15:28:08.137574 dv-cinder-832130-2-smb devstack@c-api.service[110763]: DEBUG cinder.api.openstack.wsgi [req-05cecc22-d050-4dcb-8efd-a6092da51def req-92859a0f-517b-47e8-a306-ebc40b709cda tempest-DeleteServersTestJSON-2145683337 tempest-DeleteServersTestJSON-2145683337-project] Empty body provided in request {{(pid=110763) get_body /opt/stack/cinder/cinder/api/openstack/wsgi.py:715}}
May 13 15:28:08.138474 dv-cinder-832130-2-smb devstack@c-api.service[110763]: DEBUG cinder.api.openstack.wsgi [req-05cecc22-d050-4dcb-8efd-a6092da51def req-92859a0f-517b-47e8-a306-ebc40b709cda tempest-DeleteServersTestJSON-2145683337 tempest-DeleteServersTestJSON-2145683337-project] Calling method 'show' {{(pid=110763) _process_stack /opt/stack/cinder/cinder/api/openstack/wsgi.py:868}}
May 13 15:28:08.168965 dv-cinder-832130-2-smb devstack@c-api.service[110763]: /usr/local/lib/python3.8/dist-packages/oslo_context/context.py:100: DeprecationWarning: Policy enforcement is depending on the value of is_admin. This key is deprecated. Please update your policy file to use the standard policy values.
May 13 15:28:08.168965 dv-cinder-832130-2-smb devstack@c-api.service[110763]: warnings.warn('Policy enforcement is depending on the value of '
May 13 15:28:08.182067 dv-cinder-832130-2-smb devstack@c-api.service[110763]: INFO cinder.volume.api [req-05cecc22-d050-4dcb-8efd-a6092da51def req-92859a0f-517b-47e8-a306-ebc40b709cda tempest-DeleteServersTestJSON-2145683337 tempest-DeleteServersTestJSON-2145683337-project] Volume info retrieved successfully.
May 13 15:28:08.197384 dv-cinder-832130-2-smb devstack@c-api.service[110762]: INFO cinder.api.openstack.wsgi [None req-604e1949-4ff3-4329-8458-1b0514f296fe tempest-GroupSnapshotsTest-927706793 tempest-GroupSnapshotsTest-927706793-project] http://10.222.0.87/volume/v3/e5bc2cc54043409985330de22a91a1b4/groups/8eda35e4-f8b8-4aea-b8e0-5426e2fde830 returned with HTTP 202
May 13 15:28:08.201114 dv-cinder-832130-2-smb devstack@c-api.service[110763]: INFO cinder.api.openstack.wsgi [req-05cecc22-d050-4dcb-8efd-a6092da51def req-92859a0f-517b-47e8-a306-ebc40b709cda tempest-DeleteServersTestJSON-2145683337 tempest-DeleteServersTestJSON-2145683337-project] http://10.222.0.87/volume/v3/f8e249c2d49747eab4478f53c3fd6226/volumes/3d21e16c-3766-4ddf-bb0b-056969d7c65b returned with HTTP 200
May 13 15:28:08.202972 dv-cinder-832130-2-smb devstack@c-api.service[110763]: [pid: 110763|app: 0|req: 112/215] 10.222.0.87 () {60 vars in 1578 bytes} [Fri May 13 15:28:08 2022] GET /volume/v3/f8e249c2d49747eab4478f53c3fd6226/volumes/3d21e16c-3766-4ddf-bb0b-056969d7c65b => generated 914 bytes in 78 msecs (HTTP/1.1 200) 7 headers in 285 bytes (2 switches on core 0)
May 13 15:28:08.205984 dv-cinder-832130-2-smb devstack@c-api.service[110762]: [pid: 110762|app: 0|req: 104/216] 10.222.0.87 () {62 vars in 1382 bytes} [Fri May 13 15:28:08 2022] PUT /volume/v3/e5bc2cc54043409985330de22a91a1b4/groups/8eda35e4-f8b8-4aea-b8e0-5426e2fde830 => generated 0 bytes in 189 msecs (HTTP/1.1 202) 6 headers in 234 bytes (2 switches on core 0)
May 13 15:28:08.207942 dv-cinder-832130-2-smb devstack@c-api.service[110763]: DEBUG cinder.api.middleware.request_id [None req-aa9c6dec-81a4-4ec0-8848-4ef65aed86bb None None] RequestId filter calling following filter/app {{(pid=110763) _context_setter /opt/stack/cinder/cinder/api/middleware/request_id.py:62}}
May 13 15:28:08.216788 dv-cinder-832130-2-smb devstack@c-api.service[110763]: INFO cinder.api.openstack.wsgi [None req-aa9c6dec-81a4-4ec0-8848-4ef65aed86bb tempest-GroupSnapshotsTest-927706793 tempest-GroupSnapshotsTest-927706793-project] GET http://10.222.0.87/volume/v3/e5bc2cc54043409985330de22a91a1b4/groups/8eda35e4-f8b8-4aea-b8e0-5426e2fde830
May 13 15:28:08.217936 dv-cinder-832130-2-smb devstack@c-api.service[110763]: DEBUG cinder.api.openstack.wsgi [None req-aa9c6dec-81a4-4ec0-8848-4ef65aed86bb tempest-GroupSnapshotsTest-927706793 tempest-GroupSnapshotsTest-927706793-project] Empty body provided in request {{(pid=110763) get_body /opt/stack/cinder/cinder/api/openstack/wsgi.py:715}}
May 13 15:28:08.218898 dv-cinder-832130-2-smb devstack@c-api.service[110763]: DEBUG cinder.api.openstack.wsgi [None req-aa9c6dec-81a4-4ec0-8848-4ef65aed86bb tempest-GroupSnapshotsTest-927706793 tempest-GroupSnapshotsTest-927706793-project] Calling method 'version_select' {{(pid=110763) _process_stack /opt/stack/cinder/cinder/api/openstack/wsgi.py:868}}
May 13 15:28:08.219432 dv-cinder-832130-2-smb devstack@c-api.service[110763]: DEBUG cinder.api.v3.groups [None req-aa9c6dec-81a4-4ec0-8848-4ef65aed86bb tempest-GroupSnapshotsTest-927706793 tempest-GroupSnapshotsTest-927706793-project] show called for member 8eda35e4-f8b8-4aea-b8e0-5426e2fde830 {{(pid=110763) show /opt/stack/cinder/cinder/api/v3/groups.py:58}}
May 13 15:28:08.231854 dv-cinder-832130-2-smb devstack@c-api.service[110763]: /usr/local/lib/python3.8/dist-packages/oslo_context/context.py:100: DeprecationWarning: Policy enforcement is depending on the value of is_admin. This key is deprecated. Please update your policy file to use the standard policy values.
May 13 15:28:08.231854 dv-cinder-832130-2-smb devstack@c-api.service[110763]: warnings.warn('Policy enforcement is depending on the value of '
May 13 15:28:08.332354 dv-cinder-832130-2-smb devstack@c-api.service[110763]: INFO cinder.api.openstack.wsgi [None req-aa9c6dec-81a4-4ec0-8848-4ef65aed86bb tempest-GroupSnapshotsTest-927706793 tempest-GroupSnapshotsTest-927706793-project] http://10.222.0.87/volume/v3/e5bc2cc54043409985330de22a91a1b4/groups/8eda35e4-f8b8-4aea-b8e0-5426e2fde830 returned with HTTP 200
May 13 15:28:08.337996 dv-cinder-832130-2-smb devstack@c-api.service[110763]: [pid: 110763|app: 0|req: 113/217] 10.222.0.87 () {60 vars in 1362 bytes} [Fri May 13 15:28:08 2022] GET /volume/v3/e5bc2cc54043409985330de22a91a1b4/groups/8eda35e4-f8b8-4aea-b8e0-5426e2fde830 => generated 392 bytes in 131 msecs (HTTP/1.1 200) 7 headers in 286 bytes (1 switches on core 0)
May 13 15:28:08.683731 dv-cinder-832130-2-smb devstack@c-api.service[110762]: DEBUG cinder.api.middleware.request_id [None req-206a4c4a-d54d-4c84-a42b-c5f11c69eabd None None] RequestId filter calling following filter/app {{(pid=110762) _context_setter /opt/stack/cinder/cinder/api/middleware/request_id.py:62}}
May 13 15:28:08.687480 dv-cinder-832130-2-smb devstack@c-api.service[110762]: INFO cinder.api.openstack.wsgi [None req-206a4c4a-d54d-4c84-a42b-c5f11c69eabd None None] GET http://10.222.0.87/volume//
May 13 15:28:08.689124 dv-cinder-832130-2-smb devstack@c-api.service[110762]: DEBUG cinder.api.openstack.wsgi [None req-206a4c4a-d54d-4c84-a42b-c5f11c69eabd None None] Empty body provided in request {{(pid=110762) get_body /opt/stack/cinder/cinder/api/openstack/wsgi.py:715}}
May 13 15:28:08.691134 dv-cinder-832130-2-smb devstack@c-api.service[110762]: DEBUG cinder.api.openstack.wsgi [None req-206a4c4a-d54d-4c84-a42b-c5f11c69eabd None None] Calling method 'all' {{(pid=110762) _process_stack /opt/stack/cinder/cinder/api/openstack/wsgi.py:868}}
May 13 15:28:08.694008 dv-cinder-832130-2-smb devstack@c-api.service[110762]: INFO cinder.api.openstack.wsgi [None req-206a4c4a-d54d-4c84-a42b-c5f11c69eabd None None] http://10.222.0.87/volume// returned with HTTP 300
May 13 15:28:08.695195 dv-cinder-832130-2-smb devstack@c-api.service[110762]: [pid: 110762|app: 0|req: 105/218] 10.222.0.87 () {58 vars in 1299 bytes} [Fri May 13 15:28:08 2022] GET /volume/ => generated 386 bytes in 13 msecs (HTTP/1.1 300) 7 headers in 299 bytes (1 switches on core 0)
May 13 15:28:08.713430 dv-cinder-832130-2-smb devstack@c-api.service[110763]: DEBUG cinder.api.middleware.request_id [req-05cecc22-d050-4dcb-8efd-a6092da51def req-e0dac831-29cd-4e24-a73f-cd5699af8988 None None] RequestId filter calling following filter/app {{(pid=110763) _context_setter /opt/stack/cinder/cinder/api/middleware/request_id.py:62}}
May 13 15:28:08.721645 dv-cinder-832130-2-smb devstack@c-api.service[110763]: INFO cinder.api.openstack.wsgi [req-05cecc22-d050-4dcb-8efd-a6092da51def req-e0dac831-29cd-4e24-a73f-cd5699af8988 tempest-DeleteServersTestJSON-2145683337 tempest-DeleteServersTestJSON-2145683337-project] POST http://10.222.0.87/volume/v3/f8e249c2d49747eab4478f53c3fd6226/attachments
May 13 15:28:08.723194 dv-cinder-832130-2-smb devstack@c-api.service[110763]: DEBUG cinder.api.openstack.wsgi [req-05cecc22-d050-4dcb-8efd-a6092da51def req-e0dac831-29cd-4e24-a73f-cd5699af8988 tempest-DeleteServersTestJSON-2145683337 tempest-DeleteServersTestJSON-2145683337-project] Action: 'create', calling method: version_select, body: {"attachment": {"volume_uuid": "3d21e16c-3766-4ddf-bb0b-056969d7c65b", "connector": null, "instance_uuid": "b1e4a81a-6b21-4e14-82a6-0ea68a38ce4e"}} {{(pid=110763) _process_stack /opt/stack/cinder/cinder/api/openstack/wsgi.py:866}}
May 13 15:28:08.754078 dv-cinder-832130-2-smb devstack@c-api.service[110763]: /usr/local/lib/python3.8/dist-packages/oslo_context/context.py:100: DeprecationWarning: Policy enforcement is depending on the value of is_admin. This key is deprecated. Please update your policy file to use the standard policy values.
May 13 15:28:08.754078 dv-cinder-832130-2-smb devstack@c-api.service[110763]: warnings.warn('Policy enforcement is depending on the value of '
May 13 15:28:09.164027 dv-cinder-832130-2-smb devstack@c-api.service[110763]: INFO cinder.api.openstack.wsgi [req-05cecc22-d050-4dcb-8efd-a6092da51def req-e0dac831-29cd-4e24-a73f-cd5699af8988 tempest-DeleteServersTestJSON-2145683337 tempest-DeleteServersTestJSON-2145683337-project] http://10.222.0.87/volume/v3/f8e249c2d49747eab4478f53c3fd6226/attachments returned with HTTP 200
May 13 15:28:09.166722 dv-cinder-832130-2-smb devstack@c-api.service[110763]: [pid: 110763|app: 0|req: 114/219] 10.222.0.87 () {66 vars in 1574 bytes} [Fri May 13 15:28:08 2022] POST /volume/v3/f8e249c2d49747eab4478f53c3fd6226/attachments => generated 273 bytes in 459 msecs (HTTP/1.1 200) 7 headers in 286 bytes (1 switches on core 0)
May 13 15:28:09.346404 dv-cinder-832130-2-smb devstack@c-api.service[110762]: DEBUG cinder.api.middleware.request_id [None req-724fd295-011d-4b03-a946-9b109eb109ce None None] RequestId filter calling following filter/app {{(pid=110762) _context_setter /opt/stack/cinder/cinder/api/middleware/request_id.py:62}}
May 13 15:28:09.350738 dv-cinder-832130-2-smb devstack@c-api.service[110762]: INFO cinder.api.openstack.wsgi [None req-724fd295-011d-4b03-a946-9b109eb109ce tempest-GroupSnapshotsTest-927706793 tempest-GroupSnapshotsTest-927706793-project] GET http://10.222.0.87/volume/v3/e5bc2cc54043409985330de22a91a1b4/groups/8eda35e4-f8b8-4aea-b8e0-5426e2fde830
