Apr 07 06:28:16.697281 dv-cinder-831776-6-iscsi neutron-server[103956]: DEBUG neutron.plugins.ml2.drivers.mech_agent [req-180fb235-b7ac-4f35-a22c-d05ce43ec23d req-4ded4515-cb63-4c49-86c1-3ec2c45756aa service neutron] Checking segment: {'id': '91a7f3e5-e387-4a75-bf67-6d27e444eb4c', 'network_type': 'vlan', 'physical_network': 'physnet1', 'segmentation_id': 85, 'network_id': 'f5ea2476-10fc-4956-aac9-712fe1362e44'} for mappings: {'physnet1$': 'br-data'} with network types: ['local', 'flat', 'vlan'] {{(pid=103956) check_segment_for_agent /opt/stack/neutron/neutron/plugins/ml2/drivers/mech_agent.py:373}}
Apr 07 06:28:16.697863 dv-cinder-831776-6-iscsi neutron-server[103956]: DEBUG neutron.plugins.ml2.drivers.mech_agent [req-180fb235-b7ac-4f35-a22c-d05ce43ec23d req-4ded4515-cb63-4c49-86c1-3ec2c45756aa service neutron] Bound using segment: {'id': '91a7f3e5-e387-4a75-bf67-6d27e444eb4c', 'network_type': 'vlan', 'physical_network': 'physnet1', 'segmentation_id': 85, 'network_id': 'f5ea2476-10fc-4956-aac9-712fe1362e44'} {{(pid=103956) bind_port /opt/stack/neutron/neutron/plugins/ml2/drivers/mech_agent.py:120}}
Apr 07 06:28:16.698304 dv-cinder-831776-6-iscsi neutron-server[103956]: DEBUG neutron.plugins.ml2.managers [req-180fb235-b7ac-4f35-a22c-d05ce43ec23d req-4ded4515-cb63-4c49-86c1-3ec2c45756aa service neutron] Bound port: 5ebbe472-0df1-4df5-a1a9-ebe8c757e7ad, host: hv-cinder-83177, vif_type: hyperv, vif_details: {"connectivity": "legacy", "port_filter": false}, binding_levels: [{'bound_driver': 'hyperv', 'bound_segment': {'id': '91a7f3e5-e387-4a75-bf67-6d27e444eb4c', 'network_type': 'vlan', 'physical_network': 'physnet1', 'segmentation_id': 85, 'network_id': 'f5ea2476-10fc-4956-aac9-712fe1362e44'}}] {{(pid=103956) _bind_port_level /opt/stack/neutron/neutron/plugins/ml2/managers.py:932}}
Apr 07 06:28:16.698670 dv-cinder-831776-6-iscsi neutron-server[103956]: DEBUG neutron_lib.callbacks.manager [req-180fb235-b7ac-4f35-a22c-d05ce43ec23d req-4ded4515-cb63-4c49-86c1-3ec2c45756aa service neutron] Publish callbacks ['neutron.plugins.ml2.plugin.SecurityGroupDbMixin._ensure_default_security_group_handler-1742589'] for port (5ebbe472-0df1-4df5-a1a9-ebe8c757e7ad), before_update {{(pid=103956) _notify_loop /usr/local/lib/python3.8/dist-packages/neutron_lib/callbacks/manager.py:176}}
Apr 07 06:28:16.767369 dv-cinder-831776-6-iscsi neutron-server[103956]: DEBUG neutron.plugins.ml2.managers [req-ba173317-dc95-4533-99ff-834d631f907d req-8c58e8c6-3fb1-4d3f-ae7f-2701e0b09e74 service neutron] Attempting to bind port 2d092b80-8226-459c-a648-2a7c3e058559 on host hv-cinder-83177 for vnic_type normal with profile {{(pid=103956) bind_port /opt/stack/neutron/neutron/plugins/ml2/managers.py:795}}
Apr 07 06:28:16.767647 dv-cinder-831776-6-iscsi neutron-server[103956]: DEBUG neutron.plugins.ml2.managers [req-ba173317-dc95-4533-99ff-834d631f907d req-8c58e8c6-3fb1-4d3f-ae7f-2701e0b09e74 service neutron] Attempting to bind port 2d092b80-8226-459c-a648-2a7c3e058559 by drivers openvswitch,hyperv on host hv-cinder-83177 at level 0 using segments [{'id': '8b320f6d-8bf4-40e2-80c7-a1cc353be448', 'network_type': 'vlan', 'physical_network': 'physnet1', 'segmentation_id': 80, 'network_id': '14e378dc-ef95-47d2-9fe2-d50ae083e1d3'}] {{(pid=103956) _bind_port_level /opt/stack/neutron/neutron/plugins/ml2/managers.py:820}}
Apr 07 06:28:16.767999 dv-cinder-831776-6-iscsi neutron-server[103956]: DEBUG neutron.plugins.ml2.drivers.mech_agent [req-ba173317-dc95-4533-99ff-834d631f907d req-8c58e8c6-3fb1-4d3f-ae7f-2701e0b09e74 service neutron] Attempting to bind port 2d092b80-8226-459c-a648-2a7c3e058559 on network 14e378dc-ef95-47d2-9fe2-d50ae083e1d3 {{(pid=103956) bind_port /opt/stack/neutron/neutron/plugins/ml2/drivers/mech_agent.py:91}}
Apr 07 06:28:16.788551 dv-cinder-831776-6-iscsi neutron-server[103956]: INFO neutron.wsgi [req-09c8d7f0-e520-476c-9833-3f37ee70d95a req-00a1cfb8-8017-4c51-a4a1-c6c5530a71a8 tempest-DeleteServersTestJSON-1996086952 tempest-DeleteServersTestJSON-1996086952-project] 10.222.0.24 "GET /v2.0/security-groups?id=133048e9-1507-4a8a-aa71-2cf32f24b6f3&fields=id&fields=name HTTP/1.1" status: 200 len: 286 time: 0.2803676
Apr 07 06:28:16.791815 dv-cinder-831776-6-iscsi neutron-server[103956]: DEBUG neutron.plugins.ml2.drivers.mech_agent [req-ba173317-dc95-4533-99ff-834d631f907d req-8c58e8c6-3fb1-4d3f-ae7f-2701e0b09e74 service neutron] Port 2d092b80-8226-459c-a648-2a7c3e058559 on network 14e378dc-ef95-47d2-9fe2-d50ae083e1d3 not bound, no agent of type Open vSwitch agent registered on host hv-cinder-83177 {{(pid=103956) bind_port /opt/stack/neutron/neutron/plugins/ml2/drivers/mech_agent.py:103}}
Apr 07 06:28:16.792145 dv-cinder-831776-6-iscsi neutron-server[103956]: DEBUG neutron.plugins.ml2.drivers.mech_agent [req-ba173317-dc95-4533-99ff-834d631f907d req-8c58e8c6-3fb1-4d3f-ae7f-2701e0b09e74 service neutron] Attempting to bind port 2d092b80-8226-459c-a648-2a7c3e058559 on network 14e378dc-ef95-47d2-9fe2-d50ae083e1d3 {{(pid=103956) bind_port /opt/stack/neutron/neutron/plugins/ml2/drivers/mech_agent.py:91}}
Apr 07 06:28:16.814789 dv-cinder-831776-6-iscsi neutron-server[103955]: DEBUG neutron.pecan_wsgi.hooks.policy_enforcement [req-74343f7e-424a-4975-aac2-5cf3269e6713 req-4c459532-94e4-4767-8dc0-92990246a744 service neutron] Attributes excluded by policy engine: ['standard_attr_id'] {{(pid=103955) _exclude_attributes_by_policy /opt/stack/neutron/neutron/pecan_wsgi/hooks/policy_enforcement.py:255}}
Apr 07 06:28:16.816349 dv-cinder-831776-6-iscsi neutron-server[103955]: INFO neutron.wsgi [req-74343f7e-424a-4975-aac2-5cf3269e6713 req-4c459532-94e4-4767-8dc0-92990246a744 service neutron] 10.222.0.25 "GET /v2.0/ports?tenant_id=15de816e94a54017b0b809f20d84b492&device_id=f1dc6dc9-aa75-45f8-ba74-59f757356689 HTTP/1.1" status: 200 len: 1127 time: 0.1449749
Apr 07 06:28:16.819360 dv-cinder-831776-6-iscsi neutron-server[103956]: INFO neutron.wsgi [req-dab77521-c2c4-45c5-a87c-8a6c425ee362 req-69f2906d-79d1-4aa6-b60f-02046230cb7c tempest-AttachVolumeNegativeTest-1758723612 tempest-AttachVolumeNegativeTest-1758723612-project] 10.222.0.24 "GET /v2.0/security-groups?id=81b39eb5-da77-4768-8697-a57756a6fb95&fields=id&fields=name HTTP/1.1" status: 200 len: 313 time: 0.2986135
Apr 07 06:28:16.825102 dv-cinder-831776-6-iscsi neutron-server[103956]: DEBUG neutron.plugins.ml2.drivers.mech_agent [req-ba173317-dc95-4533-99ff-834d631f907d req-8c58e8c6-3fb1-4d3f-ae7f-2701e0b09e74 service neutron] Checking agent: {'id': '4e6c12e5-fa43-4dd9-a6d2-abf0b7fb6f78', 'agent_type': 'HyperV agent', 'binary': 'neutron-hyperv-agent', 'topic': 'N/A', 'host': 'hv-cinder-83177', 'admin_state_up': True, 'created_at': datetime.datetime(2022, 4, 7, 6, 25, 36), 'started_at': datetime.datetime(2022, 4, 7, 6, 25, 36), 'heartbeat_timestamp': datetime.datetime(2022, 4, 7, 6, 28, 6), 'description': None, 'resources_synced': None, 'availability_zone': None, 'alive': True, 'configurations': {'vswitch_mappings': {'physnet1$': 'br-data'}}, 'resource_versions': {}} {{(pid=103956) bind_port /opt/stack/neutron/neutron/plugins/ml2/drivers/mech_agent.py:110}}
Apr 07 06:28:16.828624 dv-cinder-831776-6-iscsi neutron-server[103956]: DEBUG neutron.plugins.ml2.drivers.mech_agent [req-ba173317-dc95-4533-99ff-834d631f907d req-8c58e8c6-3fb1-4d3f-ae7f-2701e0b09e74 service neutron] Checking segment: {'id': '8b320f6d-8bf4-40e2-80c7-a1cc353be448', 'network_type': 'vlan', 'physical_network': 'physnet1', 'segmentation_id': 80, 'network_id': '14e378dc-ef95-47d2-9fe2-d50ae083e1d3'} for mappings: {'physnet1$': 'br-data'} with network types: ['local', 'flat', 'vlan'] {{(pid=103956) check_segment_for_agent /opt/stack/neutron/neutron/plugins/ml2/drivers/mech_agent.py:373}}
Apr 07 06:28:16.829049 dv-cinder-831776-6-iscsi neutron-server[103956]: DEBUG neutron.plugins.ml2.drivers.mech_agent [req-ba173317-dc95-4533-99ff-834d631f907d req-8c58e8c6-3fb1-4d3f-ae7f-2701e0b09e74 service neutron] Bound using segment: {'id': '8b320f6d-8bf4-40e2-80c7-a1cc353be448', 'network_type': 'vlan', 'physical_network': 'physnet1', 'segmentation_id': 80, 'network_id': '14e378dc-ef95-47d2-9fe2-d50ae083e1d3'} {{(pid=103956) bind_port /opt/stack/neutron/neutron/plugins/ml2/drivers/mech_agent.py:120}}
Apr 07 06:28:16.830899 dv-cinder-831776-6-iscsi neutron-server[103956]: DEBUG neutron.plugins.ml2.managers [req-ba173317-dc95-4533-99ff-834d631f907d req-8c58e8c6-3fb1-4d3f-ae7f-2701e0b09e74 service neutron] Bound port: 2d092b80-8226-459c-a648-2a7c3e058559, host: hv-cinder-83177, vif_type: hyperv, vif_details: {"connectivity": "legacy", "port_filter": false}, binding_levels: [{'bound_driver': 'hyperv', 'bound_segment': {'id': '8b320f6d-8bf4-40e2-80c7-a1cc353be448', 'network_type': 'vlan', 'physical_network': 'physnet1', 'segmentation_id': 80, 'network_id': '14e378dc-ef95-47d2-9fe2-d50ae083e1d3'}}] {{(pid=103956) _bind_port_level /opt/stack/neutron/neutron/plugins/ml2/managers.py:932}}
Apr 07 06:28:16.832592 dv-cinder-831776-6-iscsi neutron-server[103956]: DEBUG neutron_lib.callbacks.manager [req-ba173317-dc95-4533-99ff-834d631f907d req-8c58e8c6-3fb1-4d3f-ae7f-2701e0b09e74 service neutron] Publish callbacks ['neutron.plugins.ml2.plugin.SecurityGroupDbMixin._ensure_default_security_group_handler-1742589'] for port (2d092b80-8226-459c-a648-2a7c3e058559), before_update {{(pid=103956) _notify_loop /usr/local/lib/python3.8/dist-packages/neutron_lib/callbacks/manager.py:176}}
Apr 07 06:28:16.873884 dv-cinder-831776-6-iscsi neutron-server[103956]: DEBUG neutron.plugins.ml2.db [req-180fb235-b7ac-4f35-a22c-d05ce43ec23d req-4ded4515-cb63-4c49-86c1-3ec2c45756aa service neutron] For port 5ebbe472-0df1-4df5-a1a9-ebe8c757e7ad, host hv-cinder-83177, cleared binding levels {{(pid=103956) clear_binding_levels /opt/stack/neutron/neutron/plugins/ml2/db.py:87}}
Apr 07 06:28:16.900404 dv-cinder-831776-6-iscsi neutron-server[103955]: DEBUG neutron_lib.callbacks.manager [None req-6cebe38d-bddb-44b9-a215-c118278f0533 admin admin] Publish callbacks [] for security_group (c9b00e56-fee0-4c36-8e63-b404875b889e), precommit_create {{(pid=103955) _notify_loop /usr/local/lib/python3.8/dist-packages/neutron_lib/callbacks/manager.py:176}}
Apr 07 06:28:16.949876 dv-cinder-831776-6-iscsi neutron-server[103956]: DEBUG neutron.plugins.ml2.db [req-180fb235-b7ac-4f35-a22c-d05ce43ec23d req-4ded4515-cb63-4c49-86c1-3ec2c45756aa service neutron] For port 5ebbe472-0df1-4df5-a1a9-ebe8c757e7ad, host hv-cinder-83177, set binding levels [PortBindingLevel(driver='hyperv',host='hv-cinder-83177',level=0,port_id=5ebbe472-0df1-4df5-a1a9-ebe8c757e7ad,segment=NetworkSegment(91a7f3e5-e387-4a75-bf67-6d27e444eb4c),segment_id=91a7f3e5-e387-4a75-bf67-6d27e444eb4c)] {{(pid=103956) set_binding_levels /opt/stack/neutron/neutron/plugins/ml2/db.py:59}}
Apr 07 06:28:16.985726 dv-cinder-831776-6-iscsi neutron-server[103955]: DEBUG neutron_lib.callbacks.manager [None req-6cebe38d-bddb-44b9-a215-c118278f0533 admin admin] Publish callbacks ['neutron.plugins.ml2.ovo_rpc._ObjectChangeHandler.handle_event-604513'] for security_group (c9b00e56-fee0-4c36-8e63-b404875b889e), after_create {{(pid=103955) _notify_loop /usr/local/lib/python3.8/dist-packages/neutron_lib/callbacks/manager.py:176}}
Apr 07 06:28:17.036986 dv-cinder-831776-6-iscsi neutron-server[103955]: INFO neutron.wsgi [None req-6cebe38d-bddb-44b9-a215-c118278f0533 admin admin] 10.222.0.24 "GET /v2.0/security-groups?tenant_id=977099962b8e43a6ba8e7ba5f5aeed55&name=default HTTP/1.1" status: 200 len: 2996 time: 0.6983514
Apr 07 06:28:17.039023 dv-cinder-831776-6-iscsi neutron-server[103955]: DEBUG neutron.wsgi [-] (103955) accepted ('10.222.0.24', 39746) {{(pid=103955) server /usr/local/lib/python3.8/dist-packages/eventlet/wsgi.py:1004}}
Apr 07 06:28:17.042489 dv-cinder-831776-6-iscsi neutron-server[103956]: DEBUG neutron.plugins.ml2.db [req-ba173317-dc95-4533-99ff-834d631f907d req-8c58e8c6-3fb1-4d3f-ae7f-2701e0b09e74 service neutron] For port 2d092b80-8226-459c-a648-2a7c3e058559, host hv-cinder-83177, cleared binding levels {{(pid=103956) clear_binding_levels /opt/stack/neutron/neutron/plugins/ml2/db.py:87}}
Apr 07 06:28:17.047008 dv-cinder-831776-6-iscsi neutron-server[103955]: DEBUG neutron.api.rpc.handlers.resources_rpc [None req-6cebe38d-bddb-44b9-a215-c118278f0533 admin admin] Pushing event updated for resources: {'SecurityGroup': ['ID=c9b00e56-fee0-4c36-8e63-b404875b889e,revision_number=1']} {{(pid=103955) push /opt/stack/neutron/neutron/api/rpc/handlers/resources_rpc.py:237}}
Apr 07 06:28:17.055385 dv-cinder-831776-6-iscsi neutron-server[103956]: DEBUG neutron.pecan_wsgi.hooks.policy_enforcement [req-eabe4097-4ddc-4552-96ca-cf9da3298419 req-cfece898-3882-4512-8186-f67263ecdb7d tempest-AttachVolumeTestJSON-1683604056 tempest-AttachVolumeTestJSON-1683604056-project] Attributes excluded by policy engine: ['standard_attr_id', 'binding:profile', 'binding:host_id', 'binding:vif_type', 'binding:vif_details'] {{(pid=103956) _exclude_attributes_by_policy /opt/stack/neutron/neutron/pecan_wsgi/hooks/policy_enforcement.py:255}}
Apr 07 06:28:17.066348 dv-cinder-831776-6-iscsi neutron-server[103956]: INFO neutron.wsgi [req-eabe4097-4ddc-4552-96ca-cf9da3298419 req-cfece898-3882-4512-8186-f67263ecdb7d tempest-AttachVolumeTestJSON-1683604056 tempest-AttachVolumeTestJSON-1683604056-project] 10.222.0.24 "GET /v2.0/ports?device_id=208a18a9-48ca-48a7-9149-4593b1569ac7 HTTP/1.1" status: 200 len: 943 time: 0.2025824
Apr 07 06:28:17.095090 dv-cinder-831776-6-iscsi neutron-server[103956]: DEBUG neutron.plugins.ml2.db [req-ba173317-dc95-4533-99ff-834d631f907d req-8c58e8c6-3fb1-4d3f-ae7f-2701e0b09e74 service neutron] For port 2d092b80-8226-459c-a648-2a7c3e058559, host hv-cinder-83177, set binding levels [PortBindingLevel(driver='hyperv',host='hv-cinder-83177',level=0,port_id=2d092b80-8226-459c-a648-2a7c3e058559,segment=NetworkSegment(8b320f6d-8bf4-40e2-80c7-a1cc353be448),segment_id=8b320f6d-8bf4-40e2-80c7-a1cc353be448)] {{(pid=103956) set_binding_levels /opt/stack/neutron/neutron/plugins/ml2/db.py:59}}
Apr 07 06:28:17.100456 dv-cinder-831776-6-iscsi neutron-server[103956]: DEBUG neutron_lib.callbacks.manager [req-180fb235-b7ac-4f35-a22c-d05ce43ec23d req-4ded4515-cb63-4c49-86c1-3ec2c45756aa service neutron] Publish callbacks ['neutron.plugins.ml2.plugin.SecurityGroupServerNotifierRpcMixin._notify_sg_on_port_change-1742398', 'neutron.plugins.ml2.ovo_rpc._ObjectChangeHandler.handle_event-142840', 'neutron.api.rpc.agentnotifiers.dhcp_rpc_agent_api.DhcpAgentNotifyAPI._native_event_send_dhcp_notification-567071', 'neutron.db.l3_db.L3RpcNotifierMixin._notify_gateway_port_ip_changed-8751296609046', 'neutron.db.l3_dvrscheduler_db._notify_l3_agent_port_update-8751296231702', 'neutron.db.l3_hascheduler_db._notify_l3_agent_ha_port_update-8751296231720', 'neutron.services.segments.plugin.NovaSegmentNotifier._notify_port_updated-3292128'] for port (5ebbe472-0df1-4df5-a1a9-ebe8c757e7ad), after_update {{(pid=103956) _notify_loop /usr/local/lib/python3.8/dist-packages/neutron_lib/callbacks/manager.py:176}}
Apr 07 06:28:17.124376 dv-cinder-831776-6-iscsi neutron-server[103955]: DEBUG neutron_lib.callbacks.manager [None req-2c068a54-c258-4c2e-a323-83fd36b49578 admin admin] Publish callbacks [] for security_group (c9b00e56-fee0-4c36-8e63-b404875b889e), before_delete {{(pid=103955) _notify_loop /usr/local/lib/python3.8/dist-packages/neutron_lib/callbacks/manager.py:176}}
Apr 07 06:28:17.141608 dv-cinder-831776-6-iscsi neutron-server[103956]: DEBUG neutron.pecan_wsgi.hooks.policy_enforcement [req-5be82e50-57fc-4150-80e2-0b5026787a8f req-a9fba7d6-3bbb-4901-b3a0-017817550dd8 tempest-AttachVolumeShelveTestJSON-1184909692 tempest-AttachVolumeShelveTestJSON-1184909692-project] Attributes excluded by policy engine: ['standard_attr_id', 'binding:profile', 'binding:host_id', 'binding:vif_type', 'binding:vif_details'] {{(pid=103956) _exclude_attributes_by_policy /opt/stack/neutron/neutron/pecan_wsgi/hooks/policy_enforcement.py:255}}
Apr 07 06:28:17.143376 dv-cinder-831776-6-iscsi neutron-server[103956]: INFO neutron.wsgi [req-5be82e50-57fc-4150-80e2-0b5026787a8f req-a9fba7d6-3bbb-4901-b3a0-017817550dd8 tempest-AttachVolumeShelveTestJSON-1184909692 tempest-AttachVolumeShelveTestJSON-1184909692-project] 10.222.0.24 "GET /v2.0/ports?device_id=f1dc6dc9-aa75-45f8-ba74-59f757356689 HTTP/1.1" status: 200 len: 943 time: 0.1957192
Apr 07 06:28:17.155066 dv-cinder-831776-6-iscsi neutron-server[103955]: DEBUG neutron_lib.callbacks.manager [None req-2c068a54-c258-4c2e-a323-83fd36b49578 admin admin] Publish callbacks [] for security_group (c9b00e56-fee0-4c36-8e63-b404875b889e), precommit_delete {{(pid=103955) _notify_loop /usr/local/lib/python3.8/dist-packages/neutron_lib/callbacks/manager.py:176}}
Apr 07 06:28:17.177616 dv-cinder-831776-6-iscsi neutron-server[103956]: DEBUG neutron.pecan_wsgi.hooks.policy_enforcement [req-180fb235-b7ac-4f35-a22c-d05ce43ec23d req-4ded4515-cb63-4c49-86c1-3ec2c45756aa service neutron] Attributes excluded by policy engine: ['standard_attr_id'] {{(pid=103956) _exclude_attributes_by_policy /opt/stack/neutron/neutron/pecan_wsgi/hooks/policy_enforcement.py:255}}
Apr 07 06:28:17.177827 dv-cinder-831776-6-iscsi neutron-server[103956]: DEBUG neutron_lib.callbacks.manager [req-180fb235-b7ac-4f35-a22c-d05ce43ec23d req-4ded4515-cb63-4c49-86c1-3ec2c45756aa service neutron] Publish callbacks ['neutron.notifiers.nova.Notifier._send_nova_notification-141295', 'neutron.api.rpc.agentnotifiers.dhcp_rpc_agent_api.DhcpAgentNotifyAPI._send_dhcp_notification-572661'] for port (None), before_response {{(pid=103956) _notify_loop /usr/local/lib/python3.8/dist-packages/neutron_lib/callbacks/manager.py:176}}
Apr 07 06:28:17.179219 dv-cinder-831776-6-iscsi neutron-server[103956]: INFO neutron.wsgi [req-180fb235-b7ac-4f35-a22c-d05ce43ec23d req-4ded4515-cb63-4c49-86c1-3ec2c45756aa service neutron] 10.222.0.25 "PUT /v2.0/ports/5ebbe472-0df1-4df5-a1a9-ebe8c757e7ad HTTP/1.1" status: 200 len: 1093 time: 2.2785320
Apr 07 06:28:17.182658 dv-cinder-831776-6-iscsi neutron-server[103956]: DEBUG neutron.notifiers.nova [-] Sending events: [{'name': 'network-changed', 'server_uuid': 'dd9fd1b2-e685-472f-b05c-d5d7f4ffe0a9', 'tag': '5ebbe472-0df1-4df5-a1a9-ebe8c757e7ad'}] {{(pid=103956) send_events /opt/stack/neutron/neutron/notifiers/nova.py:271}}
Apr 07 06:28:17.214359 dv-cinder-831776-6-iscsi neutron-server[103956]: INFO neutron.wsgi [req-eabe4097-4ddc-4552-96ca-cf9da3298419 req-5d7c8022-ead2-441a-8b25-e14f0d02bef2 tempest-AttachVolumeTestJSON-1683604056 tempest-AttachVolumeTestJSON-1683604056-project] 10.222.0.24 "GET /v2.0/security-groups?id=bc406783-4b6c-460b-af86-125a1aef8a88&fields=id&fields=name HTTP/1.1" status: 200 len: 312 time: 0.1500218
Apr 07 06:28:17.229359 dv-cinder-831776-6-iscsi neutron-server[103956]: DEBUG neutron_lib.callbacks.manager [req-ba173317-dc95-4533-99ff-834d631f907d req-8c58e8c6-3fb1-4d3f-ae7f-2701e0b09e74 service neutron] Publish callbacks ['neutron.plugins.ml2.plugin.SecurityGroupServerNotifierRpcMixin._notify_sg_on_port_change-1742398', 'neutron.plugins.ml2.ovo_rpc._ObjectChangeHandler.handle_event-142840', 'neutron.api.rpc.agentnotifiers.dhcp_rpc_agent_api.DhcpAgentNotifyAPI._native_event_send_dhcp_notification-567071', 'neutron.db.l3_db.L3RpcNotifierMixin._notify_gateway_port_ip_changed-8751296609046', 'neutron.db.l3_dvrscheduler_db._notify_l3_agent_port_update-8751296231702', 'neutron.db.l3_hascheduler_db._notify_l3_agent_ha_port_update-8751296231720', 'neutron.services.segments.plugin.NovaSegmentNotifier._notify_port_updated-3292128'] for port (2d092b80-8226-459c-a648-2a7c3e058559), after_update {{(pid=103956) _notify_loop /usr/local/lib/python3.8/dist-packages/neutron_lib/callbacks/manager.py:176}}
Apr 07 06:28:17.288639 dv-cinder-831776-6-iscsi neutron-server[103956]: DEBUG neutron.pecan_wsgi.hooks.policy_enforcement [req-ba173317-dc95-4533-99ff-834d631f907d req-8c58e8c6-3fb1-4d3f-ae7f-2701e0b09e74 service neutron] Attributes excluded by policy engine: ['standard_attr_id'] {{(pid=103956) _exclude_attributes_by_policy /opt/stack/neutron/neutron/pecan_wsgi/hooks/policy_enforcement.py:255}}
Apr 07 06:28:17.289637 dv-cinder-831776-6-iscsi neutron-server[103956]: DEBUG neutron_lib.callbacks.manager [req-ba173317-dc95-4533-99ff-834d631f907d req-8c58e8c6-3fb1-4d3f-ae7f-2701e0b09e74 service neutron] Publish callbacks ['neutron.notifiers.nova.Notifier._send_nova_notification-141295', 'neutron.api.rpc.agentnotifiers.dhcp_rpc_agent_api.DhcpAgentNotifyAPI._send_dhcp_notification-572661'] for port (None), before_response {{(pid=103956) _notify_loop /usr/local/lib/python3.8/dist-packages/neutron_lib/callbacks/manager.py:176}}
Apr 07 06:28:17.291828 dv-cinder-831776-6-iscsi neutron-server[103956]: INFO neutron.wsgi [req-ba173317-dc95-4533-99ff-834d631f907d req-8c58e8c6-3fb1-4d3f-ae7f-2701e0b09e74 service neutron] 10.222.0.25 "PUT /v2.0/ports/2d092b80-8226-459c-a648-2a7c3e058559 HTTP/1.1" status: 200 len: 1093 time: 1.7910473
Apr 07 06:28:17.337889 dv-cinder-831776-6-iscsi neutron-server[103956]: DEBUG neutron.api.rpc.handlers.resources_rpc [None req-4ded4515-cb63-4c49-86c1-3ec2c45756aa service neutron] Pushing event updated for resources: {'Port': ['ID=5ebbe472-0df1-4df5-a1a9-ebe8c757e7ad,revision_number=3']} {{(pid=103956) push /opt/stack/neutron/neutron/api/rpc/handlers/resources_rpc.py:237}}
Apr 07 06:28:17.410232 dv-cinder-831776-6-iscsi neutron-server[103955]: DEBUG neutron.pecan_wsgi.hooks.policy_enforcement [req-74343f7e-424a-4975-aac2-5cf3269e6713 req-3413ca0a-ccd5-478e-8622-a27b5549f715 service neutron] Attributes excluded by policy engine: ['standard_attr_id', 'vlan_transparent'] {{(pid=103955) _exclude_attributes_by_policy /opt/stack/neutron/neutron/pecan_wsgi/hooks/policy_enforcement.py:255}}
Apr 07 06:28:17.411730 dv-cinder-831776-6-iscsi neutron-server[103955]: INFO neutron.wsgi [req-74343f7e-424a-4975-aac2-5cf3269e6713 req-3413ca0a-ccd5-478e-8622-a27b5549f715 service neutron] 10.222.0.25 "GET /v2.0/networks?id=acaca60a-1632-43d0-b2ca-5016f14977f3 HTTP/1.1" status: 200 len: 917 time: 0.1909108
Apr 07 06:28:17.415168 dv-cinder-831776-6-iscsi neutron-server[103956]: INFO neutron.wsgi [req-5be82e50-57fc-4150-80e2-0b5026787a8f req-d5364fdc-393d-41d4-99dd-a39ba046d7eb tempest-AttachVolumeShelveTestJSON-1184909692 tempest-AttachVolumeShelveTestJSON-1184909692-project] 10.222.0.24 "GET /v2.0/security-groups?id=ae972c09-730a-45fa-975d-5922421552f6&fields=id&fields=name HTTP/1.1" status: 200 len: 312 time: 0.2448943
Apr 07 06:28:17.488544 dv-cinder-831776-6-iscsi neutron-server[103955]: INFO neutron.wsgi [req-74343f7e-424a-4975-aac2-5cf3269e6713 req-0c84a8cf-2134-4bad-99e6-d0b8172c80a5 service neutron] 10.222.0.25 "GET /v2.0/floatingips?fixed_ip_address=172.20.0.7&port_id=877f3752-e8f7-40ca-9f9e-edc601b4d02a HTTP/1.1" status: 200 len: 217 time: 0.0624397
Apr 07 06:28:17.494659 dv-cinder-831776-6-iscsi neutron-server[103955]: DEBUG neutron_lib.callbacks.manager [None req-2c068a54-c258-4c2e-a323-83fd36b49578 admin admin] Publish callbacks ['neutron.plugins.ml2.ovo_rpc._ObjectChangeHandler.handle_event-604513'] for security_group (c9b00e56-fee0-4c36-8e63-b404875b889e), after_delete {{(pid=103955) _notify_loop /usr/local/lib/python3.8/dist-packages/neutron_lib/callbacks/manager.py:176}}
Apr 07 06:28:17.494659 dv-cinder-831776-6-iscsi neutron-server[103955]: DEBUG neutron_lib.callbacks.manager [None req-2c068a54-c258-4c2e-a323-83fd36b49578 admin admin] Publish callbacks [] for security_group (None), before_response {{(pid=103955) _notify_loop /usr/local/lib/python3.8/dist-packages/neutron_lib/callbacks/manager.py:176}}
Apr 07 06:28:17.494659 dv-cinder-831776-6-iscsi neutron-server[103955]: INFO neutron.wsgi [None req-2c068a54-c258-4c2e-a323-83fd36b49578 admin admin] 10.222.0.24 "DELETE /v2.0/security-groups/c9b00e56-fee0-4c36-8e63-b404875b889e HTTP/1.1" status: 204 len: 168 time: 0.4527278
Apr 07 06:28:17.514076 dv-cinder-831776-6-iscsi neutron-server[103956]: DEBUG neutron.api.rpc.handlers.resources_rpc [None req-8c58e8c6-3fb1-4d3f-ae7f-2701e0b09e74 service neutron] Pushing event updated for resources: {'Port': ['ID=2d092b80-8226-459c-a648-2a7c3e058559,revision_number=3']} {{(pid=103956) push /opt/stack/neutron/neutron/api/rpc/handlers/resources_rpc.py:237}}
Apr 07 06:28:17.530210 dv-cinder-831776-6-iscsi neutron-server[103956]: DEBUG novaclient.v2.client [-] REQ: curl -g -i --cacert "/opt/stack/data/ca-bundle.pem" -X POST http://10.222.0.24/compute/v2.1/os-server-external-events -H "Accept: application/json" -H "Content-Type: application/json" -H "User-Agent: python-novaclient" -H "X-Auth-Token: {SHA256}c2e135bda38403c61e0c2d7f2d1b76b6ca069de38fd23732ab8f93426491bf7a" -H "X-OpenStack-Nova-API-Version: 2.1" -H "X-OpenStack-Request-ID: req-5172688c-1be0-4cc9-b2b9-d7769b4177a3" -d '{"events": [{"name": "network-changed", "server_uuid": "dd9fd1b2-e685-472f-b05c-d5d7f4ffe0a9", "tag": "5ebbe472-0df1-4df5-a1a9-ebe8c757e7ad"}]}' {{(pid=103956) _http_log_request /usr/local/lib/python3.8/dist-packages/keystoneauth1/session.py:519}}
Apr 07 06:28:17.574140 dv-cinder-831776-6-iscsi neutron-server[103955]: DEBUG neutron.pecan_wsgi.hooks.policy_enforcement [req-74343f7e-424a-4975-aac2-5cf3269e6713 req-ec441134-bfa7-43a4-8c0c-b3cc99729b41 service neutron] Attributes excluded by policy engine: ['standard_attr_id', 'shared'] {{(pid=103955) _exclude_attributes_by_policy /opt/stack/neutron/neutron/pecan_wsgi/hooks/policy_enforcement.py:255}}
Apr 07 06:28:17.575797 dv-cinder-831776-6-iscsi neutron-server[103955]: INFO neutron.wsgi [req-74343f7e-424a-4975-aac2-5cf3269e6713 req-ec441134-bfa7-43a4-8c0c-b3cc99729b41 service neutron] 10.222.0.25 "GET /v2.0/subnets?id=71330782-8c3f-43cd-9d00-bfc7876bd6e6 HTTP/1.1" status: 200 len: 856 time: 0.0794721
Apr 07 06:28:17.582523 dv-cinder-831776-6-iscsi neutron-server[103955]: DEBUG neutron.api.rpc.handlers.resources_rpc [None req-2c068a54-c258-4c2e-a323-83fd36b49578 admin admin] Pushing event deleted for resources: {'SecurityGroup': ['ID=c9b00e56-fee0-4c36-8e63-b404875b889e,revision_number=None']} {{(pid=103955) push /opt/stack/neutron/neutron/api/rpc/handlers/resources_rpc.py:237}}
Apr 07 06:28:17.604470 dv-cinder-831776-6-iscsi neutron-server[103956]: DEBUG neutron.pecan_wsgi.hooks.policy_enforcement [req-180fb235-b7ac-4f35-a22c-d05ce43ec23d req-c1ba4624-07ed-4e7b-9742-444f89e15413 service neutron] Attributes excluded by policy engine: ['standard_attr_id'] {{(pid=103956) _exclude_attributes_by_policy /opt/stack/neutron/neutron/pecan_wsgi/hooks/policy_enforcement.py:255}}
Apr 07 06:28:17.606486 dv-cinder-831776-6-iscsi neutron-server[103956]: INFO neutron.wsgi [req-180fb235-b7ac-4f35-a22c-d05ce43ec23d req-c1ba4624-07ed-4e7b-9742-444f89e15413 service neutron] 10.222.0.25 "GET /v2.0/ports?tenant_id=e654563225464c6c925e0f97b63a12d7&device_id=dd9fd1b2-e685-472f-b05c-d5d7f4ffe0a9 HTTP/1.1" status: 200 len: 1127 time: 0.2180896
Apr 07 06:28:17.608419 dv-cinder-831776-6-iscsi neutron-server[103956]: DEBUG neutron.pecan_wsgi.hooks.policy_enforcement [req-ba173317-dc95-4533-99ff-834d631f907d req-18147fbd-1c4f-4fc0-89c9-c8e47327fbf8 service neutron] Attributes excluded by policy engine: ['standard_attr_id'] {{(pid=103956) _exclude_attributes_by_policy /opt/stack/neutron/neutron/pecan_wsgi/hooks/policy_enforcement.py:255}}
Apr 07 06:28:17.610528 dv-cinder-831776-6-iscsi neutron-server[103956]: INFO neutron.wsgi [req-ba173317-dc95-4533-99ff-834d631f907d req-18147fbd-1c4f-4fc0-89c9-c8e47327fbf8 service neutron] 10.222.0.25 "GET /v2.0/ports?tenant_id=a0889ebfa7d7493ba7e12b13516d4fb7&device_id=208a18a9-48ca-48a7-9149-4593b1569ac7 HTTP/1.1" status: 200 len: 1127 time: 0.0923355
Apr 07 06:28:17.686528 dv-cinder-831776-6-iscsi neutron-server[103955]: DEBUG neutron.pecan_wsgi.hooks.policy_enforcement [req-74343f7e-424a-4975-aac2-5cf3269e6713 req-1343fad6-cc8c-4ae9-855b-f28ea5ab1ede service neutron] Attributes excluded by policy engine: ['standard_attr_id'] {{(pid=103955) _exclude_attributes_by_policy /opt/stack/neutron/neutron/pecan_wsgi/hooks/policy_enforcement.py:255}}
Apr 07 06:28:17.692057 dv-cinder-831776-6-iscsi neutron-server[103955]: INFO neutron.wsgi [req-74343f7e-424a-4975-aac2-5cf3269e6713 req-1343fad6-cc8c-4ae9-855b-f28ea5ab1ede service neutron] 10.222.0.25 "GET /v2.0/ports?network_id=acaca60a-1632-43d0-b2ca-5016f14977f3&device_owner=network%3Adhcp HTTP/1.1" status: 200 len: 1212 time: 0.1073985
Apr 07 06:28:17.700562 dv-cinder-831776-6-iscsi neutron-server[103956]: INFO neutron.wsgi [req-180fb235-b7ac-4f35-a22c-d05ce43ec23d req-e712b95d-4249-46dc-ae09-fb88ff7607c7 service neutron] 10.222.0.25 "GET /v2.0/floatingips?fixed_ip_address=172.20.0.9&port_id=5ebbe472-0df1-4df5-a1a9-ebe8c757e7ad HTTP/1.1" status: 200 len: 217 time: 0.0829134
Apr 07 06:28:17.779478 dv-cinder-831776-6-iscsi neutron-server[103956]: INFO neutron.wsgi [req-ba173317-dc95-4533-99ff-834d631f907d req-8116698c-868b-45f6-85e7-c174d44e2879 service neutron] 10.222.0.25 "GET /v2.0/floatingips?fixed_ip_address=172.20.0.9&port_id=2d092b80-8226-459c-a648-2a7c3e058559 HTTP/1.1" status: 200 len: 217 time: 0.0807595
Apr 07 06:28:17.808809 dv-cinder-831776-6-iscsi neutron-server[103955]: INFO neutron.wsgi [req-74343f7e-424a-4975-aac2-5cf3269e6713 req-612c16d7-8f67-4d28-b59f-527d86694cb9 service neutron] 10.222.0.25 "GET /v2.0/networks/acaca60a-1632-43d0-b2ca-5016f14977f3?fields=segments HTTP/1.1" status: 200 len: 212 time: 0.1071806
Apr 07 06:28:17.834279 dv-cinder-831776-6-iscsi neutron-server[103956]: DEBUG neutron.pecan_wsgi.hooks.policy_enforcement [req-180fb235-b7ac-4f35-a22c-d05ce43ec23d req-f0f96ee9-3fea-4ef5-a8ab-ffc87d10c179 service neutron] Attributes excluded by policy engine: ['standard_attr_id', 'shared', 'segment_id'] {{(pid=103956) _exclude_attributes_by_policy /opt/stack/neutron/neutron/pecan_wsgi/hooks/policy_enforcement.py:255}}
Apr 07 06:28:17.835292 dv-cinder-831776-6-iscsi neutron-server[103956]: INFO neutron.wsgi [req-180fb235-b7ac-4f35-a22c-d05ce43ec23d req-f0f96ee9-3fea-4ef5-a8ab-ffc87d10c179 service neutron] 10.222.0.25 "GET /v2.0/subnets?id=6aa42fe2-87e2-435f-8741-8c718a6ab65e HTTP/1.1" status: 200 len: 853 time: 0.1201007
Apr 07 06:28:17.943008 dv-cinder-831776-6-iscsi neutron-server[103955]: INFO neutron.wsgi [req-74343f7e-424a-4975-aac2-5cf3269e6713 req-df1cf2f8-ccf5-4574-a20a-299b5d38c42a service neutron] 10.222.0.25 "GET /v2.0/networks/acaca60a-1632-43d0-b2ca-5016f14977f3?fields=provider%3Aphysical_network&fields=provider%3Anetwork_type HTTP/1.1" status: 200 len: 281 time: 0.1275885
Apr 07 06:28:17.974111 dv-cinder-831776-6-iscsi neutron-server[103957]: DEBUG neutron.plugins.ml2.rpc [None req-e2c2df65-277a-4e6e-b49f-b74266643f83 None None] Device 877f3752-e8f7-40ca-9f9e-edc601b4d02a details requested by agent hyperv_hv-cinder-83177 with host hv-cinder-83177 {{(pid=103957) get_device_details /opt/stack/neutron/neutron/plugins/ml2/rpc.py:102}}
Apr 07 06:28:18.064945 dv-cinder-831776-6-iscsi neutron-server[103956]: DEBUG neutron.pecan_wsgi.hooks.policy_enforcement [req-ba173317-dc95-4533-99ff-834d631f907d req-ad05fc98-c72f-4a54-b71d-80d12d3a3152 service neutron] Attributes excluded by policy engine: ['standard_attr_id', 'shared', 'segment_id'] {{(pid=103956) _exclude_attributes_by_policy /opt/stack/neutron/neutron/pecan_wsgi/hooks/policy_enforcement.py:255}}
Apr 07 06:28:18.066364 dv-cinder-831776-6-iscsi neutron-server[103956]: INFO neutron.wsgi [req-ba173317-dc95-4533-99ff-834d631f907d req-ad05fc98-c72f-4a54-b71d-80d12d3a3152 service neutron] 10.222.0.25 "GET /v2.0/subnets?id=fd648841-6b66-43e4-895e-db1e8384953e HTTP/1.1" status: 200 len: 849 time: 0.2808731
Apr 07 06:28:18.094202 dv-cinder-831776-6-iscsi neutron-server[103957]: DEBUG neutron.plugins.ml2.db [None req-e2c2df65-277a-4e6e-b49f-b74266643f83 None None] For port 877f3752-e8f7-40ca-9f9e-edc601b4d02a, host hv-cinder-83177, got binding levels [PortBindingLevel(driver='hyperv',host='hv-cinder-83177',level=0,port_id=877f3752-e8f7-40ca-9f9e-edc601b4d02a,segment=NetworkSegment(a77a4722-779e-44e1-bd7d-657575754b57),segment_id=a77a4722-779e-44e1-bd7d-657575754b57)] {{(pid=103957) get_binding_level_objs /opt/stack/neutron/neutron/plugins/ml2/db.py:74}}
Apr 07 06:28:18.126178 dv-cinder-831776-6-iscsi neutron-server[103957]: DEBUG neutron.plugins.ml2.rpc [None req-e2c2df65-277a-4e6e-b49f-b74266643f83 None None] Returning: {'device': '877f3752-e8f7-40ca-9f9e-edc601b4d02a', 'network_id': 'acaca60a-1632-43d0-b2ca-5016f14977f3', 'port_id': '877f3752-e8f7-40ca-9f9e-edc601b4d02a', 'mac_address': 'fa:16:3e:fb:45:11', 'admin_state_up': True, 'network_type': 'vlan', 'segmentation_id': 78, 'physical_network': 'physnet1', 'mtu': 1500, 'fixed_ips': [{'subnet_id': '71330782-8c3f-43cd-9d00-bfc7876bd6e6', 'ip_address': '172.20.0.7'}], 'device_owner': 'compute:nova', 'allowed_address_pairs': [], 'port_security_enabled': True, 'qos_policy_id': None, 'network_qos_policy_id': None, 'profile': {}, 'propagate_uplink_status': False} {{(pid=103957) _get_device_details /opt/stack/neutron/neutron/plugins/ml2/rpc.py:184}}
Apr 07 06:28:18.171448 dv-cinder-831776-6-iscsi neutron-server[103957]: DEBUG neutron.plugins.ml2.plugin [None req-e2c2df65-277a-4e6e-b49f-b74266643f83 None None] Current status of the port 877f3752-e8f7-40ca-9f9e-edc601b4d02a is: DOWN; New status is: BUILD {{(pid=103957) _update_individual_port_db_status /opt/stack/neutron/neutron/plugins/ml2/plugin.py:2256}}
Apr 07 06:28:18.172059 dv-cinder-831776-6-iscsi neutron-server[103957]: DEBUG neutron_lib.callbacks.manager [None req-e2c2df65-277a-4e6e-b49f-b74266643f83 None None] Publish callbacks ['neutron.plugins.ml2.plugin.SecurityGroupDbMixin._ensure_default_security_group_handler-1742589'] for port (877f3752-e8f7-40ca-9f9e-edc601b4d02a), before_update {{(pid=103957) _notify_loop /usr/local/lib/python3.8/dist-packages/neutron_lib/callbacks/manager.py:176}}
Apr 07 06:28:18.184454 dv-cinder-831776-6-iscsi neutron-server[103956]: DEBUG neutron.pecan_wsgi.hooks.policy_enforcement [req-180fb235-b7ac-4f35-a22c-d05ce43ec23d req-1b72260c-4a9c-4c7e-9397-f5ce7ec68f1c service neutron] Attributes excluded by policy engine: ['standard_attr_id'] {{(pid=103956) _exclude_attributes_by_policy /opt/stack/neutron/neutron/pecan_wsgi/hooks/policy_enforcement.py:255}}
Apr 07 06:28:18.185971 dv-cinder-831776-6-iscsi neutron-server[103956]: INFO neutron.wsgi [req-180fb235-b7ac-4f35-a22c-d05ce43ec23d req-1b72260c-4a9c-4c7e-9397-f5ce7ec68f1c service neutron] 10.222.0.25 "GET /v2.0/ports?network_id=f5ea2476-10fc-4956-aac9-712fe1362e44&device_owner=network%3Adhcp HTTP/1.1" status: 200 len: 1212 time: 0.3429728
Apr 07 06:28:18.186487 dv-cinder-831776-6-iscsi neutron-server[103957]: DEBUG neutron.notifiers.nova [None req-e2c2df65-277a-4e6e-b49f-b74266643f83 None None] Ignoring state change previous_port_status: DOWN current_port_status: BUILD port_id 877f3752-e8f7-40ca-9f9e-edc601b4d02a {{(pid=103957) record_port_status_changed /opt/stack/neutron/neutron/notifiers/nova.py:233}}
Apr 07 06:28:18.193714 dv-cinder-831776-6-iscsi neutron-server[103956]: DEBUG neutron.pecan_wsgi.hooks.policy_enforcement [req-ba173317-dc95-4533-99ff-834d631f907d req-21b1a7fd-b5dc-4feb-adf9-247e8aaa1350 service neutron] Attributes excluded by policy engine: ['standard_attr_id'] {{(pid=103956) _exclude_attributes_by_policy /opt/stack/neutron/neutron/pecan_wsgi/hooks/policy_enforcement.py:255}}
Apr 07 06:28:18.195170 dv-cinder-831776-6-iscsi neutron-server[103956]: INFO neutron.wsgi [req-ba173317-dc95-4533-99ff-834d631f907d req-21b1a7fd-b5dc-4feb-adf9-247e8aaa1350 service neutron] 10.222.0.25 "GET /v2.0/ports?network_id=14e378dc-ef95-47d2-9fe2-d50ae083e1d3&device_owner=network%3Adhcp HTTP/1.1" status: 200 len: 1212 time: 0.1064377
Apr 07 06:28:18.206409 dv-cinder-831776-6-iscsi neutron-server[103957]: DEBUG neutron.plugins.ml2.db [None req-e2c2df65-277a-4e6e-b49f-b74266643f83 None None] For port 877f3752-e8f7-40ca-9f9e-edc601b4d02a, host hv-cinder-83177, got binding levels [PortBindingLevel(driver='hyperv',host='hv-cinder-83177',level=0,port_id=877f3752-e8f7-40ca-9f9e-edc601b4d02a,segment=NetworkSegment(a77a4722-779e-44e1-bd7d-657575754b57),segment_id=a77a4722-779e-44e1-bd7d-657575754b57)] {{(pid=103957) get_binding_level_objs /opt/stack/neutron/neutron/plugins/ml2/db.py:74}}
Apr 07 06:28:18.210036 dv-cinder-831776-6-iscsi neutron-server[103956]: DEBUG neutron.pecan_wsgi.hooks.policy_enforcement [req-62e66f62-baf6-4dbb-8338-1ff78e92d1c3 req-1db40410-9369-4354-800f-160d9f851bc0 tempest-DeleteServersTestJSON-1996086952 tempest-DeleteServersTestJSON-1996086952-project] Attributes excluded by policy engine: ['standard_attr_id', 'binding:profile', 'binding:host_id', 'binding:vif_type', 'binding:vif_details'] {{(pid=103956) _exclude_attributes_by_policy /opt/stack/neutron/neutron/pecan_wsgi/hooks/policy_enforcement.py:255}}
Apr 07 06:28:18.215626 dv-cinder-831776-6-iscsi neutron-server[103956]: INFO neutron.wsgi [req-62e66f62-baf6-4dbb-8338-1ff78e92d1c3 req-1db40410-9369-4354-800f-160d9f851bc0 tempest-DeleteServersTestJSON-1996086952 tempest-DeleteServersTestJSON-1996086952-project] 10.222.0.24 "GET /v2.0/ports?device_id=1bf8e552-dd96-4010-b190-371aec157fd6 HTTP/1.1" status: 200 len: 945 time: 0.1501598
Apr 07 06:28:18.237056 dv-cinder-831776-6-iscsi neutron-server[103957]: DEBUG neutron_lib.callbacks.manager [None req-cbef5a12-969f-44e5-93a7-498b084f110c None None] Publish callbacks ['neutron.services.segments.db._update_segment_host_mapping_for_agent-8751296760423', 'neutron.plugins.ml2.plugin.Ml2Plugin._retry_binding_revived_agents-1798874'] for agent (373387fe-1341-4087-b32a-49b8db93eb56), after_update {{(pid=103957) _notify_loop /usr/local/lib/python3.8/dist-packages/neutron_lib/callbacks/manager.py:176}}
Apr 07 06:28:18.317910 dv-cinder-831776-6-iscsi neutron-server[103955]: DEBUG neutron.wsgi [-] (103955) accepted ('10.222.0.24', 39792) {{(pid=103955) server /usr/local/lib/python3.8/dist-packages/eventlet/wsgi.py:1004}}
Apr 07 06:28:18.346661 dv-cinder-831776-6-iscsi neutron-server[103957]: DEBUG neutron_lib.callbacks.manager [None req-e2c2df65-277a-4e6e-b49f-b74266643f83 None None] Publish callbacks ['neutron.plugins.ml2.plugin.SecurityGroupServerNotifierRpcMixin._notify_sg_on_port_change-1742398', 'neutron.plugins.ml2.ovo_rpc._ObjectChangeHandler.handle_event-142840', 'neutron.api.rpc.agentnotifiers.dhcp_rpc_agent_api.DhcpAgentNotifyAPI._native_event_send_dhcp_notification-567071', 'neutron.db.l3_db.L3RpcNotifierMixin._notify_gateway_port_ip_changed-8751296609046', 'neutron.db.l3_dvrscheduler_db._notify_l3_agent_port_update-8751296231702', 'neutron.db.l3_hascheduler_db._notify_l3_agent_ha_port_update-8751296231720'] for port (877f3752-e8f7-40ca-9f9e-edc601b4d02a), after_update {{(pid=103957) _notify_loop /usr/local/lib/python3.8/dist-packages/neutron_lib/callbacks/manager.py:176}}
Apr 07 06:28:18.380651 dv-cinder-831776-6-iscsi neutron-server[103956]: DEBUG novaclient.v2.client [-] RESP: [200] Connection: close Content-Length: 179 Content-Type: application/json Date: Thu, 07 Apr 2022 06:28:17 GMT OpenStack-API-Version: compute 2.1 Server: Apache/2.4.41 (Ubuntu) Vary: OpenStack-API-Version,X-OpenStack-Nova-API-Version X-OpenStack-Nova-API-Version: 2.1 x-compute-request-id: req-0e6e501c-dd5e-448f-9a9d-e47d53bc6eeb x-openstack-request-id: req-0e6e501c-dd5e-448f-9a9d-e47d53bc6eeb {{(pid=103956) _http_log_response /usr/local/lib/python3.8/dist-packages/keystoneauth1/session.py:550}}
Apr 07 06:28:18.380960 dv-cinder-831776-6-iscsi neutron-server[103956]: DEBUG novaclient.v2.client [-] RESP BODY: {"events": [{"name": "network-changed", "server_uuid": "dd9fd1b2-e685-472f-b05c-d5d7f4ffe0a9", "tag": "5ebbe472-0df1-4df5-a1a9-ebe8c757e7ad", "status": "completed", "code": 200}]} {{(pid=103956) _http_log_response /usr/local/lib/python3.8/dist-packages/keystoneauth1/session.py:582}}
Apr 07 06:28:18.381193 dv-cinder-831776-6-iscsi neutron-server[103956]: DEBUG novaclient.v2.client [-] POST call to compute for http://10.222.0.24/compute/v2.1/os-server-external-events used request id req-0e6e501c-dd5e-448f-9a9d-e47d53bc6eeb {{(pid=103956) request /usr/local/lib/python3.8/dist-packages/keystoneauth1/session.py:954}}
Apr 07 06:28:18.382276 dv-cinder-831776-6-iscsi neutron-server[103956]: INFO neutron.notifiers.nova [-] Nova event matching ['req-0e6e501c-dd5e-448f-9a9d-e47d53bc6eeb'] response: {'name': 'network-changed', 'server_uuid': 'dd9fd1b2-e685-472f-b05c-d5d7f4ffe0a9', 'tag': '5ebbe472-0df1-4df5-a1a9-ebe8c757e7ad', 'status': 'completed', 'code': 200}
Apr 07 06:28:18.399903 dv-cinder-831776-6-iscsi neutron-server[103956]: INFO neutron.wsgi [req-62e66f62-baf6-4dbb-8338-1ff78e92d1c3 req-e908c4d2-6b30-40a6-98c8-3ad941ffbe8b tempest-DeleteServersTestJSON-1996086952 tempest-DeleteServersTestJSON-1996086952-project] 10.222.0.24 "GET /v2.0/security-groups?id=133048e9-1507-4a8a-aa71-2cf32f24b6f3&fields=id&fields=name HTTP/1.1" status: 200 len: 286 time: 0.1698754
Apr 07 06:28:18.407915 dv-cinder-831776-6-iscsi neutron-server[103956]: INFO neutron.wsgi [req-180fb235-b7ac-4f35-a22c-d05ce43ec23d req-7383e52d-1117-4632-8cdf-c719efc44c76 service neutron] 10.222.0.25 "GET /v2.0/networks/f5ea2476-10fc-4956-aac9-712fe1362e44?fields=segments HTTP/1.1" status: 200 len: 212 time: 0.2110679
Apr 07 06:28:18.409777 dv-cinder-831776-6-iscsi neutron-server[103956]: INFO neutron.wsgi [req-ba173317-dc95-4533-99ff-834d631f907d req-19f11d53-0694-412e-92fb-f9cabfbf54c3 service neutron] 10.222.0.25 "GET /v2.0/networks/14e378dc-ef95-47d2-9fe2-d50ae083e1d3?fields=segments HTTP/1.1" status: 200 len: 212 time: 0.1965675
Apr 07 06:28:18.471898 dv-cinder-831776-6-iscsi neutron-server[103957]: DEBUG neutron.api.rpc.handlers.resources_rpc [None req-e2c2df65-277a-4e6e-b49f-b74266643f83 None None] Pushing event updated for resources: {'Port': ['ID=877f3752-e8f7-40ca-9f9e-edc601b4d02a,revision_number=4']} {{(pid=103957) push /opt/stack/neutron/neutron/api/rpc/handlers/resources_rpc.py:237}}
Apr 07 06:28:18.548317 dv-cinder-831776-6-iscsi neutron-server[103955]: DEBUG neutron_lib.callbacks.manager [None req-0ddab5b1-3864-4a01-a2e7-86e33b871a98 admin admin] Publish callbacks [] for security_group (None), before_create {{(pid=103955) _notify_loop /usr/local/lib/python3.8/dist-packages/neutron_lib/callbacks/manager.py:176}}
Apr 07 06:28:18.572393 dv-cinder-831776-6-iscsi neutron-server[103957]: DEBUG neutron.plugins.ml2.db [None req-e2c2df65-277a-4e6e-b49f-b74266643f83 None None] get_ports_and_sgs() called for port_ids ['877f3752-e8f7-40ca-9f9e-edc601b4d02a'] {{(pid=103957) get_ports_and_sgs /opt/stack/neutron/neutron/plugins/ml2/db.py:156}}
Apr 07 06:28:18.677505 dv-cinder-831776-6-iscsi neutron-server[103956]: INFO neutron.wsgi [req-180fb235-b7ac-4f35-a22c-d05ce43ec23d req-8f9c2ebc-d0cc-4b6c-ac32-2025fd7bf696 service neutron] 10.222.0.25 "GET /v2.0/networks/f5ea2476-10fc-4956-aac9-712fe1362e44?fields=provider%3Aphysical_network&fields=provider%3Anetwork_type HTTP/1.1" status: 200 len: 281 time: 0.2574582
Apr 07 06:28:18.700044 dv-cinder-831776-6-iscsi neutron-server[103956]: INFO neutron.wsgi [req-ba173317-dc95-4533-99ff-834d631f907d req-d9d92f4d-c4a3-4552-90fe-37a16633d40f service neutron] 10.222.0.25 "GET /v2.0/networks/14e378dc-ef95-47d2-9fe2-d50ae083e1d3?fields=provider%3Aphysical_network&fields=provider%3Anetwork_type HTTP/1.1" status: 200 len: 281 time: 0.2785909
Apr 07 06:28:18.713662 dv-cinder-831776-6-iscsi neutron-server[103955]: DEBUG neutron_lib.callbacks.manager [None req-0ddab5b1-3864-4a01-a2e7-86e33b871a98 admin admin] Publish callbacks [] for security_group (356820e5-16a4-46f3-996c-00d7cbbcb2c0), precommit_create {{(pid=103955) _notify_loop /usr/local/lib/python3.8/dist-packages/neutron_lib/callbacks/manager.py:176}}
Apr 07 06:28:18.722969 dv-cinder-831776-6-iscsi neutron-server[103956]: DEBUG neutron.pecan_wsgi.hooks.policy_enforcement [req-116a8f24-ed5a-42d0-a05a-4c0e47c419a0 req-c016e1a1-f4fd-4cbb-8488-5229bb0738a1 tempest-AttachVolumeNegativeTest-1758723612 tempest-AttachVolumeNegativeTest-1758723612-project] Attributes excluded by policy engine: ['standard_attr_id', 'binding:profile', 'binding:host_id', 'binding:vif_type', 'binding:vif_details'] {{(pid=103956) _exclude_attributes_by_policy /opt/stack/neutron/neutron/pecan_wsgi/hooks/policy_enforcement.py:255}}
Apr 07 06:28:18.725758 dv-cinder-831776-6-iscsi neutron-server[103956]: INFO neutron.wsgi [req-116a8f24-ed5a-42d0-a05a-4c0e47c419a0 req-c016e1a1-f4fd-4cbb-8488-5229bb0738a1 tempest-AttachVolumeNegativeTest-1758723612 tempest-AttachVolumeNegativeTest-1758723612-project] 10.222.0.24 "GET /v2.0/ports?device_id=dd9fd1b2-e685-472f-b05c-d5d7f4ffe0a9 HTTP/1.1" status: 200 len: 943 time: 0.2283599
Apr 07 06:28:18.735862 dv-cinder-831776-6-iscsi neutron-server[103956]: DEBUG neutron.pecan_wsgi.hooks.policy_enforcement [req-f71e35e5-c35b-4ccd-9791-0364a912baa3 req-fe9dd01e-bec8-436c-a8a5-6240a7a51c22 tempest-AttachVolumeTestJSON-1683604056 tempest-AttachVolumeTestJSON-1683604056-project] Attributes excluded by policy engine: ['standard_attr_id', 'binding:profile', 'binding:host_id', 'binding:vif_type', 'binding:vif_details'] {{(pid=103956) _exclude_attributes_by_policy /opt/stack/neutron/neutron/pecan_wsgi/hooks/policy_enforcement.py:255}}
Apr 07 06:28:18.739827 dv-cinder-831776-6-iscsi neutron-server[103956]: INFO neutron.wsgi [req-f71e35e5-c35b-4ccd-9791-0364a912baa3 req-fe9dd01e-bec8-436c-a8a5-6240a7a51c22 tempest-AttachVolumeTestJSON-1683604056 tempest-AttachVolumeTestJSON-1683604056-project] 10.222.0.24 "GET /v2.0/ports?device_id=208a18a9-48ca-48a7-9149-4593b1569ac7 HTTP/1.1" status: 200 len: 943 time: 0.2138031
Apr 07 06:28:18.756567 dv-cinder-831776-6-iscsi neutron-server[103955]: DEBUG neutron.wsgi [-] (103955) accepted ('10.222.0.24', 39808) {{(pid=103955) server /usr/local/lib/python3.8/dist-packages/eventlet/wsgi.py:1004}}
Apr 07 06:28:18.779183 dv-cinder-831776-6-iscsi neutron-server[103955]: DEBUG neutron_lib.callbacks.manager [None req-bc89fa28-e4d0-4cd4-9212-35a2fb48dddf admin admin] Publish callbacks [] for security_group (None), before_create {{(pid=103955) _notify_loop /usr/local/lib/python3.8/dist-packages/neutron_lib/callbacks/manager.py:176}}
Apr 07 06:28:18.835043 dv-cinder-831776-6-iscsi neutron-server[103956]: INFO neutron.wsgi [req-116a8f24-ed5a-42d0-a05a-4c0e47c419a0 req-1ec98e95-d835-40b6-993c-a9bae95ab092 tempest-AttachVolumeNegativeTest-1758723612 tempest-AttachVolumeNegativeTest-1758723612-project] 10.222.0.24 "GET /v2.0/security-groups?id=81b39eb5-da77-4768-8697-a57756a6fb95&fields=id&fields=name HTTP/1.1" status: 200 len: 313 time: 0.0881946
Apr 07 06:28:18.868531 dv-cinder-831776-6-iscsi neutron-server[103955]: DEBUG neutron_lib.callbacks.manager [None req-0ddab5b1-3864-4a01-a2e7-86e33b871a98 admin admin] Publish callbacks ['neutron.plugins.ml2.ovo_rpc._ObjectChangeHandler.handle_event-604513'] for security_group (356820e5-16a4-46f3-996c-00d7cbbcb2c0), after_create {{(pid=103955) _notify_loop /usr/local/lib/python3.8/dist-packages/neutron_lib/callbacks/manager.py:176}}
Apr 07 06:28:18.872806 dv-cinder-831776-6-iscsi neutron-server[103955]: DEBUG neutron_lib.callbacks.manager [None req-bc89fa28-e4d0-4cd4-9212-35a2fb48dddf admin admin] Publish callbacks [] for security_group (3340a66c-44b0-462f-b70c-c9566f63b037), precommit_create {{(pid=103955) _notify_loop /usr/local/lib/python3.8/dist-packages/neutron_lib/callbacks/manager.py:176}}
Apr 07 06:28:18.902448 dv-cinder-831776-6-iscsi neutron-server[103956]: INFO neutron.wsgi [req-f71e35e5-c35b-4ccd-9791-0364a912baa3 req-5dbd8276-b6a3-452e-9c15-64289aeadf19 tempest-AttachVolumeTestJSON-1683604056 tempest-AttachVolumeTestJSON-1683604056-project] 10.222.0.24 "GET /v2.0/security-groups?id=bc406783-4b6c-460b-af86-125a1aef8a88&fields=id&fields=name HTTP/1.1" status: 200 len: 312 time: 0.1512682
Apr 07 06:28:18.917714 dv-cinder-831776-6-iscsi neutron-server[103955]: INFO neutron.wsgi [None req-0ddab5b1-3864-4a01-a2e7-86e33b871a98 admin admin] 10.222.0.24 "GET /v2.0/security-groups?tenant_id=ffe0694abcc44947a6eff2c2cb1e0334&name=default HTTP/1.1" status: 200 len: 2996 time: 0.5973361
Apr 07 06:28:18.918662 dv-cinder-831776-6-iscsi neutron-server[103955]: DEBUG neutron.api.rpc.handlers.resources_rpc [None req-0ddab5b1-3864-4a01-a2e7-86e33b871a98 admin admin] Pushing event updated for resources: {'SecurityGroup': ['ID=356820e5-16a4-46f3-996c-00d7cbbcb2c0,revision_number=1']} {{(pid=103955) push /opt/stack/neutron/neutron/api/rpc/handlers/resources_rpc.py:237}}
Apr 07 06:28:18.921195 dv-cinder-831776-6-iscsi neutron-server[103955]: DEBUG neutron.wsgi [-] (103955) accepted ('10.222.0.24', 39816) {{(pid=103955) server /usr/local/lib/python3.8/dist-packages/eventlet/wsgi.py:1004}}
Apr 07 06:28:18.943221 dv-cinder-831776-6-iscsi neutron-server[103955]: DEBUG neutron.wsgi [-] (103955) accepted ('10.222.0.24', 39818) {{(pid=103955) server /usr/local/lib/python3.8/dist-packages/eventlet/wsgi.py:1004}}
Apr 07 06:28:18.963138 dv-cinder-831776-6-iscsi neutron-server[103955]: DEBUG neutron_lib.callbacks.manager [None req-bc89fa28-e4d0-4cd4-9212-35a2fb48dddf admin admin] Publish callbacks ['neutron.plugins.ml2.ovo_rpc._ObjectChangeHandler.handle_event-604513'] for security_group (3340a66c-44b0-462f-b70c-c9566f63b037), after_create {{(pid=103955) _notify_loop /usr/local/lib/python3.8/dist-packages/neutron_lib/callbacks/manager.py:176}}
Apr 07 06:28:18.972766 dv-cinder-831776-6-iscsi neutron-server[103956]: DEBUG neutron.pecan_wsgi.hooks.policy_enforcement [req-a593cc1c-fce1-4a77-b20b-3f36d68732ff req-39d8b4a3-71b7-485d-b0a4-f1b9c9726c89 tempest-AttachVolumeShelveTestJSON-1184909692 tempest-AttachVolumeShelveTestJSON-1184909692-project] Attributes excluded by policy engine: ['standard_attr_id', 'binding:profile', 'binding:host_id', 'binding:vif_type', 'binding:vif_details'] {{(pid=103956) _exclude_attributes_by_policy /opt/stack/neutron/neutron/pecan_wsgi/hooks/policy_enforcement.py:255}}
