Mar 14 11:19:43.797399 dv-cinder-831776-2-smb devstack@n-api.service[117673]: DEBUG nova.policy [None req-480f7cb1-64fb-441d-b447-d671cc4e382e tempest-AttachVolumeShelveTestJSON-142179372 tempest-AttachVolumeShelveTestJSON-142179372-project] Policy check for os_compute_api:servers:show:host_status:unknown-only failed with credentials {'is_admin': False, 'user_id': '6425a08eb4c84e4682bcce772cc998c9', 'user_domain_id': 'default', 'system_scope': None, 'domain_id': None, 'project_id': '496c1103dc8e49f19c0968e3d56fdad4', 'project_domain_id': 'default', 'roles': ['member', 'reader'], 'is_admin_project': True, 'service_user_id': None, 'service_user_domain_id': None, 'service_project_id': None, 'service_project_domain_id': None, 'service_roles': []} {{(pid=117673) authorize /opt/stack/nova/nova/policy.py:199}}
Mar 14 11:19:43.805069 dv-cinder-831776-2-smb devstack@n-api.service[117673]: INFO nova.api.openstack.requestlog [None req-480f7cb1-64fb-441d-b447-d671cc4e382e tempest-AttachVolumeShelveTestJSON-142179372 tempest-AttachVolumeShelveTestJSON-142179372-project] 10.222.0.30 "GET /compute/v2.1/servers/bc435876-7647-4821-8b08-97d8657fc62c" status: 200 len: 1406 microversion: 2.20 time: 0.474937
Mar 14 11:19:43.805069 dv-cinder-831776-2-smb devstack@n-api.service[117673]: [pid: 117673|app: 0|req: 89/170] 10.222.0.30 () {60 vars in 1276 bytes} [Mon Mar 14 11:19:43 2022] GET /compute/v2.1/servers/bc435876-7647-4821-8b08-97d8657fc62c => generated 1406 bytes in 477 msecs (HTTP/1.1 200) 9 headers in 360 bytes (1 switches on core 0)
Mar 14 11:19:44.181076 dv-cinder-831776-2-smb devstack@n-api.service[117672]: INFO nova.api.openstack.requestlog [None req-7b414560-5d96-4749-987f-2a6df0a3c1e2 tempest-ServerRescueNegativeTestJSON-1945439808 tempest-ServerRescueNegativeTestJSON-1945439808-project] 10.222.0.30 "POST /compute/v2.1/servers/679a71c0-5a36-45e6-b2b7-415c570fc393/action" status: 200 len: 32 microversion: 2.1 time: 0.563739
Mar 14 11:19:44.182335 dv-cinder-831776-2-smb devstack@n-api.service[117672]: [pid: 117672|app: 0|req: 82/171] 10.222.0.30 () {60 vars in 1277 bytes} [Mon Mar 14 11:19:43 2022] POST /compute/v2.1/servers/679a71c0-5a36-45e6-b2b7-415c570fc393/action => generated 32 bytes in 566 msecs (HTTP/1.1 200) 9 headers in 356 bytes (1 switches on core 0)
Mar 14 11:19:44.193138 dv-cinder-831776-2-smb devstack@n-api.service[117673]: DEBUG nova.api.openstack.wsgi [None req-fc16983a-2c18-4d1b-87f3-26993b0a3c08 tempest-ServerRescueNegativeTestJSON-1945439808 tempest-ServerRescueNegativeTestJSON-1945439808-project] Calling method '>' {{(pid=117673) _process_stack /opt/stack/nova/nova/api/openstack/wsgi.py:513}}
Mar 14 11:19:44.201890 dv-cinder-831776-2-smb devstack@n-api.service[117673]: DEBUG nova.compute.api [None req-fc16983a-2c18-4d1b-87f3-26993b0a3c08 tempest-ServerRescueNegativeTestJSON-1945439808 tempest-ServerRescueNegativeTestJSON-1945439808-project] [instance: 679a71c0-5a36-45e6-b2b7-415c570fc393] Fetching instance by UUID {{(pid=117673) get /opt/stack/nova/nova/compute/api.py:2918}}
Mar 14 11:19:44.212023 dv-cinder-831776-2-smb devstack@n-api.service[117673]: DEBUG oslo_concurrency.lockutils [None req-fc16983a-2c18-4d1b-87f3-26993b0a3c08 tempest-ServerRescueNegativeTestJSON-1945439808 tempest-ServerRescueNegativeTestJSON-1945439808-project] Lock "b06438d4-1aab-4cb6-bcc9-22176ce04b00" acquired by "nova.context.set_target_cell..get_or_set_cached_cell_and_set_connections" :: waited 0.000s {{(pid=117673) inner /usr/local/lib/python3.8/dist-packages/oslo_concurrency/lockutils.py:386}}
Mar 14 11:19:44.212876 dv-cinder-831776-2-smb devstack@n-api.service[117673]: DEBUG oslo_concurrency.lockutils [None req-fc16983a-2c18-4d1b-87f3-26993b0a3c08 tempest-ServerRescueNegativeTestJSON-1945439808 tempest-ServerRescueNegativeTestJSON-1945439808-project] Lock "b06438d4-1aab-4cb6-bcc9-22176ce04b00" "released" by "nova.context.set_target_cell..get_or_set_cached_cell_and_set_connections" :: held 0.001s {{(pid=117673) inner /usr/local/lib/python3.8/dist-packages/oslo_concurrency/lockutils.py:400}}
Mar 14 11:19:44.213769 dv-cinder-831776-2-smb devstack@n-api.service[117673]: DEBUG oslo_concurrency.lockutils [None req-fc16983a-2c18-4d1b-87f3-26993b0a3c08 tempest-ServerRescueNegativeTestJSON-1945439808 tempest-ServerRescueNegativeTestJSON-1945439808-project] Lock "b06438d4-1aab-4cb6-bcc9-22176ce04b00" acquired by "nova.context.set_target_cell..get_or_set_cached_cell_and_set_connections" :: waited 0.000s {{(pid=117673) inner /usr/local/lib/python3.8/dist-packages/oslo_concurrency/lockutils.py:386}}
Mar 14 11:19:44.214284 dv-cinder-831776-2-smb devstack@n-api.service[117673]: DEBUG oslo_concurrency.lockutils [None req-fc16983a-2c18-4d1b-87f3-26993b0a3c08 tempest-ServerRescueNegativeTestJSON-1945439808 tempest-ServerRescueNegativeTestJSON-1945439808-project] Lock "b06438d4-1aab-4cb6-bcc9-22176ce04b00" "released" by "nova.context.set_target_cell..get_or_set_cached_cell_and_set_connections" :: held 0.000s {{(pid=117673) inner /usr/local/lib/python3.8/dist-packages/oslo_concurrency/lockutils.py:400}}
Mar 14 11:19:44.492115 dv-cinder-831776-2-smb devstack@n-api.service[117673]: DEBUG nova.policy [None req-fc16983a-2c18-4d1b-87f3-26993b0a3c08 tempest-ServerRescueNegativeTestJSON-1945439808 tempest-ServerRescueNegativeTestJSON-1945439808-project] Policy check for os_compute_api:os-extended-server-attributes failed with credentials {'is_admin': False, 'user_id': '157d2c0088d64bfc976581be732c327a', 'user_domain_id': 'default', 'system_scope': None, 'domain_id': None, 'project_id': '17c01f8533d24467a9510aa2527c4347', 'project_domain_id': 'default', 'roles': ['member', 'reader'], 'is_admin_project': True, 'service_user_id': None, 'service_user_domain_id': None, 'service_project_id': None, 'service_project_domain_id': None, 'service_roles': []} {{(pid=117673) authorize /opt/stack/nova/nova/policy.py:199}}
Mar 14 11:19:44.510427 dv-cinder-831776-2-smb devstack@n-api.service[117673]: INFO nova.api.openstack.requestlog [None req-fc16983a-2c18-4d1b-87f3-26993b0a3c08 tempest-ServerRescueNegativeTestJSON-1945439808 tempest-ServerRescueNegativeTestJSON-1945439808-project] 10.222.0.30 "GET /compute/v2.1/servers/679a71c0-5a36-45e6-b2b7-415c570fc393" status: 200 len: 1521 microversion: 2.1 time: 0.322376
Mar 14 11:19:44.511610 dv-cinder-831776-2-smb devstack@n-api.service[117673]: [pid: 117673|app: 0|req: 90/172] 10.222.0.30 () {58 vars in 1235 bytes} [Mon Mar 14 11:19:44 2022] GET /compute/v2.1/servers/679a71c0-5a36-45e6-b2b7-415c570fc393 => generated 1521 bytes in 324 msecs (HTTP/1.1 200) 9 headers in 358 bytes (1 switches on core 0)
Mar 14 11:19:44.776832 dv-cinder-831776-2-smb devstack@n-api.service[117672]: DEBUG nova.api.openstack.wsgi [None req-a89db68f-caf3-4803-9293-3efab81ad477 tempest-VolumesSnapshotTestJSON-1671480742 tempest-VolumesSnapshotTestJSON-1671480742-project] Action: 'create', calling method: >, body: {"server": {"name": "tempest-VolumesSnapshotTestJSON-instance-1826616738", "imageRef": "4ff2e9c2-cb1c-4174-b820-fa589d363aad", "flavorRef": "452", "networks": [{"uuid": "5a31d206-2f58-4b6f-bd89-71f8e138c1e7"}]}} {{(pid=117672) _process_stack /opt/stack/nova/nova/api/openstack/wsgi.py:511}}
Mar 14 11:19:44.821995 dv-cinder-831776-2-smb devstack@n-api.service[117673]: DEBUG nova.api.openstack.wsgi [None req-8a2b23b7-b3b7-44b6-aa4b-1f3acb1f38b1 tempest-AttachVolumeShelveTestJSON-142179372 tempest-AttachVolumeShelveTestJSON-142179372-project] Calling method '>' {{(pid=117673) _process_stack /opt/stack/nova/nova/api/openstack/wsgi.py:513}}
Mar 14 11:19:44.822638 dv-cinder-831776-2-smb devstack@n-api.service[117673]: DEBUG nova.compute.api [None req-8a2b23b7-b3b7-44b6-aa4b-1f3acb1f38b1 tempest-AttachVolumeShelveTestJSON-142179372 tempest-AttachVolumeShelveTestJSON-142179372-project] [instance: bc435876-7647-4821-8b08-97d8657fc62c] Fetching instance by UUID {{(pid=117673) get /opt/stack/nova/nova/compute/api.py:2918}}
Mar 14 11:19:44.830732 dv-cinder-831776-2-smb devstack@n-api.service[117673]: DEBUG oslo_concurrency.lockutils [None req-8a2b23b7-b3b7-44b6-aa4b-1f3acb1f38b1 tempest-AttachVolumeShelveTestJSON-142179372 tempest-AttachVolumeShelveTestJSON-142179372-project] Lock "b06438d4-1aab-4cb6-bcc9-22176ce04b00" acquired by "nova.context.set_target_cell..get_or_set_cached_cell_and_set_connections" :: waited 0.000s {{(pid=117673) inner /usr/local/lib/python3.8/dist-packages/oslo_concurrency/lockutils.py:386}}
Mar 14 11:19:44.832597 dv-cinder-831776-2-smb devstack@n-api.service[117673]: DEBUG oslo_concurrency.lockutils [None req-8a2b23b7-b3b7-44b6-aa4b-1f3acb1f38b1 tempest-AttachVolumeShelveTestJSON-142179372 tempest-AttachVolumeShelveTestJSON-142179372-project] Lock "b06438d4-1aab-4cb6-bcc9-22176ce04b00" "released" by "nova.context.set_target_cell..get_or_set_cached_cell_and_set_connections" :: held 0.002s {{(pid=117673) inner /usr/local/lib/python3.8/dist-packages/oslo_concurrency/lockutils.py:400}}
Mar 14 11:19:44.833412 dv-cinder-831776-2-smb devstack@n-api.service[117673]: DEBUG oslo_concurrency.lockutils [None req-8a2b23b7-b3b7-44b6-aa4b-1f3acb1f38b1 tempest-AttachVolumeShelveTestJSON-142179372 tempest-AttachVolumeShelveTestJSON-142179372-project] Lock "b06438d4-1aab-4cb6-bcc9-22176ce04b00" acquired by "nova.context.set_target_cell..get_or_set_cached_cell_and_set_connections" :: waited 0.000s {{(pid=117673) inner /usr/local/lib/python3.8/dist-packages/oslo_concurrency/lockutils.py:386}}
Mar 14 11:19:44.837225 dv-cinder-831776-2-smb devstack@n-api.service[117673]: DEBUG oslo_concurrency.lockutils [None req-8a2b23b7-b3b7-44b6-aa4b-1f3acb1f38b1 tempest-AttachVolumeShelveTestJSON-142179372 tempest-AttachVolumeShelveTestJSON-142179372-project] Lock "b06438d4-1aab-4cb6-bcc9-22176ce04b00" "released" by "nova.context.set_target_cell..get_or_set_cached_cell_and_set_connections" :: held 0.000s {{(pid=117673) inner /usr/local/lib/python3.8/dist-packages/oslo_concurrency/lockutils.py:400}}
Mar 14 11:19:44.876166 dv-cinder-831776-2-smb devstack@n-api.service[117672]: DEBUG nova.network.neutron [None req-a89db68f-caf3-4803-9293-3efab81ad477 tempest-VolumesSnapshotTestJSON-1671480742 tempest-VolumesSnapshotTestJSON-1671480742-project] validate_networks() for [('5a31d206-2f58-4b6f-bd89-71f8e138c1e7', None, None, None, None, None)] {{(pid=117672) validate_networks /opt/stack/nova/nova/network/neutron.py:2632}}
Mar 14 11:19:45.200330 dv-cinder-831776-2-smb devstack@n-api.service[117673]: DEBUG nova.policy [None req-8a2b23b7-b3b7-44b6-aa4b-1f3acb1f38b1 tempest-AttachVolumeShelveTestJSON-142179372 tempest-AttachVolumeShelveTestJSON-142179372-project] Policy check for os_compute_api:os-extended-server-attributes failed with credentials {'is_admin': False, 'user_id': '6425a08eb4c84e4682bcce772cc998c9', 'user_domain_id': 'default', 'system_scope': None, 'domain_id': None, 'project_id': '496c1103dc8e49f19c0968e3d56fdad4', 'project_domain_id': 'default', 'roles': ['member', 'reader'], 'is_admin_project': True, 'service_user_id': None, 'service_user_domain_id': None, 'service_project_id': None, 'service_project_domain_id': None, 'service_roles': []} {{(pid=117673) authorize /opt/stack/nova/nova/policy.py:199}}
Mar 14 11:19:45.211725 dv-cinder-831776-2-smb devstack@n-api.service[117673]: DEBUG nova.policy [None req-8a2b23b7-b3b7-44b6-aa4b-1f3acb1f38b1 tempest-AttachVolumeShelveTestJSON-142179372 tempest-AttachVolumeShelveTestJSON-142179372-project] Policy check for os_compute_api:servers:show:host_status failed with credentials {'is_admin': False, 'user_id': '6425a08eb4c84e4682bcce772cc998c9', 'user_domain_id': 'default', 'system_scope': None, 'domain_id': None, 'project_id': '496c1103dc8e49f19c0968e3d56fdad4', 'project_domain_id': 'default', 'roles': ['member', 'reader'], 'is_admin_project': True, 'service_user_id': None, 'service_user_domain_id': None, 'service_project_id': None, 'service_project_domain_id': None, 'service_roles': []} {{(pid=117673) authorize /opt/stack/nova/nova/policy.py:199}}
Mar 14 11:19:45.214474 dv-cinder-831776-2-smb devstack@n-api.service[117673]: DEBUG nova.policy [None req-8a2b23b7-b3b7-44b6-aa4b-1f3acb1f38b1 tempest-AttachVolumeShelveTestJSON-142179372 tempest-AttachVolumeShelveTestJSON-142179372-project] Policy check for os_compute_api:servers:show:host_status:unknown-only failed with credentials {'is_admin': False, 'user_id': '6425a08eb4c84e4682bcce772cc998c9', 'user_domain_id': 'default', 'system_scope': None, 'domain_id': None, 'project_id': '496c1103dc8e49f19c0968e3d56fdad4', 'project_domain_id': 'default', 'roles': ['member', 'reader'], 'is_admin_project': True, 'service_user_id': None, 'service_user_domain_id': None, 'service_project_id': None, 'service_project_domain_id': None, 'service_roles': []} {{(pid=117673) authorize /opt/stack/nova/nova/policy.py:199}}
Mar 14 11:19:45.215779 dv-cinder-831776-2-smb devstack@n-api.service[117673]: INFO nova.api.openstack.requestlog [None req-8a2b23b7-b3b7-44b6-aa4b-1f3acb1f38b1 tempest-AttachVolumeShelveTestJSON-142179372 tempest-AttachVolumeShelveTestJSON-142179372-project] 10.222.0.30 "GET /compute/v2.1/servers/bc435876-7647-4821-8b08-97d8657fc62c" status: 200 len: 1406 microversion: 2.20 time: 0.397931
Mar 14 11:19:45.227411 dv-cinder-831776-2-smb devstack@n-api.service[117673]: [pid: 117673|app: 0|req: 91/173] 10.222.0.30 () {60 vars in 1276 bytes} [Mon Mar 14 11:19:44 2022] GET /compute/v2.1/servers/bc435876-7647-4821-8b08-97d8657fc62c => generated 1406 bytes in 410 msecs (HTTP/1.1 200) 9 headers in 360 bytes (1 switches on core 0)
Mar 14 11:19:45.531401 dv-cinder-831776-2-smb devstack@n-api.service[117673]: DEBUG nova.api.openstack.wsgi [None req-9581823d-ef04-47ac-bdf8-445447ed3f71 tempest-ServerRescueNegativeTestJSON-1945439808 tempest-ServerRescueNegativeTestJSON-1945439808-project] Calling method '>' {{(pid=117673) _process_stack /opt/stack/nova/nova/api/openstack/wsgi.py:513}}
Mar 14 11:19:45.533382 dv-cinder-831776-2-smb devstack@n-api.service[117673]: DEBUG nova.compute.api [None req-9581823d-ef04-47ac-bdf8-445447ed3f71 tempest-ServerRescueNegativeTestJSON-1945439808 tempest-ServerRescueNegativeTestJSON-1945439808-project] [instance: 679a71c0-5a36-45e6-b2b7-415c570fc393] Fetching instance by UUID {{(pid=117673) get /opt/stack/nova/nova/compute/api.py:2918}}
Mar 14 11:19:45.542427 dv-cinder-831776-2-smb devstack@n-api.service[117673]: DEBUG oslo_concurrency.lockutils [None req-9581823d-ef04-47ac-bdf8-445447ed3f71 tempest-ServerRescueNegativeTestJSON-1945439808 tempest-ServerRescueNegativeTestJSON-1945439808-project] Lock "b06438d4-1aab-4cb6-bcc9-22176ce04b00" acquired by "nova.context.set_target_cell..get_or_set_cached_cell_and_set_connections" :: waited 0.000s {{(pid=117673) inner /usr/local/lib/python3.8/dist-packages/oslo_concurrency/lockutils.py:386}}
Mar 14 11:19:45.543234 dv-cinder-831776-2-smb devstack@n-api.service[117673]: DEBUG oslo_concurrency.lockutils [None req-9581823d-ef04-47ac-bdf8-445447ed3f71 tempest-ServerRescueNegativeTestJSON-1945439808 tempest-ServerRescueNegativeTestJSON-1945439808-project] Lock "b06438d4-1aab-4cb6-bcc9-22176ce04b00" "released" by "nova.context.set_target_cell..get_or_set_cached_cell_and_set_connections" :: held 0.001s {{(pid=117673) inner /usr/local/lib/python3.8/dist-packages/oslo_concurrency/lockutils.py:400}}
Mar 14 11:19:45.544339 dv-cinder-831776-2-smb devstack@n-api.service[117673]: DEBUG oslo_concurrency.lockutils [None req-9581823d-ef04-47ac-bdf8-445447ed3f71 tempest-ServerRescueNegativeTestJSON-1945439808 tempest-ServerRescueNegativeTestJSON-1945439808-project] Lock "b06438d4-1aab-4cb6-bcc9-22176ce04b00" acquired by "nova.context.set_target_cell..get_or_set_cached_cell_and_set_connections" :: waited 0.000s {{(pid=117673) inner /usr/local/lib/python3.8/dist-packages/oslo_concurrency/lockutils.py:386}}
Mar 14 11:19:45.546473 dv-cinder-831776-2-smb devstack@n-api.service[117673]: DEBUG oslo_concurrency.lockutils [None req-9581823d-ef04-47ac-bdf8-445447ed3f71 tempest-ServerRescueNegativeTestJSON-1945439808 tempest-ServerRescueNegativeTestJSON-1945439808-project] Lock "b06438d4-1aab-4cb6-bcc9-22176ce04b00" "released" by "nova.context.set_target_cell..get_or_set_cached_cell_and_set_connections" :: held 0.002s {{(pid=117673) inner /usr/local/lib/python3.8/dist-packages/oslo_concurrency/lockutils.py:400}}
Mar 14 11:19:45.588306 dv-cinder-831776-2-smb devstack@n-api.service[117672]: DEBUG nova.virt.hardware [None req-a89db68f-caf3-4803-9293-3efab81ad477 tempest-VolumesSnapshotTestJSON-1671480742 tempest-VolumesSnapshotTestJSON-1671480742-project] Flavor limits 0:0:0 {{(pid=117672) get_cpu_topology_constraints /opt/stack/nova/nova/virt/hardware.py:343}}
Mar 14 11:19:45.588306 dv-cinder-831776-2-smb devstack@n-api.service[117672]: DEBUG nova.virt.hardware [None req-a89db68f-caf3-4803-9293-3efab81ad477 tempest-VolumesSnapshotTestJSON-1671480742 tempest-VolumesSnapshotTestJSON-1671480742-project] Image limits 0:0:0 {{(pid=117672) get_cpu_topology_constraints /opt/stack/nova/nova/virt/hardware.py:347}}
Mar 14 11:19:45.588306 dv-cinder-831776-2-smb devstack@n-api.service[117672]: DEBUG nova.virt.hardware [None req-a89db68f-caf3-4803-9293-3efab81ad477 tempest-VolumesSnapshotTestJSON-1671480742 tempest-VolumesSnapshotTestJSON-1671480742-project] Flavor pref 0:0:0 {{(pid=117672) get_cpu_topology_constraints /opt/stack/nova/nova/virt/hardware.py:383}}
Mar 14 11:19:45.588306 dv-cinder-831776-2-smb devstack@n-api.service[117672]: DEBUG nova.virt.hardware [None req-a89db68f-caf3-4803-9293-3efab81ad477 tempest-VolumesSnapshotTestJSON-1671480742 tempest-VolumesSnapshotTestJSON-1671480742-project] Image pref 0:0:0 {{(pid=117672) get_cpu_topology_constraints /opt/stack/nova/nova/virt/hardware.py:387}}
Mar 14 11:19:45.588306 dv-cinder-831776-2-smb devstack@n-api.service[117672]: DEBUG nova.virt.hardware [None req-a89db68f-caf3-4803-9293-3efab81ad477 tempest-VolumesSnapshotTestJSON-1671480742 tempest-VolumesSnapshotTestJSON-1671480742-project] Chose sockets=0, cores=0, threads=0; limits were sockets=65536, cores=65536, threads=65536 {{(pid=117672) get_cpu_topology_constraints /opt/stack/nova/nova/virt/hardware.py:425}}
Mar 14 11:19:45.595227 dv-cinder-831776-2-smb devstack@n-api.service[117672]: DEBUG oslo_concurrency.lockutils [None req-a89db68f-caf3-4803-9293-3efab81ad477 tempest-VolumesSnapshotTestJSON-1671480742 tempest-VolumesSnapshotTestJSON-1671480742-project] Lock "00000000-0000-0000-0000-000000000000" acquired by "nova.context.set_target_cell..get_or_set_cached_cell_and_set_connections" :: waited 0.000s {{(pid=117672) inner /usr/local/lib/python3.8/dist-packages/oslo_concurrency/lockutils.py:386}}
Mar 14 11:19:45.595757 dv-cinder-831776-2-smb devstack@n-api.service[117672]: DEBUG oslo_concurrency.lockutils [None req-a89db68f-caf3-4803-9293-3efab81ad477 tempest-VolumesSnapshotTestJSON-1671480742 tempest-VolumesSnapshotTestJSON-1671480742-project] Lock "00000000-0000-0000-0000-000000000000" "released" by "nova.context.set_target_cell..get_or_set_cached_cell_and_set_connections" :: held 0.001s {{(pid=117672) inner /usr/local/lib/python3.8/dist-packages/oslo_concurrency/lockutils.py:400}}
Mar 14 11:19:45.596860 dv-cinder-831776-2-smb devstack@n-api.service[117672]: DEBUG oslo_concurrency.lockutils [None req-a89db68f-caf3-4803-9293-3efab81ad477 tempest-VolumesSnapshotTestJSON-1671480742 tempest-VolumesSnapshotTestJSON-1671480742-project] Lock "b06438d4-1aab-4cb6-bcc9-22176ce04b00" acquired by "nova.context.set_target_cell..get_or_set_cached_cell_and_set_connections" :: waited 0.000s {{(pid=117672) inner /usr/local/lib/python3.8/dist-packages/oslo_concurrency/lockutils.py:386}}
Mar 14 11:19:45.597699 dv-cinder-831776-2-smb devstack@n-api.service[117672]: DEBUG oslo_concurrency.lockutils [None req-a89db68f-caf3-4803-9293-3efab81ad477 tempest-VolumesSnapshotTestJSON-1671480742 tempest-VolumesSnapshotTestJSON-1671480742-project] Lock "b06438d4-1aab-4cb6-bcc9-22176ce04b00" "released" by "nova.context.set_target_cell..get_or_set_cached_cell_and_set_connections" :: held 0.001s {{(pid=117672) inner /usr/local/lib/python3.8/dist-packages/oslo_concurrency/lockutils.py:400}}
Mar 14 11:19:45.646752 dv-cinder-831776-2-smb devstack@n-api.service[117672]: DEBUG nova.quota [None req-a89db68f-caf3-4803-9293-3efab81ad477 tempest-VolumesSnapshotTestJSON-1671480742 tempest-VolumesSnapshotTestJSON-1671480742-project] Getting quotas for project 8cdaa8b1e849436aa7c944e6ae6e6a47. Resources: {'instances', 'ram', 'cores'} {{(pid=117672) _get_quotas /opt/stack/nova/nova/quota.py:393}}
Mar 14 11:19:45.683237 dv-cinder-831776-2-smb devstack@n-api.service[117672]: DEBUG nova.quota [None req-a89db68f-caf3-4803-9293-3efab81ad477 tempest-VolumesSnapshotTestJSON-1671480742 tempest-VolumesSnapshotTestJSON-1671480742-project] Getting quotas for user 9bebc59e8bcf45dcb7725214e36386d7 and project 8cdaa8b1e849436aa7c944e6ae6e6a47. Resources: {'instances', 'ram', 'cores'} {{(pid=117672) _get_quotas /opt/stack/nova/nova/quota.py:383}}
Mar 14 11:19:45.715752 dv-cinder-831776-2-smb devstack@n-api.service[117672]: DEBUG nova.compute.api [None req-a89db68f-caf3-4803-9293-3efab81ad477 tempest-VolumesSnapshotTestJSON-1671480742 tempest-VolumesSnapshotTestJSON-1671480742-project] Going to run 1 instances... {{(pid=117672) _provision_instances /opt/stack/nova/nova/compute/api.py:1389}}
Mar 14 11:19:45.721641 dv-cinder-831776-2-smb devstack@n-api.service[117672]: DEBUG nova.compute.api [None req-a89db68f-caf3-4803-9293-3efab81ad477 tempest-VolumesSnapshotTestJSON-1671480742 tempest-VolumesSnapshotTestJSON-1671480742-project] [instance: fe941650-28ba-4a7d-afb8-0ac2652f97fa] block_device_mapping [BlockDeviceMapping(attachment_id=,boot_index=0,connection_info=None,created_at=,delete_on_termination=True,deleted=,deleted_at=,destination_type='local',device_name=None,device_type='disk',disk_bus=None,guest_format=None,id=,image_id='4ff2e9c2-cb1c-4174-b820-fa589d363aad',instance=,instance_uuid=,no_device=False,snapshot_id=None,source_type='image',tag=None,updated_at=,uuid=,volume_id=None,volume_size=None,volume_type=None)] {{(pid=117672) _bdm_validate_set_size_and_instance /opt/stack/nova/nova/compute/api.py:1807}}
Mar 14 11:19:45.787042 dv-cinder-831776-2-smb devstack@n-api.service[117673]: DEBUG nova.policy [None req-9581823d-ef04-47ac-bdf8-445447ed3f71 tempest-ServerRescueNegativeTestJSON-1945439808 tempest-ServerRescueNegativeTestJSON-1945439808-project] Policy check for os_compute_api:os-extended-server-attributes failed with credentials {'is_admin': False, 'user_id': '157d2c0088d64bfc976581be732c327a', 'user_domain_id': 'default', 'system_scope': None, 'domain_id': None, 'project_id': '17c01f8533d24467a9510aa2527c4347', 'project_domain_id': 'default', 'roles': ['member', 'reader'], 'is_admin_project': True, 'service_user_id': None, 'service_user_domain_id': None, 'service_project_id': None, 'service_project_domain_id': None, 'service_roles': []} {{(pid=117673) authorize /opt/stack/nova/nova/policy.py:199}}
Mar 14 11:19:45.795760 dv-cinder-831776-2-smb devstack@n-api.service[117673]: INFO nova.api.openstack.requestlog [None req-9581823d-ef04-47ac-bdf8-445447ed3f71 tempest-ServerRescueNegativeTestJSON-1945439808 tempest-ServerRescueNegativeTestJSON-1945439808-project] 10.222.0.30 "GET /compute/v2.1/servers/679a71c0-5a36-45e6-b2b7-415c570fc393" status: 200 len: 1521 microversion: 2.1 time: 0.272124
Mar 14 11:19:45.797159 dv-cinder-831776-2-smb devstack@n-api.service[117673]: [pid: 117673|app: 0|req: 92/174] 10.222.0.30 () {58 vars in 1235 bytes} [Mon Mar 14 11:19:45 2022] GET /compute/v2.1/servers/679a71c0-5a36-45e6-b2b7-415c570fc393 => generated 1521 bytes in 274 msecs (HTTP/1.1 200) 9 headers in 358 bytes (2 switches on core 0)
Mar 14 11:19:45.950994 dv-cinder-831776-2-smb devstack@n-api.service[117672]: INFO nova.api.openstack.requestlog [None req-a89db68f-caf3-4803-9293-3efab81ad477 tempest-VolumesSnapshotTestJSON-1671480742 tempest-VolumesSnapshotTestJSON-1671480742-project] 10.222.0.30 "POST /compute/v2.1/servers" status: 202 len: 380 microversion: 2.1 time: 1.180312
Mar 14 11:19:45.952706 dv-cinder-831776-2-smb devstack@n-api.service[117672]: [pid: 117672|app: 0|req: 83/175] 10.222.0.30 () {60 vars in 1146 bytes} [Mon Mar 14 11:19:44 2022] POST /compute/v2.1/servers => generated 380 bytes in 1183 msecs (HTTP/1.1 202) 10 headers in 451 bytes (1 switches on core 0)
Mar 14 11:19:45.963196 dv-cinder-831776-2-smb devstack@n-api.service[117673]: DEBUG nova.api.openstack.wsgi [None req-82bc8df5-5443-4adb-978c-565e4b1b1352 tempest-VolumesSnapshotTestJSON-1671480742 tempest-VolumesSnapshotTestJSON-1671480742-project] Calling method '>' {{(pid=117673) _process_stack /opt/stack/nova/nova/api/openstack/wsgi.py:513}}
Mar 14 11:19:45.963814 dv-cinder-831776-2-smb devstack@n-api.service[117673]: DEBUG nova.compute.api [None req-82bc8df5-5443-4adb-978c-565e4b1b1352 tempest-VolumesSnapshotTestJSON-1671480742 tempest-VolumesSnapshotTestJSON-1671480742-project] [instance: fe941650-28ba-4a7d-afb8-0ac2652f97fa] Fetching instance by UUID {{(pid=117673) get /opt/stack/nova/nova/compute/api.py:2918}}
Mar 14 11:19:46.052755 dv-cinder-831776-2-smb devstack@n-api.service[117673]: DEBUG nova.policy [None req-82bc8df5-5443-4adb-978c-565e4b1b1352 tempest-VolumesSnapshotTestJSON-1671480742 tempest-VolumesSnapshotTestJSON-1671480742-project] Policy check for os_compute_api:os-extended-server-attributes failed with credentials {'is_admin': False, 'user_id': '9bebc59e8bcf45dcb7725214e36386d7', 'user_domain_id': 'default', 'system_scope': None, 'domain_id': None, 'project_id': '8cdaa8b1e849436aa7c944e6ae6e6a47', 'project_domain_id': 'default', 'roles': ['member', 'reader'], 'is_admin_project': True, 'service_user_id': None, 'service_user_domain_id': None, 'service_project_id': None, 'service_project_domain_id': None, 'service_roles': []} {{(pid=117673) authorize /opt/stack/nova/nova/policy.py:199}}
Mar 14 11:19:46.076385 dv-cinder-831776-2-smb devstack@n-api.service[117673]: INFO nova.api.openstack.requestlog [None req-82bc8df5-5443-4adb-978c-565e4b1b1352 tempest-VolumesSnapshotTestJSON-1671480742 tempest-VolumesSnapshotTestJSON-1671480742-project] 10.222.0.30 "GET /compute/v2.1/servers/fe941650-28ba-4a7d-afb8-0ac2652f97fa" status: 200 len: 1219 microversion: 2.1 time: 0.116184
Mar 14 11:19:46.077899 dv-cinder-831776-2-smb devstack@n-api.service[117673]: [pid: 117673|app: 0|req: 93/176] 10.222.0.30 () {58 vars in 1235 bytes} [Mon Mar 14 11:19:45 2022] GET /compute/v2.1/servers/fe941650-28ba-4a7d-afb8-0ac2652f97fa => generated 1219 bytes in 120 msecs (HTTP/1.1 200) 9 headers in 358 bytes (1 switches on core 0)
Mar 14 11:19:46.234823 dv-cinder-831776-2-smb devstack@n-api.service[117672]: DEBUG nova.api.openstack.wsgi [None req-64d9ea2d-0798-4b7e-a7c3-cabbc6ecb93b tempest-AttachVolumeShelveTestJSON-142179372 tempest-AttachVolumeShelveTestJSON-142179372-project] Calling method '>' {{(pid=117672) _process_stack /opt/stack/nova/nova/api/openstack/wsgi.py:513}}
Mar 14 11:19:46.235521 dv-cinder-831776-2-smb devstack@n-api.service[117672]: DEBUG nova.compute.api [None req-64d9ea2d-0798-4b7e-a7c3-cabbc6ecb93b tempest-AttachVolumeShelveTestJSON-142179372 tempest-AttachVolumeShelveTestJSON-142179372-project] [instance: bc435876-7647-4821-8b08-97d8657fc62c] Fetching instance by UUID {{(pid=117672) get /opt/stack/nova/nova/compute/api.py:2918}}
Mar 14 11:19:46.244046 dv-cinder-831776-2-smb devstack@n-api.service[117672]: DEBUG oslo_concurrency.lockutils [None req-64d9ea2d-0798-4b7e-a7c3-cabbc6ecb93b tempest-AttachVolumeShelveTestJSON-142179372 tempest-AttachVolumeShelveTestJSON-142179372-project] Lock "b06438d4-1aab-4cb6-bcc9-22176ce04b00" acquired by "nova.context.set_target_cell..get_or_set_cached_cell_and_set_connections" :: waited 0.000s {{(pid=117672) inner /usr/local/lib/python3.8/dist-packages/oslo_concurrency/lockutils.py:386}}
Mar 14 11:19:46.245101 dv-cinder-831776-2-smb devstack@n-api.service[117672]: DEBUG oslo_concurrency.lockutils [None req-64d9ea2d-0798-4b7e-a7c3-cabbc6ecb93b tempest-AttachVolumeShelveTestJSON-142179372 tempest-AttachVolumeShelveTestJSON-142179372-project] Lock "b06438d4-1aab-4cb6-bcc9-22176ce04b00" "released" by "nova.context.set_target_cell..get_or_set_cached_cell_and_set_connections" :: held 0.001s {{(pid=117672) inner /usr/local/lib/python3.8/dist-packages/oslo_concurrency/lockutils.py:400}}
Mar 14 11:19:46.246139 dv-cinder-831776-2-smb devstack@n-api.service[117672]: DEBUG oslo_concurrency.lockutils [None req-64d9ea2d-0798-4b7e-a7c3-cabbc6ecb93b tempest-AttachVolumeShelveTestJSON-142179372 tempest-AttachVolumeShelveTestJSON-142179372-project] Lock "b06438d4-1aab-4cb6-bcc9-22176ce04b00" acquired by "nova.context.set_target_cell..get_or_set_cached_cell_and_set_connections" :: waited 0.000s {{(pid=117672) inner /usr/local/lib/python3.8/dist-packages/oslo_concurrency/lockutils.py:386}}
Mar 14 11:19:46.247777 dv-cinder-831776-2-smb devstack@n-api.service[117672]: DEBUG oslo_concurrency.lockutils [None req-64d9ea2d-0798-4b7e-a7c3-cabbc6ecb93b tempest-AttachVolumeShelveTestJSON-142179372 tempest-AttachVolumeShelveTestJSON-142179372-project] Lock "b06438d4-1aab-4cb6-bcc9-22176ce04b00" "released" by "nova.context.set_target_cell..get_or_set_cached_cell_and_set_connections" :: held 0.002s {{(pid=117672) inner /usr/local/lib/python3.8/dist-packages/oslo_concurrency/lockutils.py:400}}
Mar 14 11:19:46.566289 dv-cinder-831776-2-smb devstack@n-api.service[117672]: DEBUG nova.policy [None req-64d9ea2d-0798-4b7e-a7c3-cabbc6ecb93b tempest-AttachVolumeShelveTestJSON-142179372 tempest-AttachVolumeShelveTestJSON-142179372-project] Policy check for os_compute_api:os-extended-server-attributes failed with credentials {'is_admin': False, 'user_id': '6425a08eb4c84e4682bcce772cc998c9', 'user_domain_id': 'default', 'system_scope': None, 'domain_id': None, 'project_id': '496c1103dc8e49f19c0968e3d56fdad4', 'project_domain_id': 'default', 'roles': ['member', 'reader'], 'is_admin_project': True, 'service_user_id': None, 'service_user_domain_id': None, 'service_project_id': None, 'service_project_domain_id': None, 'service_roles': []} {{(pid=117672) authorize /opt/stack/nova/nova/policy.py:199}}
Mar 14 11:19:46.575561 dv-cinder-831776-2-smb devstack@n-api.service[117672]: DEBUG nova.policy [None req-64d9ea2d-0798-4b7e-a7c3-cabbc6ecb93b tempest-AttachVolumeShelveTestJSON-142179372 tempest-AttachVolumeShelveTestJSON-142179372-project] Policy check for os_compute_api:servers:show:host_status failed with credentials {'is_admin': False, 'user_id': '6425a08eb4c84e4682bcce772cc998c9', 'user_domain_id': 'default', 'system_scope': None, 'domain_id': None, 'project_id': '496c1103dc8e49f19c0968e3d56fdad4', 'project_domain_id': 'default', 'roles': ['member', 'reader'], 'is_admin_project': True, 'service_user_id': None, 'service_user_domain_id': None, 'service_project_id': None, 'service_project_domain_id': None, 'service_roles': []} {{(pid=117672) authorize /opt/stack/nova/nova/policy.py:199}}
Mar 14 11:19:46.577106 dv-cinder-831776-2-smb devstack@n-api.service[117672]: DEBUG nova.policy [None req-64d9ea2d-0798-4b7e-a7c3-cabbc6ecb93b tempest-AttachVolumeShelveTestJSON-142179372 tempest-AttachVolumeShelveTestJSON-142179372-project] Policy check for os_compute_api:servers:show:host_status:unknown-only failed with credentials {'is_admin': False, 'user_id': '6425a08eb4c84e4682bcce772cc998c9', 'user_domain_id': 'default', 'system_scope': None, 'domain_id': None, 'project_id': '496c1103dc8e49f19c0968e3d56fdad4', 'project_domain_id': 'default', 'roles': ['member', 'reader'], 'is_admin_project': True, 'service_user_id': None, 'service_user_domain_id': None, 'service_project_id': None, 'service_project_domain_id': None, 'service_roles': []} {{(pid=117672) authorize /opt/stack/nova/nova/policy.py:199}}
Mar 14 11:19:46.578474 dv-cinder-831776-2-smb devstack@n-api.service[117672]: INFO nova.api.openstack.requestlog [None req-64d9ea2d-0798-4b7e-a7c3-cabbc6ecb93b tempest-AttachVolumeShelveTestJSON-142179372 tempest-AttachVolumeShelveTestJSON-142179372-project] 10.222.0.30 "GET /compute/v2.1/servers/bc435876-7647-4821-8b08-97d8657fc62c" status: 200 len: 1406 microversion: 2.20 time: 0.347866
Mar 14 11:19:46.594420 dv-cinder-831776-2-smb devstack@n-api.service[117672]: [pid: 117672|app: 0|req: 84/177] 10.222.0.30 () {60 vars in 1276 bytes} [Mon Mar 14 11:19:46 2022] GET /compute/v2.1/servers/bc435876-7647-4821-8b08-97d8657fc62c => generated 1406 bytes in 359 msecs (HTTP/1.1 200) 9 headers in 360 bytes (1 switches on core 0)
Mar 14 11:19:46.815264 dv-cinder-831776-2-smb devstack@n-api.service[117672]: DEBUG nova.api.openstack.wsgi [None req-66d6ebb7-bc76-4473-b8f1-ac857e152a1d tempest-ServerRescueNegativeTestJSON-1945439808 tempest-ServerRescueNegativeTestJSON-1945439808-project] Calling method '>' {{(pid=117672) _process_stack /opt/stack/nova/nova/api/openstack/wsgi.py:513}}
Mar 14 11:19:46.818415 dv-cinder-831776-2-smb devstack@n-api.service[117672]: DEBUG nova.compute.api [None req-66d6ebb7-bc76-4473-b8f1-ac857e152a1d tempest-ServerRescueNegativeTestJSON-1945439808 tempest-ServerRescueNegativeTestJSON-1945439808-project] [instance: 679a71c0-5a36-45e6-b2b7-415c570fc393] Fetching instance by UUID {{(pid=117672) get /opt/stack/nova/nova/compute/api.py:2918}}
Mar 14 11:19:46.823418 dv-cinder-831776-2-smb devstack@n-api.service[117672]: DEBUG oslo_concurrency.lockutils [None req-66d6ebb7-bc76-4473-b8f1-ac857e152a1d tempest-ServerRescueNegativeTestJSON-1945439808 tempest-ServerRescueNegativeTestJSON-1945439808-project] Lock "b06438d4-1aab-4cb6-bcc9-22176ce04b00" acquired by "nova.context.set_target_cell..get_or_set_cached_cell_and_set_connections" :: waited 0.000s {{(pid=117672) inner /usr/local/lib/python3.8/dist-packages/oslo_concurrency/lockutils.py:386}}
Mar 14 11:19:46.823863 dv-cinder-831776-2-smb devstack@n-api.service[117672]: DEBUG oslo_concurrency.lockutils [None req-66d6ebb7-bc76-4473-b8f1-ac857e152a1d tempest-ServerRescueNegativeTestJSON-1945439808 tempest-ServerRescueNegativeTestJSON-1945439808-project] Lock "b06438d4-1aab-4cb6-bcc9-22176ce04b00" "released" by "nova.context.set_target_cell..get_or_set_cached_cell_and_set_connections" :: held 0.001s {{(pid=117672) inner /usr/local/lib/python3.8/dist-packages/oslo_concurrency/lockutils.py:400}}
Mar 14 11:19:46.825130 dv-cinder-831776-2-smb devstack@n-api.service[117672]: DEBUG oslo_concurrency.lockutils [None req-66d6ebb7-bc76-4473-b8f1-ac857e152a1d tempest-ServerRescueNegativeTestJSON-1945439808 tempest-ServerRescueNegativeTestJSON-1945439808-project] Lock "b06438d4-1aab-4cb6-bcc9-22176ce04b00" acquired by "nova.context.set_target_cell..get_or_set_cached_cell_and_set_connections" :: waited 0.000s {{(pid=117672) inner /usr/local/lib/python3.8/dist-packages/oslo_concurrency/lockutils.py:386}}
Mar 14 11:19:46.825776 dv-cinder-831776-2-smb devstack@n-api.service[117672]: DEBUG oslo_concurrency.lockutils [None req-66d6ebb7-bc76-4473-b8f1-ac857e152a1d tempest-ServerRescueNegativeTestJSON-1945439808 tempest-ServerRescueNegativeTestJSON-1945439808-project] Lock "b06438d4-1aab-4cb6-bcc9-22176ce04b00" "released" by "nova.context.set_target_cell..get_or_set_cached_cell_and_set_connections" :: held 0.001s {{(pid=117672) inner /usr/local/lib/python3.8/dist-packages/oslo_concurrency/lockutils.py:400}}
Mar 14 11:19:46.968560 dv-cinder-831776-2-smb devstack@n-api.service[117673]: DEBUG nova.api.openstack.wsgi [None req-e2e89956-44a5-4d88-91d7-267c47027455 tempest-TestShelveInstance-1282528157 tempest-TestShelveInstance-1282528157-project] Action: 'create', calling method: .version_select at 0x7f8c3453b790>, body: {"keypair": {"name": "tempest-TestShelveInstance-2095509601"}} {{(pid=117673) _process_stack /opt/stack/nova/nova/api/openstack/wsgi.py:511}}
Mar 14 11:19:46.989387 dv-cinder-831776-2-smb devstack@n-api.service[117672]: DEBUG nova.policy [None req-66d6ebb7-bc76-4473-b8f1-ac857e152a1d tempest-ServerRescueNegativeTestJSON-1945439808 tempest-ServerRescueNegativeTestJSON-1945439808-project] Policy check for os_compute_api:os-extended-server-attributes failed with credentials {'is_admin': False, 'user_id': '157d2c0088d64bfc976581be732c327a', 'user_domain_id': 'default', 'system_scope': None, 'domain_id': None, 'project_id': '17c01f8533d24467a9510aa2527c4347', 'project_domain_id': 'default', 'roles': ['member', 'reader'], 'is_admin_project': True, 'service_user_id': None, 'service_user_domain_id': None, 'service_project_id': None, 'service_project_domain_id': None, 'service_roles': []} {{(pid=117672) authorize /opt/stack/nova/nova/policy.py:199}}
Mar 14 11:19:47.002229 dv-cinder-831776-2-smb devstack@n-api.service[117672]: INFO nova.api.openstack.requestlog [None req-66d6ebb7-bc76-4473-b8f1-ac857e152a1d tempest-ServerRescueNegativeTestJSON-1945439808 tempest-ServerRescueNegativeTestJSON-1945439808-project] 10.222.0.30 "GET /compute/v2.1/servers/679a71c0-5a36-45e6-b2b7-415c570fc393" status: 200 len: 1521 microversion: 2.1 time: 0.192345
Mar 14 11:19:47.003032 dv-cinder-831776-2-smb devstack@n-api.service[117672]: [pid: 117672|app: 0|req: 85/178] 10.222.0.30 () {58 vars in 1235 bytes} [Mon Mar 14 11:19:46 2022] GET /compute/v2.1/servers/679a71c0-5a36-45e6-b2b7-415c570fc393 => generated 1521 bytes in 194 msecs (HTTP/1.1 200) 9 headers in 358 bytes (1 switches on core 0)
Mar 14 11:19:47.003915 dv-cinder-831776-2-smb devstack@n-api.service[117673]: DEBUG nova.quota [None req-e2e89956-44a5-4d88-91d7-267c47027455 tempest-TestShelveInstance-1282528157 tempest-TestShelveInstance-1282528157-project] Getting quotas for project 4c03d299b4d7486490db3cdd6a870c3e. Resources: {'key_pairs'} {{(pid=117673) _get_quotas /opt/stack/nova/nova/quota.py:393}}
Mar 14 11:19:47.012885 dv-cinder-831776-2-smb devstack@n-api.service[117673]: DEBUG nova.quota [None req-e2e89956-44a5-4d88-91d7-267c47027455 tempest-TestShelveInstance-1282528157 tempest-TestShelveInstance-1282528157-project] Getting quotas for user 5484fa1fc2d94583b4de2510fc5ddcc7 and project 4c03d299b4d7486490db3cdd6a870c3e. Resources: {'key_pairs'} {{(pid=117673) _get_quotas /opt/stack/nova/nova/quota.py:383}}
Mar 14 11:19:47.098474 dv-cinder-831776-2-smb devstack@n-api.service[117672]: DEBUG nova.api.openstack.wsgi [None req-03783312-08db-4ca3-ac47-3cf0a1768bdf tempest-VolumesSnapshotTestJSON-1671480742 tempest-VolumesSnapshotTestJSON-1671480742-project] Calling method '>' {{(pid=117672) _process_stack /opt/stack/nova/nova/api/openstack/wsgi.py:513}}
Mar 14 11:19:47.099317 dv-cinder-831776-2-smb devstack@n-api.service[117672]: DEBUG nova.compute.api [None req-03783312-08db-4ca3-ac47-3cf0a1768bdf tempest-VolumesSnapshotTestJSON-1671480742 tempest-VolumesSnapshotTestJSON-1671480742-project] [instance: fe941650-28ba-4a7d-afb8-0ac2652f97fa] Fetching instance by UUID {{(pid=117672) get /opt/stack/nova/nova/compute/api.py:2918}}
Mar 14 11:19:47.183134 dv-cinder-831776-2-smb devstack@n-api.service[117672]: DEBUG nova.policy [None req-03783312-08db-4ca3-ac47-3cf0a1768bdf tempest-VolumesSnapshotTestJSON-1671480742 tempest-VolumesSnapshotTestJSON-1671480742-project] Policy check for os_compute_api:os-extended-server-attributes failed with credentials {'is_admin': False, 'user_id': '9bebc59e8bcf45dcb7725214e36386d7', 'user_domain_id': 'default', 'system_scope': None, 'domain_id': None, 'project_id': '8cdaa8b1e849436aa7c944e6ae6e6a47', 'project_domain_id': 'default', 'roles': ['member', 'reader'], 'is_admin_project': True, 'service_user_id': None, 'service_user_domain_id': None, 'service_project_id': None, 'service_project_domain_id': None, 'service_roles': []} {{(pid=117672) authorize /opt/stack/nova/nova/policy.py:199}}
Mar 14 11:19:47.191452 dv-cinder-831776-2-smb devstack@n-api.service[117672]: INFO nova.api.openstack.requestlog [None req-03783312-08db-4ca3-ac47-3cf0a1768bdf tempest-VolumesSnapshotTestJSON-1671480742 tempest-VolumesSnapshotTestJSON-1671480742-project] 10.222.0.30 "GET /compute/v2.1/servers/fe941650-28ba-4a7d-afb8-0ac2652f97fa" status: 200 len: 1219 microversion: 2.1 time: 0.100440
Mar 14 11:19:47.196446 dv-cinder-831776-2-smb devstack@n-api.service[117672]: [pid: 117672|app: 0|req: 86/179] 10.222.0.30 () {58 vars in 1235 bytes} [Mon Mar 14 11:19:47 2022] GET /compute/v2.1/servers/fe941650-28ba-4a7d-afb8-0ac2652f97fa => generated 1219 bytes in 106 msecs (HTTP/1.1 200) 9 headers in 358 bytes (2 switches on core 0)
Mar 14 11:19:47.398931 dv-cinder-831776-2-smb devstack@n-api.service[117673]: DEBUG nova.quota [None req-e2e89956-44a5-4d88-91d7-267c47027455 tempest-TestShelveInstance-1282528157 tempest-TestShelveInstance-1282528157-project] Getting quotas for project 4c03d299b4d7486490db3cdd6a870c3e. Resources: {'key_pairs'} {{(pid=117673) _get_quotas /opt/stack/nova/nova/quota.py:393}}
Mar 14 11:19:47.404774 dv-cinder-831776-2-smb devstack@n-api.service[117673]: DEBUG nova.quota [None req-e2e89956-44a5-4d88-91d7-267c47027455 tempest-TestShelveInstance-1282528157 tempest-TestShelveInstance-1282528157-project] Getting quotas for user 5484fa1fc2d94583b4de2510fc5ddcc7 and project 4c03d299b4d7486490db3cdd6a870c3e. Resources: {'key_pairs'} {{(pid=117673) _get_quotas /opt/stack/nova/nova/quota.py:383}}
Mar 14 11:19:47.418486 dv-cinder-831776-2-smb devstack@n-api.service[117673]: INFO nova.api.openstack.requestlog [None req-e2e89956-44a5-4d88-91d7-267c47027455 tempest-TestShelveInstance-1282528157 tempest-TestShelveInstance-1282528157-project] 10.222.0.30 "POST /compute/v2.1/os-keypairs" status: 200 len: 2312 microversion: 2.1 time: 0.659666
Mar 14 11:19:47.419689 dv-cinder-831776-2-smb devstack@n-api.service[117673]: [pid: 117673|app: 0|req: 94/180] 10.222.0.30 () {60 vars in 1157 bytes} [Mon Mar 14 11:19:46 2022] POST /compute/v2.1/os-keypairs => generated 2312 bytes in 661 msecs (HTTP/1.1 200) 9 headers in 358 bytes (1 switches on core 0)
Mar 14 11:19:47.611439 dv-cinder-831776-2-smb devstack@n-api.service[117672]: DEBUG nova.api.openstack.wsgi [None req-407b5566-8125-4d4f-a33b-fd37792db2b7 tempest-AttachVolumeShelveTestJSON-142179372 tempest-AttachVolumeShelveTestJSON-142179372-project] Calling method '>' {{(pid=117672) _process_stack /opt/stack/nova/nova/api/openstack/wsgi.py:513}}
Mar 14 11:19:47.613226 dv-cinder-831776-2-smb devstack@n-api.service[117672]: DEBUG nova.compute.api [None req-407b5566-8125-4d4f-a33b-fd37792db2b7 tempest-AttachVolumeShelveTestJSON-142179372 tempest-AttachVolumeShelveTestJSON-142179372-project] [instance: bc435876-7647-4821-8b08-97d8657fc62c] Fetching instance by UUID {{(pid=117672) get /opt/stack/nova/nova/compute/api.py:2918}}
Mar 14 11:19:47.622106 dv-cinder-831776-2-smb devstack@n-api.service[117672]: DEBUG oslo_concurrency.lockutils [None req-407b5566-8125-4d4f-a33b-fd37792db2b7 tempest-AttachVolumeShelveTestJSON-142179372 tempest-AttachVolumeShelveTestJSON-142179372-project] Lock "b06438d4-1aab-4cb6-bcc9-22176ce04b00" acquired by "nova.context.set_target_cell..get_or_set_cached_cell_and_set_connections" :: waited 0.000s {{(pid=117672) inner /usr/local/lib/python3.8/dist-packages/oslo_concurrency/lockutils.py:386}}
Mar 14 11:19:47.622835 dv-cinder-831776-2-smb devstack@n-api.service[117672]: DEBUG oslo_concurrency.lockutils [None req-407b5566-8125-4d4f-a33b-fd37792db2b7 tempest-AttachVolumeShelveTestJSON-142179372 tempest-AttachVolumeShelveTestJSON-142179372-project] Lock "b06438d4-1aab-4cb6-bcc9-22176ce04b00" "released" by "nova.context.set_target_cell..get_or_set_cached_cell_and_set_connections" :: held 0.001s {{(pid=117672) inner /usr/local/lib/python3.8/dist-packages/oslo_concurrency/lockutils.py:400}}
Mar 14 11:19:47.623652 dv-cinder-831776-2-smb devstack@n-api.service[117672]: DEBUG oslo_concurrency.lockutils [None req-407b5566-8125-4d4f-a33b-fd37792db2b7 tempest-AttachVolumeShelveTestJSON-142179372 tempest-AttachVolumeShelveTestJSON-142179372-project] Lock "b06438d4-1aab-4cb6-bcc9-22176ce04b00" acquired by "nova.context.set_target_cell..get_or_set_cached_cell_and_set_connections" :: waited 0.000s {{(pid=117672) inner /usr/local/lib/python3.8/dist-packages/oslo_concurrency/lockutils.py:386}}
Mar 14 11:19:47.624450 dv-cinder-831776-2-smb devstack@n-api.service[117672]: DEBUG oslo_concurrency.lockutils [None req-407b5566-8125-4d4f-a33b-fd37792db2b7 tempest-AttachVolumeShelveTestJSON-142179372 tempest-AttachVolumeShelveTestJSON-142179372-project] Lock "b06438d4-1aab-4cb6-bcc9-22176ce04b00" "released" by "nova.context.set_target_cell..get_or_set_cached_cell_and_set_connections" :: held 0.001s {{(pid=117672) inner /usr/local/lib/python3.8/dist-packages/oslo_concurrency/lockutils.py:400}}
Mar 14 11:19:47.782571 dv-cinder-831776-2-smb devstack@n-api.service[117672]: DEBUG nova.policy [None req-407b5566-8125-4d4f-a33b-fd37792db2b7 tempest-AttachVolumeShelveTestJSON-142179372 tempest-AttachVolumeShelveTestJSON-142179372-project] Policy check for os_compute_api:os-extended-server-attributes failed with credentials {'is_admin': False, 'user_id': '6425a08eb4c84e4682bcce772cc998c9', 'user_domain_id': 'default', 'system_scope': None, 'domain_id': None, 'project_id': '496c1103dc8e49f19c0968e3d56fdad4', 'project_domain_id': 'default', 'roles': ['member', 'reader'], 'is_admin_project': True, 'service_user_id': None, 'service_user_domain_id': None, 'service_project_id': None, 'service_project_domain_id': None, 'service_roles': []} {{(pid=117672) authorize /opt/stack/nova/nova/policy.py:199}}
Mar 14 11:19:47.791394 dv-cinder-831776-2-smb devstack@n-api.service[117672]: DEBUG nova.policy [None req-407b5566-8125-4d4f-a33b-fd37792db2b7 tempest-AttachVolumeShelveTestJSON-142179372 tempest-AttachVolumeShelveTestJSON-142179372-project] Policy check for os_compute_api:servers:show:host_status failed with credentials {'is_admin': False, 'user_id': '6425a08eb4c84e4682bcce772cc998c9', 'user_domain_id': 'default', 'system_scope': None, 'domain_id': None, 'project_id': '496c1103dc8e49f19c0968e3d56fdad4', 'project_domain_id': 'default', 'roles': ['member', 'reader'], 'is_admin_project': True, 'service_user_id': None, 'service_user_domain_id': None, 'service_project_id': None, 'service_project_domain_id': None, 'service_roles': []} {{(pid=117672) authorize /opt/stack/nova/nova/policy.py:199}}
Mar 14 11:19:47.793152 dv-cinder-831776-2-smb devstack@n-api.service[117672]: DEBUG nova.policy [None req-407b5566-8125-4d4f-a33b-fd37792db2b7 tempest-AttachVolumeShelveTestJSON-142179372 tempest-AttachVolumeShelveTestJSON-142179372-project] Policy check for os_compute_api:servers:show:host_status:unknown-only failed with credentials {'is_admin': False, 'user_id': '6425a08eb4c84e4682bcce772cc998c9', 'user_domain_id': 'default', 'system_scope': None, 'domain_id': None, 'project_id': '496c1103dc8e49f19c0968e3d56fdad4', 'project_domain_id': 'default', 'roles': ['member', 'reader'], 'is_admin_project': True, 'service_user_id': None, 'service_user_domain_id': None, 'service_project_id': None, 'service_project_domain_id': None, 'service_roles': []} {{(pid=117672) authorize /opt/stack/nova/nova/policy.py:199}}
Mar 14 11:19:47.794318 dv-cinder-831776-2-smb devstack@n-api.service[117672]: INFO nova.api.openstack.requestlog [None req-407b5566-8125-4d4f-a33b-fd37792db2b7 tempest-AttachVolumeShelveTestJSON-142179372 tempest-AttachVolumeShelveTestJSON-142179372-project] 10.222.0.30 "GET /compute/v2.1/servers/bc435876-7647-4821-8b08-97d8657fc62c" status: 200 len: 1406 microversion: 2.20 time: 0.188270
Mar 14 11:19:47.795615 dv-cinder-831776-2-smb devstack@n-api.service[117672]: [pid: 117672|app: 0|req: 87/181] 10.222.0.30 () {60 vars in 1276 bytes} [Mon Mar 14 11:19:47 2022] GET /compute/v2.1/servers/bc435876-7647-4821-8b08-97d8657fc62c => generated 1406 bytes in 190 msecs (HTTP/1.1 200) 9 headers in 360 bytes (1 switches on core 0)
Mar 14 11:19:48.020120 dv-cinder-831776-2-smb devstack@n-api.service[117673]: DEBUG nova.api.openstack.wsgi [None req-5729c7d5-fe1d-4c17-afbf-6fa4c67221cb tempest-ServerRescueNegativeTestJSON-1945439808 tempest-ServerRescueNegativeTestJSON-1945439808-project] Calling method '>' {{(pid=117673) _process_stack /opt/stack/nova/nova/api/openstack/wsgi.py:513}}
Mar 14 11:19:48.020865 dv-cinder-831776-2-smb devstack@n-api.service[117673]: DEBUG nova.compute.api [None req-5729c7d5-fe1d-4c17-afbf-6fa4c67221cb tempest-ServerRescueNegativeTestJSON-1945439808 tempest-ServerRescueNegativeTestJSON-1945439808-project] [instance: 679a71c0-5a36-45e6-b2b7-415c570fc393] Fetching instance by UUID {{(pid=117673) get /opt/stack/nova/nova/compute/api.py:2918}}
Mar 14 11:19:48.027505 dv-cinder-831776-2-smb devstack@n-api.service[117673]: DEBUG oslo_concurrency.lockutils [None req-5729c7d5-fe1d-4c17-afbf-6fa4c67221cb tempest-ServerRescueNegativeTestJSON-1945439808 tempest-ServerRescueNegativeTestJSON-1945439808-project] Lock "b06438d4-1aab-4cb6-bcc9-22176ce04b00" acquired by "nova.context.set_target_cell..get_or_set_cached_cell_and_set_connections" :: waited 0.000s {{(pid=117673) inner /usr/local/lib/python3.8/dist-packages/oslo_concurrency/lockutils.py:386}}
Mar 14 11:19:48.027964 dv-cinder-831776-2-smb devstack@n-api.service[117673]: DEBUG oslo_concurrency.lockutils [None req-5729c7d5-fe1d-4c17-afbf-6fa4c67221cb tempest-ServerRescueNegativeTestJSON-1945439808 tempest-ServerRescueNegativeTestJSON-1945439808-project] Lock "b06438d4-1aab-4cb6-bcc9-22176ce04b00" "released" by "nova.context.set_target_cell..get_or_set_cached_cell_and_set_connections" :: held 0.001s {{(pid=117673) inner /usr/local/lib/python3.8/dist-packages/oslo_concurrency/lockutils.py:400}}
Mar 14 11:19:48.028949 dv-cinder-831776-2-smb devstack@n-api.service[117673]: DEBUG oslo_concurrency.lockutils [None req-5729c7d5-fe1d-4c17-afbf-6fa4c67221cb tempest-ServerRescueNegativeTestJSON-1945439808 tempest-ServerRescueNegativeTestJSON-1945439808-project] Lock "b06438d4-1aab-4cb6-bcc9-22176ce04b00" acquired by "nova.context.set_target_cell..get_or_set_cached_cell_and_set_connections" :: waited 0.000s {{(pid=117673) inner /usr/local/lib/python3.8/dist-packages/oslo_concurrency/lockutils.py:386}}
