Mar 03 14:24:55.037140 dv-cinder-831776-1-smb devstack@c-api.service[110173]: /usr/local/lib/python3.8/dist-packages/oslo_policy/policy.py:809: UserWarning: Policy "volume_extension:default_unset":"rule:system_or_domain_or_project_admin" was deprecated in X in favor of "volume_extension:default_unset":"rule:admin_api". Reason: Default policies now support the three Keystone default roles, namely 'admin', 'member', and 'reader' to implement three Cinder "personas". See "Policy Personas and Permissions" in the "Cinder Service Configuration" documentation (Xena release) for details.. Either ensure your deployment is ready for the new default or copy/paste the deprecated policy into your policy file and maintain it manually.
Mar 03 14:24:55.037140 dv-cinder-831776-1-smb devstack@c-api.service[110173]: warnings.warn(deprecated_msg)
Mar 03 14:24:55.037140 dv-cinder-831776-1-smb devstack@c-api.service[110173]: DEBUG cinder.api.middleware.request_id [None req-d55aa823-f032-4b5e-ab01-fc28cef6d435 None None] RequestId filter calling following filter/app {{(pid=110173) _context_setter /opt/stack/cinder/cinder/api/middleware/request_id.py:62}}
Mar 03 14:24:55.942123 dv-cinder-831776-1-smb devstack@c-api.service[110173]: INFO cinder.api.openstack.wsgi [None req-d55aa823-f032-4b5e-ab01-fc28cef6d435 admin admin] POST http://10.222.0.15/volume/v3/4ca88b8277684fd7a3dcc6e086ef5b56/types
Mar 03 14:24:55.943431 dv-cinder-831776-1-smb devstack@c-api.service[110173]: DEBUG cinder.api.openstack.wsgi [None req-d55aa823-f032-4b5e-ab01-fc28cef6d435 admin admin] Action: 'create', calling method: _create, body: {"volume_type": {"name": "lvmdriver-1", "description": null, "os-volume-type-access:is_public": true}} {{(pid=110173) _process_stack /opt/stack/cinder/cinder/api/openstack/wsgi.py:866}}
Mar 03 14:24:55.945391 dv-cinder-831776-1-smb devstack@c-api.service[110173]: /usr/local/lib/python3.8/dist-packages/oslo_context/context.py:105: DeprecationWarning: Policy enforcement is depending on the value of is_admin. This key is deprecated. Please update your policy file to use the standard policy values.
Mar 03 14:24:55.945391 dv-cinder-831776-1-smb devstack@c-api.service[110173]: warnings.warn('Policy enforcement is depending on the value of '
Mar 03 14:24:55.952022 dv-cinder-831776-1-smb devstack@c-api.service[110173]: DEBUG oslo_db.sqlalchemy.engines [None req-d55aa823-f032-4b5e-ab01-fc28cef6d435 admin admin] MySQL server mode set to STRICT_TRANS_TABLES,STRICT_ALL_TABLES,NO_ZERO_IN_DATE,NO_ZERO_DATE,ERROR_FOR_DIVISION_BY_ZERO,TRADITIONAL,NO_ENGINE_SUBSTITUTION {{(pid=110173) _check_effective_sql_mode /usr/local/lib/python3.8/dist-packages/oslo_db/sqlalchemy/engines.py:314}}
Mar 03 14:24:56.082919 dv-cinder-831776-1-smb devstack@c-api.service[110173]: INFO cinder.api.openstack.wsgi [None req-d55aa823-f032-4b5e-ab01-fc28cef6d435 admin admin] http://10.222.0.15/volume/v3/4ca88b8277684fd7a3dcc6e086ef5b56/types returned with HTTP 200
Mar 03 14:24:56.089479 dv-cinder-831776-1-smb devstack@c-api.service[110173]: [pid: 110173|app: 0|req: 1/2] 10.222.0.15 () {60 vars in 1237 bytes} [Thu Mar 3 14:24:55 2022] POST /volume/v3/4ca88b8277684fd7a3dcc6e086ef5b56/types => generated 186 bytes in 1086 msecs (HTTP/1.1 200) 7 headers in 285 bytes (1 switches on core 0)
Mar 03 14:24:56.090478 dv-cinder-831776-1-smb devstack@c-api.service[110172]: DEBUG cinder.api.middleware.request_id [req-d55aa823-f032-4b5e-ab01-fc28cef6d435 req-05925f7c-230d-4de5-bbf1-5bb9d09f8d8a None None] RequestId filter calling following filter/app {{(pid=110172) _context_setter /opt/stack/cinder/cinder/api/middleware/request_id.py:62}}
Mar 03 14:24:56.838998 dv-cinder-831776-1-smb devstack@c-api.service[110172]: INFO cinder.api.openstack.wsgi [req-d55aa823-f032-4b5e-ab01-fc28cef6d435 req-05925f7c-230d-4de5-bbf1-5bb9d09f8d8a admin admin] POST http://10.222.0.15/volume/v3/4ca88b8277684fd7a3dcc6e086ef5b56/types/f45ea9b4-d3d5-4408-8125-fd27293be0e7/extra_specs
Mar 03 14:24:56.840234 dv-cinder-831776-1-smb devstack@c-api.service[110172]: DEBUG cinder.api.openstack.wsgi [req-d55aa823-f032-4b5e-ab01-fc28cef6d435 req-05925f7c-230d-4de5-bbf1-5bb9d09f8d8a admin admin] Action: 'create', calling method: create, body: {"extra_specs": {"volume_backend_name": "lvmdriver-1"}} {{(pid=110172) _process_stack /opt/stack/cinder/cinder/api/openstack/wsgi.py:866}}
Mar 03 14:24:56.842810 dv-cinder-831776-1-smb devstack@c-api.service[110172]: /usr/local/lib/python3.8/dist-packages/oslo_context/context.py:105: DeprecationWarning: Policy enforcement is depending on the value of is_admin. This key is deprecated. Please update your policy file to use the standard policy values.
Mar 03 14:24:56.842810 dv-cinder-831776-1-smb devstack@c-api.service[110172]: warnings.warn('Policy enforcement is depending on the value of '
Mar 03 14:24:56.851642 dv-cinder-831776-1-smb devstack@c-api.service[110172]: DEBUG oslo_db.sqlalchemy.engines [req-d55aa823-f032-4b5e-ab01-fc28cef6d435 req-05925f7c-230d-4de5-bbf1-5bb9d09f8d8a admin admin] MySQL server mode set to STRICT_TRANS_TABLES,STRICT_ALL_TABLES,NO_ZERO_IN_DATE,NO_ZERO_DATE,ERROR_FOR_DIVISION_BY_ZERO,TRADITIONAL,NO_ENGINE_SUBSTITUTION {{(pid=110172) _check_effective_sql_mode /usr/local/lib/python3.8/dist-packages/oslo_db/sqlalchemy/engines.py:314}}
Mar 03 14:24:57.015292 dv-cinder-831776-1-smb devstack@c-api.service[110172]: INFO cinder.api.openstack.wsgi [req-d55aa823-f032-4b5e-ab01-fc28cef6d435 req-05925f7c-230d-4de5-bbf1-5bb9d09f8d8a admin admin] http://10.222.0.15/volume/v3/4ca88b8277684fd7a3dcc6e086ef5b56/types/f45ea9b4-d3d5-4408-8125-fd27293be0e7/extra_specs returned with HTTP 200
Mar 03 14:24:57.016066 dv-cinder-831776-1-smb devstack@c-api.service[110172]: [pid: 110172|app: 0|req: 2/3] 10.222.0.15 () {62 vars in 1454 bytes} [Thu Mar 3 14:24:56 2022] POST /volume/v3/4ca88b8277684fd7a3dcc6e086ef5b56/types/f45ea9b4-d3d5-4408-8125-fd27293be0e7/extra_specs => generated 55 bytes in 928 msecs (HTTP/1.1 200) 7 headers in 284 bytes (2 switches on core 0)
Mar 03 14:25:41.329747 dv-cinder-831776-1-smb devstack@c-api.service[110173]: DEBUG cinder.api.middleware.request_id [None req-f8e5a4cf-69ff-454f-a7ac-6507b815292c None None] RequestId filter calling following filter/app {{(pid=110173) _context_setter /opt/stack/cinder/cinder/api/middleware/request_id.py:62}}
Mar 03 14:25:41.330941 dv-cinder-831776-1-smb devstack@c-api.service[110173]: INFO cinder.api.openstack.wsgi [None req-f8e5a4cf-69ff-454f-a7ac-6507b815292c None None] GET http://10.222.0.15/volume//
Mar 03 14:25:41.331363 dv-cinder-831776-1-smb devstack@c-api.service[110173]: DEBUG cinder.api.openstack.wsgi [None req-f8e5a4cf-69ff-454f-a7ac-6507b815292c None None] Empty body provided in request {{(pid=110173) get_body /opt/stack/cinder/cinder/api/openstack/wsgi.py:715}}
Mar 03 14:25:41.331813 dv-cinder-831776-1-smb devstack@c-api.service[110173]: DEBUG cinder.api.openstack.wsgi [None req-f8e5a4cf-69ff-454f-a7ac-6507b815292c None None] Calling method 'all' {{(pid=110173) _process_stack /opt/stack/cinder/cinder/api/openstack/wsgi.py:868}}
Mar 03 14:25:41.332845 dv-cinder-831776-1-smb devstack@c-api.service[110173]: INFO cinder.api.openstack.wsgi [None req-f8e5a4cf-69ff-454f-a7ac-6507b815292c None None] http://10.222.0.15/volume// returned with HTTP 300
Mar 03 14:25:41.333401 dv-cinder-831776-1-smb devstack@c-api.service[110173]: [pid: 110173|app: 0|req: 2/4] 10.222.0.15 () {56 vars in 1098 bytes} [Thu Mar 3 14:25:41 2022] GET /volume/ => generated 386 bytes in 5 msecs (HTTP/1.1 300) 7 headers in 299 bytes (1 switches on core 0)
Mar 03 14:28:26.858472 dv-cinder-831776-1-smb devstack@c-api.service[110172]: DEBUG cinder.api.middleware.request_id [None req-d5264516-c4de-4f2d-912c-bfffd5f9f7a8 None None] RequestId filter calling following filter/app {{(pid=110172) _context_setter /opt/stack/cinder/cinder/api/middleware/request_id.py:62}}
Mar 03 14:28:26.864690 dv-cinder-831776-1-smb devstack@c-api.service[110172]: INFO cinder.api.openstack.wsgi [None req-d5264516-c4de-4f2d-912c-bfffd5f9f7a8 tempest-verify_tempest_config-2117844624 tempest-verify_tempest_config-2117844624-project] GET http://10.222.0.15/volume/v3/0980e10ed8354b2197d2e8ab285959a2/extensions
Mar 03 14:28:26.865124 dv-cinder-831776-1-smb devstack@c-api.service[110172]: DEBUG cinder.api.openstack.wsgi [None req-d5264516-c4de-4f2d-912c-bfffd5f9f7a8 tempest-verify_tempest_config-2117844624 tempest-verify_tempest_config-2117844624-project] Empty body provided in request {{(pid=110172) get_body /opt/stack/cinder/cinder/api/openstack/wsgi.py:715}}
Mar 03 14:28:26.865569 dv-cinder-831776-1-smb devstack@c-api.service[110172]: DEBUG cinder.api.openstack.wsgi [None req-d5264516-c4de-4f2d-912c-bfffd5f9f7a8 tempest-verify_tempest_config-2117844624 tempest-verify_tempest_config-2117844624-project] Calling method 'index' {{(pid=110172) _process_stack /opt/stack/cinder/cinder/api/openstack/wsgi.py:868}}
Mar 03 14:28:26.866250 dv-cinder-831776-1-smb devstack@c-api.service[110172]: INFO cinder.api.openstack.wsgi [None req-d5264516-c4de-4f2d-912c-bfffd5f9f7a8 tempest-verify_tempest_config-2117844624 tempest-verify_tempest_config-2117844624-project] http://10.222.0.15/volume/v3/0980e10ed8354b2197d2e8ab285959a2/extensions returned with HTTP 200
Mar 03 14:28:26.866917 dv-cinder-831776-1-smb devstack@c-api.service[110172]: [pid: 110172|app: 0|req: 3/5] 10.222.0.15 () {58 vars in 1222 bytes} [Thu Mar 3 14:28:26 2022] GET /volume/v3/0980e10ed8354b2197d2e8ab285959a2/extensions => generated 5245 bytes in 10 msecs (HTTP/1.1 200) 7 headers in 286 bytes (1 switches on core 0)
Mar 03 14:30:34.346591 dv-cinder-831776-1-smb devstack@c-api.service[110173]: DEBUG cinder.api.middleware.request_id [None req-033b7164-3001-4014-adc7-d74522be2819 None None] RequestId filter calling following filter/app {{(pid=110173) _context_setter /opt/stack/cinder/cinder/api/middleware/request_id.py:62}}
Mar 03 14:30:34.449791 dv-cinder-831776-1-smb devstack@c-api.service[110173]: INFO cinder.api.openstack.wsgi [None req-033b7164-3001-4014-adc7-d74522be2819 admin admin] GET http://10.222.0.15/volume/v3/4ca88b8277684fd7a3dcc6e086ef5b56/os-services
Mar 03 14:30:34.450353 dv-cinder-831776-1-smb devstack@c-api.service[110173]: DEBUG cinder.api.openstack.wsgi [None req-033b7164-3001-4014-adc7-d74522be2819 admin admin] Empty body provided in request {{(pid=110173) get_body /opt/stack/cinder/cinder/api/openstack/wsgi.py:715}}
Mar 03 14:30:34.450874 dv-cinder-831776-1-smb devstack@c-api.service[110173]: DEBUG cinder.api.openstack.wsgi [None req-033b7164-3001-4014-adc7-d74522be2819 admin admin] Calling method 'index' {{(pid=110173) _process_stack /opt/stack/cinder/cinder/api/openstack/wsgi.py:868}}
Mar 03 14:30:34.459141 dv-cinder-831776-1-smb devstack@c-api.service[110173]: INFO cinder.api.openstack.wsgi [None req-033b7164-3001-4014-adc7-d74522be2819 admin admin] http://10.222.0.15/volume/v3/4ca88b8277684fd7a3dcc6e086ef5b56/os-services returned with HTTP 200
Mar 03 14:30:34.459868 dv-cinder-831776-1-smb devstack@c-api.service[110173]: [pid: 110173|app: 0|req: 3/6] 10.222.0.15 () {56 vars in 1201 bytes} [Thu Mar 3 14:30:34 2022] GET /volume/v3/4ca88b8277684fd7a3dcc6e086ef5b56/os-services => generated 640 bytes in 115 msecs (HTTP/1.1 200) 7 headers in 285 bytes (1 switches on core 0)
Mar 03 14:30:37.076988 dv-cinder-831776-1-smb devstack@c-api.service[110172]: DEBUG cinder.api.middleware.request_id [None req-9ae87770-f290-453a-bbce-1a8a259b3563 None None] RequestId filter calling following filter/app {{(pid=110172) _context_setter /opt/stack/cinder/cinder/api/middleware/request_id.py:62}}
Mar 03 14:30:37.165725 dv-cinder-831776-1-smb devstack@c-api.service[110172]: INFO cinder.api.openstack.wsgi [None req-9ae87770-f290-453a-bbce-1a8a259b3563 admin admin] GET http://10.222.0.15/volume/v3/4ca88b8277684fd7a3dcc6e086ef5b56/os-services
Mar 03 14:30:37.166181 dv-cinder-831776-1-smb devstack@c-api.service[110172]: DEBUG cinder.api.openstack.wsgi [None req-9ae87770-f290-453a-bbce-1a8a259b3563 admin admin] Empty body provided in request {{(pid=110172) get_body /opt/stack/cinder/cinder/api/openstack/wsgi.py:715}}
Mar 03 14:30:37.166644 dv-cinder-831776-1-smb devstack@c-api.service[110172]: DEBUG cinder.api.openstack.wsgi [None req-9ae87770-f290-453a-bbce-1a8a259b3563 admin admin] Calling method 'index' {{(pid=110172) _process_stack /opt/stack/cinder/cinder/api/openstack/wsgi.py:868}}
Mar 03 14:30:37.175492 dv-cinder-831776-1-smb devstack@c-api.service[110172]: INFO cinder.api.openstack.wsgi [None req-9ae87770-f290-453a-bbce-1a8a259b3563 admin admin] http://10.222.0.15/volume/v3/4ca88b8277684fd7a3dcc6e086ef5b56/os-services returned with HTTP 200
Mar 03 14:30:37.176187 dv-cinder-831776-1-smb devstack@c-api.service[110172]: [pid: 110172|app: 0|req: 4/7] 10.222.0.15 () {56 vars in 1201 bytes} [Thu Mar 3 14:30:37 2022] GET /volume/v3/4ca88b8277684fd7a3dcc6e086ef5b56/os-services => generated 640 bytes in 100 msecs (HTTP/1.1 200) 7 headers in 285 bytes (1 switches on core 0)
Mar 03 14:32:20.133981 dv-cinder-831776-1-smb devstack@c-api.service[110173]: DEBUG cinder.api.middleware.request_id [req-54e81a84-290d-4039-b75f-050367cb8536 req-26316db0-67a2-4137-a34c-ca5e8bf664e6 None None] RequestId filter calling following filter/app {{(pid=110173) _context_setter /opt/stack/cinder/cinder/api/middleware/request_id.py:62}}
Mar 03 14:32:20.448049 dv-cinder-831776-1-smb devstack@c-api.service[110173]: WARNING keystonemiddleware.auth_token [req-54e81a84-290d-4039-b75f-050367cb8536 req-26316db0-67a2-4137-a34c-ca5e8bf664e6 None None] A valid token was submitted as a service token, but it was not a valid service token. This is incorrect but backwards compatible behaviour. This will be removed in future releases.
Mar 03 14:32:20.453165 dv-cinder-831776-1-smb devstack@c-api.service[110173]: INFO cinder.api.openstack.wsgi [req-54e81a84-290d-4039-b75f-050367cb8536 req-26316db0-67a2-4137-a34c-ca5e8bf664e6 tempest-VolumesSnapshotsTestJSON-178371155 tempest-VolumesSnapshotsTestJSON-178371155-project] POST http://10.222.0.15/volume/v3/749bdd85533e4c0585636845b3d2c9db/volumes
Mar 03 14:32:20.455517 dv-cinder-831776-1-smb devstack@c-api.service[110173]: DEBUG cinder.api.openstack.wsgi [req-54e81a84-290d-4039-b75f-050367cb8536 req-26316db0-67a2-4137-a34c-ca5e8bf664e6 tempest-VolumesSnapshotsTestJSON-178371155 tempest-VolumesSnapshotsTestJSON-178371155-project] Action: 'create', calling method: create, body: {"volume": {"size": 1, "consistencygroup_id": null, "snapshot_id": null, "name": "tempest-VolumesSnapshotsTestJSON-volume-632406677", "description": null, "volume_type": null, "availability_zone": null, "metadata": {}, "imageRef": null, "source_volid": null, "backup_id": null}} {{(pid=110173) _process_stack /opt/stack/cinder/cinder/api/openstack/wsgi.py:866}}
Mar 03 14:32:20.457822 dv-cinder-831776-1-smb devstack@c-api.service[110173]: DEBUG cinder.api.v3.volumes [req-54e81a84-290d-4039-b75f-050367cb8536 req-26316db0-67a2-4137-a34c-ca5e8bf664e6 tempest-VolumesSnapshotsTestJSON-178371155 tempest-VolumesSnapshotsTestJSON-178371155-project] Create volume request body: {'volume': {'size': 1, 'consistencygroup_id': None, 'snapshot_id': None, 'name': 'tempest-VolumesSnapshotsTestJSON-volume-632406677', 'description': None, 'volume_type': None, 'availability_zone': None, 'metadata': {}, 'imageRef': None, 'source_volid': None, 'backup_id': None}} {{(pid=110173) create /opt/stack/cinder/cinder/api/v3/volumes.py:298}}
Mar 03 14:32:20.459202 dv-cinder-831776-1-smb devstack@c-api.service[110173]: INFO cinder.api.v3.volumes [req-54e81a84-290d-4039-b75f-050367cb8536 req-26316db0-67a2-4137-a34c-ca5e8bf664e6 tempest-VolumesSnapshotsTestJSON-178371155 tempest-VolumesSnapshotsTestJSON-178371155-project] Create volume of 1 GB
Mar 03 14:32:20.502572 dv-cinder-831776-1-smb devstack@c-api.service[110173]: DEBUG cinder.volume.api [req-54e81a84-290d-4039-b75f-050367cb8536 req-26316db0-67a2-4137-a34c-ca5e8bf664e6 tempest-VolumesSnapshotsTestJSON-178371155 tempest-VolumesSnapshotsTestJSON-178371155-project] Availability zone cache updated, next update will occur around 2022-03-03 15:32:20.498937. {{(pid=110173) list_availability_zones /opt/stack/cinder/cinder/volume/api.py:152}}
Mar 03 14:32:20.503038 dv-cinder-831776-1-smb devstack@c-api.service[110173]: INFO cinder.volume.api [req-54e81a84-290d-4039-b75f-050367cb8536 req-26316db0-67a2-4137-a34c-ca5e8bf664e6 tempest-VolumesSnapshotsTestJSON-178371155 tempest-VolumesSnapshotsTestJSON-178371155-project] Availability Zones retrieved successfully.
Mar 03 14:32:20.612307 dv-cinder-831776-1-smb devstack@c-api.service[110173]: DEBUG cinder.volume.api [req-54e81a84-290d-4039-b75f-050367cb8536 req-26316db0-67a2-4137-a34c-ca5e8bf664e6 tempest-VolumesSnapshotsTestJSON-178371155 tempest-VolumesSnapshotsTestJSON-178371155-project] Flow 'volume_create_api' (957ae95e-0cc5-4b60-9613-60d496c3ed0d) transitioned into state 'RUNNING' from state 'PENDING' {{(pid=110173) _flow_receiver /usr/local/lib/python3.8/dist-packages/taskflow/listeners/logging.py:141}}
Mar 03 14:32:20.619113 dv-cinder-831776-1-smb devstack@c-api.service[110173]: DEBUG cinder.volume.api [req-54e81a84-290d-4039-b75f-050367cb8536 req-26316db0-67a2-4137-a34c-ca5e8bf664e6 tempest-VolumesSnapshotsTestJSON-178371155 tempest-VolumesSnapshotsTestJSON-178371155-project] Task 'cinder.volume.flows.api.create_volume.ExtractVolumeRequestTask;volume:create' (4733ce82-ee81-4668-b05e-0b3756760c8b) transitioned into state 'RUNNING' from state 'PENDING' {{(pid=110173) _task_receiver /usr/local/lib/python3.8/dist-packages/taskflow/listeners/logging.py:190}}
Mar 03 14:32:20.622235 dv-cinder-831776-1-smb devstack@c-api.service[110173]: DEBUG cinder.volume.flows.api.create_volume [req-54e81a84-290d-4039-b75f-050367cb8536 req-26316db0-67a2-4137-a34c-ca5e8bf664e6 tempest-VolumesSnapshotsTestJSON-178371155 tempest-VolumesSnapshotsTestJSON-178371155-project] Validating volume size '1' using validate_int {{(pid=110173) _extract_size /opt/stack/cinder/cinder/volume/flows/api/create_volume.py:225}}
Mar 03 14:32:20.691089 dv-cinder-831776-1-smb devstack@c-api.service[110173]: DEBUG cinder.volume.api [req-54e81a84-290d-4039-b75f-050367cb8536 req-26316db0-67a2-4137-a34c-ca5e8bf664e6 tempest-VolumesSnapshotsTestJSON-178371155 tempest-VolumesSnapshotsTestJSON-178371155-project] Task 'cinder.volume.flows.api.create_volume.ExtractVolumeRequestTask;volume:create' (4733ce82-ee81-4668-b05e-0b3756760c8b) transitioned into state 'SUCCESS' from state 'RUNNING' with result '{'size': 1, 'snapshot_id': None, 'source_volid': None, 'volume_type': VolumeType(created_at=2022-03-03T14:17:39Z,deleted=False,deleted_at=None,description='Default Volume Type',extra_specs={},id=57c98285-7f9e-4b65-afb7-dbd4d433fa05,is_public=True,name='__DEFAULT__',projects=[],qos_specs=,qos_specs_id=None,updated_at=2022-03-03T14:17:39Z), 'volume_type_id': '57c98285-7f9e-4b65-afb7-dbd4d433fa05', 'encryption_key_id': None, 'qos_specs': None, 'consistencygroup_id': None, 'cgsnapshot_id': None, 'group_id': None, 'replication_status': 'disabled', 'refresh_az': False, 'backup_id': None, 'multiattach': False, 'availability_zones': ['nova']}' {{(pid=110173) _task_receiver /usr/local/lib/python3.8/dist-packages/taskflow/listeners/logging.py:178}}
Mar 03 14:32:20.694013 dv-cinder-831776-1-smb devstack@c-api.service[110173]: DEBUG cinder.volume.api [req-54e81a84-290d-4039-b75f-050367cb8536 req-26316db0-67a2-4137-a34c-ca5e8bf664e6 tempest-VolumesSnapshotsTestJSON-178371155 tempest-VolumesSnapshotsTestJSON-178371155-project] Task 'cinder.volume.flows.api.create_volume.QuotaReserveTask;volume:create' (032593fe-dedc-49f5-8d66-56032154e0f0) transitioned into state 'RUNNING' from state 'PENDING' {{(pid=110173) _task_receiver /usr/local/lib/python3.8/dist-packages/taskflow/listeners/logging.py:190}}
Mar 03 14:32:20.805633 dv-cinder-831776-1-smb devstack@c-api.service[110173]: WARNING cinder.quota [req-54e81a84-290d-4039-b75f-050367cb8536 req-26316db0-67a2-4137-a34c-ca5e8bf664e6 tempest-VolumesSnapshotsTestJSON-178371155 tempest-VolumesSnapshotsTestJSON-178371155-project] Deprecated: Default quota for resource: volumes___DEFAULT__ is set by the default quota flag: quota_volumes___DEFAULT__, it is now deprecated. Please use the default quota class for default quota.
Mar 03 14:32:20.811813 dv-cinder-831776-1-smb devstack@c-api.service[110173]: WARNING cinder.quota [req-54e81a84-290d-4039-b75f-050367cb8536 req-26316db0-67a2-4137-a34c-ca5e8bf664e6 tempest-VolumesSnapshotsTestJSON-178371155 tempest-VolumesSnapshotsTestJSON-178371155-project] Deprecated: Default quota for resource: gigabytes___DEFAULT__ is set by the default quota flag: quota_gigabytes___DEFAULT__, it is now deprecated. Please use the default quota class for default quota.
Mar 03 14:32:20.848986 dv-cinder-831776-1-smb devstack@c-api.service[110172]: DEBUG cinder.api.middleware.request_id [None req-d1adeb77-1bfe-4f2d-b91c-dca43354e98e None None] RequestId filter calling following filter/app {{(pid=110172) _context_setter /opt/stack/cinder/cinder/api/middleware/request_id.py:62}}
Mar 03 14:32:21.037525 dv-cinder-831776-1-smb devstack@c-api.service[110173]: DEBUG cinder.quota [req-54e81a84-290d-4039-b75f-050367cb8536 req-26316db0-67a2-4137-a34c-ca5e8bf664e6 tempest-VolumesSnapshotsTestJSON-178371155 tempest-VolumesSnapshotsTestJSON-178371155-project] Created reservations ['0d5b4678-eecd-4241-ae2d-ab4bcc66a215', 'dc1317b9-211c-41c9-bf52-dd91e9c5a366', '812963c4-7d05-4afd-b123-65c5e707d078', '0be7945b-301f-4aff-ad69-5eea73659161'] {{(pid=110173) reserve /opt/stack/cinder/cinder/quota.py:755}}
Mar 03 14:32:21.041561 dv-cinder-831776-1-smb devstack@c-api.service[110173]: DEBUG cinder.volume.api [req-54e81a84-290d-4039-b75f-050367cb8536 req-26316db0-67a2-4137-a34c-ca5e8bf664e6 tempest-VolumesSnapshotsTestJSON-178371155 tempest-VolumesSnapshotsTestJSON-178371155-project] Task 'cinder.volume.flows.api.create_volume.QuotaReserveTask;volume:create' (032593fe-dedc-49f5-8d66-56032154e0f0) transitioned into state 'SUCCESS' from state 'RUNNING' with result '{'reservations': ['0d5b4678-eecd-4241-ae2d-ab4bcc66a215', 'dc1317b9-211c-41c9-bf52-dd91e9c5a366', '812963c4-7d05-4afd-b123-65c5e707d078', '0be7945b-301f-4aff-ad69-5eea73659161']}' {{(pid=110173) _task_receiver /usr/local/lib/python3.8/dist-packages/taskflow/listeners/logging.py:178}}
Mar 03 14:32:21.047746 dv-cinder-831776-1-smb devstack@c-api.service[110173]: DEBUG cinder.volume.api [req-54e81a84-290d-4039-b75f-050367cb8536 req-26316db0-67a2-4137-a34c-ca5e8bf664e6 tempest-VolumesSnapshotsTestJSON-178371155 tempest-VolumesSnapshotsTestJSON-178371155-project] Task 'cinder.volume.flows.api.create_volume.EntryCreateTask;volume:create' (6038220c-da3b-4ace-847b-a270a8e94a66) transitioned into state 'RUNNING' from state 'PENDING' {{(pid=110173) _task_receiver /usr/local/lib/python3.8/dist-packages/taskflow/listeners/logging.py:190}}
Mar 03 14:32:21.133650 dv-cinder-831776-1-smb devstack@c-api.service[110172]: INFO cinder.api.openstack.wsgi [None req-d1adeb77-1bfe-4f2d-b91c-dca43354e98e tempest-GroupSnapshotsTest-436196352 tempest-GroupSnapshotsTest-436196352-project-admin] POST http://10.222.0.15/volume/v3/6c89979794004069a22fadf640764a5c/types
Mar 03 14:32:21.134395 dv-cinder-831776-1-smb devstack@c-api.service[110172]: DEBUG cinder.api.openstack.wsgi [None req-d1adeb77-1bfe-4f2d-b91c-dca43354e98e tempest-GroupSnapshotsTest-436196352 tempest-GroupSnapshotsTest-436196352-project-admin] Action: 'create', calling method: _create, body: {"volume_type": {"name": "tempest-GroupSnapshotsTest-volume-type-1740458913"}} {{(pid=110172) _process_stack /opt/stack/cinder/cinder/api/openstack/wsgi.py:866}}
Mar 03 14:32:21.253911 dv-cinder-831776-1-smb devstack@c-api.service[110173]: DEBUG cinder.volume.api [req-54e81a84-290d-4039-b75f-050367cb8536 req-26316db0-67a2-4137-a34c-ca5e8bf664e6 tempest-VolumesSnapshotsTestJSON-178371155 tempest-VolumesSnapshotsTestJSON-178371155-project] Task 'cinder.volume.flows.api.create_volume.EntryCreateTask;volume:create' (6038220c-da3b-4ace-847b-a270a8e94a66) transitioned into state 'SUCCESS' from state 'RUNNING' with result '{'volume_id': '519872e2-c03b-42cf-b1cc-1afe7158d877', 'volume_properties': VolumeProperties(attach_status='detached',availability_zone='nova',cgsnapshot_id=None,consistencygroup_id=None,display_description=None,display_name='tempest-VolumesSnapshotsTestJSON-volume-632406677',encryption_key_id=None,group_id=None,group_type_id=,metadata={},multiattach=False,project_id='749bdd85533e4c0585636845b3d2c9db',qos_specs=None,replication_status=,reservations=['0d5b4678-eecd-4241-ae2d-ab4bcc66a215','dc1317b9-211c-41c9-bf52-dd91e9c5a366','812963c4-7d05-4afd-b123-65c5e707d078','0be7945b-301f-4aff-ad69-5eea73659161'],size=1,snapshot_id=None,source_replicaid=,source_volid=None,status='creating',user_id='ef84c5eb15324d6291f3737101cf2d4c',volume_type_id=57c98285-7f9e-4b65-afb7-dbd4d433fa05), 'volume': Volume(_name_id=None,admin_metadata=,attach_status='detached',availability_zone='nova',bootable=False,cluster=,cluster_name=None,consistencygroup=,consistencygroup_id=None,created_at=2022-03-03T14:32:21Z,deleted=False,deleted_at=None,display_description=None,display_name='tempest-VolumesSnapshotsTestJSON-volume-632406677',ec2_id=None,encryption_key_id=None,glance_metadata=,group=,group_id=None,host=None,id=519872e2-c03b-42cf-b1cc-1afe7158d877,launched_at=None,metadata={},migration_status=None,multiattach=False,previous_status=None,project_id='749bdd85533e4c0585636845b3d2c9db',provider_auth=None,provider_geometry=None,provider_id=None,provider_location=None,replication_driver_data=None,replication_extended_status=None,replication_status=None,scheduled_at=None,service_uuid=None,shared_targets=True,size=1,snapshot_id=None,snapshots=,source_volid=None,status='creating',terminated_at=None,updated_at=None,use_quota=True,user_id='ef84c5eb15324d6291f3737101cf2d4c',volume_attachment=VolumeAttachmentList,volume_type=VolumeType(57c98285-7f9e-4b65-afb7-dbd4d433fa05),volume_type_id=57c98285-7f9e-4b65-afb7-dbd4d433fa05)}' {{(pid=110173) _task_receiver /usr/local/lib/python3.8/dist-packages/taskflow/listeners/logging.py:178}}
Mar 03 14:32:21.257393 dv-cinder-831776-1-smb devstack@c-api.service[110173]: DEBUG cinder.volume.api [req-54e81a84-290d-4039-b75f-050367cb8536 req-26316db0-67a2-4137-a34c-ca5e8bf664e6 tempest-VolumesSnapshotsTestJSON-178371155 tempest-VolumesSnapshotsTestJSON-178371155-project] Task 'cinder.volume.flows.api.create_volume.QuotaCommitTask;volume:create' (ad8179ca-0361-4b00-b1c1-5cd18c4c2d22) transitioned into state 'RUNNING' from state 'PENDING' {{(pid=110173) _task_receiver /usr/local/lib/python3.8/dist-packages/taskflow/listeners/logging.py:190}}
Mar 03 14:32:21.284977 dv-cinder-831776-1-smb devstack@c-api.service[110172]: INFO cinder.api.openstack.wsgi [None req-d1adeb77-1bfe-4f2d-b91c-dca43354e98e tempest-GroupSnapshotsTest-436196352 tempest-GroupSnapshotsTest-436196352-project-admin] http://10.222.0.15/volume/v3/6c89979794004069a22fadf640764a5c/types returned with HTTP 200
Mar 03 14:32:21.287537 dv-cinder-831776-1-smb devstack@c-api.service[110172]: [pid: 110172|app: 0|req: 5/8] 10.222.0.15 () {60 vars in 1228 bytes} [Thu Mar 3 14:32:20 2022] POST /volume/v3/6c89979794004069a22fadf640764a5c/types => generated 224 bytes in 439 msecs (HTTP/1.1 200) 7 headers in 285 bytes (1 switches on core 0)
Mar 03 14:32:21.289939 dv-cinder-831776-1-smb devstack@c-api.service[110172]: DEBUG cinder.api.middleware.request_id [None req-c8ee9603-4a0b-4b97-bfcf-bc71507205da None None] RequestId filter calling following filter/app {{(pid=110172) _context_setter /opt/stack/cinder/cinder/api/middleware/request_id.py:62}}
Mar 03 14:32:21.353875 dv-cinder-831776-1-smb devstack@c-api.service[110173]: DEBUG cinder.volume.api [req-54e81a84-290d-4039-b75f-050367cb8536 req-26316db0-67a2-4137-a34c-ca5e8bf664e6 tempest-VolumesSnapshotsTestJSON-178371155 tempest-VolumesSnapshotsTestJSON-178371155-project] Task 'cinder.volume.flows.api.create_volume.QuotaCommitTask;volume:create' (ad8179ca-0361-4b00-b1c1-5cd18c4c2d22) transitioned into state 'SUCCESS' from state 'RUNNING' with result '{'volume_properties': VolumeProperties(attach_status='detached',availability_zone='nova',cgsnapshot_id=None,consistencygroup_id=None,display_description=None,display_name='tempest-VolumesSnapshotsTestJSON-volume-632406677',encryption_key_id=None,group_id=None,group_type_id=,metadata={},multiattach=False,project_id='749bdd85533e4c0585636845b3d2c9db',qos_specs=None,replication_status=,reservations=['0d5b4678-eecd-4241-ae2d-ab4bcc66a215','dc1317b9-211c-41c9-bf52-dd91e9c5a366','812963c4-7d05-4afd-b123-65c5e707d078','0be7945b-301f-4aff-ad69-5eea73659161'],size=1,snapshot_id=None,source_replicaid=,source_volid=None,status='creating',user_id='ef84c5eb15324d6291f3737101cf2d4c',volume_type_id=57c98285-7f9e-4b65-afb7-dbd4d433fa05)}' {{(pid=110173) _task_receiver /usr/local/lib/python3.8/dist-packages/taskflow/listeners/logging.py:178}}
Mar 03 14:32:21.356647 dv-cinder-831776-1-smb devstack@c-api.service[110173]: DEBUG cinder.volume.api [req-54e81a84-290d-4039-b75f-050367cb8536 req-26316db0-67a2-4137-a34c-ca5e8bf664e6 tempest-VolumesSnapshotsTestJSON-178371155 tempest-VolumesSnapshotsTestJSON-178371155-project] Task 'cinder.volume.flows.api.create_volume.VolumeCastTask;volume:create' (0b6a3608-cdb6-47ba-90e3-80dbc7ee9cab) transitioned into state 'RUNNING' from state 'PENDING' {{(pid=110173) _task_receiver /usr/local/lib/python3.8/dist-packages/taskflow/listeners/logging.py:190}}
Mar 03 14:32:21.482095 dv-cinder-831776-1-smb devstack@c-api.service[110173]: DEBUG cinder.volume.api [req-54e81a84-290d-4039-b75f-050367cb8536 req-26316db0-67a2-4137-a34c-ca5e8bf664e6 tempest-VolumesSnapshotsTestJSON-178371155 tempest-VolumesSnapshotsTestJSON-178371155-project] Task 'cinder.volume.flows.api.create_volume.VolumeCastTask;volume:create' (0b6a3608-cdb6-47ba-90e3-80dbc7ee9cab) transitioned into state 'SUCCESS' from state 'RUNNING' with result 'None' {{(pid=110173) _task_receiver /usr/local/lib/python3.8/dist-packages/taskflow/listeners/logging.py:178}}
Mar 03 14:32:21.484788 dv-cinder-831776-1-smb devstack@c-api.service[110173]: DEBUG cinder.volume.api [req-54e81a84-290d-4039-b75f-050367cb8536 req-26316db0-67a2-4137-a34c-ca5e8bf664e6 tempest-VolumesSnapshotsTestJSON-178371155 tempest-VolumesSnapshotsTestJSON-178371155-project] Flow 'volume_create_api' (957ae95e-0cc5-4b60-9613-60d496c3ed0d) transitioned into state 'SUCCESS' from state 'RUNNING' {{(pid=110173) _flow_receiver /usr/local/lib/python3.8/dist-packages/taskflow/listeners/logging.py:141}}
Mar 03 14:32:21.485556 dv-cinder-831776-1-smb devstack@c-api.service[110173]: INFO cinder.volume.api [req-54e81a84-290d-4039-b75f-050367cb8536 req-26316db0-67a2-4137-a34c-ca5e8bf664e6 tempest-VolumesSnapshotsTestJSON-178371155 tempest-VolumesSnapshotsTestJSON-178371155-project] Create volume request issued successfully.
Mar 03 14:32:21.487526 dv-cinder-831776-1-smb devstack@c-api.service[110173]: INFO cinder.api.openstack.wsgi [req-54e81a84-290d-4039-b75f-050367cb8536 req-26316db0-67a2-4137-a34c-ca5e8bf664e6 tempest-VolumesSnapshotsTestJSON-178371155 tempest-VolumesSnapshotsTestJSON-178371155-project] http://10.222.0.15/volume/v3/749bdd85533e4c0585636845b3d2c9db/volumes returned with HTTP 202
Mar 03 14:32:21.488699 dv-cinder-831776-1-smb devstack@c-api.service[110173]: [pid: 110173|app: 0|req: 4/9] 10.222.0.15 () {64 vars in 1521 bytes} [Thu Mar 3 14:32:20 2022] POST /volume/v3/749bdd85533e4c0585636845b3d2c9db/volumes => generated 823 bytes in 1358 msecs (HTTP/1.1 202) 7 headers in 291 bytes (1 switches on core 0)
Mar 03 14:32:21.490392 dv-cinder-831776-1-smb devstack@c-api.service[110173]: DEBUG cinder.api.middleware.request_id [None req-04a38d05-c7ea-499f-a243-be3be0e815af None None] RequestId filter calling following filter/app {{(pid=110173) _context_setter /opt/stack/cinder/cinder/api/middleware/request_id.py:62}}
Mar 03 14:32:21.496207 dv-cinder-831776-1-smb devstack@c-api.service[110173]: INFO cinder.api.openstack.wsgi [None req-04a38d05-c7ea-499f-a243-be3be0e815af tempest-GroupSnapshotsTest-436196352 tempest-GroupSnapshotsTest-436196352-project-admin] POST http://10.222.0.15/volume/v3/6c89979794004069a22fadf640764a5c/group_types
Mar 03 14:32:21.497210 dv-cinder-831776-1-smb devstack@c-api.service[110173]: DEBUG cinder.api.openstack.wsgi [None req-04a38d05-c7ea-499f-a243-be3be0e815af tempest-GroupSnapshotsTest-436196352 tempest-GroupSnapshotsTest-436196352-project-admin] Action: 'create', calling method: version_select, body: {"group_type": {"name": "tempest-GroupSnapshotsTest-group-type-1978039998"}} {{(pid=110173) _process_stack /opt/stack/cinder/cinder/api/openstack/wsgi.py:866}}
Mar 03 14:32:21.498565 dv-cinder-831776-1-smb devstack@c-api.service[110173]: /usr/local/lib/python3.8/dist-packages/oslo_context/context.py:105: DeprecationWarning: Policy enforcement is depending on the value of is_admin. This key is deprecated. Please update your policy file to use the standard policy values.
Mar 03 14:32:21.498565 dv-cinder-831776-1-smb devstack@c-api.service[110173]: warnings.warn('Policy enforcement is depending on the value of '
Mar 03 14:32:21.499441 dv-cinder-831776-1-smb devstack@c-api.service[110172]: INFO cinder.api.openstack.wsgi [None req-c8ee9603-4a0b-4b97-bfcf-bc71507205da tempest-BackendsCapabilitiesAdminTestsJSON-1496132120 tempest-BackendsCapabilitiesAdminTestsJSON-1496132120-project-admin] GET http://10.222.0.15/volume/v3/e910b8cf290243bcb1fe06d4da0a489d/scheduler-stats/get_pools
Mar 03 14:32:21.501389 dv-cinder-831776-1-smb devstack@c-api.service[110172]: DEBUG cinder.api.openstack.wsgi [None req-c8ee9603-4a0b-4b97-bfcf-bc71507205da tempest-BackendsCapabilitiesAdminTestsJSON-1496132120 tempest-BackendsCapabilitiesAdminTestsJSON-1496132120-project-admin] Empty body provided in request {{(pid=110172) get_body /opt/stack/cinder/cinder/api/openstack/wsgi.py:715}}
Mar 03 14:32:21.503801 dv-cinder-831776-1-smb devstack@c-api.service[110172]: DEBUG cinder.api.openstack.wsgi [None req-c8ee9603-4a0b-4b97-bfcf-bc71507205da tempest-BackendsCapabilitiesAdminTestsJSON-1496132120 tempest-BackendsCapabilitiesAdminTestsJSON-1496132120-project-admin] Calling method 'get_pools' {{(pid=110172) _process_stack /opt/stack/cinder/cinder/api/openstack/wsgi.py:868}}
Mar 03 14:32:21.654404 dv-cinder-831776-1-smb devstack@c-api.service[110173]: INFO cinder.api.openstack.wsgi [None req-04a38d05-c7ea-499f-a243-be3be0e815af tempest-GroupSnapshotsTest-436196352 tempest-GroupSnapshotsTest-436196352-project-admin] http://10.222.0.15/volume/v3/6c89979794004069a22fadf640764a5c/group_types returned with HTTP 202
Mar 03 14:32:21.655648 dv-cinder-831776-1-smb devstack@c-api.service[110173]: [pid: 110173|app: 0|req: 5/10] 10.222.0.15 () {62 vars in 1287 bytes} [Thu Mar 3 14:32:21 2022] POST /volume/v3/6c89979794004069a22fadf640764a5c/group_types => generated 181 bytes in 166 msecs (HTTP/1.1 202) 7 headers in 292 bytes (1 switches on core 0)
Mar 03 14:32:21.657886 dv-cinder-831776-1-smb devstack@c-api.service[110173]: DEBUG cinder.api.middleware.request_id [None req-f06ea60d-4da6-4e88-bca9-3098494999c5 None None] RequestId filter calling following filter/app {{(pid=110173) _context_setter /opt/stack/cinder/cinder/api/middleware/request_id.py:62}}
Mar 03 14:32:21.742522 dv-cinder-831776-1-smb devstack@c-api.service[110173]: INFO cinder.api.openstack.wsgi [None req-f06ea60d-4da6-4e88-bca9-3098494999c5 tempest-GroupSnapshotsV319Test-1350175911 tempest-GroupSnapshotsV319Test-1350175911-project-admin] POST http://10.222.0.15/volume/v3/208a601a01b24252b697dcfaae6a8600/types
Mar 03 14:32:21.743477 dv-cinder-831776-1-smb devstack@c-api.service[110173]: DEBUG cinder.api.openstack.wsgi [None req-f06ea60d-4da6-4e88-bca9-3098494999c5 tempest-GroupSnapshotsV319Test-1350175911 tempest-GroupSnapshotsV319Test-1350175911-project-admin] Action: 'create', calling method: _create, body: {"volume_type": {"name": "tempest-GroupSnapshotsV319Test-volume-type-1938644638"}} {{(pid=110173) _process_stack /opt/stack/cinder/cinder/api/openstack/wsgi.py:866}}
Mar 03 14:32:21.786544 dv-cinder-831776-1-smb devstack@c-api.service[110172]: INFO cinder.api.openstack.wsgi [None req-c8ee9603-4a0b-4b97-bfcf-bc71507205da tempest-BackendsCapabilitiesAdminTestsJSON-1496132120 tempest-BackendsCapabilitiesAdminTestsJSON-1496132120-project-admin] http://10.222.0.15/volume/v3/e910b8cf290243bcb1fe06d4da0a489d/scheduler-stats/get_pools returned with HTTP 200
Mar 03 14:32:21.787453 dv-cinder-831776-1-smb devstack@c-api.service[110172]: [pid: 110172|app: 0|req: 6/11] 10.222.0.15 () {58 vars in 1267 bytes} [Thu Mar 3 14:32:21 2022] GET /volume/v3/e910b8cf290243bcb1fe06d4da0a489d/scheduler-stats/get_pools => generated 56 bytes in 498 msecs (HTTP/1.1 200) 7 headers in 284 bytes (1 switches on core 0)
Mar 03 14:32:21.794449 dv-cinder-831776-1-smb devstack@c-api.service[110172]: DEBUG cinder.api.middleware.request_id [req-54e81a84-290d-4039-b75f-050367cb8536 req-96cdb586-a197-45bf-a0bc-f45ad81f95cc None None] RequestId filter calling following filter/app {{(pid=110172) _context_setter /opt/stack/cinder/cinder/api/middleware/request_id.py:62}}
Mar 03 14:32:21.796233 dv-cinder-831776-1-smb devstack@c-api.service[110172]: WARNING keystonemiddleware.auth_token [req-54e81a84-290d-4039-b75f-050367cb8536 req-96cdb586-a197-45bf-a0bc-f45ad81f95cc None None] A valid token was submitted as a service token, but it was not a valid service token. This is incorrect but backwards compatible behaviour. This will be removed in future releases.
Mar 03 14:32:21.799499 dv-cinder-831776-1-smb devstack@c-api.service[110172]: INFO cinder.api.openstack.wsgi [req-54e81a84-290d-4039-b75f-050367cb8536 req-96cdb586-a197-45bf-a0bc-f45ad81f95cc tempest-VolumesSnapshotsTestJSON-178371155 tempest-VolumesSnapshotsTestJSON-178371155-project] GET http://10.222.0.15/volume/v3/749bdd85533e4c0585636845b3d2c9db/volumes/519872e2-c03b-42cf-b1cc-1afe7158d877
Mar 03 14:32:21.803387 dv-cinder-831776-1-smb devstack@c-api.service[110172]: DEBUG cinder.api.openstack.wsgi [req-54e81a84-290d-4039-b75f-050367cb8536 req-96cdb586-a197-45bf-a0bc-f45ad81f95cc tempest-VolumesSnapshotsTestJSON-178371155 tempest-VolumesSnapshotsTestJSON-178371155-project] Empty body provided in request {{(pid=110172) get_body /opt/stack/cinder/cinder/api/openstack/wsgi.py:715}}
Mar 03 14:32:21.803387 dv-cinder-831776-1-smb devstack@c-api.service[110172]: DEBUG cinder.api.openstack.wsgi [req-54e81a84-290d-4039-b75f-050367cb8536 req-96cdb586-a197-45bf-a0bc-f45ad81f95cc tempest-VolumesSnapshotsTestJSON-178371155 tempest-VolumesSnapshotsTestJSON-178371155-project] Calling method 'show' {{(pid=110172) _process_stack /opt/stack/cinder/cinder/api/openstack/wsgi.py:868}}
Mar 03 14:32:21.849690 dv-cinder-831776-1-smb devstack@c-api.service[110172]: /usr/local/lib/python3.8/dist-packages/oslo_context/context.py:105: DeprecationWarning: Policy enforcement is depending on the value of is_admin. This key is deprecated. Please update your policy file to use the standard policy values.
Mar 03 14:32:21.849690 dv-cinder-831776-1-smb devstack@c-api.service[110172]: warnings.warn('Policy enforcement is depending on the value of '
Mar 03 14:32:21.860767 dv-cinder-831776-1-smb devstack@c-api.service[110173]: INFO cinder.api.openstack.wsgi [None req-f06ea60d-4da6-4e88-bca9-3098494999c5 tempest-GroupSnapshotsV319Test-1350175911 tempest-GroupSnapshotsV319Test-1350175911-project-admin] http://10.222.0.15/volume/v3/208a601a01b24252b697dcfaae6a8600/types returned with HTTP 200
Mar 03 14:32:21.861551 dv-cinder-831776-1-smb devstack@c-api.service[110173]: [pid: 110173|app: 0|req: 6/12] 10.222.0.15 () {60 vars in 1228 bytes} [Thu Mar 3 14:32:21 2022] POST /volume/v3/208a601a01b24252b697dcfaae6a8600/types => generated 228 bytes in 205 msecs (HTTP/1.1 200) 7 headers in 285 bytes (1 switches on core 0)
Mar 03 14:32:21.864075 dv-cinder-831776-1-smb devstack@c-api.service[110172]: INFO cinder.volume.api [req-54e81a84-290d-4039-b75f-050367cb8536 req-96cdb586-a197-45bf-a0bc-f45ad81f95cc tempest-VolumesSnapshotsTestJSON-178371155 tempest-VolumesSnapshotsTestJSON-178371155-project] Volume info retrieved successfully.
Mar 03 14:32:21.871753 dv-cinder-831776-1-smb devstack@c-api.service[110173]: DEBUG cinder.api.middleware.request_id [None req-ad90c7b2-482d-402e-9f0b-c59acc21af73 None None] RequestId filter calling following filter/app {{(pid=110173) _context_setter /opt/stack/cinder/cinder/api/middleware/request_id.py:62}}
Mar 03 14:32:21.880472 dv-cinder-831776-1-smb devstack@c-api.service[110172]: INFO cinder.api.openstack.wsgi [req-54e81a84-290d-4039-b75f-050367cb8536 req-96cdb586-a197-45bf-a0bc-f45ad81f95cc tempest-VolumesSnapshotsTestJSON-178371155 tempest-VolumesSnapshotsTestJSON-178371155-project] http://10.222.0.15/volume/v3/749bdd85533e4c0585636845b3d2c9db/volumes/519872e2-c03b-42cf-b1cc-1afe7158d877 returned with HTTP 200
Mar 03 14:32:21.881993 dv-cinder-831776-1-smb devstack@c-api.service[110172]: [pid: 110172|app: 0|req: 7/13] 10.222.0.15 () {60 vars in 1578 bytes} [Thu Mar 3 14:32:21 2022] GET /volume/v3/749bdd85533e4c0585636845b3d2c9db/volumes/519872e2-c03b-42cf-b1cc-1afe7158d877 => generated 891 bytes in 94 msecs (HTTP/1.1 200) 7 headers in 285 bytes (1 switches on core 0)
Mar 03 14:32:21.883691 dv-cinder-831776-1-smb devstack@c-api.service[110172]: DEBUG cinder.api.middleware.request_id [None req-ddf9ea05-937f-48ad-84b5-fb7f84ddd113 None None] RequestId filter calling following filter/app {{(pid=110172) _context_setter /opt/stack/cinder/cinder/api/middleware/request_id.py:62}}
Mar 03 14:32:21.890508 dv-cinder-831776-1-smb devstack@c-api.service[110172]: INFO cinder.api.openstack.wsgi [None req-ddf9ea05-937f-48ad-84b5-fb7f84ddd113 tempest-BackendsCapabilitiesAdminTestsJSON-1496132120 tempest-BackendsCapabilitiesAdminTestsJSON-1496132120-project-admin] GET http://10.222.0.15/volume/v3/e910b8cf290243bcb1fe06d4da0a489d/scheduler-stats/get_pools?detail=True
Mar 03 14:32:21.891453 dv-cinder-831776-1-smb devstack@c-api.service[110172]: DEBUG cinder.api.openstack.wsgi [None req-ddf9ea05-937f-48ad-84b5-fb7f84ddd113 tempest-BackendsCapabilitiesAdminTestsJSON-1496132120 tempest-BackendsCapabilitiesAdminTestsJSON-1496132120-project-admin] Empty body provided in request {{(pid=110172) get_body /opt/stack/cinder/cinder/api/openstack/wsgi.py:715}}
Mar 03 14:32:21.892124 dv-cinder-831776-1-smb devstack@c-api.service[110172]: DEBUG cinder.api.openstack.wsgi [None req-ddf9ea05-937f-48ad-84b5-fb7f84ddd113 tempest-BackendsCapabilitiesAdminTestsJSON-1496132120 tempest-BackendsCapabilitiesAdminTestsJSON-1496132120-project-admin] Calling method 'get_pools' {{(pid=110172) _process_stack /opt/stack/cinder/cinder/api/openstack/wsgi.py:868}}
Mar 03 14:32:21.960675 dv-cinder-831776-1-smb devstack@c-api.service[110172]: INFO cinder.api.openstack.wsgi [None req-ddf9ea05-937f-48ad-84b5-fb7f84ddd113 tempest-BackendsCapabilitiesAdminTestsJSON-1496132120 tempest-BackendsCapabilitiesAdminTestsJSON-1496132120-project-admin] http://10.222.0.15/volume/v3/e910b8cf290243bcb1fe06d4da0a489d/scheduler-stats/get_pools?detail=True returned with HTTP 200
Mar 03 14:32:21.967720 dv-cinder-831776-1-smb devstack@c-api.service[110172]: [pid: 110172|app: 0|req: 8/14] 10.222.0.15 () {58 vars in 1290 bytes} [Thu Mar 3 14:32:21 2022] GET /volume/v3/e910b8cf290243bcb1fe06d4da0a489d/scheduler-stats/get_pools?detail=True => generated 618 bytes in 79 msecs (HTTP/1.1 200) 7 headers in 285 bytes (1 switches on core 0)
Mar 03 14:32:21.969212 dv-cinder-831776-1-smb devstack@c-api.service[110172]: DEBUG cinder.api.middleware.request_id [None req-835e3ed6-1432-42d4-9580-d7a2ec1fefc1 None None] RequestId filter calling following filter/app {{(pid=110172) _context_setter /opt/stack/cinder/cinder/api/middleware/request_id.py:62}}
Mar 03 14:32:21.973303 dv-cinder-831776-1-smb devstack@c-api.service[110172]: INFO cinder.api.openstack.wsgi [None req-835e3ed6-1432-42d4-9580-d7a2ec1fefc1 tempest-GroupSnapshotsV319Test-1350175911 tempest-GroupSnapshotsV319Test-1350175911-project-admin] POST http://10.222.0.15/volume/v3/208a601a01b24252b697dcfaae6a8600/group_types
Mar 03 14:32:21.974117 dv-cinder-831776-1-smb devstack@c-api.service[110172]: DEBUG cinder.api.openstack.wsgi [None req-835e3ed6-1432-42d4-9580-d7a2ec1fefc1 tempest-GroupSnapshotsV319Test-1350175911 tempest-GroupSnapshotsV319Test-1350175911-project-admin] Action: 'create', calling method: version_select, body: {"group_type": {"name": "tempest-GroupSnapshotsV319Test-group-type-1661310975"}} {{(pid=110172) _process_stack /opt/stack/cinder/cinder/api/openstack/wsgi.py:866}}
Mar 03 14:32:22.033799 dv-cinder-831776-1-smb devstack@c-api.service[110173]: INFO cinder.api.openstack.wsgi [None req-ad90c7b2-482d-402e-9f0b-c59acc21af73 tempest-GroupSnapshotsTest-462173124 tempest-GroupSnapshotsTest-462173124-project] POST http://10.222.0.15/volume/v3/b335b7744525480fbc5cd7de680a3e7b/groups
Mar 03 14:32:22.034941 dv-cinder-831776-1-smb devstack@c-api.service[110173]: DEBUG cinder.api.openstack.wsgi [None req-ad90c7b2-482d-402e-9f0b-c59acc21af73 tempest-GroupSnapshotsTest-462173124 tempest-GroupSnapshotsTest-462173124-project] Action: 'create', calling method: version_select, body: {"group": {"group_type": "3ccecb75-ff2f-47f6-9982-aa16d25931f9", "volume_types": ["12861135-f846-48b9-98ae-6136a5423542"], "name": "tempest-GroupSnapshotsTest-Group-1406903550"}} {{(pid=110173) _process_stack /opt/stack/cinder/cinder/api/openstack/wsgi.py:866}}
Mar 03 14:32:22.035924 dv-cinder-831776-1-smb devstack@c-api.service[110173]: DEBUG cinder.api.v3.groups [None req-ad90c7b2-482d-402e-9f0b-c59acc21af73 tempest-GroupSnapshotsTest-462173124 tempest-GroupSnapshotsTest-462173124-project] Creating new group {'group': {'group_type': '3ccecb75-ff2f-47f6-9982-aa16d25931f9', 'volume_types': ['12861135-f846-48b9-98ae-6136a5423542'], 'name': 'tempest-GroupSnapshotsTest-Group-1406903550'}} {{(pid=110173) create /opt/stack/cinder/cinder/api/v3/groups.py:190}}
Mar 03 14:32:22.049249 dv-cinder-831776-1-smb devstack@c-api.service[110173]: INFO cinder.api.v3.groups [None req-ad90c7b2-482d-402e-9f0b-c59acc21af73 tempest-GroupSnapshotsTest-462173124 tempest-GroupSnapshotsTest-462173124-project] Creating group tempest-GroupSnapshotsTest-Group-1406903550.
Mar 03 14:32:22.113211 dv-cinder-831776-1-smb devstack@c-api.service[110172]: INFO cinder.api.openstack.wsgi [None req-835e3ed6-1432-42d4-9580-d7a2ec1fefc1 tempest-GroupSnapshotsV319Test-1350175911 tempest-GroupSnapshotsV319Test-1350175911-project-admin] http://10.222.0.15/volume/v3/208a601a01b24252b697dcfaae6a8600/group_types returned with HTTP 202
Mar 03 14:32:22.114815 dv-cinder-831776-1-smb devstack@c-api.service[110172]: [pid: 110172|app: 0|req: 9/15] 10.222.0.15 () {62 vars in 1287 bytes} [Thu Mar 3 14:32:21 2022] POST /volume/v3/208a601a01b24252b697dcfaae6a8600/group_types => generated 185 bytes in 146 msecs (HTTP/1.1 202) 7 headers in 292 bytes (1 switches on core 0)
Mar 03 14:32:22.116545 dv-cinder-831776-1-smb devstack@c-api.service[110172]: DEBUG cinder.api.middleware.request_id [None req-f4f717e2-77a0-483b-9478-e8ad037b5ff6 None None] RequestId filter calling following filter/app {{(pid=110172) _context_setter /opt/stack/cinder/cinder/api/middleware/request_id.py:62}}
Mar 03 14:32:22.125942 dv-cinder-831776-1-smb devstack@c-api.service[110172]: INFO cinder.api.openstack.wsgi [None req-f4f717e2-77a0-483b-9478-e8ad037b5ff6 tempest-BackendsCapabilitiesAdminTestsJSON-1496132120 tempest-BackendsCapabilitiesAdminTestsJSON-1496132120-project-admin] GET http://10.222.0.15/volume/v3/e910b8cf290243bcb1fe06d4da0a489d/capabilities/hv-cinder-83177@wincnd
Mar 03 14:32:22.130099 dv-cinder-831776-1-smb devstack@c-api.service[110172]: DEBUG cinder.api.openstack.wsgi [None req-f4f717e2-77a0-483b-9478-e8ad037b5ff6 tempest-BackendsCapabilitiesAdminTestsJSON-1496132120 tempest-BackendsCapabilitiesAdminTestsJSON-1496132120-project-admin] Empty body provided in request {{(pid=110172) get_body /opt/stack/cinder/cinder/api/openstack/wsgi.py:715}}
Mar 03 14:32:22.130757 dv-cinder-831776-1-smb devstack@c-api.service[110172]: DEBUG cinder.api.openstack.wsgi [None req-f4f717e2-77a0-483b-9478-e8ad037b5ff6 tempest-BackendsCapabilitiesAdminTestsJSON-1496132120 tempest-BackendsCapabilitiesAdminTestsJSON-1496132120-project-admin] Calling method 'show' {{(pid=110172) _process_stack /opt/stack/cinder/cinder/api/openstack/wsgi.py:868}}
Mar 03 14:32:22.136588 dv-cinder-831776-1-smb devstack@c-api.service[110173]: DEBUG cinder.volume.api [None req-ad90c7b2-482d-402e-9f0b-c59acc21af73 tempest-GroupSnapshotsTest-462173124 tempest-GroupSnapshotsTest-462173124-project] Availability zone cache updated, next update will occur around 2022-03-03 15:32:22.133143. {{(pid=110173) list_availability_zones /opt/stack/cinder/cinder/volume/api.py:152}}
Mar 03 14:32:22.137014 dv-cinder-831776-1-smb devstack@c-api.service[110173]: INFO cinder.volume.api [None req-ad90c7b2-482d-402e-9f0b-c59acc21af73 tempest-GroupSnapshotsTest-462173124 tempest-GroupSnapshotsTest-462173124-project] Availability Zones retrieved successfully.
Mar 03 14:32:22.178845 dv-cinder-831776-1-smb devstack@c-api.service[110172]: INFO cinder.api.openstack.wsgi [None req-f4f717e2-77a0-483b-9478-e8ad037b5ff6 tempest-BackendsCapabilitiesAdminTestsJSON-1496132120 tempest-BackendsCapabilitiesAdminTestsJSON-1496132120-project-admin] http://10.222.0.15/volume/v3/e910b8cf290243bcb1fe06d4da0a489d/capabilities/hv-cinder-83177@wincnd returned with HTTP 200
Mar 03 14:32:22.179714 dv-cinder-831776-1-smb devstack@c-api.service[110172]: [pid: 110172|app: 0|req: 10/16] 10.222.0.15 () {58 vars in 1297 bytes} [Thu Mar 3 14:32:22 2022] GET /volume/v3/e910b8cf290243bcb1fe06d4da0a489d/capabilities/hv-cinder-83177@wincnd => generated 712 bytes in 64 msecs (HTTP/1.1 200) 7 headers in 285 bytes (1 switches on core 0)
