Mar 03 14:24:48.883712 dv-cinder-831776-1-iscsi devstack@c-api.service[110174]: DEBUG cinder.api.extensions [-] Calling extension factory cinder.api.contrib.types_manage.Types_manage {{(pid=110174) load_extension /opt/stack/cinder/cinder/api/extensions.py:205}}
Mar 03 14:24:48.883961 dv-cinder-831776-1-iscsi devstack@c-api.service[110174]: DEBUG cinder.api.extensions [-] Ext name: TypesManage {{(pid=110174) _check_extension /opt/stack/cinder/cinder/api/extensions.py:179}}
Mar 03 14:24:48.884193 dv-cinder-831776-1-iscsi devstack@c-api.service[110174]: DEBUG cinder.api.extensions [-] Ext alias: os-types-manage {{(pid=110174) _check_extension /opt/stack/cinder/cinder/api/extensions.py:180}}
Mar 03 14:24:48.884449 dv-cinder-831776-1-iscsi devstack@c-api.service[110174]: DEBUG cinder.api.extensions [-] Ext description: Types manage support. {{(pid=110174) _check_extension /opt/stack/cinder/cinder/api/extensions.py:181}}
Mar 03 14:24:48.886410 dv-cinder-831776-1-iscsi devstack@c-api.service[110174]: DEBUG cinder.api.extensions [-] Ext updated: 2011-08-24T00:00:00+00:00 {{(pid=110174) _check_extension /opt/stack/cinder/cinder/api/extensions.py:183}}
Mar 03 14:24:48.886410 dv-cinder-831776-1-iscsi devstack@c-api.service[110174]: DEBUG cinder.api.extensions [-] Loaded extension: os-types-manage {{(pid=110174) register /opt/stack/cinder/cinder/api/extensions.py:140}}
Mar 03 14:24:48.886410 dv-cinder-831776-1-iscsi devstack@c-api.service[110174]: DEBUG cinder.api.extensions [-] Loading extension cinder.api.contrib.volume_image_metadata.Volume_image_metadata {{(pid=110174) load_extension /opt/stack/cinder/cinder/api/extensions.py:199}}
Mar 03 14:24:48.886410 dv-cinder-831776-1-iscsi devstack@c-api.service[110174]: DEBUG cinder.api.extensions [-] Calling extension factory cinder.api.contrib.volume_image_metadata.Volume_image_metadata {{(pid=110174) load_extension /opt/stack/cinder/cinder/api/extensions.py:205}}
Mar 03 14:24:48.886410 dv-cinder-831776-1-iscsi devstack@c-api.service[110174]: DEBUG cinder.api.extensions [-] Ext name: VolumeImageMetadata {{(pid=110174) _check_extension /opt/stack/cinder/cinder/api/extensions.py:179}}
Mar 03 14:24:48.886410 dv-cinder-831776-1-iscsi devstack@c-api.service[110174]: DEBUG cinder.api.extensions [-] Ext alias: os-vol-image-meta {{(pid=110174) _check_extension /opt/stack/cinder/cinder/api/extensions.py:180}}
Mar 03 14:24:48.886410 dv-cinder-831776-1-iscsi devstack@c-api.service[110174]: DEBUG cinder.api.extensions [-] Ext description: Show image metadata associated with the volume. {{(pid=110174) _check_extension /opt/stack/cinder/cinder/api/extensions.py:181}}
Mar 03 14:24:48.886410 dv-cinder-831776-1-iscsi devstack@c-api.service[110174]: DEBUG cinder.api.extensions [-] Ext updated: 2012-12-07T00:00:00+00:00 {{(pid=110174) _check_extension /opt/stack/cinder/cinder/api/extensions.py:183}}
Mar 03 14:24:48.886410 dv-cinder-831776-1-iscsi devstack@c-api.service[110174]: DEBUG cinder.api.extensions [-] Loaded extension: os-vol-image-meta {{(pid=110174) register /opt/stack/cinder/cinder/api/extensions.py:140}}
Mar 03 14:24:48.887629 dv-cinder-831776-1-iscsi devstack@c-api.service[110174]: DEBUG cinder.api.extensions [-] Loading extension cinder.api.contrib.snapshot_actions.Snapshot_actions {{(pid=110174) load_extension /opt/stack/cinder/cinder/api/extensions.py:199}}
Mar 03 14:24:48.887629 dv-cinder-831776-1-iscsi devstack@c-api.service[110174]: DEBUG cinder.api.extensions [-] Calling extension factory cinder.api.contrib.snapshot_actions.Snapshot_actions {{(pid=110174) load_extension /opt/stack/cinder/cinder/api/extensions.py:205}}
Mar 03 14:24:48.888044 dv-cinder-831776-1-iscsi devstack@c-api.service[110174]: DEBUG cinder.api.extensions [-] Ext name: SnapshotActions {{(pid=110174) _check_extension /opt/stack/cinder/cinder/api/extensions.py:179}}
Mar 03 14:24:48.888409 dv-cinder-831776-1-iscsi devstack@c-api.service[110174]: DEBUG cinder.api.extensions [-] Ext alias: os-snapshot-actions {{(pid=110174) _check_extension /opt/stack/cinder/cinder/api/extensions.py:180}}
Mar 03 14:24:48.888655 dv-cinder-831776-1-iscsi devstack@c-api.service[110174]: DEBUG cinder.api.extensions [-] Ext description: Enable snapshot manager actions. {{(pid=110174) _check_extension /opt/stack/cinder/cinder/api/extensions.py:181}}
Mar 03 14:24:48.888892 dv-cinder-831776-1-iscsi devstack@c-api.service[110174]: DEBUG cinder.api.extensions [-] Ext updated: 2013-07-16T00:00:00+00:00 {{(pid=110174) _check_extension /opt/stack/cinder/cinder/api/extensions.py:183}}
Mar 03 14:24:48.889129 dv-cinder-831776-1-iscsi devstack@c-api.service[110174]: DEBUG cinder.api.extensions [-] Loaded extension: os-snapshot-actions {{(pid=110174) register /opt/stack/cinder/cinder/api/extensions.py:140}}
Mar 03 14:24:48.889378 dv-cinder-831776-1-iscsi devstack@c-api.service[110174]: DEBUG cinder.api.extensions [-] Loading extension cinder.api.contrib.extended_services.Extended_services {{(pid=110174) load_extension /opt/stack/cinder/cinder/api/extensions.py:199}}
Mar 03 14:24:48.889623 dv-cinder-831776-1-iscsi devstack@c-api.service[110174]: DEBUG cinder.api.extensions [-] Calling extension factory cinder.api.contrib.extended_services.Extended_services {{(pid=110174) load_extension /opt/stack/cinder/cinder/api/extensions.py:205}}
Mar 03 14:24:48.889859 dv-cinder-831776-1-iscsi devstack@c-api.service[110174]: DEBUG cinder.api.extensions [-] Ext name: ExtendedServices {{(pid=110174) _check_extension /opt/stack/cinder/cinder/api/extensions.py:179}}
Mar 03 14:24:48.890092 dv-cinder-831776-1-iscsi devstack@c-api.service[110174]: DEBUG cinder.api.extensions [-] Ext alias: os-extended-services {{(pid=110174) _check_extension /opt/stack/cinder/cinder/api/extensions.py:180}}
Mar 03 14:24:48.890329 dv-cinder-831776-1-iscsi devstack@c-api.service[110174]: DEBUG cinder.api.extensions [-] Ext description: Extended services support. {{(pid=110174) _check_extension /opt/stack/cinder/cinder/api/extensions.py:181}}
Mar 03 14:24:48.890561 dv-cinder-831776-1-iscsi devstack@c-api.service[110174]: DEBUG cinder.api.extensions [-] Ext updated: 2014-01-10T00:00:00-00:00 {{(pid=110174) _check_extension /opt/stack/cinder/cinder/api/extensions.py:183}}
Mar 03 14:24:48.890793 dv-cinder-831776-1-iscsi devstack@c-api.service[110174]: DEBUG cinder.api.extensions [-] Loaded extension: os-extended-services {{(pid=110174) register /opt/stack/cinder/cinder/api/extensions.py:140}}
Mar 03 14:24:48.891041 dv-cinder-831776-1-iscsi devstack@c-api.service[110174]: DEBUG cinder.api.extensions [-] Loading extension cinder.api.contrib.capabilities.Capabilities {{(pid=110174) load_extension /opt/stack/cinder/cinder/api/extensions.py:199}}
Mar 03 14:24:48.891297 dv-cinder-831776-1-iscsi devstack@c-api.service[110174]: DEBUG cinder.api.extensions [-] Calling extension factory cinder.api.contrib.capabilities.Capabilities {{(pid=110174) load_extension /opt/stack/cinder/cinder/api/extensions.py:205}}
Mar 03 14:24:48.891533 dv-cinder-831776-1-iscsi devstack@c-api.service[110174]: DEBUG cinder.api.extensions [-] Ext name: Capabilities {{(pid=110174) _check_extension /opt/stack/cinder/cinder/api/extensions.py:179}}
Mar 03 14:24:48.891862 dv-cinder-831776-1-iscsi devstack@c-api.service[110174]: DEBUG cinder.api.extensions [-] Ext alias: capabilities {{(pid=110174) _check_extension /opt/stack/cinder/cinder/api/extensions.py:180}}
Mar 03 14:24:48.892104 dv-cinder-831776-1-iscsi devstack@c-api.service[110174]: DEBUG cinder.api.extensions [-] Ext description: Capabilities support. {{(pid=110174) _check_extension /opt/stack/cinder/cinder/api/extensions.py:181}}
Mar 03 14:24:48.892353 dv-cinder-831776-1-iscsi devstack@c-api.service[110174]: DEBUG cinder.api.extensions [-] Ext updated: 2015-08-31T00:00:00+00:00 {{(pid=110174) _check_extension /opt/stack/cinder/cinder/api/extensions.py:183}}
Mar 03 14:24:48.892592 dv-cinder-831776-1-iscsi devstack@c-api.service[110174]: DEBUG cinder.api.extensions [-] Loaded extension: capabilities {{(pid=110174) register /opt/stack/cinder/cinder/api/extensions.py:140}}
Mar 03 14:24:48.892840 dv-cinder-831776-1-iscsi devstack@c-api.service[110174]: DEBUG cinder.api.extensions [-] Loading extension cinder.api.contrib.extended_snapshot_attributes.Extended_snapshot_attributes {{(pid=110174) load_extension /opt/stack/cinder/cinder/api/extensions.py:199}}
Mar 03 14:24:48.893091 dv-cinder-831776-1-iscsi devstack@c-api.service[110174]: DEBUG cinder.api.extensions [-] Calling extension factory cinder.api.contrib.extended_snapshot_attributes.Extended_snapshot_attributes {{(pid=110174) load_extension /opt/stack/cinder/cinder/api/extensions.py:205}}
Mar 03 14:24:48.893313 dv-cinder-831776-1-iscsi devstack@c-api.service[110174]: DEBUG cinder.api.extensions [-] Ext name: ExtendedSnapshotAttributes {{(pid=110174) _check_extension /opt/stack/cinder/cinder/api/extensions.py:179}}
Mar 03 14:24:48.893545 dv-cinder-831776-1-iscsi devstack@c-api.service[110174]: DEBUG cinder.api.extensions [-] Ext alias: os-extended-snapshot-attributes {{(pid=110174) _check_extension /opt/stack/cinder/cinder/api/extensions.py:180}}
Mar 03 14:24:48.893791 dv-cinder-831776-1-iscsi devstack@c-api.service[110174]: DEBUG cinder.api.extensions [-] Ext description: Extended SnapshotAttributes support. {{(pid=110174) _check_extension /opt/stack/cinder/cinder/api/extensions.py:181}}
Mar 03 14:24:48.894004 dv-cinder-831776-1-iscsi devstack@c-api.service[110174]: DEBUG cinder.api.extensions [-] Ext updated: 2012-06-19T00:00:00+00:00 {{(pid=110174) _check_extension /opt/stack/cinder/cinder/api/extensions.py:183}}
Mar 03 14:24:48.894236 dv-cinder-831776-1-iscsi devstack@c-api.service[110174]: DEBUG cinder.api.extensions [-] Loaded extension: os-extended-snapshot-attributes {{(pid=110174) register /opt/stack/cinder/cinder/api/extensions.py:140}}
Mar 03 14:24:48.894502 dv-cinder-831776-1-iscsi devstack@c-api.service[110174]: DEBUG cinder.api.extensions [-] Loading extension cinder.api.contrib.snapshot_unmanage.Snapshot_unmanage {{(pid=110174) load_extension /opt/stack/cinder/cinder/api/extensions.py:199}}
Mar 03 14:24:48.894744 dv-cinder-831776-1-iscsi devstack@c-api.service[110174]: DEBUG cinder.api.extensions [-] Calling extension factory cinder.api.contrib.snapshot_unmanage.Snapshot_unmanage {{(pid=110174) load_extension /opt/stack/cinder/cinder/api/extensions.py:205}}
Mar 03 14:24:48.894977 dv-cinder-831776-1-iscsi devstack@c-api.service[110174]: DEBUG cinder.api.extensions [-] Ext name: SnapshotUnmanage {{(pid=110174) _check_extension /opt/stack/cinder/cinder/api/extensions.py:179}}
Mar 03 14:24:48.895209 dv-cinder-831776-1-iscsi devstack@c-api.service[110174]: DEBUG cinder.api.extensions [-] Ext alias: os-snapshot-unmanage {{(pid=110174) _check_extension /opt/stack/cinder/cinder/api/extensions.py:180}}
Mar 03 14:24:48.895442 dv-cinder-831776-1-iscsi devstack@c-api.service[110174]: DEBUG cinder.api.extensions [-] Ext description: Enable volume unmanage operation. {{(pid=110174) _check_extension /opt/stack/cinder/cinder/api/extensions.py:181}}
Mar 03 14:24:48.895673 dv-cinder-831776-1-iscsi devstack@c-api.service[110174]: DEBUG cinder.api.extensions [-] Ext updated: 2014-12-31T00:00:00+00:00 {{(pid=110174) _check_extension /opt/stack/cinder/cinder/api/extensions.py:183}}
Mar 03 14:24:48.895904 dv-cinder-831776-1-iscsi devstack@c-api.service[110174]: DEBUG cinder.api.extensions [-] Loaded extension: os-snapshot-unmanage {{(pid=110174) register /opt/stack/cinder/cinder/api/extensions.py:140}}
Mar 03 14:24:48.896190 dv-cinder-831776-1-iscsi devstack@c-api.service[110174]: DEBUG cinder.api.extensions [-] Loading extension cinder.api.contrib.volume_type_access.Volume_type_access {{(pid=110174) load_extension /opt/stack/cinder/cinder/api/extensions.py:199}}
Mar 03 14:24:48.896580 dv-cinder-831776-1-iscsi devstack@c-api.service[110174]: DEBUG cinder.api.extensions [-] Calling extension factory cinder.api.contrib.volume_type_access.Volume_type_access {{(pid=110174) load_extension /opt/stack/cinder/cinder/api/extensions.py:205}}
Mar 03 14:24:48.896833 dv-cinder-831776-1-iscsi devstack@c-api.service[110174]: DEBUG cinder.api.extensions [-] Ext name: VolumeTypeAccess {{(pid=110174) _check_extension /opt/stack/cinder/cinder/api/extensions.py:179}}
Mar 03 14:24:48.897027 dv-cinder-831776-1-iscsi devstack@c-api.service[110174]: DEBUG cinder.api.extensions [-] Ext alias: os-volume-type-access {{(pid=110174) _check_extension /opt/stack/cinder/cinder/api/extensions.py:180}}
Mar 03 14:24:48.897257 dv-cinder-831776-1-iscsi devstack@c-api.service[110174]: DEBUG cinder.api.extensions [-] Ext description: Volume type access support. {{(pid=110174) _check_extension /opt/stack/cinder/cinder/api/extensions.py:181}}
Mar 03 14:24:48.897486 dv-cinder-831776-1-iscsi devstack@c-api.service[110174]: DEBUG cinder.api.extensions [-] Ext updated: 2014-06-26T00:00:00Z {{(pid=110174) _check_extension /opt/stack/cinder/cinder/api/extensions.py:183}}
Mar 03 14:24:48.897731 dv-cinder-831776-1-iscsi devstack@c-api.service[110174]: DEBUG cinder.api.extensions [-] Loaded extension: os-volume-type-access {{(pid=110174) register /opt/stack/cinder/cinder/api/extensions.py:140}}
Mar 03 14:24:48.897980 dv-cinder-831776-1-iscsi devstack@c-api.service[110174]: DEBUG cinder.api.extensions [-] Loading extension cinder.api.contrib.snapshot_manage.Snapshot_manage {{(pid=110174) load_extension /opt/stack/cinder/cinder/api/extensions.py:199}}
Mar 03 14:24:48.898222 dv-cinder-831776-1-iscsi devstack@c-api.service[110174]: DEBUG cinder.api.extensions [-] Calling extension factory cinder.api.contrib.snapshot_manage.Snapshot_manage {{(pid=110174) load_extension /opt/stack/cinder/cinder/api/extensions.py:205}}
Mar 03 14:24:48.898581 dv-cinder-831776-1-iscsi devstack@c-api.service[110174]: DEBUG cinder.api.extensions [-] Ext name: SnapshotManage {{(pid=110174) _check_extension /opt/stack/cinder/cinder/api/extensions.py:179}}
Mar 03 14:24:48.898815 dv-cinder-831776-1-iscsi devstack@c-api.service[110174]: DEBUG cinder.api.extensions [-] Ext alias: os-snapshot-manage {{(pid=110174) _check_extension /opt/stack/cinder/cinder/api/extensions.py:180}}
Mar 03 14:24:48.899054 dv-cinder-831776-1-iscsi devstack@c-api.service[110174]: DEBUG cinder.api.extensions [-] Ext description: Allows existing backend storage to be 'managed' by Cinder. {{(pid=110174) _check_extension /opt/stack/cinder/cinder/api/extensions.py:181}}
Mar 03 14:24:48.899290 dv-cinder-831776-1-iscsi devstack@c-api.service[110174]: DEBUG cinder.api.extensions [-] Ext updated: 2014-12-31T00:00:00+00:00 {{(pid=110174) _check_extension /opt/stack/cinder/cinder/api/extensions.py:183}}
Mar 03 14:24:48.899525 dv-cinder-831776-1-iscsi devstack@c-api.service[110174]: DEBUG cinder.api.extensions [-] Loaded extension: os-snapshot-manage {{(pid=110174) register /opt/stack/cinder/cinder/api/extensions.py:140}}
Mar 03 14:24:48.899773 dv-cinder-831776-1-iscsi devstack@c-api.service[110174]: DEBUG cinder.api.extensions [-] Loading extension cinder.api.contrib.used_limits.Used_limits {{(pid=110174) load_extension /opt/stack/cinder/cinder/api/extensions.py:199}}
Mar 03 14:24:48.900015 dv-cinder-831776-1-iscsi devstack@c-api.service[110174]: DEBUG cinder.api.extensions [-] Calling extension factory cinder.api.contrib.used_limits.Used_limits {{(pid=110174) load_extension /opt/stack/cinder/cinder/api/extensions.py:205}}
Mar 03 14:24:48.900250 dv-cinder-831776-1-iscsi devstack@c-api.service[110174]: DEBUG cinder.api.extensions [-] Ext name: UsedLimits {{(pid=110174) _check_extension /opt/stack/cinder/cinder/api/extensions.py:179}}
Mar 03 14:24:48.900505 dv-cinder-831776-1-iscsi devstack@c-api.service[110174]: DEBUG cinder.api.extensions [-] Ext alias: os-used-limits {{(pid=110174) _check_extension /opt/stack/cinder/cinder/api/extensions.py:180}}
Mar 03 14:24:48.900740 dv-cinder-831776-1-iscsi devstack@c-api.service[110174]: DEBUG cinder.api.extensions [-] Ext description: Provide data on limited resources that are being used. {{(pid=110174) _check_extension /opt/stack/cinder/cinder/api/extensions.py:181}}
Mar 03 14:24:48.900970 dv-cinder-831776-1-iscsi devstack@c-api.service[110174]: DEBUG cinder.api.extensions [-] Ext updated: 2013-10-03T00:00:00+00:00 {{(pid=110174) _check_extension /opt/stack/cinder/cinder/api/extensions.py:183}}
Mar 03 14:24:48.901096 dv-cinder-831776-1-iscsi devstack@c-api.service[110175]: DEBUG oslo_db.sqlalchemy.engines [None req-87a03fcc-eeaf-448c-bf3f-d0dea14eb84d None None] MySQL server mode set to STRICT_TRANS_TABLES,STRICT_ALL_TABLES,NO_ZERO_IN_DATE,NO_ZERO_DATE,ERROR_FOR_DIVISION_BY_ZERO,TRADITIONAL,NO_ENGINE_SUBSTITUTION {{(pid=110175) _check_effective_sql_mode /usr/local/lib/python3.8/dist-packages/oslo_db/sqlalchemy/engines.py:314}}
Mar 03 14:24:48.901267 dv-cinder-831776-1-iscsi devstack@c-api.service[110174]: DEBUG cinder.api.extensions [-] Loaded extension: os-used-limits {{(pid=110174) register /opt/stack/cinder/cinder/api/extensions.py:140}}
Mar 03 14:24:48.901514 dv-cinder-831776-1-iscsi devstack@c-api.service[110174]: DEBUG cinder.api.extensions [-] Loading extension cinder.api.contrib.availability_zones.Availability_zones {{(pid=110174) load_extension /opt/stack/cinder/cinder/api/extensions.py:199}}
Mar 03 14:24:48.901756 dv-cinder-831776-1-iscsi devstack@c-api.service[110174]: DEBUG cinder.api.extensions [-] Calling extension factory cinder.api.contrib.availability_zones.Availability_zones {{(pid=110174) load_extension /opt/stack/cinder/cinder/api/extensions.py:205}}
Mar 03 14:24:48.902096 dv-cinder-831776-1-iscsi devstack@c-api.service[110174]: DEBUG cinder.api.extensions [-] Ext name: AvailabilityZones {{(pid=110174) _check_extension /opt/stack/cinder/cinder/api/extensions.py:179}}
Mar 03 14:24:48.902326 dv-cinder-831776-1-iscsi devstack@c-api.service[110174]: DEBUG cinder.api.extensions [-] Ext alias: os-availability-zone {{(pid=110174) _check_extension /opt/stack/cinder/cinder/api/extensions.py:180}}
Mar 03 14:24:48.902561 dv-cinder-831776-1-iscsi devstack@c-api.service[110174]: DEBUG cinder.api.extensions [-] Ext description: Describe Availability Zones. {{(pid=110174) _check_extension /opt/stack/cinder/cinder/api/extensions.py:181}}
Mar 03 14:24:48.902793 dv-cinder-831776-1-iscsi devstack@c-api.service[110174]: DEBUG cinder.api.extensions [-] Ext updated: 2013-06-27T00:00:00+00:00 {{(pid=110174) _check_extension /opt/stack/cinder/cinder/api/extensions.py:183}}
Mar 03 14:24:48.903024 dv-cinder-831776-1-iscsi devstack@c-api.service[110174]: DEBUG cinder.api.extensions [-] Loaded extension: os-availability-zone {{(pid=110174) register /opt/stack/cinder/cinder/api/extensions.py:140}}
Mar 03 14:24:48.903280 dv-cinder-831776-1-iscsi devstack@c-api.service[110174]: DEBUG cinder.api.extensions [-] Loading extension cinder.api.contrib.cgsnapshots.Cgsnapshots {{(pid=110174) load_extension /opt/stack/cinder/cinder/api/extensions.py:199}}
Mar 03 14:24:48.903508 dv-cinder-831776-1-iscsi devstack@c-api.service[110174]: DEBUG cinder.api.extensions [-] Calling extension factory cinder.api.contrib.cgsnapshots.Cgsnapshots {{(pid=110174) load_extension /opt/stack/cinder/cinder/api/extensions.py:205}}
Mar 03 14:24:48.903742 dv-cinder-831776-1-iscsi devstack@c-api.service[110174]: DEBUG cinder.api.extensions [-] Ext name: Cgsnapshots {{(pid=110174) _check_extension /opt/stack/cinder/cinder/api/extensions.py:179}}
Mar 03 14:24:48.904051 dv-cinder-831776-1-iscsi devstack@c-api.service[110174]: DEBUG cinder.api.extensions [-] Ext alias: cgsnapshots {{(pid=110174) _check_extension /opt/stack/cinder/cinder/api/extensions.py:180}}
Mar 03 14:24:48.904214 dv-cinder-831776-1-iscsi devstack@c-api.service[110174]: DEBUG cinder.api.extensions [-] Ext description: cgsnapshots support. {{(pid=110174) _check_extension /opt/stack/cinder/cinder/api/extensions.py:181}}
Mar 03 14:24:48.904473 dv-cinder-831776-1-iscsi devstack@c-api.service[110174]: DEBUG cinder.api.extensions [-] Ext updated: 2014-08-18T00:00:00+00:00 {{(pid=110174) _check_extension /opt/stack/cinder/cinder/api/extensions.py:183}}
Mar 03 14:24:48.904706 dv-cinder-831776-1-iscsi devstack@c-api.service[110174]: DEBUG cinder.api.extensions [-] Loaded extension: cgsnapshots {{(pid=110174) register /opt/stack/cinder/cinder/api/extensions.py:140}}
Mar 03 14:24:48.905083 dv-cinder-831776-1-iscsi devstack@c-api.service[110174]: DEBUG cinder.api.extensions [-] Loading extension cinder.api.contrib.backups.Backups {{(pid=110174) load_extension /opt/stack/cinder/cinder/api/extensions.py:199}}
Mar 03 14:24:48.905223 dv-cinder-831776-1-iscsi devstack@c-api.service[110174]: DEBUG cinder.api.extensions [-] Calling extension factory cinder.api.contrib.backups.Backups {{(pid=110174) load_extension /opt/stack/cinder/cinder/api/extensions.py:205}}
Mar 03 14:24:48.905399 dv-cinder-831776-1-iscsi devstack@c-api.service[110174]: DEBUG cinder.api.extensions [-] Ext name: Backups {{(pid=110174) _check_extension /opt/stack/cinder/cinder/api/extensions.py:179}}
Mar 03 14:24:48.905634 dv-cinder-831776-1-iscsi devstack@c-api.service[110174]: DEBUG cinder.api.extensions [-] Ext alias: backups {{(pid=110174) _check_extension /opt/stack/cinder/cinder/api/extensions.py:180}}
Mar 03 14:24:48.905868 dv-cinder-831776-1-iscsi devstack@c-api.service[110174]: DEBUG cinder.api.extensions [-] Ext description: Backups support. {{(pid=110174) _check_extension /opt/stack/cinder/cinder/api/extensions.py:181}}
Mar 03 14:24:48.906106 dv-cinder-831776-1-iscsi devstack@c-api.service[110174]: DEBUG cinder.api.extensions [-] Ext updated: 2012-12-12T00:00:00+00:00 {{(pid=110174) _check_extension /opt/stack/cinder/cinder/api/extensions.py:183}}
Mar 03 14:24:48.906449 dv-cinder-831776-1-iscsi devstack@c-api.service[110174]: DEBUG cinder.api.extensions [-] Loaded extension: backups {{(pid=110174) register /opt/stack/cinder/cinder/api/extensions.py:140}}
Mar 03 14:24:48.906700 dv-cinder-831776-1-iscsi devstack@c-api.service[110174]: DEBUG cinder.api.extensions [-] Loading extension cinder.api.contrib.consistencygroups.Consistencygroups {{(pid=110174) load_extension /opt/stack/cinder/cinder/api/extensions.py:199}}
Mar 03 14:24:48.906963 dv-cinder-831776-1-iscsi devstack@c-api.service[110174]: DEBUG cinder.api.extensions [-] Calling extension factory cinder.api.contrib.consistencygroups.Consistencygroups {{(pid=110174) load_extension /opt/stack/cinder/cinder/api/extensions.py:205}}
Mar 03 14:24:48.907188 dv-cinder-831776-1-iscsi devstack@c-api.service[110174]: DEBUG cinder.api.extensions [-] Ext name: Consistencygroups {{(pid=110174) _check_extension /opt/stack/cinder/cinder/api/extensions.py:179}}
Mar 03 14:24:48.907395 dv-cinder-831776-1-iscsi devstack@c-api.service[110174]: DEBUG cinder.api.extensions [-] Ext alias: consistencygroups {{(pid=110174) _check_extension /opt/stack/cinder/cinder/api/extensions.py:180}}
Mar 03 14:24:48.907632 dv-cinder-831776-1-iscsi devstack@c-api.service[110174]: DEBUG cinder.api.extensions [-] Ext description: consistency groups support. {{(pid=110174) _check_extension /opt/stack/cinder/cinder/api/extensions.py:181}}
Mar 03 14:24:48.907930 dv-cinder-831776-1-iscsi devstack@c-api.service[110174]: DEBUG cinder.api.extensions [-] Ext updated: 2014-08-18T00:00:00+00:00 {{(pid=110174) _check_extension /opt/stack/cinder/cinder/api/extensions.py:183}}
Mar 03 14:24:48.908068 dv-cinder-831776-1-iscsi devstack@c-api.service[110174]: DEBUG cinder.api.extensions [-] Loaded extension: consistencygroups {{(pid=110174) register /opt/stack/cinder/cinder/api/extensions.py:140}}
Mar 03 14:24:48.908313 dv-cinder-831776-1-iscsi devstack@c-api.service[110174]: DEBUG cinder.api.extensions [-] Loading extension cinder.api.contrib.volume_host_attribute.Volume_host_attribute {{(pid=110174) load_extension /opt/stack/cinder/cinder/api/extensions.py:199}}
Mar 03 14:24:48.908681 dv-cinder-831776-1-iscsi devstack@c-api.service[110174]: DEBUG cinder.api.extensions [-] Calling extension factory cinder.api.contrib.volume_host_attribute.Volume_host_attribute {{(pid=110174) load_extension /opt/stack/cinder/cinder/api/extensions.py:205}}
Mar 03 14:24:48.908921 dv-cinder-831776-1-iscsi devstack@c-api.service[110174]: DEBUG cinder.api.extensions [-] Ext name: VolumeHostAttribute {{(pid=110174) _check_extension /opt/stack/cinder/cinder/api/extensions.py:179}}
Mar 03 14:24:48.909153 dv-cinder-831776-1-iscsi devstack@c-api.service[110174]: DEBUG cinder.api.extensions [-] Ext alias: os-vol-host-attr {{(pid=110174) _check_extension /opt/stack/cinder/cinder/api/extensions.py:180}}
Mar 03 14:24:48.909387 dv-cinder-831776-1-iscsi devstack@c-api.service[110174]: DEBUG cinder.api.extensions [-] Ext description: Expose host as an attribute of a volume. {{(pid=110174) _check_extension /opt/stack/cinder/cinder/api/extensions.py:181}}
Mar 03 14:24:48.909620 dv-cinder-831776-1-iscsi devstack@c-api.service[110174]: DEBUG cinder.api.extensions [-] Ext updated: 2011-11-03T00:00:00+00:00 {{(pid=110174) _check_extension /opt/stack/cinder/cinder/api/extensions.py:183}}
Mar 03 14:24:48.909851 dv-cinder-831776-1-iscsi devstack@c-api.service[110174]: DEBUG cinder.api.extensions [-] Loaded extension: os-vol-host-attr {{(pid=110174) register /opt/stack/cinder/cinder/api/extensions.py:140}}
Mar 03 14:24:48.910098 dv-cinder-831776-1-iscsi devstack@c-api.service[110174]: DEBUG cinder.api.extensions [-] Loading extension cinder.api.contrib.scheduler_stats.Scheduler_stats {{(pid=110174) load_extension /opt/stack/cinder/cinder/api/extensions.py:199}}
Mar 03 14:24:48.910339 dv-cinder-831776-1-iscsi devstack@c-api.service[110174]: DEBUG cinder.api.extensions [-] Calling extension factory cinder.api.contrib.scheduler_stats.Scheduler_stats {{(pid=110174) load_extension /opt/stack/cinder/cinder/api/extensions.py:205}}
Mar 03 14:24:48.910588 dv-cinder-831776-1-iscsi devstack@c-api.service[110174]: DEBUG cinder.api.extensions [-] Ext name: Scheduler_stats {{(pid=110174) _check_extension /opt/stack/cinder/cinder/api/extensions.py:179}}
Mar 03 14:24:48.910820 dv-cinder-831776-1-iscsi devstack@c-api.service[110174]: DEBUG cinder.api.extensions [-] Ext alias: scheduler-stats {{(pid=110174) _check_extension /opt/stack/cinder/cinder/api/extensions.py:180}}
Mar 03 14:24:48.911057 dv-cinder-831776-1-iscsi devstack@c-api.service[110174]: DEBUG cinder.api.extensions [-] Ext description: Scheduler stats support. {{(pid=110174) _check_extension /opt/stack/cinder/cinder/api/extensions.py:181}}
Mar 03 14:24:48.911289 dv-cinder-831776-1-iscsi devstack@c-api.service[110174]: DEBUG cinder.api.extensions [-] Ext updated: 2014-09-07T00:00:00+00:00 {{(pid=110174) _check_extension /opt/stack/cinder/cinder/api/extensions.py:183}}
Mar 03 14:24:48.911521 dv-cinder-831776-1-iscsi devstack@c-api.service[110174]: DEBUG cinder.api.extensions [-] Loaded extension: scheduler-stats {{(pid=110174) register /opt/stack/cinder/cinder/api/extensions.py:140}}
Mar 03 14:24:48.912814 dv-cinder-831776-1-iscsi devstack@c-api.service[110174]: /usr/local/lib/python3.8/dist-packages/oslo_db/sqlalchemy/enginefacade.py:355: OsloDBDeprecationWarning: EngineFacade is deprecated; please use oslo_db.sqlalchemy.enginefacade
Mar 03 14:24:48.912814 dv-cinder-831776-1-iscsi devstack@c-api.service[110174]: self._legacy_facade = LegacyEngineFacade(None, _factory=self)
Mar 03 14:24:48.940885 dv-cinder-831776-1-iscsi devstack@c-api.service[110174]: DEBUG oslo_db.sqlalchemy.engines [None req-ca987126-64e8-4102-9410-947f2cda4b2d None None] MySQL server mode set to STRICT_TRANS_TABLES,STRICT_ALL_TABLES,NO_ZERO_IN_DATE,NO_ZERO_DATE,ERROR_FOR_DIVISION_BY_ZERO,TRADITIONAL,NO_ENGINE_SUBSTITUTION {{(pid=110174) _check_effective_sql_mode /usr/local/lib/python3.8/dist-packages/oslo_db/sqlalchemy/engines.py:314}}
Mar 03 14:24:49.231693 dv-cinder-831776-1-iscsi devstack@c-api.service[110175]: INFO cinder.rpc [None req-87a03fcc-eeaf-448c-bf3f-d0dea14eb84d None None] Automatically selected cinder-scheduler objects version 1.39 as minimum service version.
Mar 03 14:24:49.235516 dv-cinder-831776-1-iscsi devstack@c-api.service[110175]: INFO cinder.rpc [None req-87a03fcc-eeaf-448c-bf3f-d0dea14eb84d None None] Automatically selected cinder-scheduler RPC version 3.12 as minimum service version.
Mar 03 14:24:49.239429 dv-cinder-831776-1-iscsi devstack@c-api.service[110175]: INFO cinder.rpc [None req-87a03fcc-eeaf-448c-bf3f-d0dea14eb84d None None] Automatically selected cinder-volume objects version 1.39 as minimum service version.
Mar 03 14:24:49.243210 dv-cinder-831776-1-iscsi devstack@c-api.service[110175]: INFO cinder.rpc [None req-87a03fcc-eeaf-448c-bf3f-d0dea14eb84d None None] Automatically selected cinder-volume RPC version 3.18 as minimum service version.
Mar 03 14:24:49.244010 dv-cinder-831776-1-iscsi devstack@c-api.service[110175]: WARNING stevedore.named [None req-87a03fcc-eeaf-448c-bf3f-d0dea14eb84d None None] Could not load cinder.keymgr.conf_key_mgr.ConfKeyManager
Mar 03 14:24:49.244450 dv-cinder-831776-1-iscsi devstack@c-api.service[110175]: WARNING castellan.key_manager [None req-87a03fcc-eeaf-448c-bf3f-d0dea14eb84d None None] Deprecation Warning : cinder.keymgr.conf_key_mgr.ConfKeyManager is not a stevedore based driver, trying to load it as a class: stevedore.exception.NoMatches: No 'castellan.drivers' driver found, looking for 'cinder.keymgr.conf_key_mgr.ConfKeyManager'
Mar 03 14:24:49.263335 dv-cinder-831776-1-iscsi devstack@c-api.service[110175]: WARNING cinder.keymgr.conf_key_mgr [None req-87a03fcc-eeaf-448c-bf3f-d0dea14eb84d None None] This key manager is insecure and is not recommended for production deployments: stevedore.exception.NoMatches: No 'castellan.drivers' driver found, looking for 'cinder.keymgr.conf_key_mgr.ConfKeyManager'
Mar 03 14:24:49.269645 dv-cinder-831776-1-iscsi devstack@c-api.service[110174]: INFO cinder.rpc [None req-ca987126-64e8-4102-9410-947f2cda4b2d None None] Automatically selected cinder-scheduler objects version 1.39 as minimum service version.
Mar 03 14:24:49.270111 dv-cinder-831776-1-iscsi devstack@c-api.service[110175]: DEBUG oslo_db.sqlalchemy.engines [None req-87a03fcc-eeaf-448c-bf3f-d0dea14eb84d None None] MySQL server mode set to STRICT_TRANS_TABLES,STRICT_ALL_TABLES,NO_ZERO_IN_DATE,NO_ZERO_DATE,ERROR_FOR_DIVISION_BY_ZERO,TRADITIONAL,NO_ENGINE_SUBSTITUTION {{(pid=110175) _check_effective_sql_mode /usr/local/lib/python3.8/dist-packages/oslo_db/sqlalchemy/engines.py:314}}
Mar 03 14:24:49.274299 dv-cinder-831776-1-iscsi devstack@c-api.service[110174]: INFO cinder.rpc [None req-ca987126-64e8-4102-9410-947f2cda4b2d None None] Automatically selected cinder-scheduler RPC version 3.12 as minimum service version.
Mar 03 14:24:49.275182 dv-cinder-831776-1-iscsi devstack@c-api.service[110175]: INFO cinder.rpc [None req-87a03fcc-eeaf-448c-bf3f-d0dea14eb84d None None] Automatically selected cinder-backup objects version 1.39 as minimum service version.
Mar 03 14:24:49.278331 dv-cinder-831776-1-iscsi devstack@c-api.service[110174]: INFO cinder.rpc [None req-ca987126-64e8-4102-9410-947f2cda4b2d None None] Automatically selected cinder-volume objects version 1.39 as minimum service version.
Mar 03 14:24:49.279346 dv-cinder-831776-1-iscsi devstack@c-api.service[110175]: INFO cinder.rpc [None req-87a03fcc-eeaf-448c-bf3f-d0dea14eb84d None None] Automatically selected cinder-backup RPC version 2.3 as minimum service version.
Mar 03 14:24:49.280241 dv-cinder-831776-1-iscsi devstack@c-api.service[110175]: WARNING stevedore.named [None req-87a03fcc-eeaf-448c-bf3f-d0dea14eb84d None None] Could not load cinder.keymgr.conf_key_mgr.ConfKeyManager
Mar 03 14:24:49.280657 dv-cinder-831776-1-iscsi devstack@c-api.service[110175]: WARNING castellan.key_manager [None req-87a03fcc-eeaf-448c-bf3f-d0dea14eb84d None None] Deprecation Warning : cinder.keymgr.conf_key_mgr.ConfKeyManager is not a stevedore based driver, trying to load it as a class: stevedore.exception.NoMatches: No 'castellan.drivers' driver found, looking for 'cinder.keymgr.conf_key_mgr.ConfKeyManager'
Mar 03 14:24:49.282610 dv-cinder-831776-1-iscsi devstack@c-api.service[110174]: INFO cinder.rpc [None req-ca987126-64e8-4102-9410-947f2cda4b2d None None] Automatically selected cinder-volume RPC version 3.18 as minimum service version.
Mar 03 14:24:49.282729 dv-cinder-831776-1-iscsi devstack@c-api.service[110175]: WARNING stevedore.named [None req-87a03fcc-eeaf-448c-bf3f-d0dea14eb84d None None] Could not load cinder.keymgr.conf_key_mgr.ConfKeyManager
Mar 03 14:24:49.283079 dv-cinder-831776-1-iscsi devstack@c-api.service[110175]: WARNING castellan.key_manager [None req-87a03fcc-eeaf-448c-bf3f-d0dea14eb84d None None] Deprecation Warning : cinder.keymgr.conf_key_mgr.ConfKeyManager is not a stevedore based driver, trying to load it as a class: stevedore.exception.NoMatches: No 'castellan.drivers' driver found, looking for 'cinder.keymgr.conf_key_mgr.ConfKeyManager'
Mar 03 14:24:49.283587 dv-cinder-831776-1-iscsi devstack@c-api.service[110174]: WARNING stevedore.named [None req-ca987126-64e8-4102-9410-947f2cda4b2d None None] Could not load cinder.keymgr.conf_key_mgr.ConfKeyManager
Mar 03 14:24:49.284067 dv-cinder-831776-1-iscsi devstack@c-api.service[110174]: WARNING castellan.key_manager [None req-ca987126-64e8-4102-9410-947f2cda4b2d None None] Deprecation Warning : cinder.keymgr.conf_key_mgr.ConfKeyManager is not a stevedore based driver, trying to load it as a class: stevedore.exception.NoMatches: No 'castellan.drivers' driver found, looking for 'cinder.keymgr.conf_key_mgr.ConfKeyManager'
Mar 03 14:24:49.284641 dv-cinder-831776-1-iscsi devstack@c-api.service[110175]: WARNING stevedore.named [None req-87a03fcc-eeaf-448c-bf3f-d0dea14eb84d None None] Could not load cinder.keymgr.conf_key_mgr.ConfKeyManager
Mar 03 14:24:49.285002 dv-cinder-831776-1-iscsi devstack@c-api.service[110175]: WARNING castellan.key_manager [None req-87a03fcc-eeaf-448c-bf3f-d0dea14eb84d None None] Deprecation Warning : cinder.keymgr.conf_key_mgr.ConfKeyManager is not a stevedore based driver, trying to load it as a class: stevedore.exception.NoMatches: No 'castellan.drivers' driver found, looking for 'cinder.keymgr.conf_key_mgr.ConfKeyManager'
Mar 03 14:24:49.302033 dv-cinder-831776-1-iscsi devstack@c-api.service[110174]: WARNING cinder.keymgr.conf_key_mgr [None req-ca987126-64e8-4102-9410-947f2cda4b2d None None] This key manager is insecure and is not recommended for production deployments: stevedore.exception.NoMatches: No 'castellan.drivers' driver found, looking for 'cinder.keymgr.conf_key_mgr.ConfKeyManager'
Mar 03 14:24:49.308781 dv-cinder-831776-1-iscsi devstack@c-api.service[110175]: WARNING stevedore.named [None req-87a03fcc-eeaf-448c-bf3f-d0dea14eb84d None None] Could not load cinder.keymgr.conf_key_mgr.ConfKeyManager
Mar 03 14:24:49.309168 dv-cinder-831776-1-iscsi devstack@c-api.service[110175]: WARNING castellan.key_manager [None req-87a03fcc-eeaf-448c-bf3f-d0dea14eb84d None None] Deprecation Warning : cinder.keymgr.conf_key_mgr.ConfKeyManager is not a stevedore based driver, trying to load it as a class: stevedore.exception.NoMatches: No 'castellan.drivers' driver found, looking for 'cinder.keymgr.conf_key_mgr.ConfKeyManager'
Mar 03 14:24:49.309349 dv-cinder-831776-1-iscsi devstack@c-api.service[110174]: DEBUG oslo_db.sqlalchemy.engines [None req-ca987126-64e8-4102-9410-947f2cda4b2d None None] MySQL server mode set to STRICT_TRANS_TABLES,STRICT_ALL_TABLES,NO_ZERO_IN_DATE,NO_ZERO_DATE,ERROR_FOR_DIVISION_BY_ZERO,TRADITIONAL,NO_ENGINE_SUBSTITUTION {{(pid=110174) _check_effective_sql_mode /usr/local/lib/python3.8/dist-packages/oslo_db/sqlalchemy/engines.py:314}}
Mar 03 14:24:49.313570 dv-cinder-831776-1-iscsi devstack@c-api.service[110174]: INFO cinder.rpc [None req-ca987126-64e8-4102-9410-947f2cda4b2d None None] Automatically selected cinder-backup objects version 1.39 as minimum service version.
Mar 03 14:24:49.316507 dv-cinder-831776-1-iscsi devstack@c-api.service[110175]: WARNING stevedore.named [None req-87a03fcc-eeaf-448c-bf3f-d0dea14eb84d None None] Could not load cinder.keymgr.conf_key_mgr.ConfKeyManager
Mar 03 14:24:49.316905 dv-cinder-831776-1-iscsi devstack@c-api.service[110175]: WARNING castellan.key_manager [None req-87a03fcc-eeaf-448c-bf3f-d0dea14eb84d None None] Deprecation Warning : cinder.keymgr.conf_key_mgr.ConfKeyManager is not a stevedore based driver, trying to load it as a class: stevedore.exception.NoMatches: No 'castellan.drivers' driver found, looking for 'cinder.keymgr.conf_key_mgr.ConfKeyManager'
Mar 03 14:24:49.317488 dv-cinder-831776-1-iscsi devstack@c-api.service[110174]: INFO cinder.rpc [None req-ca987126-64e8-4102-9410-947f2cda4b2d None None] Automatically selected cinder-backup RPC version 2.3 as minimum service version.
Mar 03 14:24:49.318460 dv-cinder-831776-1-iscsi devstack@c-api.service[110174]: WARNING stevedore.named [None req-ca987126-64e8-4102-9410-947f2cda4b2d None None] Could not load cinder.keymgr.conf_key_mgr.ConfKeyManager
Mar 03 14:24:49.318887 dv-cinder-831776-1-iscsi devstack@c-api.service[110174]: WARNING castellan.key_manager [None req-ca987126-64e8-4102-9410-947f2cda4b2d None None] Deprecation Warning : cinder.keymgr.conf_key_mgr.ConfKeyManager is not a stevedore based driver, trying to load it as a class: stevedore.exception.NoMatches: No 'castellan.drivers' driver found, looking for 'cinder.keymgr.conf_key_mgr.ConfKeyManager'
Mar 03 14:24:49.321192 dv-cinder-831776-1-iscsi devstack@c-api.service[110174]: WARNING stevedore.named [None req-ca987126-64e8-4102-9410-947f2cda4b2d None None] Could not load cinder.keymgr.conf_key_mgr.ConfKeyManager
Mar 03 14:24:49.321605 dv-cinder-831776-1-iscsi devstack@c-api.service[110174]: WARNING castellan.key_manager [None req-ca987126-64e8-4102-9410-947f2cda4b2d None None] Deprecation Warning : cinder.keymgr.conf_key_mgr.ConfKeyManager is not a stevedore based driver, trying to load it as a class: stevedore.exception.NoMatches: No 'castellan.drivers' driver found, looking for 'cinder.keymgr.conf_key_mgr.ConfKeyManager'
Mar 03 14:24:49.322702 dv-cinder-831776-1-iscsi devstack@c-api.service[110175]: WARNING stevedore.named [None req-87a03fcc-eeaf-448c-bf3f-d0dea14eb84d None None] Could not load cinder.keymgr.conf_key_mgr.ConfKeyManager
Mar 03 14:24:49.323075 dv-cinder-831776-1-iscsi devstack@c-api.service[110175]: WARNING castellan.key_manager [None req-87a03fcc-eeaf-448c-bf3f-d0dea14eb84d None None] Deprecation Warning : cinder.keymgr.conf_key_mgr.ConfKeyManager is not a stevedore based driver, trying to load it as a class: stevedore.exception.NoMatches: No 'castellan.drivers' driver found, looking for 'cinder.keymgr.conf_key_mgr.ConfKeyManager'
Mar 03 14:24:49.323324 dv-cinder-831776-1-iscsi devstack@c-api.service[110174]: WARNING stevedore.named [None req-ca987126-64e8-4102-9410-947f2cda4b2d None None] Could not load cinder.keymgr.conf_key_mgr.ConfKeyManager
Mar 03 14:24:49.323742 dv-cinder-831776-1-iscsi devstack@c-api.service[110174]: WARNING castellan.key_manager [None req-ca987126-64e8-4102-9410-947f2cda4b2d None None] Deprecation Warning : cinder.keymgr.conf_key_mgr.ConfKeyManager is not a stevedore based driver, trying to load it as a class: stevedore.exception.NoMatches: No 'castellan.drivers' driver found, looking for 'cinder.keymgr.conf_key_mgr.ConfKeyManager'
Mar 03 14:24:49.331223 dv-cinder-831776-1-iscsi devstack@c-api.service[110175]: WARNING stevedore.named [None req-87a03fcc-eeaf-448c-bf3f-d0dea14eb84d None None] Could not load cinder.keymgr.conf_key_mgr.ConfKeyManager
Mar 03 14:24:49.331604 dv-cinder-831776-1-iscsi devstack@c-api.service[110175]: WARNING castellan.key_manager [None req-87a03fcc-eeaf-448c-bf3f-d0dea14eb84d None None] Deprecation Warning : cinder.keymgr.conf_key_mgr.ConfKeyManager is not a stevedore based driver, trying to load it as a class: stevedore.exception.NoMatches: No 'castellan.drivers' driver found, looking for 'cinder.keymgr.conf_key_mgr.ConfKeyManager'
Mar 03 14:24:49.337515 dv-cinder-831776-1-iscsi devstack@c-api.service[110175]: WARNING stevedore.named [None req-87a03fcc-eeaf-448c-bf3f-d0dea14eb84d None None] Could not load cinder.keymgr.conf_key_mgr.ConfKeyManager
Mar 03 14:24:49.337893 dv-cinder-831776-1-iscsi devstack@c-api.service[110175]: WARNING castellan.key_manager [None req-87a03fcc-eeaf-448c-bf3f-d0dea14eb84d None None] Deprecation Warning : cinder.keymgr.conf_key_mgr.ConfKeyManager is not a stevedore based driver, trying to load it as a class: stevedore.exception.NoMatches: No 'castellan.drivers' driver found, looking for 'cinder.keymgr.conf_key_mgr.ConfKeyManager'
Mar 03 14:24:49.343113 dv-cinder-831776-1-iscsi devstack@c-api.service[110175]: WARNING stevedore.named [None req-87a03fcc-eeaf-448c-bf3f-d0dea14eb84d None None] Could not load cinder.keymgr.conf_key_mgr.ConfKeyManager
Mar 03 14:24:49.343489 dv-cinder-831776-1-iscsi devstack@c-api.service[110175]: WARNING castellan.key_manager [None req-87a03fcc-eeaf-448c-bf3f-d0dea14eb84d None None] Deprecation Warning : cinder.keymgr.conf_key_mgr.ConfKeyManager is not a stevedore based driver, trying to load it as a class: stevedore.exception.NoMatches: No 'castellan.drivers' driver found, looking for 'cinder.keymgr.conf_key_mgr.ConfKeyManager'
Mar 03 14:24:49.347363 dv-cinder-831776-1-iscsi devstack@c-api.service[110174]: WARNING stevedore.named [None req-ca987126-64e8-4102-9410-947f2cda4b2d None None] Could not load cinder.keymgr.conf_key_mgr.ConfKeyManager
Mar 03 14:24:49.347809 dv-cinder-831776-1-iscsi devstack@c-api.service[110174]: WARNING castellan.key_manager [None req-ca987126-64e8-4102-9410-947f2cda4b2d None None] Deprecation Warning : cinder.keymgr.conf_key_mgr.ConfKeyManager is not a stevedore based driver, trying to load it as a class: stevedore.exception.NoMatches: No 'castellan.drivers' driver found, looking for 'cinder.keymgr.conf_key_mgr.ConfKeyManager'
Mar 03 14:24:49.349256 dv-cinder-831776-1-iscsi devstack@c-api.service[110175]: WARNING stevedore.named [None req-87a03fcc-eeaf-448c-bf3f-d0dea14eb84d None None] Could not load cinder.keymgr.conf_key_mgr.ConfKeyManager
Mar 03 14:24:49.349628 dv-cinder-831776-1-iscsi devstack@c-api.service[110175]: WARNING castellan.key_manager [None req-87a03fcc-eeaf-448c-bf3f-d0dea14eb84d None None] Deprecation Warning : cinder.keymgr.conf_key_mgr.ConfKeyManager is not a stevedore based driver, trying to load it as a class: stevedore.exception.NoMatches: No 'castellan.drivers' driver found, looking for 'cinder.keymgr.conf_key_mgr.ConfKeyManager'
Mar 03 14:24:49.354475 dv-cinder-831776-1-iscsi devstack@c-api.service[110174]: WARNING stevedore.named [None req-ca987126-64e8-4102-9410-947f2cda4b2d None None] Could not load cinder.keymgr.conf_key_mgr.ConfKeyManager
Mar 03 14:24:49.354936 dv-cinder-831776-1-iscsi devstack@c-api.service[110174]: WARNING castellan.key_manager [None req-ca987126-64e8-4102-9410-947f2cda4b2d None None] Deprecation Warning : cinder.keymgr.conf_key_mgr.ConfKeyManager is not a stevedore based driver, trying to load it as a class: stevedore.exception.NoMatches: No 'castellan.drivers' driver found, looking for 'cinder.keymgr.conf_key_mgr.ConfKeyManager'
Mar 03 14:24:49.355356 dv-cinder-831776-1-iscsi devstack@c-api.service[110175]: WARNING stevedore.named [None req-87a03fcc-eeaf-448c-bf3f-d0dea14eb84d None None] Could not load cinder.keymgr.conf_key_mgr.ConfKeyManager
Mar 03 14:24:49.355735 dv-cinder-831776-1-iscsi devstack@c-api.service[110175]: WARNING castellan.key_manager [None req-87a03fcc-eeaf-448c-bf3f-d0dea14eb84d None None] Deprecation Warning : cinder.keymgr.conf_key_mgr.ConfKeyManager is not a stevedore based driver, trying to load it as a class: stevedore.exception.NoMatches: No 'castellan.drivers' driver found, looking for 'cinder.keymgr.conf_key_mgr.ConfKeyManager'
Mar 03 14:24:49.360969 dv-cinder-831776-1-iscsi devstack@c-api.service[110175]: WARNING stevedore.named [None req-87a03fcc-eeaf-448c-bf3f-d0dea14eb84d None None] Could not load cinder.keymgr.conf_key_mgr.ConfKeyManager
Mar 03 14:24:49.361353 dv-cinder-831776-1-iscsi devstack@c-api.service[110175]: WARNING castellan.key_manager [None req-87a03fcc-eeaf-448c-bf3f-d0dea14eb84d None None] Deprecation Warning : cinder.keymgr.conf_key_mgr.ConfKeyManager is not a stevedore based driver, trying to load it as a class: stevedore.exception.NoMatches: No 'castellan.drivers' driver found, looking for 'cinder.keymgr.conf_key_mgr.ConfKeyManager'
Mar 03 14:24:49.362390 dv-cinder-831776-1-iscsi devstack@c-api.service[110174]: WARNING stevedore.named [None req-ca987126-64e8-4102-9410-947f2cda4b2d None None] Could not load cinder.keymgr.conf_key_mgr.ConfKeyManager
Mar 03 14:24:49.362849 dv-cinder-831776-1-iscsi devstack@c-api.service[110174]: WARNING castellan.key_manager [None req-ca987126-64e8-4102-9410-947f2cda4b2d None None] Deprecation Warning : cinder.keymgr.conf_key_mgr.ConfKeyManager is not a stevedore based driver, trying to load it as a class: stevedore.exception.NoMatches: No 'castellan.drivers' driver found, looking for 'cinder.keymgr.conf_key_mgr.ConfKeyManager'
Mar 03 14:24:49.363147 dv-cinder-831776-1-iscsi devstack@c-api.service[110175]: WARNING stevedore.named [None req-87a03fcc-eeaf-448c-bf3f-d0dea14eb84d None None] Could not load cinder.keymgr.conf_key_mgr.ConfKeyManager
Mar 03 14:24:49.363507 dv-cinder-831776-1-iscsi devstack@c-api.service[110175]: WARNING castellan.key_manager [None req-87a03fcc-eeaf-448c-bf3f-d0dea14eb84d None None] Deprecation Warning : cinder.keymgr.conf_key_mgr.ConfKeyManager is not a stevedore based driver, trying to load it as a class: stevedore.exception.NoMatches: No 'castellan.drivers' driver found, looking for 'cinder.keymgr.conf_key_mgr.ConfKeyManager'
Mar 03 14:24:49.368257 dv-cinder-831776-1-iscsi devstack@c-api.service[110175]: WARNING stevedore.named [None req-87a03fcc-eeaf-448c-bf3f-d0dea14eb84d None None] Could not load cinder.keymgr.conf_key_mgr.ConfKeyManager
Mar 03 14:24:49.368660 dv-cinder-831776-1-iscsi devstack@c-api.service[110175]: WARNING castellan.key_manager [None req-87a03fcc-eeaf-448c-bf3f-d0dea14eb84d None None] Deprecation Warning : cinder.keymgr.conf_key_mgr.ConfKeyManager is not a stevedore based driver, trying to load it as a class: stevedore.exception.NoMatches: No 'castellan.drivers' driver found, looking for 'cinder.keymgr.conf_key_mgr.ConfKeyManager'
Mar 03 14:24:49.371253 dv-cinder-831776-1-iscsi devstack@c-api.service[110174]: WARNING stevedore.named [None req-ca987126-64e8-4102-9410-947f2cda4b2d None None] Could not load cinder.keymgr.conf_key_mgr.ConfKeyManager
Mar 03 14:24:49.371697 dv-cinder-831776-1-iscsi devstack@c-api.service[110174]: WARNING castellan.key_manager [None req-ca987126-64e8-4102-9410-947f2cda4b2d None None] Deprecation Warning : cinder.keymgr.conf_key_mgr.ConfKeyManager is not a stevedore based driver, trying to load it as a class: stevedore.exception.NoMatches: No 'castellan.drivers' driver found, looking for 'cinder.keymgr.conf_key_mgr.ConfKeyManager'
Mar 03 14:24:49.377120 dv-cinder-831776-1-iscsi devstack@c-api.service[110174]: WARNING stevedore.named [None req-ca987126-64e8-4102-9410-947f2cda4b2d None None] Could not load cinder.keymgr.conf_key_mgr.ConfKeyManager
Mar 03 14:24:49.377553 dv-cinder-831776-1-iscsi devstack@c-api.service[110174]: WARNING castellan.key_manager [None req-ca987126-64e8-4102-9410-947f2cda4b2d None None] Deprecation Warning : cinder.keymgr.conf_key_mgr.ConfKeyManager is not a stevedore based driver, trying to load it as a class: stevedore.exception.NoMatches: No 'castellan.drivers' driver found, looking for 'cinder.keymgr.conf_key_mgr.ConfKeyManager'
Mar 03 14:24:49.380491 dv-cinder-831776-1-iscsi devstack@c-api.service[110175]: WARNING stevedore.named [None req-87a03fcc-eeaf-448c-bf3f-d0dea14eb84d None None] Could not load cinder.keymgr.conf_key_mgr.ConfKeyManager
Mar 03 14:24:49.380872 dv-cinder-831776-1-iscsi devstack@c-api.service[110175]: WARNING castellan.key_manager [None req-87a03fcc-eeaf-448c-bf3f-d0dea14eb84d None None] Deprecation Warning : cinder.keymgr.conf_key_mgr.ConfKeyManager is not a stevedore based driver, trying to load it as a class: stevedore.exception.NoMatches: No 'castellan.drivers' driver found, looking for 'cinder.keymgr.conf_key_mgr.ConfKeyManager'
Mar 03 14:24:49.383455 dv-cinder-831776-1-iscsi devstack@c-api.service[110174]: WARNING stevedore.named [None req-ca987126-64e8-4102-9410-947f2cda4b2d None None] Could not load cinder.keymgr.conf_key_mgr.ConfKeyManager
Mar 03 14:24:49.383894 dv-cinder-831776-1-iscsi devstack@c-api.service[110174]: WARNING castellan.key_manager [None req-ca987126-64e8-4102-9410-947f2cda4b2d None None] Deprecation Warning : cinder.keymgr.conf_key_mgr.ConfKeyManager is not a stevedore based driver, trying to load it as a class: stevedore.exception.NoMatches: No 'castellan.drivers' driver found, looking for 'cinder.keymgr.conf_key_mgr.ConfKeyManager'
Mar 03 14:24:49.387641 dv-cinder-831776-1-iscsi devstack@c-api.service[110175]: WARNING stevedore.named [None req-87a03fcc-eeaf-448c-bf3f-d0dea14eb84d None None] Could not load cinder.keymgr.conf_key_mgr.ConfKeyManager
Mar 03 14:24:49.388012 dv-cinder-831776-1-iscsi devstack@c-api.service[110175]: WARNING castellan.key_manager [None req-87a03fcc-eeaf-448c-bf3f-d0dea14eb84d None None] Deprecation Warning : cinder.keymgr.conf_key_mgr.ConfKeyManager is not a stevedore based driver, trying to load it as a class: stevedore.exception.NoMatches: No 'castellan.drivers' driver found, looking for 'cinder.keymgr.conf_key_mgr.ConfKeyManager'
Mar 03 14:24:49.389844 dv-cinder-831776-1-iscsi devstack@c-api.service[110174]: WARNING stevedore.named [None req-ca987126-64e8-4102-9410-947f2cda4b2d None None] Could not load cinder.keymgr.conf_key_mgr.ConfKeyManager
Mar 03 14:24:49.390178 dv-cinder-831776-1-iscsi devstack@c-api.service[110175]: WARNING cinder.api.contrib.hosts [None req-87a03fcc-eeaf-448c-bf3f-d0dea14eb84d None None] Deprecated: The Host API is deprecated and will be be removed in a future version.
