Mar 02 17:53:27.060917 dv-cinder-831439-4-iscsi devstack@c-api.service[121626]: DEBUG cinder.api.openstack.wsgi [None req-c481c6ed-30bc-4751-95c1-929a49eb51ca tempest-GroupsV320Test-1549821282 tempest-GroupsV320Test-1549821282-project-admin] Action: 'action', calling method: version_select, body: {"reset_status": {"status": "creating"}} {{(pid=121626) _process_stack /opt/stack/cinder/cinder/api/openstack/wsgi.py:866}}
Mar 02 17:53:27.061811 dv-cinder-831439-4-iscsi devstack@c-api.service[121626]: DEBUG cinder.api.v3.groups [None req-c481c6ed-30bc-4751-95c1-929a49eb51ca tempest-GroupsV320Test-1549821282 tempest-GroupsV320Test-1549821282-project-admin] Updating group '9c7c64f3-4698-435f-befc-5638515f7c7d' with 'creating' {{(pid=121626) _reset_status /opt/stack/cinder/cinder/api/v3/groups.py:82}}
Mar 02 17:53:27.099294 dv-cinder-831439-4-iscsi devstack@c-api.service[121626]: /usr/local/lib/python3.8/dist-packages/oslo_context/context.py:105: DeprecationWarning: Policy enforcement is depending on the value of is_admin. This key is deprecated. Please update your policy file to use the standard policy values.
Mar 02 17:53:27.099294 dv-cinder-831439-4-iscsi devstack@c-api.service[121626]: warnings.warn('Policy enforcement is depending on the value of '
Mar 02 17:53:27.104102 dv-cinder-831439-4-iscsi devstack@c-api.service[121625]: DEBUG cinder.quota [None req-464c608e-582d-4fac-a617-f5ae47f2abaa tempest-GroupSnapshotsTest-1271952376 tempest-GroupSnapshotsTest-1271952376-project] Created reservations ['80e75864-9019-4439-b16d-d43b663b4173', '6aa60518-7a5e-4228-80a8-46068445eff0', '831c82b1-98e3-4ef8-afaf-5ad3da244635', '1eb273ba-6b5c-4c0d-871a-3290d041c914'] {{(pid=121625) reserve /opt/stack/cinder/cinder/quota.py:755}}
Mar 02 17:53:27.110214 dv-cinder-831439-4-iscsi devstack@c-api.service[121625]: DEBUG cinder.volume.api [None req-464c608e-582d-4fac-a617-f5ae47f2abaa tempest-GroupSnapshotsTest-1271952376 tempest-GroupSnapshotsTest-1271952376-project] Task 'cinder.volume.flows.api.create_volume.QuotaReserveTask;volume:create' (d8b0e591-4939-47bb-ac1f-820faae84eec) transitioned into state 'SUCCESS' from state 'RUNNING' with result '{'reservations': ['80e75864-9019-4439-b16d-d43b663b4173', '6aa60518-7a5e-4228-80a8-46068445eff0', '831c82b1-98e3-4ef8-afaf-5ad3da244635', '1eb273ba-6b5c-4c0d-871a-3290d041c914']}' {{(pid=121625) _task_receiver /usr/local/lib/python3.8/dist-packages/taskflow/listeners/logging.py:178}}
Mar 02 17:53:27.114153 dv-cinder-831439-4-iscsi devstack@c-api.service[121625]: DEBUG cinder.volume.api [None req-464c608e-582d-4fac-a617-f5ae47f2abaa tempest-GroupSnapshotsTest-1271952376 tempest-GroupSnapshotsTest-1271952376-project] Task 'cinder.volume.flows.api.create_volume.EntryCreateTask;volume:create' (e6c0348c-1a72-4cf1-bc69-e2bc19f7624c) transitioned into state 'RUNNING' from state 'PENDING' {{(pid=121625) _task_receiver /usr/local/lib/python3.8/dist-packages/taskflow/listeners/logging.py:190}}
Mar 02 17:53:27.138425 dv-cinder-831439-4-iscsi devstack@c-api.service[121626]: INFO cinder.api.openstack.wsgi [None req-c481c6ed-30bc-4751-95c1-929a49eb51ca tempest-GroupsV320Test-1549821282 tempest-GroupsV320Test-1549821282-project-admin] http://10.222.0.75/volume/v3/71eabe06c5d94d43967ef9396a04640b/groups/9c7c64f3-4698-435f-befc-5638515f7c7d/action returned with HTTP 202
Mar 02 17:53:27.146150 dv-cinder-831439-4-iscsi devstack@c-api.service[121626]: [pid: 121626|app: 0|req: 173/327] 10.222.0.75 () {62 vars in 1404 bytes} [Wed Mar 2 17:53:27 2022] POST /volume/v3/71eabe06c5d94d43967ef9396a04640b/groups/9c7c64f3-4698-435f-befc-5638515f7c7d/action => generated 0 bytes in 124 msecs (HTTP/1.1 202) 6 headers in 234 bytes (1 switches on core 0)
Mar 02 17:53:27.157669 dv-cinder-831439-4-iscsi devstack@c-api.service[121626]: DEBUG cinder.api.middleware.request_id [None req-ad223f03-681d-42b6-8e43-1e8097393fca None None] RequestId filter calling following filter/app {{(pid=121626) _context_setter /opt/stack/cinder/cinder/api/middleware/request_id.py:62}}
Mar 02 17:53:27.185412 dv-cinder-831439-4-iscsi devstack@c-api.service[121626]: INFO cinder.api.openstack.wsgi [None req-ad223f03-681d-42b6-8e43-1e8097393fca tempest-GroupsV320Test-696448123 tempest-GroupsV320Test-696448123-project] GET http://10.222.0.75/volume/v3/30a3392425cc43eea64e10735dd4384b/groups/9c7c64f3-4698-435f-befc-5638515f7c7d
Mar 02 17:53:27.186259 dv-cinder-831439-4-iscsi devstack@c-api.service[121626]: DEBUG cinder.api.openstack.wsgi [None req-ad223f03-681d-42b6-8e43-1e8097393fca tempest-GroupsV320Test-696448123 tempest-GroupsV320Test-696448123-project] Empty body provided in request {{(pid=121626) get_body /opt/stack/cinder/cinder/api/openstack/wsgi.py:715}}
Mar 02 17:53:27.187982 dv-cinder-831439-4-iscsi devstack@c-api.service[121626]: DEBUG cinder.api.openstack.wsgi [None req-ad223f03-681d-42b6-8e43-1e8097393fca tempest-GroupsV320Test-696448123 tempest-GroupsV320Test-696448123-project] Calling method 'version_select' {{(pid=121626) _process_stack /opt/stack/cinder/cinder/api/openstack/wsgi.py:868}}
Mar 02 17:53:27.190626 dv-cinder-831439-4-iscsi devstack@c-api.service[121626]: DEBUG cinder.api.v3.groups [None req-ad223f03-681d-42b6-8e43-1e8097393fca tempest-GroupsV320Test-696448123 tempest-GroupsV320Test-696448123-project] show called for member 9c7c64f3-4698-435f-befc-5638515f7c7d {{(pid=121626) show /opt/stack/cinder/cinder/api/v3/groups.py:58}}
Mar 02 17:53:27.192170 dv-cinder-831439-4-iscsi devstack@c-api.service[121625]: DEBUG cinder.volume.api [None req-464c608e-582d-4fac-a617-f5ae47f2abaa tempest-GroupSnapshotsTest-1271952376 tempest-GroupSnapshotsTest-1271952376-project] Task 'cinder.volume.flows.api.create_volume.EntryCreateTask;volume:create' (e6c0348c-1a72-4cf1-bc69-e2bc19f7624c) transitioned into state 'SUCCESS' from state 'RUNNING' with result '{'volume_id': '46e849a2-f6df-42fe-b671-6116c61a5b5e', 'volume_properties': VolumeProperties(attach_status='detached',availability_zone='nova',cgsnapshot_id=None,consistencygroup_id=None,display_description=None,display_name='tempest-GroupSnapshotsTest-Volume-550191939',encryption_key_id=None,group_id=6a51fb1e-6a8c-41a5-8ac5-bff6be216650,group_type_id=,metadata={},multiattach=False,project_id='ee75daa473614c258754a6a4de4a349c',qos_specs=None,replication_status=,reservations=['80e75864-9019-4439-b16d-d43b663b4173','6aa60518-7a5e-4228-80a8-46068445eff0','831c82b1-98e3-4ef8-afaf-5ad3da244635','1eb273ba-6b5c-4c0d-871a-3290d041c914'],size=1,snapshot_id=None,source_replicaid=,source_volid=None,status='creating',user_id='de5c6312a6504f2b8b1e1bd4a5952079',volume_type_id=c2da06bb-f9ca-45d3-b4ab-8c16486adf55), 'volume': Volume(_name_id=None,admin_metadata=,attach_status='detached',availability_zone='nova',bootable=False,cluster=,cluster_name=None,consistencygroup=,consistencygroup_id=None,created_at=2022-03-02T17:53:27Z,deleted=False,deleted_at=None,display_description=None,display_name='tempest-GroupSnapshotsTest-Volume-550191939',ec2_id=None,encryption_key_id=None,glance_metadata=,group=,group_id=6a51fb1e-6a8c-41a5-8ac5-bff6be216650,host=None,id=46e849a2-f6df-42fe-b671-6116c61a5b5e,launched_at=None,metadata={},migration_status=None,multiattach=False,previous_status=None,project_id='ee75daa473614c258754a6a4de4a349c',provider_auth=None,provider_geometry=None,provider_id=None,provider_location=None,replication_driver_data=None,replication_extended_status=None,replication_status=None,scheduled_at=None,service_uuid=None,shared_targets=True,size=1,snapshot_id=None,snapshots=,source_volid=None,status='creating',terminated_at=None,updated_at=None,use_quota=True,user_id='de5c6312a6504f2b8b1e1bd4a5952079',volume_attachment=VolumeAttachmentList,volume_type=VolumeType(c2da06bb-f9ca-45d3-b4ab-8c16486adf55),volume_type_id=c2da06bb-f9ca-45d3-b4ab-8c16486adf55)}' {{(pid=121625) _task_receiver /usr/local/lib/python3.8/dist-packages/taskflow/listeners/logging.py:178}}
Mar 02 17:53:27.196598 dv-cinder-831439-4-iscsi devstack@c-api.service[121625]: DEBUG cinder.volume.api [None req-464c608e-582d-4fac-a617-f5ae47f2abaa tempest-GroupSnapshotsTest-1271952376 tempest-GroupSnapshotsTest-1271952376-project] Task 'cinder.volume.flows.api.create_volume.QuotaCommitTask;volume:create' (2180805d-ced2-4382-9f61-41c9a22fa5a9) transitioned into state 'RUNNING' from state 'PENDING' {{(pid=121625) _task_receiver /usr/local/lib/python3.8/dist-packages/taskflow/listeners/logging.py:190}}
Mar 02 17:53:27.203551 dv-cinder-831439-4-iscsi devstack@c-api.service[121626]: /usr/local/lib/python3.8/dist-packages/oslo_context/context.py:105: DeprecationWarning: Policy enforcement is depending on the value of is_admin. This key is deprecated. Please update your policy file to use the standard policy values.
Mar 02 17:53:27.203551 dv-cinder-831439-4-iscsi devstack@c-api.service[121626]: warnings.warn('Policy enforcement is depending on the value of '
Mar 02 17:53:27.244231 dv-cinder-831439-4-iscsi devstack@c-api.service[121626]: INFO cinder.api.openstack.wsgi [None req-ad223f03-681d-42b6-8e43-1e8097393fca tempest-GroupsV320Test-696448123 tempest-GroupsV320Test-696448123-project] http://10.222.0.75/volume/v3/30a3392425cc43eea64e10735dd4384b/groups/9c7c64f3-4698-435f-befc-5638515f7c7d returned with HTTP 200
Mar 02 17:53:27.245084 dv-cinder-831439-4-iscsi devstack@c-api.service[121626]: [pid: 121626|app: 0|req: 174/328] 10.222.0.75 () {60 vars in 1362 bytes} [Wed Mar 2 17:53:27 2022] GET /volume/v3/30a3392425cc43eea64e10735dd4384b/groups/9c7c64f3-4698-435f-befc-5638515f7c7d => generated 388 bytes in 96 msecs (HTTP/1.1 200) 7 headers in 286 bytes (1 switches on core 0)
Mar 02 17:53:27.254851 dv-cinder-831439-4-iscsi devstack@c-api.service[121626]: DEBUG cinder.api.middleware.request_id [None req-edd5a6ab-c4ac-4797-9e4f-376f580ac7b1 None None] RequestId filter calling following filter/app {{(pid=121626) _context_setter /opt/stack/cinder/cinder/api/middleware/request_id.py:62}}
Mar 02 17:53:27.259614 dv-cinder-831439-4-iscsi devstack@c-api.service[121625]: DEBUG cinder.volume.api [None req-464c608e-582d-4fac-a617-f5ae47f2abaa tempest-GroupSnapshotsTest-1271952376 tempest-GroupSnapshotsTest-1271952376-project] Task 'cinder.volume.flows.api.create_volume.QuotaCommitTask;volume:create' (2180805d-ced2-4382-9f61-41c9a22fa5a9) transitioned into state 'SUCCESS' from state 'RUNNING' with result '{'volume_properties': VolumeProperties(attach_status='detached',availability_zone='nova',cgsnapshot_id=None,consistencygroup_id=None,display_description=None,display_name='tempest-GroupSnapshotsTest-Volume-550191939',encryption_key_id=None,group_id=6a51fb1e-6a8c-41a5-8ac5-bff6be216650,group_type_id=,metadata={},multiattach=False,project_id='ee75daa473614c258754a6a4de4a349c',qos_specs=None,replication_status=,reservations=['80e75864-9019-4439-b16d-d43b663b4173','6aa60518-7a5e-4228-80a8-46068445eff0','831c82b1-98e3-4ef8-afaf-5ad3da244635','1eb273ba-6b5c-4c0d-871a-3290d041c914'],size=1,snapshot_id=None,source_replicaid=,source_volid=None,status='creating',user_id='de5c6312a6504f2b8b1e1bd4a5952079',volume_type_id=c2da06bb-f9ca-45d3-b4ab-8c16486adf55)}' {{(pid=121625) _task_receiver /usr/local/lib/python3.8/dist-packages/taskflow/listeners/logging.py:178}}
Mar 02 17:53:27.265343 dv-cinder-831439-4-iscsi devstack@c-api.service[121626]: INFO cinder.api.openstack.wsgi [None req-edd5a6ab-c4ac-4797-9e4f-376f580ac7b1 tempest-GroupsV320Test-1549821282 tempest-GroupsV320Test-1549821282-project-admin] POST http://10.222.0.75/volume/v3/71eabe06c5d94d43967ef9396a04640b/groups/9c7c64f3-4698-435f-befc-5638515f7c7d/action
Mar 02 17:53:27.268074 dv-cinder-831439-4-iscsi devstack@c-api.service[121625]: DEBUG cinder.volume.api [None req-464c608e-582d-4fac-a617-f5ae47f2abaa tempest-GroupSnapshotsTest-1271952376 tempest-GroupSnapshotsTest-1271952376-project] Task 'cinder.volume.flows.api.create_volume.VolumeCastTask;volume:create' (3fcea20e-bca5-4d51-837f-8f61d7564d10) transitioned into state 'RUNNING' from state 'PENDING' {{(pid=121625) _task_receiver /usr/local/lib/python3.8/dist-packages/taskflow/listeners/logging.py:190}}
Mar 02 17:53:27.268714 dv-cinder-831439-4-iscsi devstack@c-api.service[121626]: DEBUG cinder.api.openstack.wsgi [None req-edd5a6ab-c4ac-4797-9e4f-376f580ac7b1 tempest-GroupsV320Test-1549821282 tempest-GroupsV320Test-1549821282-project-admin] Action body: b'{"reset_status": {"status": "available"}}' {{(pid=121626) get_method /opt/stack/cinder/cinder/api/openstack/wsgi.py:983}}
Mar 02 17:53:27.269496 dv-cinder-831439-4-iscsi devstack@c-api.service[121626]: DEBUG cinder.api.openstack.wsgi [None req-edd5a6ab-c4ac-4797-9e4f-376f580ac7b1 tempest-GroupsV320Test-1549821282 tempest-GroupsV320Test-1549821282-project-admin] Action: 'action', calling method: reset_status, body: {"reset_status": {"status": "available"}} {{(pid=121626) _process_stack /opt/stack/cinder/cinder/api/openstack/wsgi.py:866}}
Mar 02 17:53:27.275193 dv-cinder-831439-4-iscsi devstack@c-api.service[121626]: DEBUG cinder.api.v3.groups [None req-edd5a6ab-c4ac-4797-9e4f-376f580ac7b1 tempest-GroupsV320Test-1549821282 tempest-GroupsV320Test-1549821282-project-admin] Updating group '9c7c64f3-4698-435f-befc-5638515f7c7d' with 'available' {{(pid=121626) _reset_status /opt/stack/cinder/cinder/api/v3/groups.py:82}}
Mar 02 17:53:27.285070 dv-cinder-831439-4-iscsi devstack@c-api.service[121626]: /usr/local/lib/python3.8/dist-packages/oslo_context/context.py:105: DeprecationWarning: Policy enforcement is depending on the value of is_admin. This key is deprecated. Please update your policy file to use the standard policy values.
Mar 02 17:53:27.285070 dv-cinder-831439-4-iscsi devstack@c-api.service[121626]: warnings.warn('Policy enforcement is depending on the value of '
Mar 02 17:53:27.313264 dv-cinder-831439-4-iscsi devstack@c-api.service[121626]: INFO cinder.api.openstack.wsgi [None req-edd5a6ab-c4ac-4797-9e4f-376f580ac7b1 tempest-GroupsV320Test-1549821282 tempest-GroupsV320Test-1549821282-project-admin] http://10.222.0.75/volume/v3/71eabe06c5d94d43967ef9396a04640b/groups/9c7c64f3-4698-435f-befc-5638515f7c7d/action returned with HTTP 202
Mar 02 17:53:27.318674 dv-cinder-831439-4-iscsi devstack@c-api.service[121626]: [pid: 121626|app: 0|req: 175/329] 10.222.0.75 () {62 vars in 1404 bytes} [Wed Mar 2 17:53:27 2022] POST /volume/v3/71eabe06c5d94d43967ef9396a04640b/groups/9c7c64f3-4698-435f-befc-5638515f7c7d/action => generated 0 bytes in 65 msecs (HTTP/1.1 202) 6 headers in 234 bytes (1 switches on core 0)
Mar 02 17:53:27.324431 dv-cinder-831439-4-iscsi devstack@c-api.service[121626]: DEBUG cinder.api.middleware.request_id [None req-2e973f48-43b2-4553-9489-e911ba349301 None None] RequestId filter calling following filter/app {{(pid=121626) _context_setter /opt/stack/cinder/cinder/api/middleware/request_id.py:62}}
Mar 02 17:53:27.329562 dv-cinder-831439-4-iscsi devstack@c-api.service[121626]: INFO cinder.api.openstack.wsgi [None req-2e973f48-43b2-4553-9489-e911ba349301 tempest-GroupsV320Test-696448123 tempest-GroupsV320Test-696448123-project] GET http://10.222.0.75/volume/v3/30a3392425cc43eea64e10735dd4384b/groups/9c7c64f3-4698-435f-befc-5638515f7c7d
Mar 02 17:53:27.330487 dv-cinder-831439-4-iscsi devstack@c-api.service[121625]: DEBUG cinder.volume.api [None req-464c608e-582d-4fac-a617-f5ae47f2abaa tempest-GroupSnapshotsTest-1271952376 tempest-GroupSnapshotsTest-1271952376-project] Task 'cinder.volume.flows.api.create_volume.VolumeCastTask;volume:create' (3fcea20e-bca5-4d51-837f-8f61d7564d10) transitioned into state 'SUCCESS' from state 'RUNNING' with result 'None' {{(pid=121625) _task_receiver /usr/local/lib/python3.8/dist-packages/taskflow/listeners/logging.py:178}}
Mar 02 17:53:27.342727 dv-cinder-831439-4-iscsi devstack@c-api.service[121626]: DEBUG cinder.api.openstack.wsgi [None req-2e973f48-43b2-4553-9489-e911ba349301 tempest-GroupsV320Test-696448123 tempest-GroupsV320Test-696448123-project] Empty body provided in request {{(pid=121626) get_body /opt/stack/cinder/cinder/api/openstack/wsgi.py:715}}
Mar 02 17:53:27.343341 dv-cinder-831439-4-iscsi devstack@c-api.service[121626]: DEBUG cinder.api.openstack.wsgi [None req-2e973f48-43b2-4553-9489-e911ba349301 tempest-GroupsV320Test-696448123 tempest-GroupsV320Test-696448123-project] Calling method 'version_select' {{(pid=121626) _process_stack /opt/stack/cinder/cinder/api/openstack/wsgi.py:868}}
Mar 02 17:53:27.343783 dv-cinder-831439-4-iscsi devstack@c-api.service[121625]: DEBUG cinder.volume.api [None req-464c608e-582d-4fac-a617-f5ae47f2abaa tempest-GroupSnapshotsTest-1271952376 tempest-GroupSnapshotsTest-1271952376-project] Flow 'volume_create_api' (7a4329c9-e203-4aae-85c9-195bcdf75f29) transitioned into state 'SUCCESS' from state 'RUNNING' {{(pid=121625) _flow_receiver /usr/local/lib/python3.8/dist-packages/taskflow/listeners/logging.py:141}}
Mar 02 17:53:27.344319 dv-cinder-831439-4-iscsi devstack@c-api.service[121626]: DEBUG cinder.api.v3.groups [None req-2e973f48-43b2-4553-9489-e911ba349301 tempest-GroupsV320Test-696448123 tempest-GroupsV320Test-696448123-project] show called for member 9c7c64f3-4698-435f-befc-5638515f7c7d {{(pid=121626) show /opt/stack/cinder/cinder/api/v3/groups.py:58}}
Mar 02 17:53:27.345212 dv-cinder-831439-4-iscsi devstack@c-api.service[121625]: INFO cinder.volume.api [None req-464c608e-582d-4fac-a617-f5ae47f2abaa tempest-GroupSnapshotsTest-1271952376 tempest-GroupSnapshotsTest-1271952376-project] Create volume request issued successfully.
Mar 02 17:53:27.347877 dv-cinder-831439-4-iscsi devstack@c-api.service[121625]: WARNING stevedore.named [None req-464c608e-582d-4fac-a617-f5ae47f2abaa tempest-GroupSnapshotsTest-1271952376 tempest-GroupSnapshotsTest-1271952376-project] Could not load cinder.keymgr.conf_key_mgr.ConfKeyManager
Mar 02 17:53:27.348763 dv-cinder-831439-4-iscsi devstack@c-api.service[121625]: WARNING castellan.key_manager [None req-464c608e-582d-4fac-a617-f5ae47f2abaa tempest-GroupSnapshotsTest-1271952376 tempest-GroupSnapshotsTest-1271952376-project] Deprecation Warning : cinder.keymgr.conf_key_mgr.ConfKeyManager is not a stevedore based driver, trying to load it as a class: stevedore.exception.NoMatches: No 'castellan.drivers' driver found, looking for 'cinder.keymgr.conf_key_mgr.ConfKeyManager'
Mar 02 17:53:27.356897 dv-cinder-831439-4-iscsi devstack@c-api.service[121626]: /usr/local/lib/python3.8/dist-packages/oslo_context/context.py:105: DeprecationWarning: Policy enforcement is depending on the value of is_admin. This key is deprecated. Please update your policy file to use the standard policy values.
Mar 02 17:53:27.356897 dv-cinder-831439-4-iscsi devstack@c-api.service[121626]: warnings.warn('Policy enforcement is depending on the value of '
Mar 02 17:53:27.363957 dv-cinder-831439-4-iscsi devstack@c-api.service[121625]: DEBUG oslo_db.sqlalchemy.engines [None req-464c608e-582d-4fac-a617-f5ae47f2abaa tempest-GroupSnapshotsTest-1271952376 tempest-GroupSnapshotsTest-1271952376-project] MySQL server mode set to STRICT_TRANS_TABLES,STRICT_ALL_TABLES,NO_ZERO_IN_DATE,NO_ZERO_DATE,ERROR_FOR_DIVISION_BY_ZERO,TRADITIONAL,NO_ENGINE_SUBSTITUTION {{(pid=121625) _check_effective_sql_mode /usr/local/lib/python3.8/dist-packages/oslo_db/sqlalchemy/engines.py:314}}
Mar 02 17:53:27.375028 dv-cinder-831439-4-iscsi devstack@c-api.service[121625]: /usr/local/lib/python3.8/dist-packages/oslo_context/context.py:105: DeprecationWarning: Policy enforcement is depending on the value of is_admin. This key is deprecated. Please update your policy file to use the standard policy values.
Mar 02 17:53:27.375028 dv-cinder-831439-4-iscsi devstack@c-api.service[121625]: warnings.warn('Policy enforcement is depending on the value of '
Mar 02 17:53:27.382086 dv-cinder-831439-4-iscsi devstack@c-api.service[121625]: INFO cinder.api.openstack.wsgi [None req-464c608e-582d-4fac-a617-f5ae47f2abaa tempest-GroupSnapshotsTest-1271952376 tempest-GroupSnapshotsTest-1271952376-project] http://10.222.0.75/volume/v3/ee75daa473614c258754a6a4de4a349c/volumes returned with HTTP 202
Mar 02 17:53:27.386522 dv-cinder-831439-4-iscsi devstack@c-api.service[121626]: INFO cinder.api.openstack.wsgi [None req-2e973f48-43b2-4553-9489-e911ba349301 tempest-GroupsV320Test-696448123 tempest-GroupsV320Test-696448123-project] http://10.222.0.75/volume/v3/30a3392425cc43eea64e10735dd4384b/groups/9c7c64f3-4698-435f-befc-5638515f7c7d returned with HTTP 200
Mar 02 17:53:27.388488 dv-cinder-831439-4-iscsi devstack@c-api.service[121626]: [pid: 121626|app: 0|req: 176/331] 10.222.0.75 () {60 vars in 1362 bytes} [Wed Mar 2 17:53:27 2022] GET /volume/v3/30a3392425cc43eea64e10735dd4384b/groups/9c7c64f3-4698-435f-befc-5638515f7c7d => generated 389 bytes in 66 msecs (HTTP/1.1 200) 7 headers in 286 bytes (2 switches on core 0)
Mar 02 17:53:27.388763 dv-cinder-831439-4-iscsi devstack@c-api.service[121625]: [pid: 121625|app: 0|req: 155/330] 10.222.0.75 () {62 vars in 1276 bytes} [Wed Mar 2 17:53:26 2022] POST /volume/v3/ee75daa473614c258754a6a4de4a349c/volumes => generated 906 bytes in 758 msecs (HTTP/1.1 202) 7 headers in 292 bytes (1 switches on core 0)
Mar 02 17:53:27.396360 dv-cinder-831439-4-iscsi devstack@c-api.service[121626]: DEBUG cinder.api.middleware.request_id [None req-413dbdf3-6b51-413d-bb58-8c3400be1862 None None] RequestId filter calling following filter/app {{(pid=121626) _context_setter /opt/stack/cinder/cinder/api/middleware/request_id.py:62}}
Mar 02 17:53:27.397238 dv-cinder-831439-4-iscsi devstack@c-api.service[121625]: DEBUG cinder.api.middleware.request_id [None req-22f49919-f42b-4762-8856-c21c0c34b2c4 None None] RequestId filter calling following filter/app {{(pid=121625) _context_setter /opt/stack/cinder/cinder/api/middleware/request_id.py:62}}
Mar 02 17:53:27.404691 dv-cinder-831439-4-iscsi devstack@c-api.service[121625]: INFO cinder.api.openstack.wsgi [None req-22f49919-f42b-4762-8856-c21c0c34b2c4 tempest-GroupSnapshotsTest-1271952376 tempest-GroupSnapshotsTest-1271952376-project] GET http://10.222.0.75/volume/v3/ee75daa473614c258754a6a4de4a349c/volumes/46e849a2-f6df-42fe-b671-6116c61a5b5e
Mar 02 17:53:27.405687 dv-cinder-831439-4-iscsi devstack@c-api.service[121625]: DEBUG cinder.api.openstack.wsgi [None req-22f49919-f42b-4762-8856-c21c0c34b2c4 tempest-GroupSnapshotsTest-1271952376 tempest-GroupSnapshotsTest-1271952376-project] Empty body provided in request {{(pid=121625) get_body /opt/stack/cinder/cinder/api/openstack/wsgi.py:715}}
Mar 02 17:53:27.406918 dv-cinder-831439-4-iscsi devstack@c-api.service[121625]: DEBUG cinder.api.openstack.wsgi [None req-22f49919-f42b-4762-8856-c21c0c34b2c4 tempest-GroupSnapshotsTest-1271952376 tempest-GroupSnapshotsTest-1271952376-project] Calling method 'show' {{(pid=121625) _process_stack /opt/stack/cinder/cinder/api/openstack/wsgi.py:868}}
Mar 02 17:53:27.409858 dv-cinder-831439-4-iscsi devstack@c-api.service[121626]: INFO cinder.api.openstack.wsgi [None req-413dbdf3-6b51-413d-bb58-8c3400be1862 tempest-GroupsV320Test-1549821282 tempest-GroupsV320Test-1549821282-project-admin] POST http://10.222.0.75/volume/v3/71eabe06c5d94d43967ef9396a04640b/groups/9c7c64f3-4698-435f-befc-5638515f7c7d/action
Mar 02 17:53:27.411281 dv-cinder-831439-4-iscsi devstack@c-api.service[121626]: DEBUG cinder.api.openstack.wsgi [None req-413dbdf3-6b51-413d-bb58-8c3400be1862 tempest-GroupsV320Test-1549821282 tempest-GroupsV320Test-1549821282-project-admin] Action body: b'{"reset_status": {"status": "error"}}' {{(pid=121626) get_method /opt/stack/cinder/cinder/api/openstack/wsgi.py:983}}
Mar 02 17:53:27.417494 dv-cinder-831439-4-iscsi devstack@c-api.service[121626]: DEBUG cinder.api.openstack.wsgi [None req-413dbdf3-6b51-413d-bb58-8c3400be1862 tempest-GroupsV320Test-1549821282 tempest-GroupsV320Test-1549821282-project-admin] Action: 'action', calling method: reset_status, body: {"reset_status": {"status": "error"}} {{(pid=121626) _process_stack /opt/stack/cinder/cinder/api/openstack/wsgi.py:866}}
Mar 02 17:53:27.418539 dv-cinder-831439-4-iscsi devstack@c-api.service[121626]: DEBUG cinder.api.v3.groups [None req-413dbdf3-6b51-413d-bb58-8c3400be1862 tempest-GroupsV320Test-1549821282 tempest-GroupsV320Test-1549821282-project-admin] Updating group '9c7c64f3-4698-435f-befc-5638515f7c7d' with 'error' {{(pid=121626) _reset_status /opt/stack/cinder/cinder/api/v3/groups.py:82}}
Mar 02 17:53:27.431414 dv-cinder-831439-4-iscsi devstack@c-api.service[121625]: /usr/local/lib/python3.8/dist-packages/oslo_context/context.py:105: DeprecationWarning: Policy enforcement is depending on the value of is_admin. This key is deprecated. Please update your policy file to use the standard policy values.
Mar 02 17:53:27.431414 dv-cinder-831439-4-iscsi devstack@c-api.service[121625]: warnings.warn('Policy enforcement is depending on the value of '
Mar 02 17:53:27.439171 dv-cinder-831439-4-iscsi devstack@c-api.service[121626]: /usr/local/lib/python3.8/dist-packages/oslo_context/context.py:105: DeprecationWarning: Policy enforcement is depending on the value of is_admin. This key is deprecated. Please update your policy file to use the standard policy values.
Mar 02 17:53:27.439171 dv-cinder-831439-4-iscsi devstack@c-api.service[121626]: warnings.warn('Policy enforcement is depending on the value of '
Mar 02 17:53:27.442885 dv-cinder-831439-4-iscsi devstack@c-api.service[121625]: INFO cinder.volume.api [None req-22f49919-f42b-4762-8856-c21c0c34b2c4 tempest-GroupSnapshotsTest-1271952376 tempest-GroupSnapshotsTest-1271952376-project] Volume info retrieved successfully.
Mar 02 17:53:27.445826 dv-cinder-831439-4-iscsi devstack@c-api.service[121625]: WARNING stevedore.named [None req-22f49919-f42b-4762-8856-c21c0c34b2c4 tempest-GroupSnapshotsTest-1271952376 tempest-GroupSnapshotsTest-1271952376-project] Could not load cinder.keymgr.conf_key_mgr.ConfKeyManager
Mar 02 17:53:27.446531 dv-cinder-831439-4-iscsi devstack@c-api.service[121625]: WARNING castellan.key_manager [None req-22f49919-f42b-4762-8856-c21c0c34b2c4 tempest-GroupSnapshotsTest-1271952376 tempest-GroupSnapshotsTest-1271952376-project] Deprecation Warning : cinder.keymgr.conf_key_mgr.ConfKeyManager is not a stevedore based driver, trying to load it as a class: stevedore.exception.NoMatches: No 'castellan.drivers' driver found, looking for 'cinder.keymgr.conf_key_mgr.ConfKeyManager'
Mar 02 17:53:27.459648 dv-cinder-831439-4-iscsi devstack@c-api.service[121626]: INFO cinder.api.openstack.wsgi [None req-413dbdf3-6b51-413d-bb58-8c3400be1862 tempest-GroupsV320Test-1549821282 tempest-GroupsV320Test-1549821282-project-admin] http://10.222.0.75/volume/v3/71eabe06c5d94d43967ef9396a04640b/groups/9c7c64f3-4698-435f-befc-5638515f7c7d/action returned with HTTP 202
Mar 02 17:53:27.460907 dv-cinder-831439-4-iscsi devstack@c-api.service[121626]: [pid: 121626|app: 0|req: 177/332] 10.222.0.75 () {62 vars in 1404 bytes} [Wed Mar 2 17:53:27 2022] POST /volume/v3/71eabe06c5d94d43967ef9396a04640b/groups/9c7c64f3-4698-435f-befc-5638515f7c7d/action => generated 0 bytes in 65 msecs (HTTP/1.1 202) 6 headers in 234 bytes (1 switches on core 0)
Mar 02 17:53:27.461720 dv-cinder-831439-4-iscsi devstack@c-api.service[121625]: DEBUG oslo_db.sqlalchemy.engines [None req-22f49919-f42b-4762-8856-c21c0c34b2c4 tempest-GroupSnapshotsTest-1271952376 tempest-GroupSnapshotsTest-1271952376-project] MySQL server mode set to STRICT_TRANS_TABLES,STRICT_ALL_TABLES,NO_ZERO_IN_DATE,NO_ZERO_DATE,ERROR_FOR_DIVISION_BY_ZERO,TRADITIONAL,NO_ENGINE_SUBSTITUTION {{(pid=121625) _check_effective_sql_mode /usr/local/lib/python3.8/dist-packages/oslo_db/sqlalchemy/engines.py:314}}
Mar 02 17:53:27.467909 dv-cinder-831439-4-iscsi devstack@c-api.service[121626]: DEBUG cinder.api.middleware.request_id [None req-7ae2d0a0-6f43-433f-b26b-8e0dd2913b9b None None] RequestId filter calling following filter/app {{(pid=121626) _context_setter /opt/stack/cinder/cinder/api/middleware/request_id.py:62}}
Mar 02 17:53:27.471151 dv-cinder-831439-4-iscsi devstack@c-api.service[121625]: /usr/local/lib/python3.8/dist-packages/oslo_context/context.py:105: DeprecationWarning: Policy enforcement is depending on the value of is_admin. This key is deprecated. Please update your policy file to use the standard policy values.
Mar 02 17:53:27.471151 dv-cinder-831439-4-iscsi devstack@c-api.service[121625]: warnings.warn('Policy enforcement is depending on the value of '
Mar 02 17:53:27.474535 dv-cinder-831439-4-iscsi devstack@c-api.service[121626]: INFO cinder.api.openstack.wsgi [None req-7ae2d0a0-6f43-433f-b26b-8e0dd2913b9b tempest-GroupsV320Test-696448123 tempest-GroupsV320Test-696448123-project] GET http://10.222.0.75/volume/v3/30a3392425cc43eea64e10735dd4384b/groups/9c7c64f3-4698-435f-befc-5638515f7c7d
Mar 02 17:53:27.477143 dv-cinder-831439-4-iscsi devstack@c-api.service[121626]: DEBUG cinder.api.openstack.wsgi [None req-7ae2d0a0-6f43-433f-b26b-8e0dd2913b9b tempest-GroupsV320Test-696448123 tempest-GroupsV320Test-696448123-project] Empty body provided in request {{(pid=121626) get_body /opt/stack/cinder/cinder/api/openstack/wsgi.py:715}}
Mar 02 17:53:27.480753 dv-cinder-831439-4-iscsi devstack@c-api.service[121626]: DEBUG cinder.api.openstack.wsgi [None req-7ae2d0a0-6f43-433f-b26b-8e0dd2913b9b tempest-GroupsV320Test-696448123 tempest-GroupsV320Test-696448123-project] Calling method 'version_select' {{(pid=121626) _process_stack /opt/stack/cinder/cinder/api/openstack/wsgi.py:868}}
Mar 02 17:53:27.482482 dv-cinder-831439-4-iscsi devstack@c-api.service[121626]: DEBUG cinder.api.v3.groups [None req-7ae2d0a0-6f43-433f-b26b-8e0dd2913b9b tempest-GroupsV320Test-696448123 tempest-GroupsV320Test-696448123-project] show called for member 9c7c64f3-4698-435f-befc-5638515f7c7d {{(pid=121626) show /opt/stack/cinder/cinder/api/v3/groups.py:58}}
Mar 02 17:53:27.495995 dv-cinder-831439-4-iscsi devstack@c-api.service[121626]: /usr/local/lib/python3.8/dist-packages/oslo_context/context.py:105: DeprecationWarning: Policy enforcement is depending on the value of is_admin. This key is deprecated. Please update your policy file to use the standard policy values.
Mar 02 17:53:27.495995 dv-cinder-831439-4-iscsi devstack@c-api.service[121626]: warnings.warn('Policy enforcement is depending on the value of '
Mar 02 17:53:27.518637 dv-cinder-831439-4-iscsi devstack@c-api.service[121625]: INFO cinder.api.openstack.wsgi [None req-22f49919-f42b-4762-8856-c21c0c34b2c4 tempest-GroupSnapshotsTest-1271952376 tempest-GroupSnapshotsTest-1271952376-project] http://10.222.0.75/volume/v3/ee75daa473614c258754a6a4de4a349c/volumes/46e849a2-f6df-42fe-b671-6116c61a5b5e returned with HTTP 200
Mar 02 17:53:27.519993 dv-cinder-831439-4-iscsi devstack@c-api.service[121625]: [pid: 121625|app: 0|req: 156/333] 10.222.0.75 () {60 vars in 1365 bytes} [Wed Mar 2 17:53:27 2022] GET /volume/v3/ee75daa473614c258754a6a4de4a349c/volumes/46e849a2-f6df-42fe-b671-6116c61a5b5e => generated 974 bytes in 125 msecs (HTTP/1.1 200) 7 headers in 286 bytes (1 switches on core 0)
Mar 02 17:53:27.539940 dv-cinder-831439-4-iscsi devstack@c-api.service[121626]: INFO cinder.api.openstack.wsgi [None req-7ae2d0a0-6f43-433f-b26b-8e0dd2913b9b tempest-GroupsV320Test-696448123 tempest-GroupsV320Test-696448123-project] http://10.222.0.75/volume/v3/30a3392425cc43eea64e10735dd4384b/groups/9c7c64f3-4698-435f-befc-5638515f7c7d returned with HTTP 200
Mar 02 17:53:27.544532 dv-cinder-831439-4-iscsi devstack@c-api.service[121626]: [pid: 121626|app: 0|req: 178/334] 10.222.0.75 () {60 vars in 1362 bytes} [Wed Mar 2 17:53:27 2022] GET /volume/v3/30a3392425cc43eea64e10735dd4384b/groups/9c7c64f3-4698-435f-befc-5638515f7c7d => generated 385 bytes in 78 msecs (HTTP/1.1 200) 7 headers in 286 bytes (1 switches on core 0)
Mar 02 17:53:27.553126 dv-cinder-831439-4-iscsi devstack@c-api.service[121625]: DEBUG cinder.api.middleware.request_id [None req-7b850011-c3e4-4a30-bd88-a94bc178e01b None None] RequestId filter calling following filter/app {{(pid=121625) _context_setter /opt/stack/cinder/cinder/api/middleware/request_id.py:62}}
Mar 02 17:53:27.558357 dv-cinder-831439-4-iscsi devstack@c-api.service[121625]: INFO cinder.api.openstack.wsgi [None req-7b850011-c3e4-4a30-bd88-a94bc178e01b tempest-GroupsV320Test-1549821282 tempest-GroupsV320Test-1549821282-project-admin] POST http://10.222.0.75/volume/v3/71eabe06c5d94d43967ef9396a04640b/groups/9c7c64f3-4698-435f-befc-5638515f7c7d/action
Mar 02 17:53:27.559415 dv-cinder-831439-4-iscsi devstack@c-api.service[121625]: DEBUG cinder.api.openstack.wsgi [None req-7b850011-c3e4-4a30-bd88-a94bc178e01b tempest-GroupsV320Test-1549821282 tempest-GroupsV320Test-1549821282-project-admin] Action body: b'{"reset_status": {"status": "available"}}' {{(pid=121625) get_method /opt/stack/cinder/cinder/api/openstack/wsgi.py:983}}
Mar 02 17:53:27.559997 dv-cinder-831439-4-iscsi devstack@c-api.service[121625]: DEBUG cinder.api.openstack.wsgi [None req-7b850011-c3e4-4a30-bd88-a94bc178e01b tempest-GroupsV320Test-1549821282 tempest-GroupsV320Test-1549821282-project-admin] Action: 'action', calling method: version_select, body: {"reset_status": {"status": "available"}} {{(pid=121625) _process_stack /opt/stack/cinder/cinder/api/openstack/wsgi.py:866}}
Mar 02 17:53:27.561044 dv-cinder-831439-4-iscsi devstack@c-api.service[121625]: DEBUG cinder.api.v3.groups [None req-7b850011-c3e4-4a30-bd88-a94bc178e01b tempest-GroupsV320Test-1549821282 tempest-GroupsV320Test-1549821282-project-admin] Updating group '9c7c64f3-4698-435f-befc-5638515f7c7d' with 'available' {{(pid=121625) _reset_status /opt/stack/cinder/cinder/api/v3/groups.py:82}}
Mar 02 17:53:27.581734 dv-cinder-831439-4-iscsi devstack@c-api.service[121625]: /usr/local/lib/python3.8/dist-packages/oslo_context/context.py:105: DeprecationWarning: Policy enforcement is depending on the value of is_admin. This key is deprecated. Please update your policy file to use the standard policy values.
Mar 02 17:53:27.581734 dv-cinder-831439-4-iscsi devstack@c-api.service[121625]: warnings.warn('Policy enforcement is depending on the value of '
Mar 02 17:53:27.617218 dv-cinder-831439-4-iscsi devstack@c-api.service[121625]: INFO cinder.api.openstack.wsgi [None req-7b850011-c3e4-4a30-bd88-a94bc178e01b tempest-GroupsV320Test-1549821282 tempest-GroupsV320Test-1549821282-project-admin] http://10.222.0.75/volume/v3/71eabe06c5d94d43967ef9396a04640b/groups/9c7c64f3-4698-435f-befc-5638515f7c7d/action returned with HTTP 202
Mar 02 17:53:27.619736 dv-cinder-831439-4-iscsi devstack@c-api.service[121625]: [pid: 121625|app: 0|req: 157/335] 10.222.0.75 () {62 vars in 1404 bytes} [Wed Mar 2 17:53:27 2022] POST /volume/v3/71eabe06c5d94d43967ef9396a04640b/groups/9c7c64f3-4698-435f-befc-5638515f7c7d/action => generated 0 bytes in 67 msecs (HTTP/1.1 202) 6 headers in 234 bytes (1 switches on core 0)
Mar 02 17:53:27.624851 dv-cinder-831439-4-iscsi devstack@c-api.service[121626]: DEBUG cinder.api.middleware.request_id [None req-bf9f3e88-f515-4132-9cc1-cdc56e464347 None None] RequestId filter calling following filter/app {{(pid=121626) _context_setter /opt/stack/cinder/cinder/api/middleware/request_id.py:62}}
Mar 02 17:53:27.629816 dv-cinder-831439-4-iscsi devstack@c-api.service[121626]: INFO cinder.api.openstack.wsgi [None req-bf9f3e88-f515-4132-9cc1-cdc56e464347 tempest-GroupsV320Test-696448123 tempest-GroupsV320Test-696448123-project] GET http://10.222.0.75/volume/v3/30a3392425cc43eea64e10735dd4384b/groups/9c7c64f3-4698-435f-befc-5638515f7c7d
Mar 02 17:53:27.630315 dv-cinder-831439-4-iscsi devstack@c-api.service[121626]: DEBUG cinder.api.openstack.wsgi [None req-bf9f3e88-f515-4132-9cc1-cdc56e464347 tempest-GroupsV320Test-696448123 tempest-GroupsV320Test-696448123-project] Empty body provided in request {{(pid=121626) get_body /opt/stack/cinder/cinder/api/openstack/wsgi.py:715}}
Mar 02 17:53:27.630829 dv-cinder-831439-4-iscsi devstack@c-api.service[121626]: DEBUG cinder.api.openstack.wsgi [None req-bf9f3e88-f515-4132-9cc1-cdc56e464347 tempest-GroupsV320Test-696448123 tempest-GroupsV320Test-696448123-project] Calling method 'version_select' {{(pid=121626) _process_stack /opt/stack/cinder/cinder/api/openstack/wsgi.py:868}}
Mar 02 17:53:27.631268 dv-cinder-831439-4-iscsi devstack@c-api.service[121626]: DEBUG cinder.api.v3.groups [None req-bf9f3e88-f515-4132-9cc1-cdc56e464347 tempest-GroupsV320Test-696448123 tempest-GroupsV320Test-696448123-project] show called for member 9c7c64f3-4698-435f-befc-5638515f7c7d {{(pid=121626) show /opt/stack/cinder/cinder/api/v3/groups.py:58}}
Mar 02 17:53:27.641125 dv-cinder-831439-4-iscsi devstack@c-api.service[121626]: /usr/local/lib/python3.8/dist-packages/oslo_context/context.py:105: DeprecationWarning: Policy enforcement is depending on the value of is_admin. This key is deprecated. Please update your policy file to use the standard policy values.
Mar 02 17:53:27.641125 dv-cinder-831439-4-iscsi devstack@c-api.service[121626]: warnings.warn('Policy enforcement is depending on the value of '
Mar 02 17:53:27.661530 dv-cinder-831439-4-iscsi devstack@c-api.service[121626]: INFO cinder.api.openstack.wsgi [None req-bf9f3e88-f515-4132-9cc1-cdc56e464347 tempest-GroupsV320Test-696448123 tempest-GroupsV320Test-696448123-project] http://10.222.0.75/volume/v3/30a3392425cc43eea64e10735dd4384b/groups/9c7c64f3-4698-435f-befc-5638515f7c7d returned with HTTP 200
Mar 02 17:53:27.663130 dv-cinder-831439-4-iscsi devstack@c-api.service[121626]: [pid: 121626|app: 0|req: 179/336] 10.222.0.75 () {60 vars in 1362 bytes} [Wed Mar 2 17:53:27 2022] GET /volume/v3/30a3392425cc43eea64e10735dd4384b/groups/9c7c64f3-4698-435f-befc-5638515f7c7d => generated 389 bytes in 39 msecs (HTTP/1.1 200) 7 headers in 286 bytes (2 switches on core 0)
Mar 02 17:53:27.674050 dv-cinder-831439-4-iscsi devstack@c-api.service[121625]: DEBUG cinder.api.middleware.request_id [None req-d8651d0e-e224-4541-b3f8-ccdfccfc6165 None None] RequestId filter calling following filter/app {{(pid=121625) _context_setter /opt/stack/cinder/cinder/api/middleware/request_id.py:62}}
Mar 02 17:53:27.677808 dv-cinder-831439-4-iscsi devstack@c-api.service[121625]: INFO cinder.api.openstack.wsgi [None req-d8651d0e-e224-4541-b3f8-ccdfccfc6165 tempest-GroupsV320Test-696448123 tempest-GroupsV320Test-696448123-project] GET http://10.222.0.75/volume/v3/30a3392425cc43eea64e10735dd4384b/volumes/detail
Mar 02 17:53:27.678472 dv-cinder-831439-4-iscsi devstack@c-api.service[121625]: DEBUG cinder.api.openstack.wsgi [None req-d8651d0e-e224-4541-b3f8-ccdfccfc6165 tempest-GroupsV320Test-696448123 tempest-GroupsV320Test-696448123-project] Empty body provided in request {{(pid=121625) get_body /opt/stack/cinder/cinder/api/openstack/wsgi.py:715}}
Mar 02 17:53:27.679477 dv-cinder-831439-4-iscsi devstack@c-api.service[121625]: DEBUG cinder.api.openstack.wsgi [None req-d8651d0e-e224-4541-b3f8-ccdfccfc6165 tempest-GroupsV320Test-696448123 tempest-GroupsV320Test-696448123-project] Calling method 'detail' {{(pid=121625) _process_stack /opt/stack/cinder/cinder/api/openstack/wsgi.py:868}}
Mar 02 17:53:27.680299 dv-cinder-831439-4-iscsi devstack@c-api.service[121625]: DEBUG cinder.api.api_utils [None req-d8651d0e-e224-4541-b3f8-ccdfccfc6165 tempest-GroupsV320Test-696448123 tempest-GroupsV320Test-696448123-project] Removing options '' from query. {{(pid=121625) remove_invalid_filter_options /opt/stack/cinder/cinder/api/api_utils.py:73}}
Mar 02 17:53:27.682627 dv-cinder-831439-4-iscsi devstack@c-api.service[121625]: DEBUG cinder.volume.api [None req-d8651d0e-e224-4541-b3f8-ccdfccfc6165 tempest-GroupsV320Test-696448123 tempest-GroupsV320Test-696448123-project] Searching by: MultiDict([('no_migration_targets', True)]). {{(pid=121625) get_all /opt/stack/cinder/cinder/volume/api.py:662}}
Mar 02 17:53:27.739550 dv-cinder-831439-4-iscsi devstack@c-api.service[121626]: DEBUG cinder.api.middleware.request_id [None req-73ea2961-5470-474d-a168-25c96f687d9d None None] RequestId filter calling following filter/app {{(pid=121626) _context_setter /opt/stack/cinder/cinder/api/middleware/request_id.py:62}}
Mar 02 17:53:27.744225 dv-cinder-831439-4-iscsi devstack@c-api.service[121626]: INFO cinder.api.openstack.wsgi [None req-73ea2961-5470-474d-a168-25c96f687d9d tempest-GroupsTest-480561141 tempest-GroupsTest-480561141-project] GET http://10.222.0.75/volume/v3/582d65b21e1c4feaa8b8ebbdd747efa2/groups/958e5f6b-eb5f-4b34-8917-1ca949411f02
Mar 02 17:53:27.745192 dv-cinder-831439-4-iscsi devstack@c-api.service[121626]: DEBUG cinder.api.openstack.wsgi [None req-73ea2961-5470-474d-a168-25c96f687d9d tempest-GroupsTest-480561141 tempest-GroupsTest-480561141-project] Empty body provided in request {{(pid=121626) get_body /opt/stack/cinder/cinder/api/openstack/wsgi.py:715}}
Mar 02 17:53:27.745736 dv-cinder-831439-4-iscsi devstack@c-api.service[121626]: DEBUG cinder.api.openstack.wsgi [None req-73ea2961-5470-474d-a168-25c96f687d9d tempest-GroupsTest-480561141 tempest-GroupsTest-480561141-project] Calling method 'version_select' {{(pid=121626) _process_stack /opt/stack/cinder/cinder/api/openstack/wsgi.py:868}}
Mar 02 17:53:27.746063 dv-cinder-831439-4-iscsi devstack@c-api.service[121626]: DEBUG cinder.api.v3.groups [None req-73ea2961-5470-474d-a168-25c96f687d9d tempest-GroupsTest-480561141 tempest-GroupsTest-480561141-project] show called for member 958e5f6b-eb5f-4b34-8917-1ca949411f02 {{(pid=121626) show /opt/stack/cinder/cinder/api/v3/groups.py:58}}
Mar 02 17:53:27.749095 dv-cinder-831439-4-iscsi devstack@c-api.service[121625]: INFO cinder.volume.api [None req-d8651d0e-e224-4541-b3f8-ccdfccfc6165 tempest-GroupsV320Test-696448123 tempest-GroupsV320Test-696448123-project] Get all volumes completed successfully.
Mar 02 17:53:27.762805 dv-cinder-831439-4-iscsi devstack@c-api.service[121626]: /usr/local/lib/python3.8/dist-packages/oslo_context/context.py:105: DeprecationWarning: Policy enforcement is depending on the value of is_admin. This key is deprecated. Please update your policy file to use the standard policy values.
Mar 02 17:53:27.762805 dv-cinder-831439-4-iscsi devstack@c-api.service[121626]: warnings.warn('Policy enforcement is depending on the value of '
Mar 02 17:53:27.767241 dv-cinder-831439-4-iscsi devstack@c-api.service[121625]: INFO cinder.api.openstack.wsgi [None req-d8651d0e-e224-4541-b3f8-ccdfccfc6165 tempest-GroupsV320Test-696448123 tempest-GroupsV320Test-696448123-project] http://10.222.0.75/volume/v3/30a3392425cc43eea64e10735dd4384b/volumes/detail returned with HTTP 200
Mar 02 17:53:27.767891 dv-cinder-831439-4-iscsi devstack@c-api.service[121625]: [pid: 121625|app: 0|req: 158/337] 10.222.0.75 () {60 vars in 1275 bytes} [Wed Mar 2 17:53:27 2022] GET /volume/v3/30a3392425cc43eea64e10735dd4384b/volumes/detail => generated 15 bytes in 95 msecs (HTTP/1.1 200) 7 headers in 285 bytes (1 switches on core 0)
Mar 02 17:53:27.781934 dv-cinder-831439-4-iscsi devstack@c-api.service[121625]: DEBUG cinder.api.middleware.request_id [None req-a8db8f1a-60ee-4ab9-9b3c-5f75b1167376 None None] RequestId filter calling following filter/app {{(pid=121625) _context_setter /opt/stack/cinder/cinder/api/middleware/request_id.py:62}}
Mar 02 17:53:27.787618 dv-cinder-831439-4-iscsi devstack@c-api.service[121625]: INFO cinder.api.openstack.wsgi [None req-a8db8f1a-60ee-4ab9-9b3c-5f75b1167376 tempest-GroupsV320Test-696448123 tempest-GroupsV320Test-696448123-project] POST http://10.222.0.75/volume/v3/30a3392425cc43eea64e10735dd4384b/groups/9c7c64f3-4698-435f-befc-5638515f7c7d/action
Mar 02 17:53:27.789503 dv-cinder-831439-4-iscsi devstack@c-api.service[121625]: DEBUG cinder.api.openstack.wsgi [None req-a8db8f1a-60ee-4ab9-9b3c-5f75b1167376 tempest-GroupsV320Test-696448123 tempest-GroupsV320Test-696448123-project] Action body: b'{"delete": {"delete-volumes": true}}' {{(pid=121625) get_method /opt/stack/cinder/cinder/api/openstack/wsgi.py:983}}
Mar 02 17:53:27.789926 dv-cinder-831439-4-iscsi devstack@c-api.service[121625]: DEBUG cinder.api.openstack.wsgi [None req-a8db8f1a-60ee-4ab9-9b3c-5f75b1167376 tempest-GroupsV320Test-696448123 tempest-GroupsV320Test-696448123-project] Action: 'action', calling method: delete_group, body: {"delete": {"delete-volumes": true}} {{(pid=121625) _process_stack /opt/stack/cinder/cinder/api/openstack/wsgi.py:866}}
Mar 02 17:53:27.790875 dv-cinder-831439-4-iscsi devstack@c-api.service[121625]: DEBUG cinder.api.v3.groups [None req-a8db8f1a-60ee-4ab9-9b3c-5f75b1167376 tempest-GroupsV320Test-696448123 tempest-GroupsV320Test-696448123-project] delete called for group 9c7c64f3-4698-435f-befc-5638515f7c7d {{(pid=121625) _delete /opt/stack/cinder/cinder/api/v3/groups.py:117}}
Mar 02 17:53:27.791236 dv-cinder-831439-4-iscsi devstack@c-api.service[121625]: INFO cinder.api.v3.groups [None req-a8db8f1a-60ee-4ab9-9b3c-5f75b1167376 tempest-GroupsV320Test-696448123 tempest-GroupsV320Test-696448123-project] Delete group with id: 9c7c64f3-4698-435f-befc-5638515f7c7d
Mar 02 17:53:27.803836 dv-cinder-831439-4-iscsi devstack@c-api.service[121626]: INFO cinder.api.openstack.wsgi [None req-73ea2961-5470-474d-a168-25c96f687d9d tempest-GroupsTest-480561141 tempest-GroupsTest-480561141-project] http://10.222.0.75/volume/v3/582d65b21e1c4feaa8b8ebbdd747efa2/groups/958e5f6b-eb5f-4b34-8917-1ca949411f02 returned with HTTP 200
Mar 02 17:53:27.804774 dv-cinder-831439-4-iscsi devstack@c-api.service[121626]: [pid: 121626|app: 0|req: 180/338] 10.222.0.75 () {60 vars in 1362 bytes} [Wed Mar 2 17:53:27 2022] GET /volume/v3/582d65b21e1c4feaa8b8ebbdd747efa2/groups/958e5f6b-eb5f-4b34-8917-1ca949411f02 => generated 324 bytes in 67 msecs (HTTP/1.1 200) 7 headers in 286 bytes (2 switches on core 0)
Mar 02 17:53:27.822620 dv-cinder-831439-4-iscsi devstack@c-api.service[121625]: /usr/local/lib/python3.8/dist-packages/oslo_context/context.py:105: DeprecationWarning: Policy enforcement is depending on the value of is_admin. This key is deprecated. Please update your policy file to use the standard policy values.
Mar 02 17:53:27.822620 dv-cinder-831439-4-iscsi devstack@c-api.service[121625]: warnings.warn('Policy enforcement is depending on the value of '
Mar 02 17:53:27.826610 dv-cinder-831439-4-iscsi devstack@c-api.service[121626]: DEBUG cinder.api.middleware.request_id [None req-491d1c8b-c722-4195-8910-473939068628 None None] RequestId filter calling following filter/app {{(pid=121626) _context_setter /opt/stack/cinder/cinder/api/middleware/request_id.py:62}}
Mar 02 17:53:27.847548 dv-cinder-831439-4-iscsi devstack@c-api.service[121626]: INFO cinder.api.openstack.wsgi [None req-491d1c8b-c722-4195-8910-473939068628 tempest-GroupsTest-480561141 tempest-GroupsTest-480561141-project] GET http://10.222.0.75/volume/v3/582d65b21e1c4feaa8b8ebbdd747efa2/groups/958e5f6b-eb5f-4b34-8917-1ca949411f02
Mar 02 17:53:27.848096 dv-cinder-831439-4-iscsi devstack@c-api.service[121626]: DEBUG cinder.api.openstack.wsgi [None req-491d1c8b-c722-4195-8910-473939068628 tempest-GroupsTest-480561141 tempest-GroupsTest-480561141-project] Empty body provided in request {{(pid=121626) get_body /opt/stack/cinder/cinder/api/openstack/wsgi.py:715}}
Mar 02 17:53:27.848649 dv-cinder-831439-4-iscsi devstack@c-api.service[121626]: DEBUG cinder.api.openstack.wsgi [None req-491d1c8b-c722-4195-8910-473939068628 tempest-GroupsTest-480561141 tempest-GroupsTest-480561141-project] Calling method 'version_select' {{(pid=121626) _process_stack /opt/stack/cinder/cinder/api/openstack/wsgi.py:868}}
Mar 02 17:53:27.849158 dv-cinder-831439-4-iscsi devstack@c-api.service[121626]: DEBUG cinder.api.v3.groups [None req-491d1c8b-c722-4195-8910-473939068628 tempest-GroupsTest-480561141 tempest-GroupsTest-480561141-project] show called for member 958e5f6b-eb5f-4b34-8917-1ca949411f02 {{(pid=121626) show /opt/stack/cinder/cinder/api/v3/groups.py:58}}
Mar 02 17:53:27.873695 dv-cinder-831439-4-iscsi devstack@c-api.service[121626]: /usr/local/lib/python3.8/dist-packages/oslo_context/context.py:105: DeprecationWarning: Policy enforcement is depending on the value of is_admin. This key is deprecated. Please update your policy file to use the standard policy values.
Mar 02 17:53:27.873695 dv-cinder-831439-4-iscsi devstack@c-api.service[121626]: warnings.warn('Policy enforcement is depending on the value of '
Mar 02 17:53:27.895369 dv-cinder-831439-4-iscsi devstack@c-api.service[121625]: INFO cinder.api.openstack.wsgi [None req-a8db8f1a-60ee-4ab9-9b3c-5f75b1167376 tempest-GroupsV320Test-696448123 tempest-GroupsV320Test-696448123-project] http://10.222.0.75/volume/v3/30a3392425cc43eea64e10735dd4384b/groups/9c7c64f3-4698-435f-befc-5638515f7c7d/action returned with HTTP 202
Mar 02 17:53:27.896531 dv-cinder-831439-4-iscsi devstack@c-api.service[121625]: [pid: 121625|app: 0|req: 159/339] 10.222.0.75 () {62 vars in 1404 bytes} [Wed Mar 2 17:53:27 2022] POST /volume/v3/30a3392425cc43eea64e10735dd4384b/groups/9c7c64f3-4698-435f-befc-5638515f7c7d/action => generated 0 bytes in 116 msecs (HTTP/1.1 202) 6 headers in 234 bytes (1 switches on core 0)
Mar 02 17:53:27.901995 dv-cinder-831439-4-iscsi devstack@c-api.service[121625]: DEBUG cinder.api.middleware.request_id [None req-00ef3f9e-b48f-47ef-abae-d3802f8fa2d4 None None] RequestId filter calling following filter/app {{(pid=121625) _context_setter /opt/stack/cinder/cinder/api/middleware/request_id.py:62}}
Mar 02 17:53:27.910417 dv-cinder-831439-4-iscsi devstack@c-api.service[121625]: INFO cinder.api.openstack.wsgi [None req-00ef3f9e-b48f-47ef-abae-d3802f8fa2d4 tempest-GroupsV320Test-696448123 tempest-GroupsV320Test-696448123-project] GET http://10.222.0.75/volume/v3/30a3392425cc43eea64e10735dd4384b/groups/9c7c64f3-4698-435f-befc-5638515f7c7d
Mar 02 17:53:27.910917 dv-cinder-831439-4-iscsi devstack@c-api.service[121625]: DEBUG cinder.api.openstack.wsgi [None req-00ef3f9e-b48f-47ef-abae-d3802f8fa2d4 tempest-GroupsV320Test-696448123 tempest-GroupsV320Test-696448123-project] Empty body provided in request {{(pid=121625) get_body /opt/stack/cinder/cinder/api/openstack/wsgi.py:715}}
