Mar 01 19:53:45.361893 dv-cinder-831438-1-smb devstack@c-api.service[116356]: /usr/local/lib/python3.8/dist-packages/oslo_context/context.py:105: DeprecationWarning: Policy enforcement is depending on the value of is_admin. This key is deprecated. Please update your policy file to use the standard policy values.
Mar 01 19:53:45.361893 dv-cinder-831438-1-smb devstack@c-api.service[116356]: warnings.warn('Policy enforcement is depending on the value of '
Mar 01 19:53:45.363325 dv-cinder-831438-1-smb devstack@c-api.service[116356]: INFO cinder.volume.api [None req-9f7a2ea6-be09-4064-b67e-430fc9245cb4 tempest-GroupSnapshotsV319Test-1337656107 tempest-GroupSnapshotsV319Test-1337656107-project] Snapshot retrieved successfully.
Mar 01 19:53:45.365776 dv-cinder-831438-1-smb devstack@c-api.service[116356]: INFO cinder.api.openstack.wsgi [None req-9f7a2ea6-be09-4064-b67e-430fc9245cb4 tempest-GroupSnapshotsV319Test-1337656107 tempest-GroupSnapshotsV319Test-1337656107-project] http://10.222.0.30/volume/v3/7ca39f29d35149d0979a769d2fbab72c/snapshots/6a2f34de-bd62-4ef5-a04c-ace433111249 returned with HTTP 200
Mar 01 19:53:45.366756 dv-cinder-831438-1-smb devstack@c-api.service[116356]: [pid: 116356|app: 0|req: 87/178] 10.222.0.30 () {58 vars in 1330 bytes} [Tue Mar 1 19:53:45 2022] GET /volume/v3/7ca39f29d35149d0979a769d2fbab72c/snapshots/6a2f34de-bd62-4ef5-a04c-ace433111249 => generated 539 bytes in 26 msecs (HTTP/1.1 200) 7 headers in 285 bytes (1 switches on core 0)
Mar 01 19:53:45.377206 dv-cinder-831438-1-smb devstack@c-api.service[116356]: DEBUG cinder.api.middleware.request_id [None req-c521c634-67ea-460d-bf75-5679051c36ba None None] RequestId filter calling following filter/app {{(pid=116356) _context_setter /opt/stack/cinder/cinder/api/middleware/request_id.py:62}}
Mar 01 19:53:45.383425 dv-cinder-831438-1-smb devstack@c-api.service[116356]: INFO cinder.api.openstack.wsgi [None req-c521c634-67ea-460d-bf75-5679051c36ba tempest-GroupSnapshotsV319Test-441702716 tempest-GroupSnapshotsV319Test-441702716-project-admin] POST http://10.222.0.30/volume/v3/c044eaf0c211463191cd87d709d06937/group_snapshots/f23a1e96-8c88-44fb-ba09-6d5a2a801e69/action
Mar 01 19:53:45.384500 dv-cinder-831438-1-smb devstack@c-api.service[116356]: DEBUG cinder.api.openstack.wsgi [None req-c521c634-67ea-460d-bf75-5679051c36ba tempest-GroupSnapshotsV319Test-441702716 tempest-GroupSnapshotsV319Test-441702716-project-admin] Action body: b'{"reset_status": {"status": "creating"}}' {{(pid=116356) get_method /opt/stack/cinder/cinder/api/openstack/wsgi.py:983}}
Mar 01 19:53:45.387183 dv-cinder-831438-1-smb devstack@c-api.service[116356]: DEBUG cinder.api.openstack.wsgi [None req-c521c634-67ea-460d-bf75-5679051c36ba tempest-GroupSnapshotsV319Test-441702716 tempest-GroupSnapshotsV319Test-441702716-project-admin] Action: 'action', calling method: version_select, body: {"reset_status": {"status": "creating"}} {{(pid=116356) _process_stack /opt/stack/cinder/cinder/api/openstack/wsgi.py:866}}
Mar 01 19:53:45.388229 dv-cinder-831438-1-smb devstack@c-api.service[116356]: DEBUG cinder.api.v3.group_snapshots [None req-c521c634-67ea-460d-bf75-5679051c36ba tempest-GroupSnapshotsV319Test-441702716 tempest-GroupSnapshotsV319Test-441702716-project-admin] Updating group 'f23a1e96-8c88-44fb-ba09-6d5a2a801e69' with 'creating' {{(pid=116356) _reset_status /opt/stack/cinder/cinder/api/v3/group_snapshots.py:194}}
Mar 01 19:53:45.395777 dv-cinder-831438-1-smb devstack@c-api.service[116356]: /usr/local/lib/python3.8/dist-packages/oslo_context/context.py:105: DeprecationWarning: Policy enforcement is depending on the value of is_admin. This key is deprecated. Please update your policy file to use the standard policy values.
Mar 01 19:53:45.395777 dv-cinder-831438-1-smb devstack@c-api.service[116356]: warnings.warn('Policy enforcement is depending on the value of '
Mar 01 19:53:45.404608 dv-cinder-831438-1-smb devstack@c-api.service[116357]: DEBUG cinder.volume.api [None req-6a47269c-f990-4a30-b2cf-4a1e255c31f8 tempest-UserMessagesTest-504341332 tempest-UserMessagesTest-504341332-project] Task 'cinder.volume.flows.api.create_volume.QuotaCommitTask;volume:create' (f418f3e7-9627-4dda-8eae-7b32eb4df202) transitioned into state 'SUCCESS' from state 'RUNNING' with result '{'volume_properties': VolumeProperties(attach_status='detached',availability_zone='nova',cgsnapshot_id=None,consistencygroup_id=None,display_description=None,display_name='tempest-UserMessagesTest-Volume-684703652',encryption_key_id=None,group_id=None,group_type_id=,metadata={},multiattach=False,project_id='90f6d22b5ee344dcaa7cd9ecd3d585a0',qos_specs=None,replication_status=,reservations=['a2626c8f-c8d0-43a7-912d-94332f461f9a','d4500cfe-1b7b-4cef-b26c-8b0129048446','fd6e7bf6-8c46-4b74-9962-c2c24bc5c063','a78fe3c9-8ac2-45bd-87b0-d5904d71008d'],size=1,snapshot_id=None,source_replicaid=,source_volid=None,status='creating',user_id='0c4b25d903c8407e93abca01ef511c30',volume_type_id=8b72a239-276a-4899-9fab-804a433c3a86)}' {{(pid=116357) _task_receiver /usr/local/lib/python3.8/dist-packages/taskflow/listeners/logging.py:178}}
Mar 01 19:53:45.412880 dv-cinder-831438-1-smb devstack@c-api.service[116357]: DEBUG cinder.volume.api [None req-6a47269c-f990-4a30-b2cf-4a1e255c31f8 tempest-UserMessagesTest-504341332 tempest-UserMessagesTest-504341332-project] Task 'cinder.volume.flows.api.create_volume.VolumeCastTask;volume:create' (8ecda5b1-ae71-412e-bdae-9d5971dfa979) transitioned into state 'RUNNING' from state 'PENDING' {{(pid=116357) _task_receiver /usr/local/lib/python3.8/dist-packages/taskflow/listeners/logging.py:190}}
Mar 01 19:53:45.418571 dv-cinder-831438-1-smb devstack@c-api.service[116356]: INFO cinder.api.openstack.wsgi [None req-c521c634-67ea-460d-bf75-5679051c36ba tempest-GroupSnapshotsV319Test-441702716 tempest-GroupSnapshotsV319Test-441702716-project-admin] http://10.222.0.30/volume/v3/c044eaf0c211463191cd87d709d06937/group_snapshots/f23a1e96-8c88-44fb-ba09-6d5a2a801e69/action returned with HTTP 202
Mar 01 19:53:45.423915 dv-cinder-831438-1-smb devstack@c-api.service[116356]: [pid: 116356|app: 0|req: 88/179] 10.222.0.30 () {62 vars in 1431 bytes} [Tue Mar 1 19:53:45 2022] POST /volume/v3/c044eaf0c211463191cd87d709d06937/group_snapshots/f23a1e96-8c88-44fb-ba09-6d5a2a801e69/action => generated 0 bytes in 48 msecs (HTTP/1.1 202) 6 headers in 234 bytes (1 switches on core 0)
Mar 01 19:53:45.426423 dv-cinder-831438-1-smb devstack@c-api.service[116356]: DEBUG cinder.api.middleware.request_id [None req-827b2cd1-cea6-4e73-a633-f2aee8361d65 None None] RequestId filter calling following filter/app {{(pid=116356) _context_setter /opt/stack/cinder/cinder/api/middleware/request_id.py:62}}
Mar 01 19:53:45.433635 dv-cinder-831438-1-smb devstack@c-api.service[116356]: INFO cinder.api.openstack.wsgi [None req-827b2cd1-cea6-4e73-a633-f2aee8361d65 tempest-GroupSnapshotsV319Test-1337656107 tempest-GroupSnapshotsV319Test-1337656107-project] GET http://10.222.0.30/volume/v3/7ca39f29d35149d0979a769d2fbab72c/group_snapshots/f23a1e96-8c88-44fb-ba09-6d5a2a801e69
Mar 01 19:53:45.435662 dv-cinder-831438-1-smb devstack@c-api.service[116356]: DEBUG cinder.api.openstack.wsgi [None req-827b2cd1-cea6-4e73-a633-f2aee8361d65 tempest-GroupSnapshotsV319Test-1337656107 tempest-GroupSnapshotsV319Test-1337656107-project] Empty body provided in request {{(pid=116356) get_body /opt/stack/cinder/cinder/api/openstack/wsgi.py:715}}
Mar 01 19:53:45.437166 dv-cinder-831438-1-smb devstack@c-api.service[116356]: DEBUG cinder.api.openstack.wsgi [None req-827b2cd1-cea6-4e73-a633-f2aee8361d65 tempest-GroupSnapshotsV319Test-1337656107 tempest-GroupSnapshotsV319Test-1337656107-project] Calling method 'version_select' {{(pid=116356) _process_stack /opt/stack/cinder/cinder/api/openstack/wsgi.py:868}}
Mar 01 19:53:45.441884 dv-cinder-831438-1-smb devstack@c-api.service[116356]: DEBUG cinder.api.v3.group_snapshots [None req-827b2cd1-cea6-4e73-a633-f2aee8361d65 tempest-GroupSnapshotsV319Test-1337656107 tempest-GroupSnapshotsV319Test-1337656107-project] show called for member f23a1e96-8c88-44fb-ba09-6d5a2a801e69 {{(pid=116356) show /opt/stack/cinder/cinder/api/v3/group_snapshots.py:58}}
Mar 01 19:53:45.458105 dv-cinder-831438-1-smb devstack@c-api.service[116357]: DEBUG cinder.volume.api [None req-6a47269c-f990-4a30-b2cf-4a1e255c31f8 tempest-UserMessagesTest-504341332 tempest-UserMessagesTest-504341332-project] Task 'cinder.volume.flows.api.create_volume.VolumeCastTask;volume:create' (8ecda5b1-ae71-412e-bdae-9d5971dfa979) transitioned into state 'SUCCESS' from state 'RUNNING' with result 'None' {{(pid=116357) _task_receiver /usr/local/lib/python3.8/dist-packages/taskflow/listeners/logging.py:178}}
Mar 01 19:53:45.458957 dv-cinder-831438-1-smb devstack@c-api.service[116356]: /usr/local/lib/python3.8/dist-packages/oslo_context/context.py:105: DeprecationWarning: Policy enforcement is depending on the value of is_admin. This key is deprecated. Please update your policy file to use the standard policy values.
Mar 01 19:53:45.458957 dv-cinder-831438-1-smb devstack@c-api.service[116356]: warnings.warn('Policy enforcement is depending on the value of '
Mar 01 19:53:45.463789 dv-cinder-831438-1-smb devstack@c-api.service[116357]: DEBUG cinder.volume.api [None req-6a47269c-f990-4a30-b2cf-4a1e255c31f8 tempest-UserMessagesTest-504341332 tempest-UserMessagesTest-504341332-project] Flow 'volume_create_api' (f4992b08-db0b-4abe-b5be-850fb04f3204) transitioned into state 'SUCCESS' from state 'RUNNING' {{(pid=116357) _flow_receiver /usr/local/lib/python3.8/dist-packages/taskflow/listeners/logging.py:141}}
Mar 01 19:53:45.472595 dv-cinder-831438-1-smb devstack@c-api.service[116357]: INFO cinder.volume.api [None req-6a47269c-f990-4a30-b2cf-4a1e255c31f8 tempest-UserMessagesTest-504341332 tempest-UserMessagesTest-504341332-project] Create volume request issued successfully.
Mar 01 19:53:45.476841 dv-cinder-831438-1-smb devstack@c-api.service[116357]: INFO cinder.api.openstack.wsgi [None req-6a47269c-f990-4a30-b2cf-4a1e255c31f8 tempest-UserMessagesTest-504341332 tempest-UserMessagesTest-504341332-project] http://10.222.0.30/volume/v3/90f6d22b5ee344dcaa7cd9ecd3d585a0/volumes returned with HTTP 202
Mar 01 19:53:45.477333 dv-cinder-831438-1-smb devstack@c-api.service[116356]: INFO cinder.api.openstack.wsgi [None req-827b2cd1-cea6-4e73-a633-f2aee8361d65 tempest-GroupSnapshotsV319Test-1337656107 tempest-GroupSnapshotsV319Test-1337656107-project] http://10.222.0.30/volume/v3/7ca39f29d35149d0979a769d2fbab72c/group_snapshots/f23a1e96-8c88-44fb-ba09-6d5a2a801e69 returned with HTTP 200
Mar 01 19:53:45.478682 dv-cinder-831438-1-smb devstack@c-api.service[116356]: [pid: 116356|app: 0|req: 89/180] 10.222.0.30 () {60 vars in 1389 bytes} [Tue Mar 1 19:53:45 2022] GET /volume/v3/7ca39f29d35149d0979a769d2fbab72c/group_snapshots/f23a1e96-8c88-44fb-ba09-6d5a2a801e69 => generated 329 bytes in 54 msecs (HTTP/1.1 200) 7 headers in 286 bytes (1 switches on core 0)
Mar 01 19:53:45.488381 dv-cinder-831438-1-smb devstack@c-api.service[116357]: [pid: 116357|app: 0|req: 92/181] 10.222.0.30 () {62 vars in 1275 bytes} [Tue Mar 1 19:53:44 2022] POST /volume/v3/90f6d22b5ee344dcaa7cd9ecd3d585a0/volumes => generated 850 bytes in 773 msecs (HTTP/1.1 202) 7 headers in 291 bytes (2 switches on core 0)
Mar 01 19:53:45.489472 dv-cinder-831438-1-smb devstack@c-api.service[116356]: DEBUG cinder.api.middleware.request_id [None req-1274a724-5492-4ef6-987e-2336399750a3 None None] RequestId filter calling following filter/app {{(pid=116356) _context_setter /opt/stack/cinder/cinder/api/middleware/request_id.py:62}}
Mar 01 19:53:45.499642 dv-cinder-831438-1-smb devstack@c-api.service[116357]: DEBUG cinder.api.middleware.request_id [None req-da86fefe-f2a9-479b-96fa-4aabc7161f0b None None] RequestId filter calling following filter/app {{(pid=116357) _context_setter /opt/stack/cinder/cinder/api/middleware/request_id.py:62}}
Mar 01 19:53:45.507988 dv-cinder-831438-1-smb devstack@c-api.service[116356]: INFO cinder.api.openstack.wsgi [None req-1274a724-5492-4ef6-987e-2336399750a3 tempest-GroupSnapshotsV319Test-441702716 tempest-GroupSnapshotsV319Test-441702716-project-admin] POST http://10.222.0.30/volume/v3/c044eaf0c211463191cd87d709d06937/group_snapshots/f23a1e96-8c88-44fb-ba09-6d5a2a801e69/action
Mar 01 19:53:45.512328 dv-cinder-831438-1-smb devstack@c-api.service[116357]: INFO cinder.api.openstack.wsgi [None req-da86fefe-f2a9-479b-96fa-4aabc7161f0b tempest-UserMessagesTest-504341332 tempest-UserMessagesTest-504341332-project] GET http://10.222.0.30/volume/v3/90f6d22b5ee344dcaa7cd9ecd3d585a0/volumes/dd832016-8357-4e0a-bd21-499f82cfbbb2
Mar 01 19:53:45.513519 dv-cinder-831438-1-smb devstack@c-api.service[116356]: DEBUG cinder.api.openstack.wsgi [None req-1274a724-5492-4ef6-987e-2336399750a3 tempest-GroupSnapshotsV319Test-441702716 tempest-GroupSnapshotsV319Test-441702716-project-admin] Action body: b'{"reset_status": {"status": "available"}}' {{(pid=116356) get_method /opt/stack/cinder/cinder/api/openstack/wsgi.py:983}}
Mar 01 19:53:45.514254 dv-cinder-831438-1-smb devstack@c-api.service[116357]: DEBUG cinder.api.openstack.wsgi [None req-da86fefe-f2a9-479b-96fa-4aabc7161f0b tempest-UserMessagesTest-504341332 tempest-UserMessagesTest-504341332-project] Empty body provided in request {{(pid=116357) get_body /opt/stack/cinder/cinder/api/openstack/wsgi.py:715}}
Mar 01 19:53:45.515106 dv-cinder-831438-1-smb devstack@c-api.service[116357]: DEBUG cinder.api.openstack.wsgi [None req-da86fefe-f2a9-479b-96fa-4aabc7161f0b tempest-UserMessagesTest-504341332 tempest-UserMessagesTest-504341332-project] Calling method 'show' {{(pid=116357) _process_stack /opt/stack/cinder/cinder/api/openstack/wsgi.py:868}}
Mar 01 19:53:45.515623 dv-cinder-831438-1-smb devstack@c-api.service[116356]: DEBUG cinder.api.openstack.wsgi [None req-1274a724-5492-4ef6-987e-2336399750a3 tempest-GroupSnapshotsV319Test-441702716 tempest-GroupSnapshotsV319Test-441702716-project-admin] Action: 'action', calling method: reset_status, body: {"reset_status": {"status": "available"}} {{(pid=116356) _process_stack /opt/stack/cinder/cinder/api/openstack/wsgi.py:866}}
Mar 01 19:53:45.518503 dv-cinder-831438-1-smb devstack@c-api.service[116356]: DEBUG cinder.api.v3.group_snapshots [None req-1274a724-5492-4ef6-987e-2336399750a3 tempest-GroupSnapshotsV319Test-441702716 tempest-GroupSnapshotsV319Test-441702716-project-admin] Updating group 'f23a1e96-8c88-44fb-ba09-6d5a2a801e69' with 'available' {{(pid=116356) _reset_status /opt/stack/cinder/cinder/api/v3/group_snapshots.py:194}}
Mar 01 19:53:45.538443 dv-cinder-831438-1-smb devstack@c-api.service[116356]: /usr/local/lib/python3.8/dist-packages/oslo_context/context.py:105: DeprecationWarning: Policy enforcement is depending on the value of is_admin. This key is deprecated. Please update your policy file to use the standard policy values.
Mar 01 19:53:45.538443 dv-cinder-831438-1-smb devstack@c-api.service[116356]: warnings.warn('Policy enforcement is depending on the value of '
Mar 01 19:53:45.556412 dv-cinder-831438-1-smb devstack@c-api.service[116357]: /usr/local/lib/python3.8/dist-packages/oslo_context/context.py:105: DeprecationWarning: Policy enforcement is depending on the value of is_admin. This key is deprecated. Please update your policy file to use the standard policy values.
Mar 01 19:53:45.556412 dv-cinder-831438-1-smb devstack@c-api.service[116357]: warnings.warn('Policy enforcement is depending on the value of '
Mar 01 19:53:45.570468 dv-cinder-831438-1-smb devstack@c-api.service[116356]: INFO cinder.api.openstack.wsgi [None req-1274a724-5492-4ef6-987e-2336399750a3 tempest-GroupSnapshotsV319Test-441702716 tempest-GroupSnapshotsV319Test-441702716-project-admin] http://10.222.0.30/volume/v3/c044eaf0c211463191cd87d709d06937/group_snapshots/f23a1e96-8c88-44fb-ba09-6d5a2a801e69/action returned with HTTP 202
Mar 01 19:53:45.571277 dv-cinder-831438-1-smb devstack@c-api.service[116356]: [pid: 116356|app: 0|req: 90/182] 10.222.0.30 () {62 vars in 1431 bytes} [Tue Mar 1 19:53:45 2022] POST /volume/v3/c044eaf0c211463191cd87d709d06937/group_snapshots/f23a1e96-8c88-44fb-ba09-6d5a2a801e69/action => generated 0 bytes in 84 msecs (HTTP/1.1 202) 6 headers in 234 bytes (1 switches on core 0)
Mar 01 19:53:45.578449 dv-cinder-831438-1-smb devstack@c-api.service[116356]: DEBUG cinder.api.middleware.request_id [None req-1af4e577-e2cf-48a7-be4c-14cc28b2dbb4 None None] RequestId filter calling following filter/app {{(pid=116356) _context_setter /opt/stack/cinder/cinder/api/middleware/request_id.py:62}}
Mar 01 19:53:45.585184 dv-cinder-831438-1-smb devstack@c-api.service[116357]: INFO cinder.volume.api [None req-da86fefe-f2a9-479b-96fa-4aabc7161f0b tempest-UserMessagesTest-504341332 tempest-UserMessagesTest-504341332-project] Volume info retrieved successfully.
Mar 01 19:53:45.599474 dv-cinder-831438-1-smb devstack@c-api.service[116356]: INFO cinder.api.openstack.wsgi [None req-1af4e577-e2cf-48a7-be4c-14cc28b2dbb4 tempest-GroupSnapshotsV319Test-1337656107 tempest-GroupSnapshotsV319Test-1337656107-project] GET http://10.222.0.30/volume/v3/7ca39f29d35149d0979a769d2fbab72c/group_snapshots/f23a1e96-8c88-44fb-ba09-6d5a2a801e69
Mar 01 19:53:45.600193 dv-cinder-831438-1-smb devstack@c-api.service[116356]: DEBUG cinder.api.openstack.wsgi [None req-1af4e577-e2cf-48a7-be4c-14cc28b2dbb4 tempest-GroupSnapshotsV319Test-1337656107 tempest-GroupSnapshotsV319Test-1337656107-project] Empty body provided in request {{(pid=116356) get_body /opt/stack/cinder/cinder/api/openstack/wsgi.py:715}}
Mar 01 19:53:45.602257 dv-cinder-831438-1-smb devstack@c-api.service[116356]: DEBUG cinder.api.openstack.wsgi [None req-1af4e577-e2cf-48a7-be4c-14cc28b2dbb4 tempest-GroupSnapshotsV319Test-1337656107 tempest-GroupSnapshotsV319Test-1337656107-project] Calling method 'version_select' {{(pid=116356) _process_stack /opt/stack/cinder/cinder/api/openstack/wsgi.py:868}}
Mar 01 19:53:45.603411 dv-cinder-831438-1-smb devstack@c-api.service[116356]: DEBUG cinder.api.v3.group_snapshots [None req-1af4e577-e2cf-48a7-be4c-14cc28b2dbb4 tempest-GroupSnapshotsV319Test-1337656107 tempest-GroupSnapshotsV319Test-1337656107-project] show called for member f23a1e96-8c88-44fb-ba09-6d5a2a801e69 {{(pid=116356) show /opt/stack/cinder/cinder/api/v3/group_snapshots.py:58}}
Mar 01 19:53:45.611443 dv-cinder-831438-1-smb devstack@c-api.service[116357]: INFO cinder.api.openstack.wsgi [None req-da86fefe-f2a9-479b-96fa-4aabc7161f0b tempest-UserMessagesTest-504341332 tempest-UserMessagesTest-504341332-project] http://10.222.0.30/volume/v3/90f6d22b5ee344dcaa7cd9ecd3d585a0/volumes/dd832016-8357-4e0a-bd21-499f82cfbbb2 returned with HTTP 200
Mar 01 19:53:45.620916 dv-cinder-831438-1-smb devstack@c-api.service[116357]: [pid: 116357|app: 0|req: 93/183] 10.222.0.30 () {60 vars in 1364 bytes} [Tue Mar 1 19:53:45 2022] GET /volume/v3/90f6d22b5ee344dcaa7cd9ecd3d585a0/volumes/dd832016-8357-4e0a-bd21-499f82cfbbb2 => generated 918 bytes in 119 msecs (HTTP/1.1 200) 7 headers in 285 bytes (2 switches on core 0)
Mar 01 19:53:45.621550 dv-cinder-831438-1-smb devstack@c-api.service[116356]: /usr/local/lib/python3.8/dist-packages/oslo_context/context.py:105: DeprecationWarning: Policy enforcement is depending on the value of is_admin. This key is deprecated. Please update your policy file to use the standard policy values.
Mar 01 19:53:45.621550 dv-cinder-831438-1-smb devstack@c-api.service[116356]: warnings.warn('Policy enforcement is depending on the value of '
Mar 01 19:53:45.627060 dv-cinder-831438-1-smb devstack@c-api.service[116356]: INFO cinder.api.openstack.wsgi [None req-1af4e577-e2cf-48a7-be4c-14cc28b2dbb4 tempest-GroupSnapshotsV319Test-1337656107 tempest-GroupSnapshotsV319Test-1337656107-project] http://10.222.0.30/volume/v3/7ca39f29d35149d0979a769d2fbab72c/group_snapshots/f23a1e96-8c88-44fb-ba09-6d5a2a801e69 returned with HTTP 200
Mar 01 19:53:45.641016 dv-cinder-831438-1-smb devstack@c-api.service[116357]: DEBUG cinder.api.middleware.request_id [None req-8c58f7ce-505b-4a11-abb7-b0e1616b89b4 None None] RequestId filter calling following filter/app {{(pid=116357) _context_setter /opt/stack/cinder/cinder/api/middleware/request_id.py:62}}
Mar 01 19:53:45.642147 dv-cinder-831438-1-smb devstack@c-api.service[116356]: [pid: 116356|app: 0|req: 91/184] 10.222.0.30 () {60 vars in 1389 bytes} [Tue Mar 1 19:53:45 2022] GET /volume/v3/7ca39f29d35149d0979a769d2fbab72c/group_snapshots/f23a1e96-8c88-44fb-ba09-6d5a2a801e69 => generated 330 bytes in 66 msecs (HTTP/1.1 200) 7 headers in 286 bytes (1 switches on core 0)
Mar 01 19:53:45.645416 dv-cinder-831438-1-smb devstack@c-api.service[116357]: INFO cinder.api.openstack.wsgi [None req-8c58f7ce-505b-4a11-abb7-b0e1616b89b4 tempest-GroupSnapshotsV319Test-441702716 tempest-GroupSnapshotsV319Test-441702716-project-admin] POST http://10.222.0.30/volume/v3/c044eaf0c211463191cd87d709d06937/group_snapshots/f23a1e96-8c88-44fb-ba09-6d5a2a801e69/action
Mar 01 19:53:45.647211 dv-cinder-831438-1-smb devstack@c-api.service[116357]: DEBUG cinder.api.openstack.wsgi [None req-8c58f7ce-505b-4a11-abb7-b0e1616b89b4 tempest-GroupSnapshotsV319Test-441702716 tempest-GroupSnapshotsV319Test-441702716-project-admin] Action body: b'{"reset_status": {"status": "error"}}' {{(pid=116357) get_method /opt/stack/cinder/cinder/api/openstack/wsgi.py:983}}
Mar 01 19:53:45.647478 dv-cinder-831438-1-smb devstack@c-api.service[116357]: DEBUG cinder.api.openstack.wsgi [None req-8c58f7ce-505b-4a11-abb7-b0e1616b89b4 tempest-GroupSnapshotsV319Test-441702716 tempest-GroupSnapshotsV319Test-441702716-project-admin] Action: 'action', calling method: version_select, body: {"reset_status": {"status": "error"}} {{(pid=116357) _process_stack /opt/stack/cinder/cinder/api/openstack/wsgi.py:866}}
Mar 01 19:53:45.649031 dv-cinder-831438-1-smb devstack@c-api.service[116357]: DEBUG cinder.api.v3.group_snapshots [None req-8c58f7ce-505b-4a11-abb7-b0e1616b89b4 tempest-GroupSnapshotsV319Test-441702716 tempest-GroupSnapshotsV319Test-441702716-project-admin] Updating group 'f23a1e96-8c88-44fb-ba09-6d5a2a801e69' with 'error' {{(pid=116357) _reset_status /opt/stack/cinder/cinder/api/v3/group_snapshots.py:194}}
Mar 01 19:53:45.679785 dv-cinder-831438-1-smb devstack@c-api.service[116357]: /usr/local/lib/python3.8/dist-packages/oslo_context/context.py:105: DeprecationWarning: Policy enforcement is depending on the value of is_admin. This key is deprecated. Please update your policy file to use the standard policy values.
Mar 01 19:53:45.679785 dv-cinder-831438-1-smb devstack@c-api.service[116357]: warnings.warn('Policy enforcement is depending on the value of '
Mar 01 19:53:45.704044 dv-cinder-831438-1-smb devstack@c-api.service[116357]: INFO cinder.api.openstack.wsgi [None req-8c58f7ce-505b-4a11-abb7-b0e1616b89b4 tempest-GroupSnapshotsV319Test-441702716 tempest-GroupSnapshotsV319Test-441702716-project-admin] http://10.222.0.30/volume/v3/c044eaf0c211463191cd87d709d06937/group_snapshots/f23a1e96-8c88-44fb-ba09-6d5a2a801e69/action returned with HTTP 202
Mar 01 19:53:45.715379 dv-cinder-831438-1-smb devstack@c-api.service[116357]: [pid: 116357|app: 0|req: 94/185] 10.222.0.30 () {62 vars in 1431 bytes} [Tue Mar 1 19:53:45 2022] POST /volume/v3/c044eaf0c211463191cd87d709d06937/group_snapshots/f23a1e96-8c88-44fb-ba09-6d5a2a801e69/action => generated 0 bytes in 76 msecs (HTTP/1.1 202) 6 headers in 234 bytes (1 switches on core 0)
Mar 01 19:53:45.717542 dv-cinder-831438-1-smb devstack@c-api.service[116356]: DEBUG cinder.api.middleware.request_id [None req-e05a048a-21df-42ca-b528-9da5af691e45 None None] RequestId filter calling following filter/app {{(pid=116356) _context_setter /opt/stack/cinder/cinder/api/middleware/request_id.py:62}}
Mar 01 19:53:45.722622 dv-cinder-831438-1-smb devstack@c-api.service[116356]: INFO cinder.api.openstack.wsgi [None req-e05a048a-21df-42ca-b528-9da5af691e45 tempest-GroupSnapshotsV319Test-1337656107 tempest-GroupSnapshotsV319Test-1337656107-project] GET http://10.222.0.30/volume/v3/7ca39f29d35149d0979a769d2fbab72c/group_snapshots/f23a1e96-8c88-44fb-ba09-6d5a2a801e69
Mar 01 19:53:45.723987 dv-cinder-831438-1-smb devstack@c-api.service[116356]: DEBUG cinder.api.openstack.wsgi [None req-e05a048a-21df-42ca-b528-9da5af691e45 tempest-GroupSnapshotsV319Test-1337656107 tempest-GroupSnapshotsV319Test-1337656107-project] Empty body provided in request {{(pid=116356) get_body /opt/stack/cinder/cinder/api/openstack/wsgi.py:715}}
Mar 01 19:53:45.724657 dv-cinder-831438-1-smb devstack@c-api.service[116356]: DEBUG cinder.api.openstack.wsgi [None req-e05a048a-21df-42ca-b528-9da5af691e45 tempest-GroupSnapshotsV319Test-1337656107 tempest-GroupSnapshotsV319Test-1337656107-project] Calling method 'version_select' {{(pid=116356) _process_stack /opt/stack/cinder/cinder/api/openstack/wsgi.py:868}}
Mar 01 19:53:45.725212 dv-cinder-831438-1-smb devstack@c-api.service[116356]: DEBUG cinder.api.v3.group_snapshots [None req-e05a048a-21df-42ca-b528-9da5af691e45 tempest-GroupSnapshotsV319Test-1337656107 tempest-GroupSnapshotsV319Test-1337656107-project] show called for member f23a1e96-8c88-44fb-ba09-6d5a2a801e69 {{(pid=116356) show /opt/stack/cinder/cinder/api/v3/group_snapshots.py:58}}
Mar 01 19:53:45.740769 dv-cinder-831438-1-smb devstack@c-api.service[116356]: /usr/local/lib/python3.8/dist-packages/oslo_context/context.py:105: DeprecationWarning: Policy enforcement is depending on the value of is_admin. This key is deprecated. Please update your policy file to use the standard policy values.
Mar 01 19:53:45.740769 dv-cinder-831438-1-smb devstack@c-api.service[116356]: warnings.warn('Policy enforcement is depending on the value of '
Mar 01 19:53:45.754803 dv-cinder-831438-1-smb devstack@c-api.service[116356]: INFO cinder.api.openstack.wsgi [None req-e05a048a-21df-42ca-b528-9da5af691e45 tempest-GroupSnapshotsV319Test-1337656107 tempest-GroupSnapshotsV319Test-1337656107-project] http://10.222.0.30/volume/v3/7ca39f29d35149d0979a769d2fbab72c/group_snapshots/f23a1e96-8c88-44fb-ba09-6d5a2a801e69 returned with HTTP 200
Mar 01 19:53:45.767328 dv-cinder-831438-1-smb devstack@c-api.service[116357]: DEBUG cinder.api.middleware.request_id [None req-ce28fb20-622b-46be-ba6a-eb065f1933f9 None None] RequestId filter calling following filter/app {{(pid=116357) _context_setter /opt/stack/cinder/cinder/api/middleware/request_id.py:62}}
Mar 01 19:53:45.772771 dv-cinder-831438-1-smb devstack@c-api.service[116357]: INFO cinder.api.openstack.wsgi [None req-ce28fb20-622b-46be-ba6a-eb065f1933f9 tempest-GroupSnapshotsV319Test-441702716 tempest-GroupSnapshotsV319Test-441702716-project-admin] POST http://10.222.0.30/volume/v3/c044eaf0c211463191cd87d709d06937/group_snapshots/f23a1e96-8c88-44fb-ba09-6d5a2a801e69/action
Mar 01 19:53:45.773549 dv-cinder-831438-1-smb devstack@c-api.service[116357]: DEBUG cinder.api.openstack.wsgi [None req-ce28fb20-622b-46be-ba6a-eb065f1933f9 tempest-GroupSnapshotsV319Test-441702716 tempest-GroupSnapshotsV319Test-441702716-project-admin] Action body: b'{"reset_status": {"status": "available"}}' {{(pid=116357) get_method /opt/stack/cinder/cinder/api/openstack/wsgi.py:983}}
Mar 01 19:53:45.774135 dv-cinder-831438-1-smb devstack@c-api.service[116357]: DEBUG cinder.api.openstack.wsgi [None req-ce28fb20-622b-46be-ba6a-eb065f1933f9 tempest-GroupSnapshotsV319Test-441702716 tempest-GroupSnapshotsV319Test-441702716-project-admin] Action: 'action', calling method: reset_status, body: {"reset_status": {"status": "available"}} {{(pid=116357) _process_stack /opt/stack/cinder/cinder/api/openstack/wsgi.py:866}}
Mar 01 19:53:45.776482 dv-cinder-831438-1-smb devstack@c-api.service[116357]: DEBUG cinder.api.v3.group_snapshots [None req-ce28fb20-622b-46be-ba6a-eb065f1933f9 tempest-GroupSnapshotsV319Test-441702716 tempest-GroupSnapshotsV319Test-441702716-project-admin] Updating group 'f23a1e96-8c88-44fb-ba09-6d5a2a801e69' with 'available' {{(pid=116357) _reset_status /opt/stack/cinder/cinder/api/v3/group_snapshots.py:194}}
Mar 01 19:53:45.779414 dv-cinder-831438-1-smb devstack@c-api.service[116356]: [pid: 116356|app: 0|req: 92/186] 10.222.0.30 () {60 vars in 1389 bytes} [Tue Mar 1 19:53:45 2022] GET /volume/v3/7ca39f29d35149d0979a769d2fbab72c/group_snapshots/f23a1e96-8c88-44fb-ba09-6d5a2a801e69 => generated 326 bytes in 62 msecs (HTTP/1.1 200) 7 headers in 286 bytes (1 switches on core 0)
Mar 01 19:53:45.789446 dv-cinder-831438-1-smb devstack@c-api.service[116357]: /usr/local/lib/python3.8/dist-packages/oslo_context/context.py:105: DeprecationWarning: Policy enforcement is depending on the value of is_admin. This key is deprecated. Please update your policy file to use the standard policy values.
Mar 01 19:53:45.789446 dv-cinder-831438-1-smb devstack@c-api.service[116357]: warnings.warn('Policy enforcement is depending on the value of '
Mar 01 19:53:45.812653 dv-cinder-831438-1-smb devstack@c-api.service[116357]: INFO cinder.api.openstack.wsgi [None req-ce28fb20-622b-46be-ba6a-eb065f1933f9 tempest-GroupSnapshotsV319Test-441702716 tempest-GroupSnapshotsV319Test-441702716-project-admin] http://10.222.0.30/volume/v3/c044eaf0c211463191cd87d709d06937/group_snapshots/f23a1e96-8c88-44fb-ba09-6d5a2a801e69/action returned with HTTP 202
Mar 01 19:53:45.813536 dv-cinder-831438-1-smb devstack@c-api.service[116357]: [pid: 116357|app: 0|req: 95/187] 10.222.0.30 () {62 vars in 1431 bytes} [Tue Mar 1 19:53:45 2022] POST /volume/v3/c044eaf0c211463191cd87d709d06937/group_snapshots/f23a1e96-8c88-44fb-ba09-6d5a2a801e69/action => generated 0 bytes in 47 msecs (HTTP/1.1 202) 6 headers in 234 bytes (1 switches on core 0)
Mar 01 19:53:45.818520 dv-cinder-831438-1-smb devstack@c-api.service[116356]: DEBUG cinder.api.middleware.request_id [None req-4574855d-47f3-4c48-a40e-1799c9762b1f None None] RequestId filter calling following filter/app {{(pid=116356) _context_setter /opt/stack/cinder/cinder/api/middleware/request_id.py:62}}
Mar 01 19:53:45.823857 dv-cinder-831438-1-smb devstack@c-api.service[116356]: INFO cinder.api.openstack.wsgi [None req-4574855d-47f3-4c48-a40e-1799c9762b1f tempest-GroupSnapshotsV319Test-1337656107 tempest-GroupSnapshotsV319Test-1337656107-project] GET http://10.222.0.30/volume/v3/7ca39f29d35149d0979a769d2fbab72c/group_snapshots/f23a1e96-8c88-44fb-ba09-6d5a2a801e69
Mar 01 19:53:45.824792 dv-cinder-831438-1-smb devstack@c-api.service[116356]: DEBUG cinder.api.openstack.wsgi [None req-4574855d-47f3-4c48-a40e-1799c9762b1f tempest-GroupSnapshotsV319Test-1337656107 tempest-GroupSnapshotsV319Test-1337656107-project] Empty body provided in request {{(pid=116356) get_body /opt/stack/cinder/cinder/api/openstack/wsgi.py:715}}
Mar 01 19:53:45.826616 dv-cinder-831438-1-smb devstack@c-api.service[116356]: DEBUG cinder.api.openstack.wsgi [None req-4574855d-47f3-4c48-a40e-1799c9762b1f tempest-GroupSnapshotsV319Test-1337656107 tempest-GroupSnapshotsV319Test-1337656107-project] Calling method 'version_select' {{(pid=116356) _process_stack /opt/stack/cinder/cinder/api/openstack/wsgi.py:868}}
Mar 01 19:53:45.827500 dv-cinder-831438-1-smb devstack@c-api.service[116356]: DEBUG cinder.api.v3.group_snapshots [None req-4574855d-47f3-4c48-a40e-1799c9762b1f tempest-GroupSnapshotsV319Test-1337656107 tempest-GroupSnapshotsV319Test-1337656107-project] show called for member f23a1e96-8c88-44fb-ba09-6d5a2a801e69 {{(pid=116356) show /opt/stack/cinder/cinder/api/v3/group_snapshots.py:58}}
Mar 01 19:53:45.833575 dv-cinder-831438-1-smb devstack@c-api.service[116356]: /usr/local/lib/python3.8/dist-packages/oslo_context/context.py:105: DeprecationWarning: Policy enforcement is depending on the value of is_admin. This key is deprecated. Please update your policy file to use the standard policy values.
Mar 01 19:53:45.833575 dv-cinder-831438-1-smb devstack@c-api.service[116356]: warnings.warn('Policy enforcement is depending on the value of '
Mar 01 19:53:45.842716 dv-cinder-831438-1-smb devstack@c-api.service[116356]: INFO cinder.api.openstack.wsgi [None req-4574855d-47f3-4c48-a40e-1799c9762b1f tempest-GroupSnapshotsV319Test-1337656107 tempest-GroupSnapshotsV319Test-1337656107-project] http://10.222.0.30/volume/v3/7ca39f29d35149d0979a769d2fbab72c/group_snapshots/f23a1e96-8c88-44fb-ba09-6d5a2a801e69 returned with HTTP 200
Mar 01 19:53:45.844463 dv-cinder-831438-1-smb devstack@c-api.service[116356]: [pid: 116356|app: 0|req: 93/188] 10.222.0.30 () {60 vars in 1389 bytes} [Tue Mar 1 19:53:45 2022] GET /volume/v3/7ca39f29d35149d0979a769d2fbab72c/group_snapshots/f23a1e96-8c88-44fb-ba09-6d5a2a801e69 => generated 330 bytes in 27 msecs (HTTP/1.1 200) 7 headers in 286 bytes (1 switches on core 0)
Mar 01 19:53:45.851552 dv-cinder-831438-1-smb devstack@c-api.service[116357]: DEBUG cinder.api.middleware.request_id [None req-c833508a-2e73-4c49-bb54-65b3223441b0 None None] RequestId filter calling following filter/app {{(pid=116357) _context_setter /opt/stack/cinder/cinder/api/middleware/request_id.py:62}}
Mar 01 19:53:45.856443 dv-cinder-831438-1-smb devstack@c-api.service[116357]: INFO cinder.api.openstack.wsgi [None req-c833508a-2e73-4c49-bb54-65b3223441b0 tempest-GroupSnapshotsV319Test-1337656107 tempest-GroupSnapshotsV319Test-1337656107-project] DELETE http://10.222.0.30/volume/v3/7ca39f29d35149d0979a769d2fbab72c/group_snapshots/f23a1e96-8c88-44fb-ba09-6d5a2a801e69
Mar 01 19:53:45.856957 dv-cinder-831438-1-smb devstack@c-api.service[116357]: DEBUG cinder.api.openstack.wsgi [None req-c833508a-2e73-4c49-bb54-65b3223441b0 tempest-GroupSnapshotsV319Test-1337656107 tempest-GroupSnapshotsV319Test-1337656107-project] Empty body provided in request {{(pid=116357) get_body /opt/stack/cinder/cinder/api/openstack/wsgi.py:715}}
Mar 01 19:53:45.857571 dv-cinder-831438-1-smb devstack@c-api.service[116357]: DEBUG cinder.api.openstack.wsgi [None req-c833508a-2e73-4c49-bb54-65b3223441b0 tempest-GroupSnapshotsV319Test-1337656107 tempest-GroupSnapshotsV319Test-1337656107-project] Calling method 'version_select' {{(pid=116357) _process_stack /opt/stack/cinder/cinder/api/openstack/wsgi.py:868}}
Mar 01 19:53:45.858058 dv-cinder-831438-1-smb devstack@c-api.service[116357]: DEBUG cinder.api.v3.group_snapshots [None req-c833508a-2e73-4c49-bb54-65b3223441b0 tempest-GroupSnapshotsV319Test-1337656107 tempest-GroupSnapshotsV319Test-1337656107-project] delete called for member f23a1e96-8c88-44fb-ba09-6d5a2a801e69 {{(pid=116357) delete /opt/stack/cinder/cinder/api/v3/group_snapshots.py:72}}
Mar 01 19:53:45.858526 dv-cinder-831438-1-smb devstack@c-api.service[116357]: INFO cinder.api.v3.group_snapshots [None req-c833508a-2e73-4c49-bb54-65b3223441b0 tempest-GroupSnapshotsV319Test-1337656107 tempest-GroupSnapshotsV319Test-1337656107-project] Delete group_snapshot with id: f23a1e96-8c88-44fb-ba09-6d5a2a801e69
Mar 01 19:53:45.871981 dv-cinder-831438-1-smb devstack@c-api.service[116357]: /usr/local/lib/python3.8/dist-packages/oslo_context/context.py:105: DeprecationWarning: Policy enforcement is depending on the value of is_admin. This key is deprecated. Please update your policy file to use the standard policy values.
Mar 01 19:53:45.871981 dv-cinder-831438-1-smb devstack@c-api.service[116357]: warnings.warn('Policy enforcement is depending on the value of '
Mar 01 19:53:45.966511 dv-cinder-831438-1-smb devstack@c-api.service[116357]: INFO cinder.api.openstack.wsgi [None req-c833508a-2e73-4c49-bb54-65b3223441b0 tempest-GroupSnapshotsV319Test-1337656107 tempest-GroupSnapshotsV319Test-1337656107-project] http://10.222.0.30/volume/v3/7ca39f29d35149d0979a769d2fbab72c/group_snapshots/f23a1e96-8c88-44fb-ba09-6d5a2a801e69 returned with HTTP 202
Mar 01 19:53:45.968043 dv-cinder-831438-1-smb devstack@c-api.service[116357]: [pid: 116357|app: 0|req: 96/189] 10.222.0.30 () {60 vars in 1392 bytes} [Tue Mar 1 19:53:45 2022] DELETE /volume/v3/7ca39f29d35149d0979a769d2fbab72c/group_snapshots/f23a1e96-8c88-44fb-ba09-6d5a2a801e69 => generated 0 bytes in 118 msecs (HTTP/1.1 202) 6 headers in 234 bytes (1 switches on core 0)
Mar 01 19:53:45.975601 dv-cinder-831438-1-smb devstack@c-api.service[116356]: DEBUG cinder.api.middleware.request_id [None req-05f7c335-3b6c-4f43-8e5b-6785730fc606 None None] RequestId filter calling following filter/app {{(pid=116356) _context_setter /opt/stack/cinder/cinder/api/middleware/request_id.py:62}}
Mar 01 19:53:45.984440 dv-cinder-831438-1-smb devstack@c-api.service[116356]: INFO cinder.api.openstack.wsgi [None req-05f7c335-3b6c-4f43-8e5b-6785730fc606 tempest-GroupSnapshotsV319Test-1337656107 tempest-GroupSnapshotsV319Test-1337656107-project] GET http://10.222.0.30/volume/v3/7ca39f29d35149d0979a769d2fbab72c/volumes/detail
Mar 01 19:53:45.986917 dv-cinder-831438-1-smb devstack@c-api.service[116356]: DEBUG cinder.api.openstack.wsgi [None req-05f7c335-3b6c-4f43-8e5b-6785730fc606 tempest-GroupSnapshotsV319Test-1337656107 tempest-GroupSnapshotsV319Test-1337656107-project] Empty body provided in request {{(pid=116356) get_body /opt/stack/cinder/cinder/api/openstack/wsgi.py:715}}
Mar 01 19:53:45.987949 dv-cinder-831438-1-smb devstack@c-api.service[116356]: DEBUG cinder.api.openstack.wsgi [None req-05f7c335-3b6c-4f43-8e5b-6785730fc606 tempest-GroupSnapshotsV319Test-1337656107 tempest-GroupSnapshotsV319Test-1337656107-project] Calling method 'detail' {{(pid=116356) _process_stack /opt/stack/cinder/cinder/api/openstack/wsgi.py:868}}
Mar 01 19:53:45.988861 dv-cinder-831438-1-smb devstack@c-api.service[116356]: DEBUG cinder.api.api_utils [None req-05f7c335-3b6c-4f43-8e5b-6785730fc606 tempest-GroupSnapshotsV319Test-1337656107 tempest-GroupSnapshotsV319Test-1337656107-project] Removing options '' from query. {{(pid=116356) remove_invalid_filter_options /opt/stack/cinder/cinder/api/api_utils.py:73}}
Mar 01 19:53:45.994104 dv-cinder-831438-1-smb devstack@c-api.service[116356]: DEBUG cinder.volume.api [None req-05f7c335-3b6c-4f43-8e5b-6785730fc606 tempest-GroupSnapshotsV319Test-1337656107 tempest-GroupSnapshotsV319Test-1337656107-project] Searching by: MultiDict([('no_migration_targets', True)]). {{(pid=116356) get_all /opt/stack/cinder/cinder/volume/api.py:662}}
Mar 01 19:53:46.086479 dv-cinder-831438-1-smb devstack@c-api.service[116356]: INFO cinder.volume.api [None req-05f7c335-3b6c-4f43-8e5b-6785730fc606 tempest-GroupSnapshotsV319Test-1337656107 tempest-GroupSnapshotsV319Test-1337656107-project] Get all volumes completed successfully.
Mar 01 19:53:46.089080 dv-cinder-831438-1-smb devstack@c-api.service[116356]: WARNING stevedore.named [None req-05f7c335-3b6c-4f43-8e5b-6785730fc606 tempest-GroupSnapshotsV319Test-1337656107 tempest-GroupSnapshotsV319Test-1337656107-project] Could not load cinder.keymgr.conf_key_mgr.ConfKeyManager
Mar 01 19:53:46.089969 dv-cinder-831438-1-smb devstack@c-api.service[116356]: WARNING castellan.key_manager [None req-05f7c335-3b6c-4f43-8e5b-6785730fc606 tempest-GroupSnapshotsV319Test-1337656107 tempest-GroupSnapshotsV319Test-1337656107-project] Deprecation Warning : cinder.keymgr.conf_key_mgr.ConfKeyManager is not a stevedore based driver, trying to load it as a class: stevedore.exception.NoMatches: No 'castellan.drivers' driver found, looking for 'cinder.keymgr.conf_key_mgr.ConfKeyManager'
Mar 01 19:53:46.104864 dv-cinder-831438-1-smb devstack@c-api.service[116356]: DEBUG oslo_db.sqlalchemy.engines [None req-05f7c335-3b6c-4f43-8e5b-6785730fc606 tempest-GroupSnapshotsV319Test-1337656107 tempest-GroupSnapshotsV319Test-1337656107-project] MySQL server mode set to STRICT_TRANS_TABLES,STRICT_ALL_TABLES,NO_ZERO_IN_DATE,NO_ZERO_DATE,ERROR_FOR_DIVISION_BY_ZERO,TRADITIONAL,NO_ENGINE_SUBSTITUTION {{(pid=116356) _check_effective_sql_mode /usr/local/lib/python3.8/dist-packages/oslo_db/sqlalchemy/engines.py:314}}
Mar 01 19:53:46.129214 dv-cinder-831438-1-smb devstack@c-api.service[116356]: /usr/local/lib/python3.8/dist-packages/oslo_context/context.py:105: DeprecationWarning: Policy enforcement is depending on the value of is_admin. This key is deprecated. Please update your policy file to use the standard policy values.
Mar 01 19:53:46.129214 dv-cinder-831438-1-smb devstack@c-api.service[116356]: warnings.warn('Policy enforcement is depending on the value of '
Mar 01 19:53:46.169732 dv-cinder-831438-1-smb devstack@c-api.service[116356]: INFO cinder.api.openstack.wsgi [None req-05f7c335-3b6c-4f43-8e5b-6785730fc606 tempest-GroupSnapshotsV319Test-1337656107 tempest-GroupSnapshotsV319Test-1337656107-project] http://10.222.0.30/volume/v3/7ca39f29d35149d0979a769d2fbab72c/volumes/detail returned with HTTP 200
Mar 01 19:53:46.172891 dv-cinder-831438-1-smb devstack@c-api.service[116356]: [pid: 116356|app: 0|req: 94/190] 10.222.0.30 () {60 vars in 1275 bytes} [Tue Mar 1 19:53:45 2022] GET /volume/v3/7ca39f29d35149d0979a769d2fbab72c/volumes/detail => generated 1010 bytes in 200 msecs (HTTP/1.1 200) 7 headers in 287 bytes (1 switches on core 0)
Mar 01 19:53:46.187013 dv-cinder-831438-1-smb devstack@c-api.service[116357]: DEBUG cinder.api.middleware.request_id [None req-a46b7dcf-481a-4f8c-812d-809df1637bab None None] RequestId filter calling following filter/app {{(pid=116357) _context_setter /opt/stack/cinder/cinder/api/middleware/request_id.py:62}}
Mar 01 19:53:46.193091 dv-cinder-831438-1-smb devstack@c-api.service[116357]: INFO cinder.api.openstack.wsgi [None req-a46b7dcf-481a-4f8c-812d-809df1637bab tempest-GroupSnapshotsV319Test-1337656107 tempest-GroupSnapshotsV319Test-1337656107-project] GET http://10.222.0.30/volume/v3/7ca39f29d35149d0979a769d2fbab72c/snapshots/detail
Mar 01 19:53:46.193556 dv-cinder-831438-1-smb devstack@c-api.service[116357]: DEBUG cinder.api.openstack.wsgi [None req-a46b7dcf-481a-4f8c-812d-809df1637bab tempest-GroupSnapshotsV319Test-1337656107 tempest-GroupSnapshotsV319Test-1337656107-project] Empty body provided in request {{(pid=116357) get_body /opt/stack/cinder/cinder/api/openstack/wsgi.py:715}}
Mar 01 19:53:46.194893 dv-cinder-831438-1-smb devstack@c-api.service[116357]: DEBUG cinder.api.openstack.wsgi [None req-a46b7dcf-481a-4f8c-812d-809df1637bab tempest-GroupSnapshotsV319Test-1337656107 tempest-GroupSnapshotsV319Test-1337656107-project] Calling method 'detail' {{(pid=116357) _process_stack /opt/stack/cinder/cinder/api/openstack/wsgi.py:868}}
Mar 01 19:53:46.196371 dv-cinder-831438-1-smb devstack@c-api.service[116357]: DEBUG cinder.api.api_utils [None req-a46b7dcf-481a-4f8c-812d-809df1637bab tempest-GroupSnapshotsV319Test-1337656107 tempest-GroupSnapshotsV319Test-1337656107-project] Removing options '' from query. {{(pid=116357) remove_invalid_filter_options /opt/stack/cinder/cinder/api/api_utils.py:73}}
Mar 01 19:53:46.197648 dv-cinder-831438-1-smb devstack@c-api.service[116357]: /usr/local/lib/python3.8/dist-packages/oslo_context/context.py:105: DeprecationWarning: Policy enforcement is depending on the value of is_admin. This key is deprecated. Please update your policy file to use the standard policy values.
Mar 01 19:53:46.197648 dv-cinder-831438-1-smb devstack@c-api.service[116357]: warnings.warn('Policy enforcement is depending on the value of '
Mar 01 19:53:46.201657 dv-cinder-831438-1-smb devstack@c-api.service[116357]: DEBUG cinder.db.sqlalchemy.api [None req-a46b7dcf-481a-4f8c-812d-809df1637bab tempest-GroupSnapshotsV319Test-1337656107 tempest-GroupSnapshotsV319Test-1337656107-project] Building query based on filter {{(pid=116357) _process_snaps_filters /opt/stack/cinder/cinder/db/sqlalchemy/api.py:3159}}
Mar 01 19:53:46.217272 dv-cinder-831438-1-smb devstack@c-api.service[116357]: INFO cinder.volume.api [None req-a46b7dcf-481a-4f8c-812d-809df1637bab tempest-GroupSnapshotsV319Test-1337656107 tempest-GroupSnapshotsV319Test-1337656107-project] Get all snapshots completed successfully.
Mar 01 19:53:46.222244 dv-cinder-831438-1-smb devstack@c-api.service[116357]: INFO cinder.api.openstack.wsgi [None req-a46b7dcf-481a-4f8c-812d-809df1637bab tempest-GroupSnapshotsV319Test-1337656107 tempest-GroupSnapshotsV319Test-1337656107-project] http://10.222.0.30/volume/v3/7ca39f29d35149d0979a769d2fbab72c/snapshots/detail returned with HTTP 200
Mar 01 19:53:46.231732 dv-cinder-831438-1-smb devstack@c-api.service[116356]: DEBUG cinder.api.middleware.request_id [None req-4ea79583-9a70-46c4-9a2c-3f2670cdf5d4 None None] RequestId filter calling following filter/app {{(pid=116356) _context_setter /opt/stack/cinder/cinder/api/middleware/request_id.py:62}}
Mar 01 19:53:46.236415 dv-cinder-831438-1-smb devstack@c-api.service[116356]: INFO cinder.api.openstack.wsgi [None req-4ea79583-9a70-46c4-9a2c-3f2670cdf5d4 tempest-GroupSnapshotsV319Test-1337656107 tempest-GroupSnapshotsV319Test-1337656107-project] GET http://10.222.0.30/volume/v3/7ca39f29d35149d0979a769d2fbab72c/group_snapshots/f23a1e96-8c88-44fb-ba09-6d5a2a801e69
Mar 01 19:53:46.237329 dv-cinder-831438-1-smb devstack@c-api.service[116356]: DEBUG cinder.api.openstack.wsgi [None req-4ea79583-9a70-46c4-9a2c-3f2670cdf5d4 tempest-GroupSnapshotsV319Test-1337656107 tempest-GroupSnapshotsV319Test-1337656107-project] Empty body provided in request {{(pid=116356) get_body /opt/stack/cinder/cinder/api/openstack/wsgi.py:715}}
Mar 01 19:53:46.237795 dv-cinder-831438-1-smb devstack@c-api.service[116356]: DEBUG cinder.api.openstack.wsgi [None req-4ea79583-9a70-46c4-9a2c-3f2670cdf5d4 tempest-GroupSnapshotsV319Test-1337656107 tempest-GroupSnapshotsV319Test-1337656107-project] Calling method 'version_select' {{(pid=116356) _process_stack /opt/stack/cinder/cinder/api/openstack/wsgi.py:868}}
Mar 01 19:53:46.238807 dv-cinder-831438-1-smb devstack@c-api.service[116356]: DEBUG cinder.api.v3.group_snapshots [None req-4ea79583-9a70-46c4-9a2c-3f2670cdf5d4 tempest-GroupSnapshotsV319Test-1337656107 tempest-GroupSnapshotsV319Test-1337656107-project] show called for member f23a1e96-8c88-44fb-ba09-6d5a2a801e69 {{(pid=116356) show /opt/stack/cinder/cinder/api/v3/group_snapshots.py:58}}
Mar 01 19:53:46.244147 dv-cinder-831438-1-smb devstack@c-api.service[116357]: [pid: 116357|app: 0|req: 97/191] 10.222.0.30 () {58 vars in 1240 bytes} [Tue Mar 1 19:53:46 2022] GET /volume/v3/7ca39f29d35149d0979a769d2fbab72c/snapshots/detail => generated 17 bytes in 59 msecs (HTTP/1.1 200) 7 headers in 284 bytes (1 switches on core 0)
Mar 01 19:53:46.250472 dv-cinder-831438-1-smb devstack@c-api.service[116356]: /usr/local/lib/python3.8/dist-packages/oslo_context/context.py:105: DeprecationWarning: Policy enforcement is depending on the value of is_admin. This key is deprecated. Please update your policy file to use the standard policy values.
Mar 01 19:53:46.250472 dv-cinder-831438-1-smb devstack@c-api.service[116356]: warnings.warn('Policy enforcement is depending on the value of '
Mar 01 19:53:46.266492 dv-cinder-831438-1-smb devstack@c-api.service[116356]: INFO cinder.api.openstack.wsgi [None req-4ea79583-9a70-46c4-9a2c-3f2670cdf5d4 tempest-GroupSnapshotsV319Test-1337656107 tempest-GroupSnapshotsV319Test-1337656107-project] http://10.222.0.30/volume/v3/7ca39f29d35149d0979a769d2fbab72c/group_snapshots/f23a1e96-8c88-44fb-ba09-6d5a2a801e69 returned with HTTP 200
Mar 01 19:53:46.270908 dv-cinder-831438-1-smb devstack@c-api.service[116356]: [pid: 116356|app: 0|req: 95/192] 10.222.0.30 () {60 vars in 1389 bytes} [Tue Mar 1 19:53:46 2022] GET /volume/v3/7ca39f29d35149d0979a769d2fbab72c/group_snapshots/f23a1e96-8c88-44fb-ba09-6d5a2a801e69 => generated 329 bytes in 37 msecs (HTTP/1.1 200) 7 headers in 286 bytes (1 switches on core 0)
Mar 01 19:53:46.299165 dv-cinder-831438-1-smb devstack@c-api.service[116357]: DEBUG cinder.api.middleware.request_id [None req-7f912883-d157-40ca-9ffa-298da5006ca2 None None] RequestId filter calling following filter/app {{(pid=116357) _context_setter /opt/stack/cinder/cinder/api/middleware/request_id.py:62}}
Mar 01 19:53:46.474117 dv-cinder-831438-1-smb devstack@c-api.service[116357]: INFO cinder.api.openstack.wsgi [None req-7f912883-d157-40ca-9ffa-298da5006ca2 tempest-VolumePoolsAdminTestsJSON-817616501 tempest-VolumePoolsAdminTestsJSON-817616501-project-admin] GET http://10.222.0.30/volume/v3/d26851726b9c46879eeedf1040826f42/scheduler-stats/get_pools?detail=True
Mar 01 19:53:46.474780 dv-cinder-831438-1-smb devstack@c-api.service[116357]: DEBUG cinder.api.openstack.wsgi [None req-7f912883-d157-40ca-9ffa-298da5006ca2 tempest-VolumePoolsAdminTestsJSON-817616501 tempest-VolumePoolsAdminTestsJSON-817616501-project-admin] Empty body provided in request {{(pid=116357) get_body /opt/stack/cinder/cinder/api/openstack/wsgi.py:715}}
Mar 01 19:53:46.475235 dv-cinder-831438-1-smb devstack@c-api.service[116357]: DEBUG cinder.api.openstack.wsgi [None req-7f912883-d157-40ca-9ffa-298da5006ca2 tempest-VolumePoolsAdminTestsJSON-817616501 tempest-VolumePoolsAdminTestsJSON-817616501-project-admin] Calling method 'get_pools' {{(pid=116357) _process_stack /opt/stack/cinder/cinder/api/openstack/wsgi.py:868}}
Mar 01 19:53:46.499637 dv-cinder-831438-1-smb devstack@c-api.service[116357]: INFO cinder.api.openstack.wsgi [None req-7f912883-d157-40ca-9ffa-298da5006ca2 tempest-VolumePoolsAdminTestsJSON-817616501 tempest-VolumePoolsAdminTestsJSON-817616501-project-admin] http://10.222.0.30/volume/v3/d26851726b9c46879eeedf1040826f42/scheduler-stats/get_pools?detail=True returned with HTTP 200
Mar 01 19:53:46.508470 dv-cinder-831438-1-smb devstack@c-api.service[116357]: [pid: 116357|app: 0|req: 98/193] 10.222.0.30 () {58 vars in 1290 bytes} [Tue Mar 1 19:53:46 2022] GET /volume/v3/d26851726b9c46879eeedf1040826f42/scheduler-stats/get_pools?detail=True => generated 618 bytes in 210 msecs (HTTP/1.1 200) 7 headers in 285 bytes (1 switches on core 0)
Mar 01 19:53:46.509970 dv-cinder-831438-1-smb devstack@c-api.service[116356]: DEBUG cinder.api.middleware.request_id [None req-25b5d5f9-b430-4700-a8fa-de37bae1f9f2 None None] RequestId filter calling following filter/app {{(pid=116356) _context_setter /opt/stack/cinder/cinder/api/middleware/request_id.py:62}}
