Mar 01 19:53:27.285336 dv-cinder-831438-1-smb devstack@c-api.service[116357]: /usr/local/lib/python3.8/dist-packages/oslo_context/context.py:105: DeprecationWarning: Policy enforcement is depending on the value of is_admin. This key is deprecated. Please update your policy file to use the standard policy values.
Mar 01 19:53:27.285336 dv-cinder-831438-1-smb devstack@c-api.service[116357]: warnings.warn('Policy enforcement is depending on the value of '
Mar 01 19:53:27.298559 dv-cinder-831438-1-smb devstack@c-api.service[116357]: INFO cinder.volume.api [None req-05d8bbae-65d8-44da-bc06-2cfd409d7b6c tempest-SnapshotsActionsTest-148314122 tempest-SnapshotsActionsTest-148314122-project] Snapshot retrieved successfully.
Mar 01 19:53:27.306977 dv-cinder-831438-1-smb devstack@c-api.service[116357]: INFO cinder.api.openstack.wsgi [None req-05d8bbae-65d8-44da-bc06-2cfd409d7b6c tempest-SnapshotsActionsTest-148314122 tempest-SnapshotsActionsTest-148314122-project] http://10.222.0.30/volume/v3/24904a8da0ec4d03935475926dd1abfd/snapshots/d3d5f728-6eb3-4b6f-97f9-a8538e7627af returned with HTTP 200
Mar 01 19:53:27.308893 dv-cinder-831438-1-smb devstack@c-api.service[116357]: [pid: 116357|app: 0|req: 41/80] 10.222.0.30 () {58 vars in 1330 bytes} [Tue Mar 1 19:53:27 2022] GET /volume/v3/24904a8da0ec4d03935475926dd1abfd/snapshots/d3d5f728-6eb3-4b6f-97f9-a8538e7627af => generated 567 bytes in 75 msecs (HTTP/1.1 200) 7 headers in 285 bytes (1 switches on core 0)
Mar 01 19:53:27.318555 dv-cinder-831438-1-smb devstack@c-api.service[116356]: DEBUG cinder.api.middleware.request_id [None req-436ecc33-92f5-4843-8586-09fe92ca531c None None] RequestId filter calling following filter/app {{(pid=116356) _context_setter /opt/stack/cinder/cinder/api/middleware/request_id.py:62}}
Mar 01 19:53:27.321167 dv-cinder-831438-1-smb devstack@c-api.service[116357]: DEBUG cinder.api.middleware.request_id [req-f874f6c6-858d-42df-8571-fa5b947ed90e req-c97737d2-0e60-4c3d-8154-740935429ef3 None None] RequestId filter calling following filter/app {{(pid=116357) _context_setter /opt/stack/cinder/cinder/api/middleware/request_id.py:62}}
Mar 01 19:53:27.327129 dv-cinder-831438-1-smb devstack@c-api.service[116356]: INFO cinder.api.openstack.wsgi [None req-436ecc33-92f5-4843-8586-09fe92ca531c tempest-SnapshotsActionsTest-1717467903 tempest-SnapshotsActionsTest-1717467903-project-admin] POST http://10.222.0.30/volume/v3/0b466886beff44479e9e7ae862340fc7/snapshots/d3d5f728-6eb3-4b6f-97f9-a8538e7627af/action
Mar 01 19:53:27.329086 dv-cinder-831438-1-smb devstack@c-api.service[116357]: INFO cinder.api.openstack.wsgi [req-f874f6c6-858d-42df-8571-fa5b947ed90e req-c97737d2-0e60-4c3d-8154-740935429ef3 tempest-VolumesNegativeTest-1390594572 tempest-VolumesNegativeTest-1390594572-project] DELETE http://10.222.0.30/volume/v3/a22e67ce6ae147b187df43698c705174/volumes/tempest-invalid-1256245884
Mar 01 19:53:27.329447 dv-cinder-831438-1-smb devstack@c-api.service[116357]: DEBUG cinder.api.openstack.wsgi [req-f874f6c6-858d-42df-8571-fa5b947ed90e req-c97737d2-0e60-4c3d-8154-740935429ef3 tempest-VolumesNegativeTest-1390594572 tempest-VolumesNegativeTest-1390594572-project] Empty body provided in request {{(pid=116357) get_body /opt/stack/cinder/cinder/api/openstack/wsgi.py:715}}
Mar 01 19:53:27.330105 dv-cinder-831438-1-smb devstack@c-api.service[116357]: DEBUG cinder.api.openstack.wsgi [req-f874f6c6-858d-42df-8571-fa5b947ed90e req-c97737d2-0e60-4c3d-8154-740935429ef3 tempest-VolumesNegativeTest-1390594572 tempest-VolumesNegativeTest-1390594572-project] Calling method 'delete' {{(pid=116357) _process_stack /opt/stack/cinder/cinder/api/openstack/wsgi.py:868}}
Mar 01 19:53:27.330225 dv-cinder-831438-1-smb devstack@c-api.service[116356]: DEBUG cinder.api.openstack.wsgi [None req-436ecc33-92f5-4843-8586-09fe92ca531c tempest-SnapshotsActionsTest-1717467903 tempest-SnapshotsActionsTest-1717467903-project-admin] Action body: b'{"os-force_delete": {}}' {{(pid=116356) get_method /opt/stack/cinder/cinder/api/openstack/wsgi.py:983}}
Mar 01 19:53:27.330508 dv-cinder-831438-1-smb devstack@c-api.service[116357]: INFO cinder.api.v3.volumes [req-f874f6c6-858d-42df-8571-fa5b947ed90e req-c97737d2-0e60-4c3d-8154-740935429ef3 tempest-VolumesNegativeTest-1390594572 tempest-VolumesNegativeTest-1390594572-project] Delete volume with id: tempest-invalid-1256245884
Mar 01 19:53:27.331843 dv-cinder-831438-1-smb devstack@c-api.service[116356]: DEBUG cinder.api.openstack.wsgi [None req-436ecc33-92f5-4843-8586-09fe92ca531c tempest-SnapshotsActionsTest-1717467903 tempest-SnapshotsActionsTest-1717467903-project-admin] Action: 'action', calling method: _force_delete, body: {"os-force_delete": {}} {{(pid=116356) _process_stack /opt/stack/cinder/cinder/api/openstack/wsgi.py:866}}
Mar 01 19:53:27.355312 dv-cinder-831438-1-smb devstack@c-api.service[116357]: INFO cinder.api.openstack.wsgi [req-f874f6c6-858d-42df-8571-fa5b947ed90e req-c97737d2-0e60-4c3d-8154-740935429ef3 tempest-VolumesNegativeTest-1390594572 tempest-VolumesNegativeTest-1390594572-project] http://10.222.0.30/volume/v3/a22e67ce6ae147b187df43698c705174/volumes/tempest-invalid-1256245884 returned with HTTP 404
Mar 01 19:53:27.358355 dv-cinder-831438-1-smb devstack@c-api.service[116357]: [pid: 116357|app: 0|req: 42/81] 10.222.0.30 () {62 vars in 1570 bytes} [Tue Mar 1 19:53:27 2022] DELETE /volume/v3/a22e67ce6ae147b187df43698c705174/volumes/tempest-invalid-1256245884 => generated 99 bytes in 38 msecs (HTTP/1.1 404) 7 headers in 291 bytes (2 switches on core 0)
Mar 01 19:53:27.360909 dv-cinder-831438-1-smb devstack@c-api.service[116356]: /usr/local/lib/python3.8/dist-packages/oslo_context/context.py:105: DeprecationWarning: Policy enforcement is depending on the value of is_admin. This key is deprecated. Please update your policy file to use the standard policy values.
Mar 01 19:53:27.360909 dv-cinder-831438-1-smb devstack@c-api.service[116356]: warnings.warn('Policy enforcement is depending on the value of '
Mar 01 19:53:27.361730 dv-cinder-831438-1-smb devstack@c-api.service[116356]: INFO cinder.volume.api [None req-436ecc33-92f5-4843-8586-09fe92ca531c tempest-SnapshotsActionsTest-1717467903 tempest-SnapshotsActionsTest-1717467903-project-admin] Snapshot retrieved successfully.
Mar 01 19:53:27.444819 dv-cinder-831438-1-smb devstack@c-api.service[116357]: DEBUG cinder.api.middleware.request_id [req-f9af9bcd-96ff-4c31-b654-18fdc8387d68 req-d7f62857-94ae-4f19-9158-222689028dcb None None] RequestId filter calling following filter/app {{(pid=116357) _context_setter /opt/stack/cinder/cinder/api/middleware/request_id.py:62}}
Mar 01 19:53:27.457019 dv-cinder-831438-1-smb devstack@c-api.service[116357]: INFO cinder.api.openstack.wsgi [req-f9af9bcd-96ff-4c31-b654-18fdc8387d68 req-d7f62857-94ae-4f19-9158-222689028dcb tempest-VolumesNegativeTest-1390594572 tempest-VolumesNegativeTest-1390594572-project] DELETE http://10.222.0.30/volume/v3/a22e67ce6ae147b187df43698c705174/volumes/74dea190-5227-4457-9358-fb0354766a9f
Mar 01 19:53:27.457428 dv-cinder-831438-1-smb devstack@c-api.service[116357]: DEBUG cinder.api.openstack.wsgi [req-f9af9bcd-96ff-4c31-b654-18fdc8387d68 req-d7f62857-94ae-4f19-9158-222689028dcb tempest-VolumesNegativeTest-1390594572 tempest-VolumesNegativeTest-1390594572-project] Empty body provided in request {{(pid=116357) get_body /opt/stack/cinder/cinder/api/openstack/wsgi.py:715}}
Mar 01 19:53:27.458038 dv-cinder-831438-1-smb devstack@c-api.service[116357]: DEBUG cinder.api.openstack.wsgi [req-f9af9bcd-96ff-4c31-b654-18fdc8387d68 req-d7f62857-94ae-4f19-9158-222689028dcb tempest-VolumesNegativeTest-1390594572 tempest-VolumesNegativeTest-1390594572-project] Calling method 'delete' {{(pid=116357) _process_stack /opt/stack/cinder/cinder/api/openstack/wsgi.py:868}}
Mar 01 19:53:27.458440 dv-cinder-831438-1-smb devstack@c-api.service[116357]: INFO cinder.api.v3.volumes [req-f9af9bcd-96ff-4c31-b654-18fdc8387d68 req-d7f62857-94ae-4f19-9158-222689028dcb tempest-VolumesNegativeTest-1390594572 tempest-VolumesNegativeTest-1390594572-project] Delete volume with id: 74dea190-5227-4457-9358-fb0354766a9f
Mar 01 19:53:27.490094 dv-cinder-831438-1-smb devstack@c-api.service[116357]: INFO cinder.api.openstack.wsgi [req-f9af9bcd-96ff-4c31-b654-18fdc8387d68 req-d7f62857-94ae-4f19-9158-222689028dcb tempest-VolumesNegativeTest-1390594572 tempest-VolumesNegativeTest-1390594572-project] http://10.222.0.30/volume/v3/a22e67ce6ae147b187df43698c705174/volumes/74dea190-5227-4457-9358-fb0354766a9f returned with HTTP 404
Mar 01 19:53:27.498709 dv-cinder-831438-1-smb devstack@c-api.service[116357]: [pid: 116357|app: 0|req: 43/82] 10.222.0.30 () {62 vars in 1600 bytes} [Tue Mar 1 19:53:27 2022] DELETE /volume/v3/a22e67ce6ae147b187df43698c705174/volumes/74dea190-5227-4457-9358-fb0354766a9f => generated 109 bytes in 57 msecs (HTTP/1.1 404) 7 headers in 292 bytes (2 switches on core 0)
Mar 01 19:53:27.539894 dv-cinder-831438-1-smb devstack@c-api.service[116357]: DEBUG cinder.api.middleware.request_id [req-d5ee289f-2e2d-4b91-a3b0-07ed9c081a14 req-05486eb1-45bd-471c-b90c-9c64880ef3b7 None None] RequestId filter calling following filter/app {{(pid=116357) _context_setter /opt/stack/cinder/cinder/api/middleware/request_id.py:62}}
Mar 01 19:53:27.540100 dv-cinder-831438-1-smb devstack@c-api.service[116356]: INFO cinder.volume.api [None req-436ecc33-92f5-4843-8586-09fe92ca531c tempest-SnapshotsActionsTest-1717467903 tempest-SnapshotsActionsTest-1717467903-project-admin] Snapshot delete request issued successfully.
Mar 01 19:53:27.540372 dv-cinder-831438-1-smb devstack@c-api.service[116356]: INFO cinder.api.openstack.wsgi [None req-436ecc33-92f5-4843-8586-09fe92ca531c tempest-SnapshotsActionsTest-1717467903 tempest-SnapshotsActionsTest-1717467903-project-admin] http://10.222.0.30/volume/v3/0b466886beff44479e9e7ae862340fc7/snapshots/d3d5f728-6eb3-4b6f-97f9-a8538e7627af/action returned with HTTP 202
Mar 01 19:53:27.546007 dv-cinder-831438-1-smb devstack@c-api.service[116357]: INFO cinder.api.openstack.wsgi [req-d5ee289f-2e2d-4b91-a3b0-07ed9c081a14 req-05486eb1-45bd-471c-b90c-9c64880ef3b7 tempest-VolumesNegativeTest-1390594572 tempest-VolumesNegativeTest-1390594572-project] GET http://10.222.0.30/volume/v3/a22e67ce6ae147b187df43698c705174/volumes/3a39998f-0b36-441e-9259-2e0dc069e964
Mar 01 19:53:27.546464 dv-cinder-831438-1-smb devstack@c-api.service[116356]: [pid: 116356|app: 0|req: 40/83] 10.222.0.30 () {60 vars in 1372 bytes} [Tue Mar 1 19:53:27 2022] POST /volume/v3/0b466886beff44479e9e7ae862340fc7/snapshots/d3d5f728-6eb3-4b6f-97f9-a8538e7627af/action => generated 0 bytes in 230 msecs (HTTP/1.1 202) 7 headers in 289 bytes (1 switches on core 0)
Mar 01 19:53:27.546668 dv-cinder-831438-1-smb devstack@c-api.service[116357]: DEBUG cinder.api.openstack.wsgi [req-d5ee289f-2e2d-4b91-a3b0-07ed9c081a14 req-05486eb1-45bd-471c-b90c-9c64880ef3b7 tempest-VolumesNegativeTest-1390594572 tempest-VolumesNegativeTest-1390594572-project] Empty body provided in request {{(pid=116357) get_body /opt/stack/cinder/cinder/api/openstack/wsgi.py:715}}
Mar 01 19:53:27.547137 dv-cinder-831438-1-smb devstack@c-api.service[116357]: DEBUG cinder.api.openstack.wsgi [req-d5ee289f-2e2d-4b91-a3b0-07ed9c081a14 req-05486eb1-45bd-471c-b90c-9c64880ef3b7 tempest-VolumesNegativeTest-1390594572 tempest-VolumesNegativeTest-1390594572-project] Calling method 'show' {{(pid=116357) _process_stack /opt/stack/cinder/cinder/api/openstack/wsgi.py:868}}
Mar 01 19:53:27.548647 dv-cinder-831438-1-smb devstack@c-api.service[116356]: DEBUG cinder.api.middleware.request_id [None req-2fcd41c7-f768-4be2-b6be-9580e3867d9b None None] RequestId filter calling following filter/app {{(pid=116356) _context_setter /opt/stack/cinder/cinder/api/middleware/request_id.py:62}}
Mar 01 19:53:27.554974 dv-cinder-831438-1-smb devstack@c-api.service[116356]: INFO cinder.api.openstack.wsgi [None req-2fcd41c7-f768-4be2-b6be-9580e3867d9b tempest-SnapshotsActionsTest-148314122 tempest-SnapshotsActionsTest-148314122-project] GET http://10.222.0.30/volume/v3/24904a8da0ec4d03935475926dd1abfd/snapshots/d3d5f728-6eb3-4b6f-97f9-a8538e7627af
Mar 01 19:53:27.556010 dv-cinder-831438-1-smb devstack@c-api.service[116356]: DEBUG cinder.api.openstack.wsgi [None req-2fcd41c7-f768-4be2-b6be-9580e3867d9b tempest-SnapshotsActionsTest-148314122 tempest-SnapshotsActionsTest-148314122-project] Empty body provided in request {{(pid=116356) get_body /opt/stack/cinder/cinder/api/openstack/wsgi.py:715}}
Mar 01 19:53:27.556832 dv-cinder-831438-1-smb devstack@c-api.service[116356]: DEBUG cinder.api.openstack.wsgi [None req-2fcd41c7-f768-4be2-b6be-9580e3867d9b tempest-SnapshotsActionsTest-148314122 tempest-SnapshotsActionsTest-148314122-project] Calling method 'show' {{(pid=116356) _process_stack /opt/stack/cinder/cinder/api/openstack/wsgi.py:868}}
Mar 01 19:53:27.584246 dv-cinder-831438-1-smb devstack@c-api.service[116357]: INFO cinder.api.openstack.wsgi [req-d5ee289f-2e2d-4b91-a3b0-07ed9c081a14 req-05486eb1-45bd-471c-b90c-9c64880ef3b7 tempest-VolumesNegativeTest-1390594572 tempest-VolumesNegativeTest-1390594572-project] http://10.222.0.30/volume/v3/a22e67ce6ae147b187df43698c705174/volumes/3a39998f-0b36-441e-9259-2e0dc069e964 returned with HTTP 404
Mar 01 19:53:27.585040 dv-cinder-831438-1-smb devstack@c-api.service[116356]: /usr/local/lib/python3.8/dist-packages/oslo_context/context.py:105: DeprecationWarning: Policy enforcement is depending on the value of is_admin. This key is deprecated. Please update your policy file to use the standard policy values.
Mar 01 19:53:27.585040 dv-cinder-831438-1-smb devstack@c-api.service[116356]: warnings.warn('Policy enforcement is depending on the value of '
Mar 01 19:53:27.588777 dv-cinder-831438-1-smb devstack@c-api.service[116356]: INFO cinder.volume.api [None req-2fcd41c7-f768-4be2-b6be-9580e3867d9b tempest-SnapshotsActionsTest-148314122 tempest-SnapshotsActionsTest-148314122-project] Snapshot retrieved successfully.
Mar 01 19:53:27.590983 dv-cinder-831438-1-smb devstack@c-api.service[116357]: [pid: 116357|app: 0|req: 44/84] 10.222.0.30 () {60 vars in 1578 bytes} [Tue Mar 1 19:53:27 2022] GET /volume/v3/a22e67ce6ae147b187df43698c705174/volumes/3a39998f-0b36-441e-9259-2e0dc069e964 => generated 109 bytes in 50 msecs (HTTP/1.1 404) 7 headers in 292 bytes (1 switches on core 0)
Mar 01 19:53:27.597134 dv-cinder-831438-1-smb devstack@c-api.service[116356]: INFO cinder.api.openstack.wsgi [None req-2fcd41c7-f768-4be2-b6be-9580e3867d9b tempest-SnapshotsActionsTest-148314122 tempest-SnapshotsActionsTest-148314122-project] http://10.222.0.30/volume/v3/24904a8da0ec4d03935475926dd1abfd/snapshots/d3d5f728-6eb3-4b6f-97f9-a8538e7627af returned with HTTP 200
Mar 01 19:53:27.600548 dv-cinder-831438-1-smb devstack@c-api.service[116356]: [pid: 116356|app: 0|req: 41/85] 10.222.0.30 () {58 vars in 1330 bytes} [Tue Mar 1 19:53:27 2022] GET /volume/v3/24904a8da0ec4d03935475926dd1abfd/snapshots/d3d5f728-6eb3-4b6f-97f9-a8538e7627af => generated 567 bytes in 53 msecs (HTTP/1.1 200) 7 headers in 285 bytes (1 switches on core 0)
Mar 01 19:53:28.608666 dv-cinder-831438-1-smb devstack@c-api.service[116357]: DEBUG cinder.api.middleware.request_id [None req-120a6bf7-0481-473e-a1ec-4dc40166d202 None None] RequestId filter calling following filter/app {{(pid=116357) _context_setter /opt/stack/cinder/cinder/api/middleware/request_id.py:62}}
Mar 01 19:53:28.614657 dv-cinder-831438-1-smb devstack@c-api.service[116357]: INFO cinder.api.openstack.wsgi [None req-120a6bf7-0481-473e-a1ec-4dc40166d202 tempest-SnapshotsActionsTest-148314122 tempest-SnapshotsActionsTest-148314122-project] GET http://10.222.0.30/volume/v3/24904a8da0ec4d03935475926dd1abfd/snapshots/d3d5f728-6eb3-4b6f-97f9-a8538e7627af
Mar 01 19:53:28.615818 dv-cinder-831438-1-smb devstack@c-api.service[116357]: DEBUG cinder.api.openstack.wsgi [None req-120a6bf7-0481-473e-a1ec-4dc40166d202 tempest-SnapshotsActionsTest-148314122 tempest-SnapshotsActionsTest-148314122-project] Empty body provided in request {{(pid=116357) get_body /opt/stack/cinder/cinder/api/openstack/wsgi.py:715}}
Mar 01 19:53:28.616930 dv-cinder-831438-1-smb devstack@c-api.service[116357]: DEBUG cinder.api.openstack.wsgi [None req-120a6bf7-0481-473e-a1ec-4dc40166d202 tempest-SnapshotsActionsTest-148314122 tempest-SnapshotsActionsTest-148314122-project] Calling method 'show' {{(pid=116357) _process_stack /opt/stack/cinder/cinder/api/openstack/wsgi.py:868}}
Mar 01 19:53:28.639691 dv-cinder-831438-1-smb devstack@c-api.service[116357]: INFO cinder.api.openstack.wsgi [None req-120a6bf7-0481-473e-a1ec-4dc40166d202 tempest-SnapshotsActionsTest-148314122 tempest-SnapshotsActionsTest-148314122-project] http://10.222.0.30/volume/v3/24904a8da0ec4d03935475926dd1abfd/snapshots/d3d5f728-6eb3-4b6f-97f9-a8538e7627af returned with HTTP 404
Mar 01 19:53:28.642468 dv-cinder-831438-1-smb devstack@c-api.service[116357]: [pid: 116357|app: 0|req: 45/86] 10.222.0.30 () {58 vars in 1330 bytes} [Tue Mar 1 19:53:28 2022] GET /volume/v3/24904a8da0ec4d03935475926dd1abfd/snapshots/d3d5f728-6eb3-4b6f-97f9-a8538e7627af => generated 111 bytes in 35 msecs (HTTP/1.1 404) 7 headers in 292 bytes (1 switches on core 0)
Mar 01 19:53:28.647357 dv-cinder-831438-1-smb devstack@c-api.service[116356]: DEBUG cinder.api.middleware.request_id [None req-492e1768-d64c-477d-8b34-e0eba7419c84 None None] RequestId filter calling following filter/app {{(pid=116356) _context_setter /opt/stack/cinder/cinder/api/middleware/request_id.py:62}}
Mar 01 19:53:28.651608 dv-cinder-831438-1-smb devstack@c-api.service[116356]: INFO cinder.api.openstack.wsgi [None req-492e1768-d64c-477d-8b34-e0eba7419c84 tempest-SnapshotsActionsTest-1717467903 tempest-SnapshotsActionsTest-1717467903-project-admin] POST http://10.222.0.30/volume/v3/0b466886beff44479e9e7ae862340fc7/snapshots/674530bd-1e75-42c1-a494-667d7b8ba8bc/action
Mar 01 19:53:28.652476 dv-cinder-831438-1-smb devstack@c-api.service[116356]: DEBUG cinder.api.openstack.wsgi [None req-492e1768-d64c-477d-8b34-e0eba7419c84 tempest-SnapshotsActionsTest-1717467903 tempest-SnapshotsActionsTest-1717467903-project-admin] Action body: b'{"os-reset_status": {"status": "available"}}' {{(pid=116356) get_method /opt/stack/cinder/cinder/api/openstack/wsgi.py:983}}
Mar 01 19:53:28.652922 dv-cinder-831438-1-smb devstack@c-api.service[116356]: DEBUG cinder.api.openstack.wsgi [None req-492e1768-d64c-477d-8b34-e0eba7419c84 tempest-SnapshotsActionsTest-1717467903 tempest-SnapshotsActionsTest-1717467903-project-admin] Action: 'action', calling method: _reset_status, body: {"os-reset_status": {"status": "available"}} {{(pid=116356) _process_stack /opt/stack/cinder/cinder/api/openstack/wsgi.py:866}}
Mar 01 19:53:28.653720 dv-cinder-831438-1-smb devstack@c-api.service[116356]: DEBUG cinder.api.contrib.admin_actions [None req-492e1768-d64c-477d-8b34-e0eba7419c84 tempest-SnapshotsActionsTest-1717467903 tempest-SnapshotsActionsTest-1717467903-project-admin] Updating snapshot '674530bd-1e75-42c1-a494-667d7b8ba8bc' with '{'status': 'available'}' {{(pid=116356) _reset_status /opt/stack/cinder/cinder/api/contrib/admin_actions.py:100}}
Mar 01 19:53:28.703760 dv-cinder-831438-1-smb devstack@c-api.service[116356]: /usr/local/lib/python3.8/dist-packages/oslo_context/context.py:105: DeprecationWarning: Policy enforcement is depending on the value of is_admin. This key is deprecated. Please update your policy file to use the standard policy values.
Mar 01 19:53:28.703760 dv-cinder-831438-1-smb devstack@c-api.service[116356]: warnings.warn('Policy enforcement is depending on the value of '
Mar 01 19:53:28.765619 dv-cinder-831438-1-smb devstack@c-api.service[116356]: INFO cinder.api.openstack.wsgi [None req-492e1768-d64c-477d-8b34-e0eba7419c84 tempest-SnapshotsActionsTest-1717467903 tempest-SnapshotsActionsTest-1717467903-project-admin] http://10.222.0.30/volume/v3/0b466886beff44479e9e7ae862340fc7/snapshots/674530bd-1e75-42c1-a494-667d7b8ba8bc/action returned with HTTP 202
Mar 01 19:53:28.771511 dv-cinder-831438-1-smb devstack@c-api.service[116356]: [pid: 116356|app: 0|req: 42/87] 10.222.0.30 () {60 vars in 1372 bytes} [Tue Mar 1 19:53:28 2022] POST /volume/v3/0b466886beff44479e9e7ae862340fc7/snapshots/674530bd-1e75-42c1-a494-667d7b8ba8bc/action => generated 0 bytes in 125 msecs (HTTP/1.1 202) 7 headers in 289 bytes (1 switches on core 0)
Mar 01 19:53:28.775778 dv-cinder-831438-1-smb devstack@c-api.service[116357]: DEBUG cinder.api.middleware.request_id [None req-5b6e1150-cac7-4b7f-9a1c-7ede651ad1d6 None None] RequestId filter calling following filter/app {{(pid=116357) _context_setter /opt/stack/cinder/cinder/api/middleware/request_id.py:62}}
Mar 01 19:53:28.798220 dv-cinder-831438-1-smb devstack@c-api.service[116357]: INFO cinder.api.openstack.wsgi [None req-5b6e1150-cac7-4b7f-9a1c-7ede651ad1d6 tempest-SnapshotsActionsTest-148314122 tempest-SnapshotsActionsTest-148314122-project] GET http://10.222.0.30/volume/v3/24904a8da0ec4d03935475926dd1abfd/snapshots/674530bd-1e75-42c1-a494-667d7b8ba8bc
Mar 01 19:53:28.801243 dv-cinder-831438-1-smb devstack@c-api.service[116357]: DEBUG cinder.api.openstack.wsgi [None req-5b6e1150-cac7-4b7f-9a1c-7ede651ad1d6 tempest-SnapshotsActionsTest-148314122 tempest-SnapshotsActionsTest-148314122-project] Empty body provided in request {{(pid=116357) get_body /opt/stack/cinder/cinder/api/openstack/wsgi.py:715}}
Mar 01 19:53:28.802564 dv-cinder-831438-1-smb devstack@c-api.service[116357]: DEBUG cinder.api.openstack.wsgi [None req-5b6e1150-cac7-4b7f-9a1c-7ede651ad1d6 tempest-SnapshotsActionsTest-148314122 tempest-SnapshotsActionsTest-148314122-project] Calling method 'show' {{(pid=116357) _process_stack /opt/stack/cinder/cinder/api/openstack/wsgi.py:868}}
Mar 01 19:53:28.871165 dv-cinder-831438-1-smb devstack@c-api.service[116357]: /usr/local/lib/python3.8/dist-packages/oslo_context/context.py:105: DeprecationWarning: Policy enforcement is depending on the value of is_admin. This key is deprecated. Please update your policy file to use the standard policy values.
Mar 01 19:53:28.871165 dv-cinder-831438-1-smb devstack@c-api.service[116357]: warnings.warn('Policy enforcement is depending on the value of '
Mar 01 19:53:28.875442 dv-cinder-831438-1-smb devstack@c-api.service[116357]: INFO cinder.volume.api [None req-5b6e1150-cac7-4b7f-9a1c-7ede651ad1d6 tempest-SnapshotsActionsTest-148314122 tempest-SnapshotsActionsTest-148314122-project] Snapshot retrieved successfully.
Mar 01 19:53:28.885803 dv-cinder-831438-1-smb devstack@c-api.service[116357]: INFO cinder.api.openstack.wsgi [None req-5b6e1150-cac7-4b7f-9a1c-7ede651ad1d6 tempest-SnapshotsActionsTest-148314122 tempest-SnapshotsActionsTest-148314122-project] http://10.222.0.30/volume/v3/24904a8da0ec4d03935475926dd1abfd/snapshots/674530bd-1e75-42c1-a494-667d7b8ba8bc returned with HTTP 200
Mar 01 19:53:28.897447 dv-cinder-831438-1-smb devstack@c-api.service[116357]: [pid: 116357|app: 0|req: 46/88] 10.222.0.30 () {58 vars in 1330 bytes} [Tue Mar 1 19:53:28 2022] GET /volume/v3/24904a8da0ec4d03935475926dd1abfd/snapshots/674530bd-1e75-42c1-a494-667d7b8ba8bc => generated 531 bytes in 123 msecs (HTTP/1.1 200) 7 headers in 285 bytes (1 switches on core 0)
Mar 01 19:53:28.899255 dv-cinder-831438-1-smb devstack@c-api.service[116356]: DEBUG cinder.api.middleware.request_id [None req-a3c57966-79a5-4805-9bc1-d858e78ca8c4 None None] RequestId filter calling following filter/app {{(pid=116356) _context_setter /opt/stack/cinder/cinder/api/middleware/request_id.py:62}}
Mar 01 19:53:28.909888 dv-cinder-831438-1-smb devstack@c-api.service[116356]: INFO cinder.api.openstack.wsgi [None req-a3c57966-79a5-4805-9bc1-d858e78ca8c4 tempest-SnapshotsActionsTest-148314122 tempest-SnapshotsActionsTest-148314122-project] POST http://10.222.0.30/volume/v3/24904a8da0ec4d03935475926dd1abfd/snapshots
Mar 01 19:53:28.910780 dv-cinder-831438-1-smb devstack@c-api.service[116356]: DEBUG cinder.api.openstack.wsgi [None req-a3c57966-79a5-4805-9bc1-d858e78ca8c4 tempest-SnapshotsActionsTest-148314122 tempest-SnapshotsActionsTest-148314122-project] Action: 'create', calling method: create, body: {"snapshot": {"volume_id": "29ba1600-2916-49ee-8846-bdfab83fb232", "name": "tempest-SnapshotsActionsTest-Snapshot-468426909"}} {{(pid=116356) _process_stack /opt/stack/cinder/cinder/api/openstack/wsgi.py:866}}
Mar 01 19:53:28.960000 dv-cinder-831438-1-smb devstack@c-api.service[116356]: /usr/local/lib/python3.8/dist-packages/oslo_context/context.py:105: DeprecationWarning: Policy enforcement is depending on the value of is_admin. This key is deprecated. Please update your policy file to use the standard policy values.
Mar 01 19:53:28.960000 dv-cinder-831438-1-smb devstack@c-api.service[116356]: warnings.warn('Policy enforcement is depending on the value of '
Mar 01 19:53:28.963010 dv-cinder-831438-1-smb devstack@c-api.service[116356]: INFO cinder.volume.api [None req-a3c57966-79a5-4805-9bc1-d858e78ca8c4 tempest-SnapshotsActionsTest-148314122 tempest-SnapshotsActionsTest-148314122-project] Volume info retrieved successfully.
Mar 01 19:53:28.966423 dv-cinder-831438-1-smb devstack@c-api.service[116356]: INFO cinder.api.v3.snapshots [None req-a3c57966-79a5-4805-9bc1-d858e78ca8c4 tempest-SnapshotsActionsTest-148314122 tempest-SnapshotsActionsTest-148314122-project] Create snapshot from volume 29ba1600-2916-49ee-8846-bdfab83fb232
Mar 01 19:53:29.038000 dv-cinder-831438-1-smb devstack@c-api.service[116356]: WARNING cinder.quota [None req-a3c57966-79a5-4805-9bc1-d858e78ca8c4 tempest-SnapshotsActionsTest-148314122 tempest-SnapshotsActionsTest-148314122-project] Deprecated: Default quota for resource: snapshots___DEFAULT__ is set by the default quota flag: quota_snapshots___DEFAULT__, it is now deprecated. Please use the default quota class for default quota.
Mar 01 19:53:29.066812 dv-cinder-831438-1-smb devstack@c-api.service[116356]: DEBUG cinder.quota [None req-a3c57966-79a5-4805-9bc1-d858e78ca8c4 tempest-SnapshotsActionsTest-148314122 tempest-SnapshotsActionsTest-148314122-project] Created reservations ['3c51d863-4542-49c0-825c-31bd539b8bf7', '12cbfc4f-8ec8-4791-abe8-1bd9b8a68d49', '9237bd4e-2fe8-4816-8e4b-0d682e82e33b', '5446eeb6-520a-4452-b97e-6c5c39cfc0f4'] {{(pid=116356) reserve /opt/stack/cinder/cinder/quota.py:755}}
Mar 01 19:53:29.147184 dv-cinder-831438-1-smb devstack@c-api.service[116356]: INFO cinder.volume.api [None req-a3c57966-79a5-4805-9bc1-d858e78ca8c4 tempest-SnapshotsActionsTest-148314122 tempest-SnapshotsActionsTest-148314122-project] Snapshot create request issued successfully.
Mar 01 19:53:29.147955 dv-cinder-831438-1-smb devstack@c-api.service[116356]: INFO cinder.api.openstack.wsgi [None req-a3c57966-79a5-4805-9bc1-d858e78ca8c4 tempest-SnapshotsActionsTest-148314122 tempest-SnapshotsActionsTest-148314122-project] http://10.222.0.30/volume/v3/24904a8da0ec4d03935475926dd1abfd/snapshots returned with HTTP 202
Mar 01 19:53:29.149296 dv-cinder-831438-1-smb devstack@c-api.service[116356]: [pid: 116356|app: 0|req: 43/89] 10.222.0.30 () {60 vars in 1241 bytes} [Tue Mar 1 19:53:28 2022] POST /volume/v3/24904a8da0ec4d03935475926dd1abfd/snapshots => generated 306 bytes in 252 msecs (HTTP/1.1 202) 7 headers in 291 bytes (1 switches on core 0)
Mar 01 19:53:29.156392 dv-cinder-831438-1-smb devstack@c-api.service[116357]: DEBUG cinder.api.middleware.request_id [None req-93112fc6-fcb6-4f5c-87f7-1fe6c205de92 None None] RequestId filter calling following filter/app {{(pid=116357) _context_setter /opt/stack/cinder/cinder/api/middleware/request_id.py:62}}
Mar 01 19:53:29.161960 dv-cinder-831438-1-smb devstack@c-api.service[116357]: INFO cinder.api.openstack.wsgi [None req-93112fc6-fcb6-4f5c-87f7-1fe6c205de92 tempest-SnapshotsActionsTest-148314122 tempest-SnapshotsActionsTest-148314122-project] GET http://10.222.0.30/volume/v3/24904a8da0ec4d03935475926dd1abfd/snapshots/bf591664-43c4-4b84-986f-db5d219953bd
Mar 01 19:53:29.162668 dv-cinder-831438-1-smb devstack@c-api.service[116357]: DEBUG cinder.api.openstack.wsgi [None req-93112fc6-fcb6-4f5c-87f7-1fe6c205de92 tempest-SnapshotsActionsTest-148314122 tempest-SnapshotsActionsTest-148314122-project] Empty body provided in request {{(pid=116357) get_body /opt/stack/cinder/cinder/api/openstack/wsgi.py:715}}
Mar 01 19:53:29.163851 dv-cinder-831438-1-smb devstack@c-api.service[116357]: DEBUG cinder.api.openstack.wsgi [None req-93112fc6-fcb6-4f5c-87f7-1fe6c205de92 tempest-SnapshotsActionsTest-148314122 tempest-SnapshotsActionsTest-148314122-project] Calling method 'show' {{(pid=116357) _process_stack /opt/stack/cinder/cinder/api/openstack/wsgi.py:868}}
Mar 01 19:53:29.188096 dv-cinder-831438-1-smb devstack@c-api.service[116357]: /usr/local/lib/python3.8/dist-packages/oslo_context/context.py:105: DeprecationWarning: Policy enforcement is depending on the value of is_admin. This key is deprecated. Please update your policy file to use the standard policy values.
Mar 01 19:53:29.188096 dv-cinder-831438-1-smb devstack@c-api.service[116357]: warnings.warn('Policy enforcement is depending on the value of '
Mar 01 19:53:29.194108 dv-cinder-831438-1-smb devstack@c-api.service[116357]: INFO cinder.volume.api [None req-93112fc6-fcb6-4f5c-87f7-1fe6c205de92 tempest-SnapshotsActionsTest-148314122 tempest-SnapshotsActionsTest-148314122-project] Snapshot retrieved successfully.
Mar 01 19:53:29.201309 dv-cinder-831438-1-smb devstack@c-api.service[116357]: INFO cinder.api.openstack.wsgi [None req-93112fc6-fcb6-4f5c-87f7-1fe6c205de92 tempest-SnapshotsActionsTest-148314122 tempest-SnapshotsActionsTest-148314122-project] http://10.222.0.30/volume/v3/24904a8da0ec4d03935475926dd1abfd/snapshots/bf591664-43c4-4b84-986f-db5d219953bd returned with HTTP 200
Mar 01 19:53:29.203280 dv-cinder-831438-1-smb devstack@c-api.service[116357]: [pid: 116357|app: 0|req: 47/90] 10.222.0.30 () {58 vars in 1330 bytes} [Tue Mar 1 19:53:29 2022] GET /volume/v3/24904a8da0ec4d03935475926dd1abfd/snapshots/bf591664-43c4-4b84-986f-db5d219953bd => generated 438 bytes in 48 msecs (HTTP/1.1 200) 7 headers in 285 bytes (1 switches on core 0)
Mar 01 19:53:30.211811 dv-cinder-831438-1-smb devstack@c-api.service[116356]: DEBUG cinder.api.middleware.request_id [None req-fced3989-5d2c-4ca0-9369-1d0de96feb56 None None] RequestId filter calling following filter/app {{(pid=116356) _context_setter /opt/stack/cinder/cinder/api/middleware/request_id.py:62}}
Mar 01 19:53:30.217310 dv-cinder-831438-1-smb devstack@c-api.service[116356]: INFO cinder.api.openstack.wsgi [None req-fced3989-5d2c-4ca0-9369-1d0de96feb56 tempest-SnapshotsActionsTest-148314122 tempest-SnapshotsActionsTest-148314122-project] GET http://10.222.0.30/volume/v3/24904a8da0ec4d03935475926dd1abfd/snapshots/bf591664-43c4-4b84-986f-db5d219953bd
Mar 01 19:53:30.217992 dv-cinder-831438-1-smb devstack@c-api.service[116356]: DEBUG cinder.api.openstack.wsgi [None req-fced3989-5d2c-4ca0-9369-1d0de96feb56 tempest-SnapshotsActionsTest-148314122 tempest-SnapshotsActionsTest-148314122-project] Empty body provided in request {{(pid=116356) get_body /opt/stack/cinder/cinder/api/openstack/wsgi.py:715}}
Mar 01 19:53:30.218776 dv-cinder-831438-1-smb devstack@c-api.service[116356]: DEBUG cinder.api.openstack.wsgi [None req-fced3989-5d2c-4ca0-9369-1d0de96feb56 tempest-SnapshotsActionsTest-148314122 tempest-SnapshotsActionsTest-148314122-project] Calling method 'show' {{(pid=116356) _process_stack /opt/stack/cinder/cinder/api/openstack/wsgi.py:868}}
Mar 01 19:53:30.242221 dv-cinder-831438-1-smb devstack@c-api.service[116356]: /usr/local/lib/python3.8/dist-packages/oslo_context/context.py:105: DeprecationWarning: Policy enforcement is depending on the value of is_admin. This key is deprecated. Please update your policy file to use the standard policy values.
Mar 01 19:53:30.242221 dv-cinder-831438-1-smb devstack@c-api.service[116356]: warnings.warn('Policy enforcement is depending on the value of '
Mar 01 19:53:30.246158 dv-cinder-831438-1-smb devstack@c-api.service[116356]: INFO cinder.volume.api [None req-fced3989-5d2c-4ca0-9369-1d0de96feb56 tempest-SnapshotsActionsTest-148314122 tempest-SnapshotsActionsTest-148314122-project] Snapshot retrieved successfully.
Mar 01 19:53:30.252459 dv-cinder-831438-1-smb devstack@c-api.service[116356]: INFO cinder.api.openstack.wsgi [None req-fced3989-5d2c-4ca0-9369-1d0de96feb56 tempest-SnapshotsActionsTest-148314122 tempest-SnapshotsActionsTest-148314122-project] http://10.222.0.30/volume/v3/24904a8da0ec4d03935475926dd1abfd/snapshots/bf591664-43c4-4b84-986f-db5d219953bd returned with HTTP 200
Mar 01 19:53:30.255650 dv-cinder-831438-1-smb devstack@c-api.service[116356]: [pid: 116356|app: 0|req: 44/91] 10.222.0.30 () {58 vars in 1330 bytes} [Tue Mar 1 19:53:30 2022] GET /volume/v3/24904a8da0ec4d03935475926dd1abfd/snapshots/bf591664-43c4-4b84-986f-db5d219953bd => generated 568 bytes in 45 msecs (HTTP/1.1 200) 7 headers in 285 bytes (1 switches on core 0)
Mar 01 19:53:30.263424 dv-cinder-831438-1-smb devstack@c-api.service[116357]: DEBUG cinder.api.middleware.request_id [None req-ae474e0b-8688-4191-b01b-bffef4352613 None None] RequestId filter calling following filter/app {{(pid=116357) _context_setter /opt/stack/cinder/cinder/api/middleware/request_id.py:62}}
Mar 01 19:53:30.268417 dv-cinder-831438-1-smb devstack@c-api.service[116357]: INFO cinder.api.openstack.wsgi [None req-ae474e0b-8688-4191-b01b-bffef4352613 tempest-SnapshotsActionsTest-1717467903 tempest-SnapshotsActionsTest-1717467903-project-admin] POST http://10.222.0.30/volume/v3/0b466886beff44479e9e7ae862340fc7/snapshots/bf591664-43c4-4b84-986f-db5d219953bd/action
Mar 01 19:53:30.269781 dv-cinder-831438-1-smb devstack@c-api.service[116357]: DEBUG cinder.api.openstack.wsgi [None req-ae474e0b-8688-4191-b01b-bffef4352613 tempest-SnapshotsActionsTest-1717467903 tempest-SnapshotsActionsTest-1717467903-project-admin] Action body: b'{"os-reset_status": {"status": "deleting"}}' {{(pid=116357) get_method /opt/stack/cinder/cinder/api/openstack/wsgi.py:983}}
Mar 01 19:53:30.271267 dv-cinder-831438-1-smb devstack@c-api.service[116357]: DEBUG cinder.api.openstack.wsgi [None req-ae474e0b-8688-4191-b01b-bffef4352613 tempest-SnapshotsActionsTest-1717467903 tempest-SnapshotsActionsTest-1717467903-project-admin] Action: 'action', calling method: _reset_status, body: {"os-reset_status": {"status": "deleting"}} {{(pid=116357) _process_stack /opt/stack/cinder/cinder/api/openstack/wsgi.py:866}}
Mar 01 19:53:30.272478 dv-cinder-831438-1-smb devstack@c-api.service[116357]: DEBUG cinder.api.contrib.admin_actions [None req-ae474e0b-8688-4191-b01b-bffef4352613 tempest-SnapshotsActionsTest-1717467903 tempest-SnapshotsActionsTest-1717467903-project-admin] Updating snapshot 'bf591664-43c4-4b84-986f-db5d219953bd' with '{'status': 'deleting'}' {{(pid=116357) _reset_status /opt/stack/cinder/cinder/api/contrib/admin_actions.py:100}}
Mar 01 19:53:30.320498 dv-cinder-831438-1-smb devstack@c-api.service[116357]: /usr/local/lib/python3.8/dist-packages/oslo_context/context.py:105: DeprecationWarning: Policy enforcement is depending on the value of is_admin. This key is deprecated. Please update your policy file to use the standard policy values.
Mar 01 19:53:30.320498 dv-cinder-831438-1-smb devstack@c-api.service[116357]: warnings.warn('Policy enforcement is depending on the value of '
Mar 01 19:53:30.371945 dv-cinder-831438-1-smb devstack@c-api.service[116357]: INFO cinder.api.openstack.wsgi [None req-ae474e0b-8688-4191-b01b-bffef4352613 tempest-SnapshotsActionsTest-1717467903 tempest-SnapshotsActionsTest-1717467903-project-admin] http://10.222.0.30/volume/v3/0b466886beff44479e9e7ae862340fc7/snapshots/bf591664-43c4-4b84-986f-db5d219953bd/action returned with HTTP 202
Mar 01 19:53:30.377770 dv-cinder-831438-1-smb devstack@c-api.service[116357]: [pid: 116357|app: 0|req: 48/92] 10.222.0.30 () {60 vars in 1372 bytes} [Tue Mar 1 19:53:30 2022] POST /volume/v3/0b466886beff44479e9e7ae862340fc7/snapshots/bf591664-43c4-4b84-986f-db5d219953bd/action => generated 0 bytes in 115 msecs (HTTP/1.1 202) 7 headers in 289 bytes (2 switches on core 0)
Mar 01 19:53:30.382642 dv-cinder-831438-1-smb devstack@c-api.service[116356]: DEBUG cinder.api.middleware.request_id [None req-5c264d1c-e77e-46c5-bb1b-9dfae68a1993 None None] RequestId filter calling following filter/app {{(pid=116356) _context_setter /opt/stack/cinder/cinder/api/middleware/request_id.py:62}}
Mar 01 19:53:30.390480 dv-cinder-831438-1-smb devstack@c-api.service[116356]: INFO cinder.api.openstack.wsgi [None req-5c264d1c-e77e-46c5-bb1b-9dfae68a1993 tempest-SnapshotsActionsTest-148314122 tempest-SnapshotsActionsTest-148314122-project] GET http://10.222.0.30/volume/v3/24904a8da0ec4d03935475926dd1abfd/snapshots/bf591664-43c4-4b84-986f-db5d219953bd
Mar 01 19:53:30.391128 dv-cinder-831438-1-smb devstack@c-api.service[116356]: DEBUG cinder.api.openstack.wsgi [None req-5c264d1c-e77e-46c5-bb1b-9dfae68a1993 tempest-SnapshotsActionsTest-148314122 tempest-SnapshotsActionsTest-148314122-project] Empty body provided in request {{(pid=116356) get_body /opt/stack/cinder/cinder/api/openstack/wsgi.py:715}}
Mar 01 19:53:30.392331 dv-cinder-831438-1-smb devstack@c-api.service[116356]: DEBUG cinder.api.openstack.wsgi [None req-5c264d1c-e77e-46c5-bb1b-9dfae68a1993 tempest-SnapshotsActionsTest-148314122 tempest-SnapshotsActionsTest-148314122-project] Calling method 'show' {{(pid=116356) _process_stack /opt/stack/cinder/cinder/api/openstack/wsgi.py:868}}
Mar 01 19:53:30.410589 dv-cinder-831438-1-smb devstack@c-api.service[116356]: /usr/local/lib/python3.8/dist-packages/oslo_context/context.py:105: DeprecationWarning: Policy enforcement is depending on the value of is_admin. This key is deprecated. Please update your policy file to use the standard policy values.
Mar 01 19:53:30.410589 dv-cinder-831438-1-smb devstack@c-api.service[116356]: warnings.warn('Policy enforcement is depending on the value of '
Mar 01 19:53:30.412166 dv-cinder-831438-1-smb devstack@c-api.service[116356]: INFO cinder.volume.api [None req-5c264d1c-e77e-46c5-bb1b-9dfae68a1993 tempest-SnapshotsActionsTest-148314122 tempest-SnapshotsActionsTest-148314122-project] Snapshot retrieved successfully.
Mar 01 19:53:30.415227 dv-cinder-831438-1-smb devstack@c-api.service[116356]: INFO cinder.api.openstack.wsgi [None req-5c264d1c-e77e-46c5-bb1b-9dfae68a1993 tempest-SnapshotsActionsTest-148314122 tempest-SnapshotsActionsTest-148314122-project] http://10.222.0.30/volume/v3/24904a8da0ec4d03935475926dd1abfd/snapshots/bf591664-43c4-4b84-986f-db5d219953bd returned with HTTP 200
Mar 01 19:53:30.418027 dv-cinder-831438-1-smb devstack@c-api.service[116356]: [pid: 116356|app: 0|req: 45/93] 10.222.0.30 () {58 vars in 1330 bytes} [Tue Mar 1 19:53:30 2022] GET /volume/v3/24904a8da0ec4d03935475926dd1abfd/snapshots/bf591664-43c4-4b84-986f-db5d219953bd => generated 567 bytes in 37 msecs (HTTP/1.1 200) 7 headers in 285 bytes (1 switches on core 0)
Mar 01 19:53:30.425742 dv-cinder-831438-1-smb devstack@c-api.service[116357]: DEBUG cinder.api.middleware.request_id [None req-b95b8192-92c4-48c3-adf6-7d698c7ac72d None None] RequestId filter calling following filter/app {{(pid=116357) _context_setter /opt/stack/cinder/cinder/api/middleware/request_id.py:62}}
Mar 01 19:53:30.431452 dv-cinder-831438-1-smb devstack@c-api.service[116357]: INFO cinder.api.openstack.wsgi [None req-b95b8192-92c4-48c3-adf6-7d698c7ac72d tempest-SnapshotsActionsTest-1717467903 tempest-SnapshotsActionsTest-1717467903-project-admin] POST http://10.222.0.30/volume/v3/0b466886beff44479e9e7ae862340fc7/snapshots/bf591664-43c4-4b84-986f-db5d219953bd/action
Mar 01 19:53:30.432512 dv-cinder-831438-1-smb devstack@c-api.service[116357]: DEBUG cinder.api.openstack.wsgi [None req-b95b8192-92c4-48c3-adf6-7d698c7ac72d tempest-SnapshotsActionsTest-1717467903 tempest-SnapshotsActionsTest-1717467903-project-admin] Action body: b'{"os-force_delete": {}}' {{(pid=116357) get_method /opt/stack/cinder/cinder/api/openstack/wsgi.py:983}}
Mar 01 19:53:30.433857 dv-cinder-831438-1-smb devstack@c-api.service[116357]: DEBUG cinder.api.openstack.wsgi [None req-b95b8192-92c4-48c3-adf6-7d698c7ac72d tempest-SnapshotsActionsTest-1717467903 tempest-SnapshotsActionsTest-1717467903-project-admin] Action: 'action', calling method: _force_delete, body: {"os-force_delete": {}} {{(pid=116357) _process_stack /opt/stack/cinder/cinder/api/openstack/wsgi.py:866}}
Mar 01 19:53:30.467404 dv-cinder-831438-1-smb devstack@c-api.service[116357]: /usr/local/lib/python3.8/dist-packages/oslo_context/context.py:105: DeprecationWarning: Policy enforcement is depending on the value of is_admin. This key is deprecated. Please update your policy file to use the standard policy values.
Mar 01 19:53:30.467404 dv-cinder-831438-1-smb devstack@c-api.service[116357]: warnings.warn('Policy enforcement is depending on the value of '
Mar 01 19:53:30.468432 dv-cinder-831438-1-smb devstack@c-api.service[116357]: INFO cinder.volume.api [None req-b95b8192-92c4-48c3-adf6-7d698c7ac72d tempest-SnapshotsActionsTest-1717467903 tempest-SnapshotsActionsTest-1717467903-project-admin] Snapshot retrieved successfully.
Mar 01 19:53:30.572662 dv-cinder-831438-1-smb devstack@c-api.service[116357]: INFO cinder.volume.api [None req-b95b8192-92c4-48c3-adf6-7d698c7ac72d tempest-SnapshotsActionsTest-1717467903 tempest-SnapshotsActionsTest-1717467903-project-admin] Snapshot delete request issued successfully.
Mar 01 19:53:30.573251 dv-cinder-831438-1-smb devstack@c-api.service[116357]: INFO cinder.api.openstack.wsgi [None req-b95b8192-92c4-48c3-adf6-7d698c7ac72d tempest-SnapshotsActionsTest-1717467903 tempest-SnapshotsActionsTest-1717467903-project-admin] http://10.222.0.30/volume/v3/0b466886beff44479e9e7ae862340fc7/snapshots/bf591664-43c4-4b84-986f-db5d219953bd/action returned with HTTP 202
Mar 01 19:53:30.574960 dv-cinder-831438-1-smb devstack@c-api.service[116357]: [pid: 116357|app: 0|req: 49/94] 10.222.0.30 () {60 vars in 1372 bytes} [Tue Mar 1 19:53:30 2022] POST /volume/v3/0b466886beff44479e9e7ae862340fc7/snapshots/bf591664-43c4-4b84-986f-db5d219953bd/action => generated 0 bytes in 151 msecs (HTTP/1.1 202) 7 headers in 289 bytes (1 switches on core 0)
Mar 01 19:53:30.580124 dv-cinder-831438-1-smb devstack@c-api.service[116356]: DEBUG cinder.api.middleware.request_id [None req-f1a52ec1-7397-4b9c-af85-244cadd6104d None None] RequestId filter calling following filter/app {{(pid=116356) _context_setter /opt/stack/cinder/cinder/api/middleware/request_id.py:62}}
Mar 01 19:53:30.585234 dv-cinder-831438-1-smb devstack@c-api.service[116356]: INFO cinder.api.openstack.wsgi [None req-f1a52ec1-7397-4b9c-af85-244cadd6104d tempest-SnapshotsActionsTest-148314122 tempest-SnapshotsActionsTest-148314122-project] GET http://10.222.0.30/volume/v3/24904a8da0ec4d03935475926dd1abfd/snapshots/bf591664-43c4-4b84-986f-db5d219953bd
Mar 01 19:53:30.586021 dv-cinder-831438-1-smb devstack@c-api.service[116356]: DEBUG cinder.api.openstack.wsgi [None req-f1a52ec1-7397-4b9c-af85-244cadd6104d tempest-SnapshotsActionsTest-148314122 tempest-SnapshotsActionsTest-148314122-project] Empty body provided in request {{(pid=116356) get_body /opt/stack/cinder/cinder/api/openstack/wsgi.py:715}}
Mar 01 19:53:30.586667 dv-cinder-831438-1-smb devstack@c-api.service[116356]: DEBUG cinder.api.openstack.wsgi [None req-f1a52ec1-7397-4b9c-af85-244cadd6104d tempest-SnapshotsActionsTest-148314122 tempest-SnapshotsActionsTest-148314122-project] Calling method 'show' {{(pid=116356) _process_stack /opt/stack/cinder/cinder/api/openstack/wsgi.py:868}}
Mar 01 19:53:30.614458 dv-cinder-831438-1-smb devstack@c-api.service[116356]: /usr/local/lib/python3.8/dist-packages/oslo_context/context.py:105: DeprecationWarning: Policy enforcement is depending on the value of is_admin. This key is deprecated. Please update your policy file to use the standard policy values.
Mar 01 19:53:30.614458 dv-cinder-831438-1-smb devstack@c-api.service[116356]: warnings.warn('Policy enforcement is depending on the value of '
Mar 01 19:53:30.617967 dv-cinder-831438-1-smb devstack@c-api.service[116356]: INFO cinder.volume.api [None req-f1a52ec1-7397-4b9c-af85-244cadd6104d tempest-SnapshotsActionsTest-148314122 tempest-SnapshotsActionsTest-148314122-project] Snapshot retrieved successfully.
Mar 01 19:53:30.622805 dv-cinder-831438-1-smb devstack@c-api.service[116356]: INFO cinder.api.openstack.wsgi [None req-f1a52ec1-7397-4b9c-af85-244cadd6104d tempest-SnapshotsActionsTest-148314122 tempest-SnapshotsActionsTest-148314122-project] http://10.222.0.30/volume/v3/24904a8da0ec4d03935475926dd1abfd/snapshots/bf591664-43c4-4b84-986f-db5d219953bd returned with HTTP 200
Mar 01 19:53:30.625894 dv-cinder-831438-1-smb devstack@c-api.service[116356]: [pid: 116356|app: 0|req: 46/95] 10.222.0.30 () {58 vars in 1330 bytes} [Tue Mar 1 19:53:30 2022] GET /volume/v3/24904a8da0ec4d03935475926dd1abfd/snapshots/bf591664-43c4-4b84-986f-db5d219953bd => generated 567 bytes in 48 msecs (HTTP/1.1 200) 7 headers in 285 bytes (2 switches on core 0)
Mar 01 19:53:31.637883 dv-cinder-831438-1-smb devstack@c-api.service[116357]: DEBUG cinder.api.middleware.request_id [None req-d87ac0fd-27df-4cea-b1a4-630a5dde5763 None None] RequestId filter calling following filter/app {{(pid=116357) _context_setter /opt/stack/cinder/cinder/api/middleware/request_id.py:62}}
Mar 01 19:53:31.640950 dv-cinder-831438-1-smb devstack@c-api.service[116357]: INFO cinder.api.openstack.wsgi [None req-d87ac0fd-27df-4cea-b1a4-630a5dde5763 tempest-SnapshotsActionsTest-148314122 tempest-SnapshotsActionsTest-148314122-project] GET http://10.222.0.30/volume/v3/24904a8da0ec4d03935475926dd1abfd/snapshots/bf591664-43c4-4b84-986f-db5d219953bd
Mar 01 19:53:31.641420 dv-cinder-831438-1-smb devstack@c-api.service[116357]: DEBUG cinder.api.openstack.wsgi [None req-d87ac0fd-27df-4cea-b1a4-630a5dde5763 tempest-SnapshotsActionsTest-148314122 tempest-SnapshotsActionsTest-148314122-project] Empty body provided in request {{(pid=116357) get_body /opt/stack/cinder/cinder/api/openstack/wsgi.py:715}}
Mar 01 19:53:31.641886 dv-cinder-831438-1-smb devstack@c-api.service[116357]: DEBUG cinder.api.openstack.wsgi [None req-d87ac0fd-27df-4cea-b1a4-630a5dde5763 tempest-SnapshotsActionsTest-148314122 tempest-SnapshotsActionsTest-148314122-project] Calling method 'show' {{(pid=116357) _process_stack /opt/stack/cinder/cinder/api/openstack/wsgi.py:868}}
Mar 01 19:53:31.667799 dv-cinder-831438-1-smb devstack@c-api.service[116357]: INFO cinder.api.openstack.wsgi [None req-d87ac0fd-27df-4cea-b1a4-630a5dde5763 tempest-SnapshotsActionsTest-148314122 tempest-SnapshotsActionsTest-148314122-project] http://10.222.0.30/volume/v3/24904a8da0ec4d03935475926dd1abfd/snapshots/bf591664-43c4-4b84-986f-db5d219953bd returned with HTTP 404
Mar 01 19:53:31.673567 dv-cinder-831438-1-smb devstack@c-api.service[116356]: DEBUG cinder.api.middleware.request_id [None req-743670dd-982a-44e9-9e77-47621ec28463 None None] RequestId filter calling following filter/app {{(pid=116356) _context_setter /opt/stack/cinder/cinder/api/middleware/request_id.py:62}}
Mar 01 19:53:31.678357 dv-cinder-831438-1-smb devstack@c-api.service[116356]: INFO cinder.api.openstack.wsgi [None req-743670dd-982a-44e9-9e77-47621ec28463 tempest-SnapshotsActionsTest-1717467903 tempest-SnapshotsActionsTest-1717467903-project-admin] POST http://10.222.0.30/volume/v3/0b466886beff44479e9e7ae862340fc7/snapshots/674530bd-1e75-42c1-a494-667d7b8ba8bc/action
Mar 01 19:53:31.679280 dv-cinder-831438-1-smb devstack@c-api.service[116356]: DEBUG cinder.api.openstack.wsgi [None req-743670dd-982a-44e9-9e77-47621ec28463 tempest-SnapshotsActionsTest-1717467903 tempest-SnapshotsActionsTest-1717467903-project-admin] Action body: b'{"os-reset_status": {"status": "available"}}' {{(pid=116356) get_method /opt/stack/cinder/cinder/api/openstack/wsgi.py:983}}
Mar 01 19:53:31.679777 dv-cinder-831438-1-smb devstack@c-api.service[116356]: DEBUG cinder.api.openstack.wsgi [None req-743670dd-982a-44e9-9e77-47621ec28463 tempest-SnapshotsActionsTest-1717467903 tempest-SnapshotsActionsTest-1717467903-project-admin] Action: 'action', calling method: _reset_status, body: {"os-reset_status": {"status": "available"}} {{(pid=116356) _process_stack /opt/stack/cinder/cinder/api/openstack/wsgi.py:866}}
Mar 01 19:53:31.681040 dv-cinder-831438-1-smb devstack@c-api.service[116356]: DEBUG cinder.api.contrib.admin_actions [None req-743670dd-982a-44e9-9e77-47621ec28463 tempest-SnapshotsActionsTest-1717467903 tempest-SnapshotsActionsTest-1717467903-project-admin] Updating snapshot '674530bd-1e75-42c1-a494-667d7b8ba8bc' with '{'status': 'available'}' {{(pid=116356) _reset_status /opt/stack/cinder/cinder/api/contrib/admin_actions.py:100}}
Mar 01 19:53:31.689272 dv-cinder-831438-1-smb devstack@c-api.service[116357]: [pid: 116357|app: 0|req: 50/96] 10.222.0.30 () {58 vars in 1330 bytes} [Tue Mar 1 19:53:31 2022] GET /volume/v3/24904a8da0ec4d03935475926dd1abfd/snapshots/bf591664-43c4-4b84-986f-db5d219953bd => generated 111 bytes in 55 msecs (HTTP/1.1 404) 7 headers in 292 bytes (1 switches on core 0)
Mar 01 19:53:31.732049 dv-cinder-831438-1-smb devstack@c-api.service[116356]: /usr/local/lib/python3.8/dist-packages/oslo_context/context.py:105: DeprecationWarning: Policy enforcement is depending on the value of is_admin. This key is deprecated. Please update your policy file to use the standard policy values.
Mar 01 19:53:31.732049 dv-cinder-831438-1-smb devstack@c-api.service[116356]: warnings.warn('Policy enforcement is depending on the value of '
Mar 01 19:53:31.797420 dv-cinder-831438-1-smb devstack@c-api.service[116356]: INFO cinder.api.openstack.wsgi [None req-743670dd-982a-44e9-9e77-47621ec28463 tempest-SnapshotsActionsTest-1717467903 tempest-SnapshotsActionsTest-1717467903-project-admin] http://10.222.0.30/volume/v3/0b466886beff44479e9e7ae862340fc7/snapshots/674530bd-1e75-42c1-a494-667d7b8ba8bc/action returned with HTTP 202
