Mar 01 16:47:18.997958 dv-cinder-831395-1-smb devstack@c-api.service[116411]: DEBUG cinder.volume.flows.api.create_volume [None req-b7f5cc16-cd9d-4758-b4fc-9f3bc23b9825 tempest-VolumeQuotasNegativeTestJSON-1787310016 tempest-VolumeQuotasNegativeTestJSON-1787310016-project] Validating volume size '1' using validate_int {{(pid=116411) _extract_size /opt/stack/cinder/cinder/volume/flows/api/create_volume.py:225}}
Mar 01 16:47:19.006190 dv-cinder-831395-1-smb devstack@c-api.service[116410]: /usr/local/lib/python3.8/dist-packages/oslo_context/context.py:105: DeprecationWarning: Policy enforcement is depending on the value of is_admin. This key is deprecated. Please update your policy file to use the standard policy values.
Mar 01 16:47:19.006190 dv-cinder-831395-1-smb devstack@c-api.service[116410]: warnings.warn('Policy enforcement is depending on the value of '
Mar 01 16:47:19.031602 dv-cinder-831395-1-smb devstack@c-api.service[116410]: INFO cinder.volume.api [None req-0c005fae-54ec-432b-adb4-5b5c02e4e257 tempest-DeleteServersTestJSON-911909451 tempest-DeleteServersTestJSON-911909451-project] Volume info retrieved successfully.
Mar 01 16:47:19.035412 dv-cinder-831395-1-smb devstack@c-api.service[116411]: DEBUG cinder.volume.api [None req-b7f5cc16-cd9d-4758-b4fc-9f3bc23b9825 tempest-VolumeQuotasNegativeTestJSON-1787310016 tempest-VolumeQuotasNegativeTestJSON-1787310016-project] Task 'cinder.volume.flows.api.create_volume.ExtractVolumeRequestTask;volume:create' (ab42da99-770a-4747-891b-3ab1cb246c93) transitioned into state 'SUCCESS' from state 'RUNNING' with result '{'size': 1, 'snapshot_id': None, 'source_volid': None, 'volume_type': VolumeType(created_at=2022-03-01T16:36:45Z,deleted=False,deleted_at=None,description='Default Volume Type',extra_specs={},id=76d61c26-884b-4c21-bed0-13ba119cd6e9,is_public=True,name='__DEFAULT__',projects=[],qos_specs=,qos_specs_id=None,updated_at=2022-03-01T16:36:45Z), 'volume_type_id': '76d61c26-884b-4c21-bed0-13ba119cd6e9', 'encryption_key_id': None, 'qos_specs': None, 'consistencygroup_id': None, 'cgsnapshot_id': None, 'group_id': None, 'replication_status': 'disabled', 'refresh_az': False, 'backup_id': None, 'multiattach': False, 'availability_zones': ['nova']}' {{(pid=116411) _task_receiver /usr/local/lib/python3.8/dist-packages/taskflow/listeners/logging.py:178}}
Mar 01 16:47:19.037900 dv-cinder-831395-1-smb devstack@c-api.service[116411]: DEBUG cinder.volume.api [None req-b7f5cc16-cd9d-4758-b4fc-9f3bc23b9825 tempest-VolumeQuotasNegativeTestJSON-1787310016 tempest-VolumeQuotasNegativeTestJSON-1787310016-project] Task 'cinder.volume.flows.api.create_volume.QuotaReserveTask;volume:create' (7a37c185-eaff-4db6-b2e0-b48c486a3261) transitioned into state 'RUNNING' from state 'PENDING' {{(pid=116411) _task_receiver /usr/local/lib/python3.8/dist-packages/taskflow/listeners/logging.py:190}}
Mar 01 16:47:19.041285 dv-cinder-831395-1-smb devstack@c-api.service[116410]: INFO cinder.api.openstack.wsgi [None req-0c005fae-54ec-432b-adb4-5b5c02e4e257 tempest-DeleteServersTestJSON-911909451 tempest-DeleteServersTestJSON-911909451-project] http://10.222.0.67/volume/v3/c15adbb1d1844aa1a0a124bb4efa8e00/volumes/cd9ff4bd-6bb3-4ebc-947e-ec80ed9d14db returned with HTTP 200
Mar 01 16:47:19.042272 dv-cinder-831395-1-smb devstack@c-api.service[116410]: [pid: 116410|app: 0|req: 141/288] 10.222.0.67 () {58 vars in 1324 bytes} [Tue Mar 1 16:47:18 2022] GET /volume/v3/c15adbb1d1844aa1a0a124bb4efa8e00/volumes/cd9ff4bd-6bb3-4ebc-947e-ec80ed9d14db => generated 914 bytes in 64 msecs (HTTP/1.1 200) 7 headers in 285 bytes (2 switches on core 0)
Mar 01 16:47:19.105930 dv-cinder-831395-1-smb devstack@c-api.service[116410]: DEBUG cinder.api.middleware.request_id [None req-9d55a08e-f335-4a12-bb0c-3ab7ce173199 None None] RequestId filter calling following filter/app {{(pid=116410) _context_setter /opt/stack/cinder/cinder/api/middleware/request_id.py:62}}
Mar 01 16:47:19.110254 dv-cinder-831395-1-smb devstack@c-api.service[116410]: INFO cinder.api.openstack.wsgi [None req-9d55a08e-f335-4a12-bb0c-3ab7ce173199 tempest-SnapshotsActionsTest-476166206 tempest-SnapshotsActionsTest-476166206-project] GET http://10.222.0.67/volume/v3/2518762e470346a194423b0c3b479f1a/snapshots/7a4b4443-7f11-4266-ac97-b14134f44461
Mar 01 16:47:19.110907 dv-cinder-831395-1-smb devstack@c-api.service[116410]: DEBUG cinder.api.openstack.wsgi [None req-9d55a08e-f335-4a12-bb0c-3ab7ce173199 tempest-SnapshotsActionsTest-476166206 tempest-SnapshotsActionsTest-476166206-project] Empty body provided in request {{(pid=116410) get_body /opt/stack/cinder/cinder/api/openstack/wsgi.py:715}}
Mar 01 16:47:19.111353 dv-cinder-831395-1-smb devstack@c-api.service[116410]: DEBUG cinder.api.openstack.wsgi [None req-9d55a08e-f335-4a12-bb0c-3ab7ce173199 tempest-SnapshotsActionsTest-476166206 tempest-SnapshotsActionsTest-476166206-project] Calling method 'show' {{(pid=116410) _process_stack /opt/stack/cinder/cinder/api/openstack/wsgi.py:868}}
Mar 01 16:47:19.120509 dv-cinder-831395-1-smb devstack@c-api.service[116410]: INFO cinder.api.openstack.wsgi [None req-9d55a08e-f335-4a12-bb0c-3ab7ce173199 tempest-SnapshotsActionsTest-476166206 tempest-SnapshotsActionsTest-476166206-project] http://10.222.0.67/volume/v3/2518762e470346a194423b0c3b479f1a/snapshots/7a4b4443-7f11-4266-ac97-b14134f44461 returned with HTTP 404
Mar 01 16:47:19.128095 dv-cinder-831395-1-smb devstack@c-api.service[116410]: [pid: 116410|app: 0|req: 142/289] 10.222.0.67 () {58 vars in 1330 bytes} [Tue Mar 1 16:47:19 2022] GET /volume/v3/2518762e470346a194423b0c3b479f1a/snapshots/7a4b4443-7f11-4266-ac97-b14134f44461 => generated 111 bytes in 23 msecs (HTTP/1.1 404) 7 headers in 292 bytes (1 switches on core 0)
Mar 01 16:47:19.137143 dv-cinder-831395-1-smb devstack@c-api.service[116410]: DEBUG cinder.api.middleware.request_id [None req-871933d2-d427-4db4-bfad-390670dca5f1 None None] RequestId filter calling following filter/app {{(pid=116410) _context_setter /opt/stack/cinder/cinder/api/middleware/request_id.py:62}}
Mar 01 16:47:19.146788 dv-cinder-831395-1-smb devstack@c-api.service[116410]: INFO cinder.api.openstack.wsgi [None req-871933d2-d427-4db4-bfad-390670dca5f1 tempest-SnapshotsActionsTest-443171767 tempest-SnapshotsActionsTest-443171767-project-admin] POST http://10.222.0.67/volume/v3/8c554ab9d8f548d19714cbddfe01f22a/snapshots/c162a397-65f2-4b69-b31b-e42b74f9bb0d/action
Mar 01 16:47:19.149202 dv-cinder-831395-1-smb devstack@c-api.service[116410]: DEBUG cinder.api.openstack.wsgi [None req-871933d2-d427-4db4-bfad-390670dca5f1 tempest-SnapshotsActionsTest-443171767 tempest-SnapshotsActionsTest-443171767-project-admin] Action body: b'{"os-reset_status": {"status": "available"}}' {{(pid=116410) get_method /opt/stack/cinder/cinder/api/openstack/wsgi.py:983}}
Mar 01 16:47:19.150731 dv-cinder-831395-1-smb devstack@c-api.service[116410]: DEBUG cinder.api.openstack.wsgi [None req-871933d2-d427-4db4-bfad-390670dca5f1 tempest-SnapshotsActionsTest-443171767 tempest-SnapshotsActionsTest-443171767-project-admin] Action: 'action', calling method: _reset_status, body: {"os-reset_status": {"status": "available"}} {{(pid=116410) _process_stack /opt/stack/cinder/cinder/api/openstack/wsgi.py:866}}
Mar 01 16:47:19.152276 dv-cinder-831395-1-smb devstack@c-api.service[116410]: DEBUG cinder.api.contrib.admin_actions [None req-871933d2-d427-4db4-bfad-390670dca5f1 tempest-SnapshotsActionsTest-443171767 tempest-SnapshotsActionsTest-443171767-project-admin] Updating snapshot 'c162a397-65f2-4b69-b31b-e42b74f9bb0d' with '{'status': 'available'}' {{(pid=116410) _reset_status /opt/stack/cinder/cinder/api/contrib/admin_actions.py:100}}
Mar 01 16:47:19.158900 dv-cinder-831395-1-smb devstack@c-api.service[116411]: DEBUG cinder.quota [None req-b7f5cc16-cd9d-4758-b4fc-9f3bc23b9825 tempest-VolumeQuotasNegativeTestJSON-1787310016 tempest-VolumeQuotasNegativeTestJSON-1787310016-project] Created reservations ['c52f2f67-4d96-47ad-9f9d-df558664a52f', '598a747a-75ee-4364-853b-0c2748ee6c21', 'e5279cf0-520f-4c42-b26d-c4981d307227', '52d508c4-c386-437c-8314-3cb96355bda4'] {{(pid=116411) reserve /opt/stack/cinder/cinder/quota.py:755}}
Mar 01 16:47:19.171092 dv-cinder-831395-1-smb devstack@c-api.service[116411]: DEBUG cinder.volume.api [None req-b7f5cc16-cd9d-4758-b4fc-9f3bc23b9825 tempest-VolumeQuotasNegativeTestJSON-1787310016 tempest-VolumeQuotasNegativeTestJSON-1787310016-project] Task 'cinder.volume.flows.api.create_volume.QuotaReserveTask;volume:create' (7a37c185-eaff-4db6-b2e0-b48c486a3261) transitioned into state 'SUCCESS' from state 'RUNNING' with result '{'reservations': ['c52f2f67-4d96-47ad-9f9d-df558664a52f', '598a747a-75ee-4364-853b-0c2748ee6c21', 'e5279cf0-520f-4c42-b26d-c4981d307227', '52d508c4-c386-437c-8314-3cb96355bda4']}' {{(pid=116411) _task_receiver /usr/local/lib/python3.8/dist-packages/taskflow/listeners/logging.py:178}}
Mar 01 16:47:19.178416 dv-cinder-831395-1-smb devstack@c-api.service[116411]: DEBUG cinder.volume.api [None req-b7f5cc16-cd9d-4758-b4fc-9f3bc23b9825 tempest-VolumeQuotasNegativeTestJSON-1787310016 tempest-VolumeQuotasNegativeTestJSON-1787310016-project] Task 'cinder.volume.flows.api.create_volume.EntryCreateTask;volume:create' (12d7213b-d533-40ab-bec7-9614a720c20f) transitioned into state 'RUNNING' from state 'PENDING' {{(pid=116411) _task_receiver /usr/local/lib/python3.8/dist-packages/taskflow/listeners/logging.py:190}}
Mar 01 16:47:19.191080 dv-cinder-831395-1-smb devstack@c-api.service[116410]: /usr/local/lib/python3.8/dist-packages/oslo_context/context.py:105: DeprecationWarning: Policy enforcement is depending on the value of is_admin. This key is deprecated. Please update your policy file to use the standard policy values.
Mar 01 16:47:19.191080 dv-cinder-831395-1-smb devstack@c-api.service[116410]: warnings.warn('Policy enforcement is depending on the value of '
Mar 01 16:47:19.212918 dv-cinder-831395-1-smb devstack@c-api.service[116410]: INFO cinder.api.openstack.wsgi [None req-871933d2-d427-4db4-bfad-390670dca5f1 tempest-SnapshotsActionsTest-443171767 tempest-SnapshotsActionsTest-443171767-project-admin] http://10.222.0.67/volume/v3/8c554ab9d8f548d19714cbddfe01f22a/snapshots/c162a397-65f2-4b69-b31b-e42b74f9bb0d/action returned with HTTP 202
Mar 01 16:47:19.214038 dv-cinder-831395-1-smb devstack@c-api.service[116410]: [pid: 116410|app: 0|req: 143/290] 10.222.0.67 () {60 vars in 1372 bytes} [Tue Mar 1 16:47:19 2022] POST /volume/v3/8c554ab9d8f548d19714cbddfe01f22a/snapshots/c162a397-65f2-4b69-b31b-e42b74f9bb0d/action => generated 0 bytes in 79 msecs (HTTP/1.1 202) 7 headers in 289 bytes (1 switches on core 0)
Mar 01 16:47:19.215549 dv-cinder-831395-1-smb devstack@c-api.service[116410]: DEBUG cinder.api.middleware.request_id [None req-5d8ab9d6-d58f-4014-a0ea-1f5d7412abb0 None None] RequestId filter calling following filter/app {{(pid=116410) _context_setter /opt/stack/cinder/cinder/api/middleware/request_id.py:62}}
Mar 01 16:47:19.219635 dv-cinder-831395-1-smb devstack@c-api.service[116410]: INFO cinder.api.openstack.wsgi [None req-5d8ab9d6-d58f-4014-a0ea-1f5d7412abb0 tempest-AttachVolumeNegativeTest-1806978384 tempest-AttachVolumeNegativeTest-1806978384-project] GET http://10.222.0.67/volume/v3/17fcf0f9ad9b4b158e0799b52fe52fbd/volumes/2d596fce-a354-4499-9ebf-c6e5f2a9e8cc
Mar 01 16:47:19.220144 dv-cinder-831395-1-smb devstack@c-api.service[116410]: DEBUG cinder.api.openstack.wsgi [None req-5d8ab9d6-d58f-4014-a0ea-1f5d7412abb0 tempest-AttachVolumeNegativeTest-1806978384 tempest-AttachVolumeNegativeTest-1806978384-project] Empty body provided in request {{(pid=116410) get_body /opt/stack/cinder/cinder/api/openstack/wsgi.py:715}}
Mar 01 16:47:19.220751 dv-cinder-831395-1-smb devstack@c-api.service[116410]: DEBUG cinder.api.openstack.wsgi [None req-5d8ab9d6-d58f-4014-a0ea-1f5d7412abb0 tempest-AttachVolumeNegativeTest-1806978384 tempest-AttachVolumeNegativeTest-1806978384-project] Calling method 'show' {{(pid=116410) _process_stack /opt/stack/cinder/cinder/api/openstack/wsgi.py:868}}
Mar 01 16:47:19.224627 dv-cinder-831395-1-smb devstack@c-api.service[116411]: DEBUG cinder.volume.api [None req-b7f5cc16-cd9d-4758-b4fc-9f3bc23b9825 tempest-VolumeQuotasNegativeTestJSON-1787310016 tempest-VolumeQuotasNegativeTestJSON-1787310016-project] Task 'cinder.volume.flows.api.create_volume.EntryCreateTask;volume:create' (12d7213b-d533-40ab-bec7-9614a720c20f) transitioned into state 'SUCCESS' from state 'RUNNING' with result '{'volume_id': '37a2ac6c-32a3-4f4f-a174-df06a7222c11', 'volume_properties': VolumeProperties(attach_status='detached',availability_zone='nova',cgsnapshot_id=None,consistencygroup_id=None,display_description=None,display_name='tempest-VolumeQuotasNegativeTestJSON-Volume-1336562656',encryption_key_id=None,group_id=None,group_type_id=,metadata={},multiattach=False,project_id='35f0180682fa4efb8aeae476f6cac4b7',qos_specs=None,replication_status=,reservations=['c52f2f67-4d96-47ad-9f9d-df558664a52f','598a747a-75ee-4364-853b-0c2748ee6c21','e5279cf0-520f-4c42-b26d-c4981d307227','52d508c4-c386-437c-8314-3cb96355bda4'],size=1,snapshot_id=None,source_replicaid=,source_volid=None,status='creating',user_id='c15da910a93f4b4bbdfae8baa5e52185',volume_type_id=76d61c26-884b-4c21-bed0-13ba119cd6e9), 'volume': Volume(_name_id=None,admin_metadata=,attach_status='detached',availability_zone='nova',bootable=False,cluster=,cluster_name=None,consistencygroup=,consistencygroup_id=None,created_at=2022-03-01T16:47:19Z,deleted=False,deleted_at=None,display_description=None,display_name='tempest-VolumeQuotasNegativeTestJSON-Volume-1336562656',ec2_id=None,encryption_key_id=None,glance_metadata=,group=,group_id=None,host=None,id=37a2ac6c-32a3-4f4f-a174-df06a7222c11,launched_at=None,metadata={},migration_status=None,multiattach=False,previous_status=None,project_id='35f0180682fa4efb8aeae476f6cac4b7',provider_auth=None,provider_geometry=None,provider_id=None,provider_location=None,replication_driver_data=None,replication_extended_status=None,replication_status=None,scheduled_at=None,service_uuid=None,shared_targets=True,size=1,snapshot_id=None,snapshots=,source_volid=None,status='creating',terminated_at=None,updated_at=None,use_quota=True,user_id='c15da910a93f4b4bbdfae8baa5e52185',volume_attachment=VolumeAttachmentList,volume_type=VolumeType(76d61c26-884b-4c21-bed0-13ba119cd6e9),volume_type_id=76d61c26-884b-4c21-bed0-13ba119cd6e9)}' {{(pid=116411) _task_receiver /usr/local/lib/python3.8/dist-packages/taskflow/listeners/logging.py:178}}
Mar 01 16:47:19.233360 dv-cinder-831395-1-smb devstack@c-api.service[116411]: DEBUG cinder.volume.api [None req-b7f5cc16-cd9d-4758-b4fc-9f3bc23b9825 tempest-VolumeQuotasNegativeTestJSON-1787310016 tempest-VolumeQuotasNegativeTestJSON-1787310016-project] Task 'cinder.volume.flows.api.create_volume.QuotaCommitTask;volume:create' (032c6174-fe31-4ccd-bd17-3526a1568f75) transitioned into state 'RUNNING' from state 'PENDING' {{(pid=116411) _task_receiver /usr/local/lib/python3.8/dist-packages/taskflow/listeners/logging.py:190}}
Mar 01 16:47:19.241059 dv-cinder-831395-1-smb devstack@c-api.service[116410]: /usr/local/lib/python3.8/dist-packages/oslo_context/context.py:105: DeprecationWarning: Policy enforcement is depending on the value of is_admin. This key is deprecated. Please update your policy file to use the standard policy values.
Mar 01 16:47:19.241059 dv-cinder-831395-1-smb devstack@c-api.service[116410]: warnings.warn('Policy enforcement is depending on the value of '
Mar 01 16:47:19.249838 dv-cinder-831395-1-smb devstack@c-api.service[116410]: INFO cinder.volume.api [None req-5d8ab9d6-d58f-4014-a0ea-1f5d7412abb0 tempest-AttachVolumeNegativeTest-1806978384 tempest-AttachVolumeNegativeTest-1806978384-project] Volume info retrieved successfully.
Mar 01 16:47:19.260954 dv-cinder-831395-1-smb devstack@c-api.service[116410]: INFO cinder.api.openstack.wsgi [None req-5d8ab9d6-d58f-4014-a0ea-1f5d7412abb0 tempest-AttachVolumeNegativeTest-1806978384 tempest-AttachVolumeNegativeTest-1806978384-project] http://10.222.0.67/volume/v3/17fcf0f9ad9b4b158e0799b52fe52fbd/volumes/2d596fce-a354-4499-9ebf-c6e5f2a9e8cc returned with HTTP 200
Mar 01 16:47:19.262249 dv-cinder-831395-1-smb devstack@c-api.service[116410]: [pid: 116410|app: 0|req: 144/291] 10.222.0.67 () {58 vars in 1324 bytes} [Tue Mar 1 16:47:19 2022] GET /volume/v3/17fcf0f9ad9b4b158e0799b52fe52fbd/volumes/2d596fce-a354-4499-9ebf-c6e5f2a9e8cc => generated 1209 bytes in 47 msecs (HTTP/1.1 200) 7 headers in 286 bytes (1 switches on core 0)
Mar 01 16:47:19.263702 dv-cinder-831395-1-smb devstack@c-api.service[116410]: DEBUG cinder.api.middleware.request_id [None req-88f77afb-571f-47cb-b718-aa52bc940d9f None None] RequestId filter calling following filter/app {{(pid=116410) _context_setter /opt/stack/cinder/cinder/api/middleware/request_id.py:62}}
Mar 01 16:47:19.268661 dv-cinder-831395-1-smb devstack@c-api.service[116410]: INFO cinder.api.openstack.wsgi [None req-88f77afb-571f-47cb-b718-aa52bc940d9f tempest-SnapshotsActionsTest-476166206 tempest-SnapshotsActionsTest-476166206-project] GET http://10.222.0.67/volume/v3/2518762e470346a194423b0c3b479f1a/snapshots/c162a397-65f2-4b69-b31b-e42b74f9bb0d
Mar 01 16:47:19.269594 dv-cinder-831395-1-smb devstack@c-api.service[116410]: DEBUG cinder.api.openstack.wsgi [None req-88f77afb-571f-47cb-b718-aa52bc940d9f tempest-SnapshotsActionsTest-476166206 tempest-SnapshotsActionsTest-476166206-project] Empty body provided in request {{(pid=116410) get_body /opt/stack/cinder/cinder/api/openstack/wsgi.py:715}}
Mar 01 16:47:19.270351 dv-cinder-831395-1-smb devstack@c-api.service[116410]: DEBUG cinder.api.openstack.wsgi [None req-88f77afb-571f-47cb-b718-aa52bc940d9f tempest-SnapshotsActionsTest-476166206 tempest-SnapshotsActionsTest-476166206-project] Calling method 'show' {{(pid=116410) _process_stack /opt/stack/cinder/cinder/api/openstack/wsgi.py:868}}
Mar 01 16:47:19.281037 dv-cinder-831395-1-smb devstack@c-api.service[116411]: DEBUG cinder.volume.api [None req-b7f5cc16-cd9d-4758-b4fc-9f3bc23b9825 tempest-VolumeQuotasNegativeTestJSON-1787310016 tempest-VolumeQuotasNegativeTestJSON-1787310016-project] Task 'cinder.volume.flows.api.create_volume.QuotaCommitTask;volume:create' (032c6174-fe31-4ccd-bd17-3526a1568f75) transitioned into state 'SUCCESS' from state 'RUNNING' with result '{'volume_properties': VolumeProperties(attach_status='detached',availability_zone='nova',cgsnapshot_id=None,consistencygroup_id=None,display_description=None,display_name='tempest-VolumeQuotasNegativeTestJSON-Volume-1336562656',encryption_key_id=None,group_id=None,group_type_id=,metadata={},multiattach=False,project_id='35f0180682fa4efb8aeae476f6cac4b7',qos_specs=None,replication_status=,reservations=['c52f2f67-4d96-47ad-9f9d-df558664a52f','598a747a-75ee-4364-853b-0c2748ee6c21','e5279cf0-520f-4c42-b26d-c4981d307227','52d508c4-c386-437c-8314-3cb96355bda4'],size=1,snapshot_id=None,source_replicaid=,source_volid=None,status='creating',user_id='c15da910a93f4b4bbdfae8baa5e52185',volume_type_id=76d61c26-884b-4c21-bed0-13ba119cd6e9)}' {{(pid=116411) _task_receiver /usr/local/lib/python3.8/dist-packages/taskflow/listeners/logging.py:178}}
Mar 01 16:47:19.282257 dv-cinder-831395-1-smb devstack@c-api.service[116410]: /usr/local/lib/python3.8/dist-packages/oslo_context/context.py:105: DeprecationWarning: Policy enforcement is depending on the value of is_admin. This key is deprecated. Please update your policy file to use the standard policy values.
Mar 01 16:47:19.282257 dv-cinder-831395-1-smb devstack@c-api.service[116410]: warnings.warn('Policy enforcement is depending on the value of '
Mar 01 16:47:19.283284 dv-cinder-831395-1-smb devstack@c-api.service[116410]: INFO cinder.volume.api [None req-88f77afb-571f-47cb-b718-aa52bc940d9f tempest-SnapshotsActionsTest-476166206 tempest-SnapshotsActionsTest-476166206-project] Snapshot retrieved successfully.
Mar 01 16:47:19.284419 dv-cinder-831395-1-smb devstack@c-api.service[116411]: DEBUG cinder.volume.api [None req-b7f5cc16-cd9d-4758-b4fc-9f3bc23b9825 tempest-VolumeQuotasNegativeTestJSON-1787310016 tempest-VolumeQuotasNegativeTestJSON-1787310016-project] Task 'cinder.volume.flows.api.create_volume.VolumeCastTask;volume:create' (f386688a-4f7c-4902-bf5e-f3fc03a7d3cf) transitioned into state 'RUNNING' from state 'PENDING' {{(pid=116411) _task_receiver /usr/local/lib/python3.8/dist-packages/taskflow/listeners/logging.py:190}}
Mar 01 16:47:19.285379 dv-cinder-831395-1-smb devstack@c-api.service[116410]: INFO cinder.api.openstack.wsgi [None req-88f77afb-571f-47cb-b718-aa52bc940d9f tempest-SnapshotsActionsTest-476166206 tempest-SnapshotsActionsTest-476166206-project] http://10.222.0.67/volume/v3/2518762e470346a194423b0c3b479f1a/snapshots/c162a397-65f2-4b69-b31b-e42b74f9bb0d returned with HTTP 200
Mar 01 16:47:19.286713 dv-cinder-831395-1-smb devstack@c-api.service[116410]: [pid: 116410|app: 0|req: 145/292] 10.222.0.67 () {58 vars in 1330 bytes} [Tue Mar 1 16:47:19 2022] GET /volume/v3/2518762e470346a194423b0c3b479f1a/snapshots/c162a397-65f2-4b69-b31b-e42b74f9bb0d => generated 532 bytes in 24 msecs (HTTP/1.1 200) 7 headers in 285 bytes (1 switches on core 0)
Mar 01 16:47:19.288165 dv-cinder-831395-1-smb devstack@c-api.service[116410]: DEBUG cinder.api.middleware.request_id [None req-a7d08a2b-c085-48e3-b840-caa863b251d3 None None] RequestId filter calling following filter/app {{(pid=116410) _context_setter /opt/stack/cinder/cinder/api/middleware/request_id.py:62}}
Mar 01 16:47:19.293576 dv-cinder-831395-1-smb devstack@c-api.service[116410]: INFO cinder.api.openstack.wsgi [None req-a7d08a2b-c085-48e3-b840-caa863b251d3 tempest-AttachVolumeNegativeTest-1806978384 tempest-AttachVolumeNegativeTest-1806978384-project] GET http://10.222.0.67/volume/v3/17fcf0f9ad9b4b158e0799b52fe52fbd/volumes/2d596fce-a354-4499-9ebf-c6e5f2a9e8cc
Mar 01 16:47:19.293576 dv-cinder-831395-1-smb devstack@c-api.service[116410]: DEBUG cinder.api.openstack.wsgi [None req-a7d08a2b-c085-48e3-b840-caa863b251d3 tempest-AttachVolumeNegativeTest-1806978384 tempest-AttachVolumeNegativeTest-1806978384-project] Empty body provided in request {{(pid=116410) get_body /opt/stack/cinder/cinder/api/openstack/wsgi.py:715}}
Mar 01 16:47:19.293576 dv-cinder-831395-1-smb devstack@c-api.service[116410]: DEBUG cinder.api.openstack.wsgi [None req-a7d08a2b-c085-48e3-b840-caa863b251d3 tempest-AttachVolumeNegativeTest-1806978384 tempest-AttachVolumeNegativeTest-1806978384-project] Calling method 'show' {{(pid=116410) _process_stack /opt/stack/cinder/cinder/api/openstack/wsgi.py:868}}
Mar 01 16:47:19.317764 dv-cinder-831395-1-smb devstack@c-api.service[116411]: DEBUG cinder.volume.api [None req-b7f5cc16-cd9d-4758-b4fc-9f3bc23b9825 tempest-VolumeQuotasNegativeTestJSON-1787310016 tempest-VolumeQuotasNegativeTestJSON-1787310016-project] Task 'cinder.volume.flows.api.create_volume.VolumeCastTask;volume:create' (f386688a-4f7c-4902-bf5e-f3fc03a7d3cf) transitioned into state 'SUCCESS' from state 'RUNNING' with result 'None' {{(pid=116411) _task_receiver /usr/local/lib/python3.8/dist-packages/taskflow/listeners/logging.py:178}}
Mar 01 16:47:19.320725 dv-cinder-831395-1-smb devstack@c-api.service[116411]: DEBUG cinder.volume.api [None req-b7f5cc16-cd9d-4758-b4fc-9f3bc23b9825 tempest-VolumeQuotasNegativeTestJSON-1787310016 tempest-VolumeQuotasNegativeTestJSON-1787310016-project] Flow 'volume_create_api' (ee374b01-dcd0-4073-b1fd-b76dda6a0e53) transitioned into state 'SUCCESS' from state 'RUNNING' {{(pid=116411) _flow_receiver /usr/local/lib/python3.8/dist-packages/taskflow/listeners/logging.py:141}}
Mar 01 16:47:19.321420 dv-cinder-831395-1-smb devstack@c-api.service[116411]: INFO cinder.volume.api [None req-b7f5cc16-cd9d-4758-b4fc-9f3bc23b9825 tempest-VolumeQuotasNegativeTestJSON-1787310016 tempest-VolumeQuotasNegativeTestJSON-1787310016-project] Create volume request issued successfully.
Mar 01 16:47:19.323242 dv-cinder-831395-1-smb devstack@c-api.service[116411]: INFO cinder.api.openstack.wsgi [None req-b7f5cc16-cd9d-4758-b4fc-9f3bc23b9825 tempest-VolumeQuotasNegativeTestJSON-1787310016 tempest-VolumeQuotasNegativeTestJSON-1787310016-project] http://10.222.0.67/volume/v3/35f0180682fa4efb8aeae476f6cac4b7/volumes returned with HTTP 202
Mar 01 16:47:19.324056 dv-cinder-831395-1-smb devstack@c-api.service[116411]: [pid: 116411|app: 0|req: 148/293] 10.222.0.67 () {60 vars in 1234 bytes} [Tue Mar 1 16:47:18 2022] POST /volume/v3/35f0180682fa4efb8aeae476f6cac4b7/volumes => generated 828 bytes in 472 msecs (HTTP/1.1 202) 7 headers in 291 bytes (2 switches on core 0)
Mar 01 16:47:19.324455 dv-cinder-831395-1-smb devstack@c-api.service[116410]: /usr/local/lib/python3.8/dist-packages/oslo_context/context.py:105: DeprecationWarning: Policy enforcement is depending on the value of is_admin. This key is deprecated. Please update your policy file to use the standard policy values.
Mar 01 16:47:19.324455 dv-cinder-831395-1-smb devstack@c-api.service[116410]: warnings.warn('Policy enforcement is depending on the value of '
Mar 01 16:47:19.333025 dv-cinder-831395-1-smb devstack@c-api.service[116410]: INFO cinder.volume.api [None req-a7d08a2b-c085-48e3-b840-caa863b251d3 tempest-AttachVolumeNegativeTest-1806978384 tempest-AttachVolumeNegativeTest-1806978384-project] Volume info retrieved successfully.
Mar 01 16:47:19.335230 dv-cinder-831395-1-smb devstack@c-api.service[116411]: DEBUG cinder.api.middleware.request_id [None req-07c65984-8a8c-400b-8178-152e2fb991cc None None] RequestId filter calling following filter/app {{(pid=116411) _context_setter /opt/stack/cinder/cinder/api/middleware/request_id.py:62}}
Mar 01 16:47:19.339617 dv-cinder-831395-1-smb devstack@c-api.service[116411]: INFO cinder.api.openstack.wsgi [None req-07c65984-8a8c-400b-8178-152e2fb991cc tempest-SnapshotsActionsTest-476166206 tempest-SnapshotsActionsTest-476166206-project] POST http://10.222.0.67/volume/v3/2518762e470346a194423b0c3b479f1a/snapshots
Mar 01 16:47:19.340382 dv-cinder-831395-1-smb devstack@c-api.service[116411]: DEBUG cinder.api.openstack.wsgi [None req-07c65984-8a8c-400b-8178-152e2fb991cc tempest-SnapshotsActionsTest-476166206 tempest-SnapshotsActionsTest-476166206-project] Action: 'create', calling method: create, body: {"snapshot": {"volume_id": "4cfe0159-a53e-424b-8298-a32a59729585", "name": "tempest-SnapshotsActionsTest-Snapshot-2145374540"}} {{(pid=116411) _process_stack /opt/stack/cinder/cinder/api/openstack/wsgi.py:866}}
Mar 01 16:47:19.346295 dv-cinder-831395-1-smb devstack@c-api.service[116410]: INFO cinder.api.openstack.wsgi [None req-a7d08a2b-c085-48e3-b840-caa863b251d3 tempest-AttachVolumeNegativeTest-1806978384 tempest-AttachVolumeNegativeTest-1806978384-project] http://10.222.0.67/volume/v3/17fcf0f9ad9b4b158e0799b52fe52fbd/volumes/2d596fce-a354-4499-9ebf-c6e5f2a9e8cc returned with HTTP 200
Mar 01 16:47:19.355753 dv-cinder-831395-1-smb devstack@c-api.service[116410]: [pid: 116410|app: 0|req: 146/294] 10.222.0.67 () {58 vars in 1324 bytes} [Tue Mar 1 16:47:19 2022] GET /volume/v3/17fcf0f9ad9b4b158e0799b52fe52fbd/volumes/2d596fce-a354-4499-9ebf-c6e5f2a9e8cc => generated 1209 bytes in 60 msecs (HTTP/1.1 200) 7 headers in 286 bytes (1 switches on core 0)
Mar 01 16:47:19.355753 dv-cinder-831395-1-smb devstack@c-api.service[116410]: DEBUG cinder.api.middleware.request_id [req-730f8059-3a03-4012-95ff-dfbda36a5dfe req-8d108e73-5df4-4f2d-a0c4-0cfa6cc7d841 None None] RequestId filter calling following filter/app {{(pid=116410) _context_setter /opt/stack/cinder/cinder/api/middleware/request_id.py:62}}
Mar 01 16:47:19.355753 dv-cinder-831395-1-smb devstack@c-api.service[116410]: INFO cinder.api.openstack.wsgi [req-730f8059-3a03-4012-95ff-dfbda36a5dfe req-8d108e73-5df4-4f2d-a0c4-0cfa6cc7d841 tempest-DeleteServersTestJSON-911909451 tempest-DeleteServersTestJSON-911909451-project] POST http://10.222.0.67/volume/v3/c15adbb1d1844aa1a0a124bb4efa8e00/attachments/721863eb-8c7e-4d06-8e81-f5c79fc5d96a/action
Mar 01 16:47:19.355753 dv-cinder-831395-1-smb devstack@c-api.service[116410]: DEBUG cinder.api.openstack.wsgi [req-730f8059-3a03-4012-95ff-dfbda36a5dfe req-8d108e73-5df4-4f2d-a0c4-0cfa6cc7d841 tempest-DeleteServersTestJSON-911909451 tempest-DeleteServersTestJSON-911909451-project] Action body: b'{"os-complete": null}' {{(pid=116410) get_method /opt/stack/cinder/cinder/api/openstack/wsgi.py:983}}
Mar 01 16:47:19.355753 dv-cinder-831395-1-smb devstack@c-api.service[116410]: DEBUG cinder.api.openstack.wsgi [req-730f8059-3a03-4012-95ff-dfbda36a5dfe req-8d108e73-5df4-4f2d-a0c4-0cfa6cc7d841 tempest-DeleteServersTestJSON-911909451 tempest-DeleteServersTestJSON-911909451-project] Action: 'action', calling method: version_select, body: {"os-complete": null} {{(pid=116410) _process_stack /opt/stack/cinder/cinder/api/openstack/wsgi.py:866}}
Mar 01 16:47:19.356261 dv-cinder-831395-1-smb devstack@c-api.service[116411]: /usr/local/lib/python3.8/dist-packages/oslo_context/context.py:105: DeprecationWarning: Policy enforcement is depending on the value of is_admin. This key is deprecated. Please update your policy file to use the standard policy values.
Mar 01 16:47:19.356261 dv-cinder-831395-1-smb devstack@c-api.service[116411]: warnings.warn('Policy enforcement is depending on the value of '
Mar 01 16:47:19.356856 dv-cinder-831395-1-smb devstack@c-api.service[116411]: INFO cinder.volume.api [None req-07c65984-8a8c-400b-8178-152e2fb991cc tempest-SnapshotsActionsTest-476166206 tempest-SnapshotsActionsTest-476166206-project] Volume info retrieved successfully.
Mar 01 16:47:19.357159 dv-cinder-831395-1-smb devstack@c-api.service[116411]: INFO cinder.api.v3.snapshots [None req-07c65984-8a8c-400b-8178-152e2fb991cc tempest-SnapshotsActionsTest-476166206 tempest-SnapshotsActionsTest-476166206-project] Create snapshot from volume 4cfe0159-a53e-424b-8298-a32a59729585
Mar 01 16:47:19.429421 dv-cinder-831395-1-smb devstack@c-api.service[116410]: /usr/local/lib/python3.8/dist-packages/oslo_context/context.py:105: DeprecationWarning: Policy enforcement is depending on the value of is_admin. This key is deprecated. Please update your policy file to use the standard policy values.
Mar 01 16:47:19.429421 dv-cinder-831395-1-smb devstack@c-api.service[116410]: warnings.warn('Policy enforcement is depending on the value of '
Mar 01 16:47:19.432337 dv-cinder-831395-1-smb devstack@c-api.service[116411]: DEBUG cinder.quota [None req-07c65984-8a8c-400b-8178-152e2fb991cc tempest-SnapshotsActionsTest-476166206 tempest-SnapshotsActionsTest-476166206-project] Created reservations ['0a8f5400-9aa4-4b0a-96c2-ca409080895b', '4e409b93-5be4-4074-bb47-b2bbcc2dd045', 'd20b7521-5a7b-47e4-8e10-951865342eef', '9607f7cd-1499-4fc5-bc09-94a98535fbba'] {{(pid=116411) reserve /opt/stack/cinder/cinder/quota.py:755}}
Mar 01 16:47:19.456038 dv-cinder-831395-1-smb devstack@c-api.service[116410]: INFO cinder.api.openstack.wsgi [req-730f8059-3a03-4012-95ff-dfbda36a5dfe req-8d108e73-5df4-4f2d-a0c4-0cfa6cc7d841 tempest-DeleteServersTestJSON-911909451 tempest-DeleteServersTestJSON-911909451-project] http://10.222.0.67/volume/v3/c15adbb1d1844aa1a0a124bb4efa8e00/attachments/721863eb-8c7e-4d06-8e81-f5c79fc5d96a/action returned with HTTP 204
Mar 01 16:47:19.457242 dv-cinder-831395-1-smb devstack@c-api.service[116410]: [pid: 116410|app: 0|req: 147/295] 10.222.0.69 () {64 vars in 1498 bytes} [Tue Mar 1 16:47:19 2022] POST /volume/v3/c15adbb1d1844aa1a0a124bb4efa8e00/attachments/721863eb-8c7e-4d06-8e81-f5c79fc5d96a/action => generated 0 bytes in 109 msecs (HTTP/1.1 204) 7 headers in 292 bytes (1 switches on core 0)
Mar 01 16:47:19.460062 dv-cinder-831395-1-smb devstack@c-api.service[116410]: DEBUG cinder.api.middleware.request_id [None req-1825d75b-7044-4fbb-94a9-153e7b2b0f6f None None] RequestId filter calling following filter/app {{(pid=116410) _context_setter /opt/stack/cinder/cinder/api/middleware/request_id.py:62}}
Mar 01 16:47:19.467128 dv-cinder-831395-1-smb devstack@c-api.service[116410]: INFO cinder.api.openstack.wsgi [None req-1825d75b-7044-4fbb-94a9-153e7b2b0f6f tempest-VolumeQuotasNegativeTestJSON-1787310016 tempest-VolumeQuotasNegativeTestJSON-1787310016-project] GET http://10.222.0.67/volume/v3/35f0180682fa4efb8aeae476f6cac4b7/volumes/37a2ac6c-32a3-4f4f-a174-df06a7222c11
Mar 01 16:47:19.467359 dv-cinder-831395-1-smb devstack@c-api.service[116410]: DEBUG cinder.api.openstack.wsgi [None req-1825d75b-7044-4fbb-94a9-153e7b2b0f6f tempest-VolumeQuotasNegativeTestJSON-1787310016 tempest-VolumeQuotasNegativeTestJSON-1787310016-project] Empty body provided in request {{(pid=116410) get_body /opt/stack/cinder/cinder/api/openstack/wsgi.py:715}}
Mar 01 16:47:19.471564 dv-cinder-831395-1-smb devstack@c-api.service[116410]: DEBUG cinder.api.openstack.wsgi [None req-1825d75b-7044-4fbb-94a9-153e7b2b0f6f tempest-VolumeQuotasNegativeTestJSON-1787310016 tempest-VolumeQuotasNegativeTestJSON-1787310016-project] Calling method 'show' {{(pid=116410) _process_stack /opt/stack/cinder/cinder/api/openstack/wsgi.py:868}}
Mar 01 16:47:19.506844 dv-cinder-831395-1-smb devstack@c-api.service[116410]: /usr/local/lib/python3.8/dist-packages/oslo_context/context.py:105: DeprecationWarning: Policy enforcement is depending on the value of is_admin. This key is deprecated. Please update your policy file to use the standard policy values.
Mar 01 16:47:19.506844 dv-cinder-831395-1-smb devstack@c-api.service[116410]: warnings.warn('Policy enforcement is depending on the value of '
Mar 01 16:47:19.508421 dv-cinder-831395-1-smb devstack@c-api.service[116411]: INFO cinder.volume.api [None req-07c65984-8a8c-400b-8178-152e2fb991cc tempest-SnapshotsActionsTest-476166206 tempest-SnapshotsActionsTest-476166206-project] Snapshot create request issued successfully.
Mar 01 16:47:19.510192 dv-cinder-831395-1-smb devstack@c-api.service[116411]: INFO cinder.api.openstack.wsgi [None req-07c65984-8a8c-400b-8178-152e2fb991cc tempest-SnapshotsActionsTest-476166206 tempest-SnapshotsActionsTest-476166206-project] http://10.222.0.67/volume/v3/2518762e470346a194423b0c3b479f1a/snapshots returned with HTTP 202
Mar 01 16:47:19.511727 dv-cinder-831395-1-smb devstack@c-api.service[116411]: [pid: 116411|app: 0|req: 149/296] 10.222.0.67 () {60 vars in 1241 bytes} [Tue Mar 1 16:47:19 2022] POST /volume/v3/2518762e470346a194423b0c3b479f1a/snapshots => generated 307 bytes in 187 msecs (HTTP/1.1 202) 7 headers in 291 bytes (1 switches on core 0)
Mar 01 16:47:19.513447 dv-cinder-831395-1-smb devstack@c-api.service[116411]: DEBUG cinder.api.middleware.request_id [None req-ba9673cf-d9bd-4f1d-b686-b9d6280bf2dd None None] RequestId filter calling following filter/app {{(pid=116411) _context_setter /opt/stack/cinder/cinder/api/middleware/request_id.py:62}}
Mar 01 16:47:19.520236 dv-cinder-831395-1-smb devstack@c-api.service[116411]: INFO cinder.api.openstack.wsgi [None req-ba9673cf-d9bd-4f1d-b686-b9d6280bf2dd tempest-GroupsV314Test-151789969 tempest-GroupsV314Test-151789969-project] GET http://10.222.0.67/volume/v3/392bdebf722f45959f9c91877576f579/volumes/f2eba000-5a90-4151-acec-ff589526e3d3
Mar 01 16:47:19.520989 dv-cinder-831395-1-smb devstack@c-api.service[116411]: DEBUG cinder.api.openstack.wsgi [None req-ba9673cf-d9bd-4f1d-b686-b9d6280bf2dd tempest-GroupsV314Test-151789969 tempest-GroupsV314Test-151789969-project] Empty body provided in request {{(pid=116411) get_body /opt/stack/cinder/cinder/api/openstack/wsgi.py:715}}
Mar 01 16:47:19.521702 dv-cinder-831395-1-smb devstack@c-api.service[116411]: DEBUG cinder.api.openstack.wsgi [None req-ba9673cf-d9bd-4f1d-b686-b9d6280bf2dd tempest-GroupsV314Test-151789969 tempest-GroupsV314Test-151789969-project] Calling method 'show' {{(pid=116411) _process_stack /opt/stack/cinder/cinder/api/openstack/wsgi.py:868}}
Mar 01 16:47:19.537555 dv-cinder-831395-1-smb devstack@c-api.service[116411]: INFO cinder.api.openstack.wsgi [None req-ba9673cf-d9bd-4f1d-b686-b9d6280bf2dd tempest-GroupsV314Test-151789969 tempest-GroupsV314Test-151789969-project] http://10.222.0.67/volume/v3/392bdebf722f45959f9c91877576f579/volumes/f2eba000-5a90-4151-acec-ff589526e3d3 returned with HTTP 404
Mar 01 16:47:19.538109 dv-cinder-831395-1-smb devstack@c-api.service[116410]: INFO cinder.volume.api [None req-1825d75b-7044-4fbb-94a9-153e7b2b0f6f tempest-VolumeQuotasNegativeTestJSON-1787310016 tempest-VolumeQuotasNegativeTestJSON-1787310016-project] Volume info retrieved successfully.
Mar 01 16:47:19.543083 dv-cinder-831395-1-smb devstack@c-api.service[116411]: [pid: 116411|app: 0|req: 150/297] 10.222.0.67 () {60 vars in 1365 bytes} [Tue Mar 1 16:47:19 2022] GET /volume/v3/392bdebf722f45959f9c91877576f579/volumes/f2eba000-5a90-4151-acec-ff589526e3d3 => generated 109 bytes in 29 msecs (HTTP/1.1 404) 7 headers in 293 bytes (1 switches on core 0)
Mar 01 16:47:19.543083 dv-cinder-831395-1-smb devstack@c-api.service[116411]: DEBUG cinder.api.middleware.request_id [None req-ec2f389a-8412-4c45-876c-6da51f2b1eb7 None None] RequestId filter calling following filter/app {{(pid=116411) _context_setter /opt/stack/cinder/cinder/api/middleware/request_id.py:62}}
Mar 01 16:47:19.550003 dv-cinder-831395-1-smb devstack@c-api.service[116411]: INFO cinder.api.openstack.wsgi [None req-ec2f389a-8412-4c45-876c-6da51f2b1eb7 tempest-SnapshotsActionsTest-476166206 tempest-SnapshotsActionsTest-476166206-project] GET http://10.222.0.67/volume/v3/2518762e470346a194423b0c3b479f1a/snapshots/375ad83f-f967-4b19-9a4a-04f5f0b7578b
Mar 01 16:47:19.550814 dv-cinder-831395-1-smb devstack@c-api.service[116411]: DEBUG cinder.api.openstack.wsgi [None req-ec2f389a-8412-4c45-876c-6da51f2b1eb7 tempest-SnapshotsActionsTest-476166206 tempest-SnapshotsActionsTest-476166206-project] Empty body provided in request {{(pid=116411) get_body /opt/stack/cinder/cinder/api/openstack/wsgi.py:715}}
Mar 01 16:47:19.551523 dv-cinder-831395-1-smb devstack@c-api.service[116411]: DEBUG cinder.api.openstack.wsgi [None req-ec2f389a-8412-4c45-876c-6da51f2b1eb7 tempest-SnapshotsActionsTest-476166206 tempest-SnapshotsActionsTest-476166206-project] Calling method 'show' {{(pid=116411) _process_stack /opt/stack/cinder/cinder/api/openstack/wsgi.py:868}}
Mar 01 16:47:19.566036 dv-cinder-831395-1-smb devstack@c-api.service[116410]: INFO cinder.api.openstack.wsgi [None req-1825d75b-7044-4fbb-94a9-153e7b2b0f6f tempest-VolumeQuotasNegativeTestJSON-1787310016 tempest-VolumeQuotasNegativeTestJSON-1787310016-project] http://10.222.0.67/volume/v3/35f0180682fa4efb8aeae476f6cac4b7/volumes/37a2ac6c-32a3-4f4f-a174-df06a7222c11 returned with HTTP 200
Mar 01 16:47:19.567062 dv-cinder-831395-1-smb devstack@c-api.service[116410]: [pid: 116410|app: 0|req: 148/298] 10.222.0.67 () {58 vars in 1324 bytes} [Tue Mar 1 16:47:19 2022] GET /volume/v3/35f0180682fa4efb8aeae476f6cac4b7/volumes/37a2ac6c-32a3-4f4f-a174-df06a7222c11 => generated 896 bytes in 109 msecs (HTTP/1.1 200) 7 headers in 285 bytes (1 switches on core 0)
Mar 01 16:47:19.571694 dv-cinder-831395-1-smb devstack@c-api.service[116411]: /usr/local/lib/python3.8/dist-packages/oslo_context/context.py:105: DeprecationWarning: Policy enforcement is depending on the value of is_admin. This key is deprecated. Please update your policy file to use the standard policy values.
Mar 01 16:47:19.571694 dv-cinder-831395-1-smb devstack@c-api.service[116411]: warnings.warn('Policy enforcement is depending on the value of '
Mar 01 16:47:19.572444 dv-cinder-831395-1-smb devstack@c-api.service[116410]: DEBUG cinder.api.middleware.request_id [None req-6fa1b681-84e7-41b6-8c73-bda58659d237 None None] RequestId filter calling following filter/app {{(pid=116410) _context_setter /opt/stack/cinder/cinder/api/middleware/request_id.py:62}}
Mar 01 16:47:19.573225 dv-cinder-831395-1-smb devstack@c-api.service[116411]: INFO cinder.volume.api [None req-ec2f389a-8412-4c45-876c-6da51f2b1eb7 tempest-SnapshotsActionsTest-476166206 tempest-SnapshotsActionsTest-476166206-project] Snapshot retrieved successfully.
Mar 01 16:47:19.574915 dv-cinder-831395-1-smb devstack@c-api.service[116411]: INFO cinder.api.openstack.wsgi [None req-ec2f389a-8412-4c45-876c-6da51f2b1eb7 tempest-SnapshotsActionsTest-476166206 tempest-SnapshotsActionsTest-476166206-project] http://10.222.0.67/volume/v3/2518762e470346a194423b0c3b479f1a/snapshots/375ad83f-f967-4b19-9a4a-04f5f0b7578b returned with HTTP 200
Mar 01 16:47:19.575881 dv-cinder-831395-1-smb devstack@c-api.service[116411]: [pid: 116411|app: 0|req: 151/299] 10.222.0.67 () {58 vars in 1330 bytes} [Tue Mar 1 16:47:19 2022] GET /volume/v3/2518762e470346a194423b0c3b479f1a/snapshots/375ad83f-f967-4b19-9a4a-04f5f0b7578b => generated 439 bytes in 34 msecs (HTTP/1.1 200) 7 headers in 285 bytes (1 switches on core 0)
Mar 01 16:47:19.583363 dv-cinder-831395-1-smb devstack@c-api.service[116410]: INFO cinder.api.openstack.wsgi [None req-6fa1b681-84e7-41b6-8c73-bda58659d237 tempest-GroupsV314Test-151789969 tempest-GroupsV314Test-151789969-project] GET http://10.222.0.67/volume/v3/392bdebf722f45959f9c91877576f579/groups/3e584bfe-8227-4c31-b196-bfc51d30522b
Mar 01 16:47:19.584024 dv-cinder-831395-1-smb devstack@c-api.service[116410]: DEBUG cinder.api.openstack.wsgi [None req-6fa1b681-84e7-41b6-8c73-bda58659d237 tempest-GroupsV314Test-151789969 tempest-GroupsV314Test-151789969-project] Empty body provided in request {{(pid=116410) get_body /opt/stack/cinder/cinder/api/openstack/wsgi.py:715}}
Mar 01 16:47:19.584510 dv-cinder-831395-1-smb devstack@c-api.service[116410]: DEBUG cinder.api.openstack.wsgi [None req-6fa1b681-84e7-41b6-8c73-bda58659d237 tempest-GroupsV314Test-151789969 tempest-GroupsV314Test-151789969-project] Calling method 'version_select' {{(pid=116410) _process_stack /opt/stack/cinder/cinder/api/openstack/wsgi.py:868}}
Mar 01 16:47:19.584948 dv-cinder-831395-1-smb devstack@c-api.service[116410]: DEBUG cinder.api.v3.groups [None req-6fa1b681-84e7-41b6-8c73-bda58659d237 tempest-GroupsV314Test-151789969 tempest-GroupsV314Test-151789969-project] show called for member 3e584bfe-8227-4c31-b196-bfc51d30522b {{(pid=116410) show /opt/stack/cinder/cinder/api/v3/groups.py:58}}
Mar 01 16:47:19.594758 dv-cinder-831395-1-smb devstack@c-api.service[116410]: INFO cinder.api.openstack.wsgi [None req-6fa1b681-84e7-41b6-8c73-bda58659d237 tempest-GroupsV314Test-151789969 tempest-GroupsV314Test-151789969-project] http://10.222.0.67/volume/v3/392bdebf722f45959f9c91877576f579/groups/3e584bfe-8227-4c31-b196-bfc51d30522b returned with HTTP 404
Mar 01 16:47:19.599347 dv-cinder-831395-1-smb devstack@c-api.service[116410]: [pid: 116410|app: 0|req: 149/300] 10.222.0.67 () {60 vars in 1362 bytes} [Tue Mar 1 16:47:19 2022] GET /volume/v3/392bdebf722f45959f9c91877576f579/groups/3e584bfe-8227-4c31-b196-bfc51d30522b => generated 108 bytes in 29 msecs (HTTP/1.1 404) 7 headers in 293 bytes (1 switches on core 0)
Mar 01 16:47:19.607104 dv-cinder-831395-1-smb devstack@c-api.service[116411]: DEBUG cinder.api.middleware.request_id [None req-821395d8-9f7e-412c-961e-3e6e12ece3c2 None None] RequestId filter calling following filter/app {{(pid=116411) _context_setter /opt/stack/cinder/cinder/api/middleware/request_id.py:62}}
Mar 01 16:47:19.613931 dv-cinder-831395-1-smb devstack@c-api.service[116411]: INFO cinder.api.openstack.wsgi [None req-821395d8-9f7e-412c-961e-3e6e12ece3c2 tempest-GroupsV314Test-151789969 tempest-GroupsV314Test-151789969-project] GET http://10.222.0.67/volume/v3/392bdebf722f45959f9c91877576f579/volumes/detail
Mar 01 16:47:19.614445 dv-cinder-831395-1-smb devstack@c-api.service[116411]: DEBUG cinder.api.openstack.wsgi [None req-821395d8-9f7e-412c-961e-3e6e12ece3c2 tempest-GroupsV314Test-151789969 tempest-GroupsV314Test-151789969-project] Empty body provided in request {{(pid=116411) get_body /opt/stack/cinder/cinder/api/openstack/wsgi.py:715}}
Mar 01 16:47:19.615180 dv-cinder-831395-1-smb devstack@c-api.service[116411]: DEBUG cinder.api.openstack.wsgi [None req-821395d8-9f7e-412c-961e-3e6e12ece3c2 tempest-GroupsV314Test-151789969 tempest-GroupsV314Test-151789969-project] Calling method 'detail' {{(pid=116411) _process_stack /opt/stack/cinder/cinder/api/openstack/wsgi.py:868}}
Mar 01 16:47:19.616059 dv-cinder-831395-1-smb devstack@c-api.service[116411]: DEBUG cinder.api.api_utils [None req-821395d8-9f7e-412c-961e-3e6e12ece3c2 tempest-GroupsV314Test-151789969 tempest-GroupsV314Test-151789969-project] Removing options '' from query. {{(pid=116411) remove_invalid_filter_options /opt/stack/cinder/cinder/api/api_utils.py:73}}
Mar 01 16:47:19.617822 dv-cinder-831395-1-smb devstack@c-api.service[116411]: DEBUG cinder.volume.api [None req-821395d8-9f7e-412c-961e-3e6e12ece3c2 tempest-GroupsV314Test-151789969 tempest-GroupsV314Test-151789969-project] Searching by: MultiDict([('no_migration_targets', True)]). {{(pid=116411) get_all /opt/stack/cinder/cinder/volume/api.py:662}}
Mar 01 16:47:19.666517 dv-cinder-831395-1-smb devstack@c-api.service[116411]: INFO cinder.volume.api [None req-821395d8-9f7e-412c-961e-3e6e12ece3c2 tempest-GroupsV314Test-151789969 tempest-GroupsV314Test-151789969-project] Get all volumes completed successfully.
Mar 01 16:47:19.668106 dv-cinder-831395-1-smb devstack@c-api.service[116411]: WARNING stevedore.named [None req-821395d8-9f7e-412c-961e-3e6e12ece3c2 tempest-GroupsV314Test-151789969 tempest-GroupsV314Test-151789969-project] Could not load cinder.keymgr.conf_key_mgr.ConfKeyManager
Mar 01 16:47:19.668548 dv-cinder-831395-1-smb devstack@c-api.service[116411]: WARNING castellan.key_manager [None req-821395d8-9f7e-412c-961e-3e6e12ece3c2 tempest-GroupsV314Test-151789969 tempest-GroupsV314Test-151789969-project] Deprecation Warning : cinder.keymgr.conf_key_mgr.ConfKeyManager is not a stevedore based driver, trying to load it as a class: stevedore.exception.NoMatches: No 'castellan.drivers' driver found, looking for 'cinder.keymgr.conf_key_mgr.ConfKeyManager'
Mar 01 16:47:19.676173 dv-cinder-831395-1-smb devstack@c-api.service[116411]: DEBUG oslo_db.sqlalchemy.engines [None req-821395d8-9f7e-412c-961e-3e6e12ece3c2 tempest-GroupsV314Test-151789969 tempest-GroupsV314Test-151789969-project] MySQL server mode set to STRICT_TRANS_TABLES,STRICT_ALL_TABLES,NO_ZERO_IN_DATE,NO_ZERO_DATE,ERROR_FOR_DIVISION_BY_ZERO,TRADITIONAL,NO_ENGINE_SUBSTITUTION {{(pid=116411) _check_effective_sql_mode /usr/local/lib/python3.8/dist-packages/oslo_db/sqlalchemy/engines.py:314}}
Mar 01 16:47:19.681530 dv-cinder-831395-1-smb devstack@c-api.service[116411]: /usr/local/lib/python3.8/dist-packages/oslo_context/context.py:105: DeprecationWarning: Policy enforcement is depending on the value of is_admin. This key is deprecated. Please update your policy file to use the standard policy values.
Mar 01 16:47:19.681530 dv-cinder-831395-1-smb devstack@c-api.service[116411]: warnings.warn('Policy enforcement is depending on the value of '
Mar 01 16:47:19.695288 dv-cinder-831395-1-smb devstack@c-api.service[116411]: INFO cinder.api.openstack.wsgi [None req-821395d8-9f7e-412c-961e-3e6e12ece3c2 tempest-GroupsV314Test-151789969 tempest-GroupsV314Test-151789969-project] http://10.222.0.67/volume/v3/392bdebf722f45959f9c91877576f579/volumes/detail returned with HTTP 200
Mar 01 16:47:19.696264 dv-cinder-831395-1-smb devstack@c-api.service[116411]: [pid: 116411|app: 0|req: 152/301] 10.222.0.67 () {60 vars in 1275 bytes} [Tue Mar 1 16:47:19 2022] GET /volume/v3/392bdebf722f45959f9c91877576f579/volumes/detail => generated 994 bytes in 96 msecs (HTTP/1.1 200) 7 headers in 286 bytes (2 switches on core 0)
Mar 01 16:47:19.709118 dv-cinder-831395-1-smb devstack@c-api.service[116410]: DEBUG cinder.api.middleware.request_id [None req-55cf21d5-34a7-4456-879b-621e9cb2dc6e None None] RequestId filter calling following filter/app {{(pid=116410) _context_setter /opt/stack/cinder/cinder/api/middleware/request_id.py:62}}
Mar 01 16:47:19.712900 dv-cinder-831395-1-smb devstack@c-api.service[116410]: INFO cinder.api.openstack.wsgi [None req-55cf21d5-34a7-4456-879b-621e9cb2dc6e tempest-GroupsV314Test-151789969 tempest-GroupsV314Test-151789969-project] POST http://10.222.0.67/volume/v3/392bdebf722f45959f9c91877576f579/groups/a0b1a9b9-513d-43d8-9aa7-bed431df2a06/action
Mar 01 16:47:19.713657 dv-cinder-831395-1-smb devstack@c-api.service[116410]: DEBUG cinder.api.openstack.wsgi [None req-55cf21d5-34a7-4456-879b-621e9cb2dc6e tempest-GroupsV314Test-151789969 tempest-GroupsV314Test-151789969-project] Action body: b'{"delete": {"delete-volumes": true}}' {{(pid=116410) get_method /opt/stack/cinder/cinder/api/openstack/wsgi.py:983}}
Mar 01 16:47:19.713976 dv-cinder-831395-1-smb devstack@c-api.service[116410]: DEBUG cinder.api.openstack.wsgi [None req-55cf21d5-34a7-4456-879b-621e9cb2dc6e tempest-GroupsV314Test-151789969 tempest-GroupsV314Test-151789969-project] Action: 'action', calling method: delete_group, body: {"delete": {"delete-volumes": true}} {{(pid=116410) _process_stack /opt/stack/cinder/cinder/api/openstack/wsgi.py:866}}
Mar 01 16:47:19.714880 dv-cinder-831395-1-smb devstack@c-api.service[116410]: DEBUG cinder.api.v3.groups [None req-55cf21d5-34a7-4456-879b-621e9cb2dc6e tempest-GroupsV314Test-151789969 tempest-GroupsV314Test-151789969-project] delete called for group a0b1a9b9-513d-43d8-9aa7-bed431df2a06 {{(pid=116410) _delete /opt/stack/cinder/cinder/api/v3/groups.py:117}}
Mar 01 16:47:19.716813 dv-cinder-831395-1-smb devstack@c-api.service[116410]: INFO cinder.api.v3.groups [None req-55cf21d5-34a7-4456-879b-621e9cb2dc6e tempest-GroupsV314Test-151789969 tempest-GroupsV314Test-151789969-project] Delete group with id: a0b1a9b9-513d-43d8-9aa7-bed431df2a06
Mar 01 16:47:19.722689 dv-cinder-831395-1-smb devstack@c-api.service[116410]: /usr/local/lib/python3.8/dist-packages/oslo_context/context.py:105: DeprecationWarning: Policy enforcement is depending on the value of is_admin. This key is deprecated. Please update your policy file to use the standard policy values.
Mar 01 16:47:19.722689 dv-cinder-831395-1-smb devstack@c-api.service[116410]: warnings.warn('Policy enforcement is depending on the value of '
