Mar 04 15:49:04.947517 dv-cinder-831247-6-iscsi neutron-server[110047]: INFO neutron.wsgi [req-8a675f4e-f2eb-4ba9-ba29-171b850e16ae req-9a80f95e-fe9a-458c-a376-414734daeba8 tempest-AttachVolumeNegativeTest-1958181199 tempest-AttachVolumeNegativeTest-1958181199-project] 10.222.0.21 "GET /v2.0/ports?tenant_id=465f19274bc2406aa4a4f64f6b512e5f&fields=id HTTP/1.1" status: 200 len: 302 time: 0.2236049
Mar 04 15:49:04.967697 dv-cinder-831247-6-iscsi neutron-server[110048]: DEBUG neutron.plugins.ml2.db [None req-1dd8fdb7-66ad-4527-9cbc-5743d0713b18 None None] For port ac47d5b5-1240-4d1c-9a8c-61df344f4ce3, host dv-cinder-831247-6-iscsi, got binding levels [PortBindingLevel(driver='openvswitch',host='dv-cinder-831247-6-iscsi',level=0,port_id=ac47d5b5-1240-4d1c-9a8c-61df344f4ce3,segment=NetworkSegment(dc3499d5-8e20-422a-a45f-9cd1bb075094),segment_id=dc3499d5-8e20-422a-a45f-9cd1bb075094)] {{(pid=110048) get_binding_level_objs /opt/stack/neutron/neutron/plugins/ml2/db.py:74}}
Mar 04 15:49:04.988638 dv-cinder-831247-6-iscsi neutron-server[110046]: DEBUG neutron_lib.callbacks.manager [None req-55c0f20f-837e-4bff-8e7f-7882a3c19d85 admin admin] Publish callbacks ['neutron.plugins.ml2.ovo_rpc._ObjectChangeHandler.handle_event-3901112'] for security_group (6fc36cac-074a-4b3d-90ce-63057c6ff3db), after_create {{(pid=110046) _notify_loop /usr/local/lib/python3.8/dist-packages/neutron_lib/callbacks/manager.py:176}}
Mar 04 15:49:04.991385 dv-cinder-831247-6-iscsi neutron-server[110046]: DEBUG neutron_lib.callbacks.manager [req-55ad63cd-d829-406b-ba7e-9823e6f8c35e req-8dd1b14d-2a18-467a-aa62-46c43de3bf1b service neutron] Publish callbacks ['neutron.plugins.ml2.plugin.SecurityGroupServerNotifierRpcMixin._notify_sg_on_port_change-1517237', 'neutron.plugins.ml2.ovo_rpc._ObjectChangeHandler.handle_event-175248', 'neutron.api.rpc.agentnotifiers.dhcp_rpc_agent_api.DhcpAgentNotifyAPI._native_event_send_dhcp_notification-3644414', 'neutron.db.l3_db.L3RpcNotifierMixin._notify_gateway_port_ip_changed-8760917973742', 'neutron.db.l3_dvrscheduler_db._notify_l3_agent_port_update-8760917466359', 'neutron.db.l3_hascheduler_db._notify_l3_agent_ha_port_update-8760917468685', 'neutron.services.segments.plugin.NovaSegmentNotifier._notify_port_updated-26420282'] for port (efb7fa62-73bc-4d83-8be4-598c1eb6119c), after_update {{(pid=110046) _notify_loop /usr/local/lib/python3.8/dist-packages/neutron_lib/callbacks/manager.py:176}}
Mar 04 15:49:05.035042 dv-cinder-831247-6-iscsi neutron-server[110047]: INFO neutron.wsgi [req-f1c01b2d-ae1a-4e58-a811-e2ed6b323939 req-adc61312-843a-404d-8fb7-abe83e2b5818 tempest-ServerRescueNegativeTestJSON-1354993436 tempest-ServerRescueNegativeTestJSON-1354993436-project] 10.222.0.21 "GET /v2.0/ports?device_id=5a3e7b49-d263-44c4-95cf-40d1f9c26e42 HTTP/1.1" status: 200 len: 210 time: 0.0772669
Mar 04 15:49:05.071701 dv-cinder-831247-6-iscsi neutron-server[110048]: DEBUG neutron_lib.callbacks.manager [None req-1dd8fdb7-66ad-4527-9cbc-5743d0713b18 None None] Publish callbacks ['neutron.plugins.ml2.plugin.SecurityGroupServerNotifierRpcMixin._notify_sg_on_port_change-1517237', 'neutron.plugins.ml2.ovo_rpc._ObjectChangeHandler.handle_event-175248', 'neutron.api.rpc.agentnotifiers.dhcp_rpc_agent_api.DhcpAgentNotifyAPI._native_event_send_dhcp_notification-3644414', 'neutron.db.l3_db.L3RpcNotifierMixin._notify_gateway_port_ip_changed-8760917973742', 'neutron.db.l3_dvrscheduler_db._notify_l3_agent_port_update-8760917466359', 'neutron.db.l3_hascheduler_db._notify_l3_agent_ha_port_update-8760917468685'] for port (ac47d5b5-1240-4d1c-9a8c-61df344f4ce3), after_update {{(pid=110048) _notify_loop /usr/local/lib/python3.8/dist-packages/neutron_lib/callbacks/manager.py:176}}
Mar 04 15:49:05.100812 dv-cinder-831247-6-iscsi neutron-server[110047]: INFO neutron.wsgi [req-8a675f4e-f2eb-4ba9-ba29-171b850e16ae req-f22d85e6-5c22-43ff-924f-e3e2ec017055 service neutron] 10.222.0.21 "GET /v2.0/networks/83674755-1cf6-4149-93b5-7c4531f5498c?fields=segments HTTP/1.1" status: 200 len: 212 time: 0.1515234
Mar 04 15:49:05.197878 dv-cinder-831247-6-iscsi neutron-server[110046]: DEBUG neutron.api.rpc.handlers.resources_rpc [None req-8dd1b14d-2a18-467a-aa62-46c43de3bf1b service neutron] Pushing event updated for resources: {'Port': ['ID=efb7fa62-73bc-4d83-8be4-598c1eb6119c,revision_number=2']} {{(pid=110046) push /opt/stack/neutron/neutron/api/rpc/handlers/resources_rpc.py:237}}
Mar 04 15:49:05.205554 dv-cinder-831247-6-iscsi neutron-server[110048]: DEBUG neutron.api.rpc.handlers.resources_rpc [None req-1dd8fdb7-66ad-4527-9cbc-5743d0713b18 None None] Pushing event updated for resources: {'Port': ['ID=ac47d5b5-1240-4d1c-9a8c-61df344f4ce3,revision_number=5']} {{(pid=110048) push /opt/stack/neutron/neutron/api/rpc/handlers/resources_rpc.py:237}}
Mar 04 15:49:05.260976 dv-cinder-831247-6-iscsi neutron-server[110047]: INFO neutron.wsgi [req-8a675f4e-f2eb-4ba9-ba29-171b850e16ae req-c93f62bc-ef65-42b6-a025-e1ef3521e5f1 service neutron] 10.222.0.21 "GET /v2.0/networks/83674755-1cf6-4149-93b5-7c4531f5498c?fields=provider%3Aphysical_network&fields=provider%3Anetwork_type HTTP/1.1" status: 200 len: 281 time: 0.1599398
Mar 04 15:49:05.270711 dv-cinder-831247-6-iscsi neutron-server[110046]: INFO neutron.wsgi [None req-55c0f20f-837e-4bff-8e7f-7882a3c19d85 admin admin] 10.222.0.21 "GET /v2.0/security-groups?tenant_id=e3d795dadbdc4d88a43eae9a33325ad3&name=default HTTP/1.1" status: 200 len: 2996 time: 1.5035064
Mar 04 15:49:05.272501 dv-cinder-831247-6-iscsi neutron-server[110048]: DEBUG neutron.plugins.ml2.rpc [None req-bdad0ff1-87ba-40ae-9b7e-9fc6026162ce None None] Device ac47d5b5-1240-4d1c-9a8c-61df344f4ce3 up at agent ovs-agent-dv-cinder-831247-6-iscsi {{(pid=110048) update_device_up /opt/stack/neutron/neutron/plugins/ml2/rpc.py:296}}
Mar 04 15:49:05.274198 dv-cinder-831247-6-iscsi neutron-server[110046]: DEBUG neutron.wsgi [-] (110046) accepted ('10.222.0.21', 58372) {{(pid=110046) server /usr/local/lib/python3.8/dist-packages/eventlet/wsgi.py:1004}}
Mar 04 15:49:05.340202 dv-cinder-831247-6-iscsi neutron-server[110047]: INFO neutron.wsgi [req-91fa4e49-7ee2-4894-bbd6-e75b7c028708 req-a1b409ce-1a2f-4912-af0d-a6a34902d426 tempest-AttachVolumeShelveTestJSON-846858341 tempest-AttachVolumeShelveTestJSON-846858341-project] 10.222.0.21 "GET /v2.0/security-groups?name=tempest-securitygroup--1781792295&fields=id&tenant_id=611afbcc5a4e4b98a35d5aead27f5fbe HTTP/1.1" status: 200 len: 267 time: 0.1551089
Mar 04 15:49:05.409883 dv-cinder-831247-6-iscsi neutron-server[110048]: DEBUG neutron.db.provisioning_blocks [None req-bdad0ff1-87ba-40ae-9b7e-9fc6026162ce None None] Provisioning complete for port ac47d5b5-1240-4d1c-9a8c-61df344f4ce3 triggered by entity L2. {{(pid=110048) provisioning_complete /opt/stack/neutron/neutron/db/provisioning_blocks.py:140}}
Mar 04 15:49:05.410231 dv-cinder-831247-6-iscsi neutron-server[110048]: DEBUG neutron_lib.callbacks.manager [None req-bdad0ff1-87ba-40ae-9b7e-9fc6026162ce None None] Publish callbacks ['neutron.plugins.ml2.plugin.Ml2Plugin._port_provisioned-1477245'] for port (ac47d5b5-1240-4d1c-9a8c-61df344f4ce3), provisioning_complete {{(pid=110048) _notify_loop /usr/local/lib/python3.8/dist-packages/neutron_lib/callbacks/manager.py:176}}
Mar 04 15:49:05.420478 dv-cinder-831247-6-iscsi neutron-server[110046]: DEBUG neutron.api.rpc.handlers.resources_rpc [None req-55c0f20f-837e-4bff-8e7f-7882a3c19d85 admin admin] Pushing event updated for resources: {'SecurityGroup': ['ID=6fc36cac-074a-4b3d-90ce-63057c6ff3db,revision_number=1']} {{(pid=110046) push /opt/stack/neutron/neutron/api/rpc/handlers/resources_rpc.py:237}}
Mar 04 15:49:05.437533 dv-cinder-831247-6-iscsi neutron-server[110046]: DEBUG neutron.plugins.ml2.managers [req-55ad63cd-d829-406b-ba7e-9823e6f8c35e req-8dd1b14d-2a18-467a-aa62-46c43de3bf1b service neutron] Attempting to bind port efb7fa62-73bc-4d83-8be4-598c1eb6119c on host hv-cinder-83124 for vnic_type normal with profile {{(pid=110046) bind_port /opt/stack/neutron/neutron/plugins/ml2/managers.py:795}}
Mar 04 15:49:05.438145 dv-cinder-831247-6-iscsi neutron-server[110046]: DEBUG neutron.plugins.ml2.managers [req-55ad63cd-d829-406b-ba7e-9823e6f8c35e req-8dd1b14d-2a18-467a-aa62-46c43de3bf1b service neutron] Attempting to bind port efb7fa62-73bc-4d83-8be4-598c1eb6119c by drivers openvswitch,hyperv on host hv-cinder-83124 at level 0 using segments [{'id': 'a76b7cfc-9c76-44cf-96d4-ec991a2b92f6', 'network_type': 'vlan', 'physical_network': 'physnet1', 'segmentation_id': 180, 'network_id': '6206ca5c-164a-41ee-84c0-fa3a99274b97'}] {{(pid=110046) _bind_port_level /opt/stack/neutron/neutron/plugins/ml2/managers.py:820}}
Mar 04 15:49:05.439345 dv-cinder-831247-6-iscsi neutron-server[110046]: DEBUG neutron.plugins.ml2.drivers.mech_agent [req-55ad63cd-d829-406b-ba7e-9823e6f8c35e req-8dd1b14d-2a18-467a-aa62-46c43de3bf1b service neutron] Attempting to bind port efb7fa62-73bc-4d83-8be4-598c1eb6119c on network 6206ca5c-164a-41ee-84c0-fa3a99274b97 {{(pid=110046) bind_port /opt/stack/neutron/neutron/plugins/ml2/drivers/mech_agent.py:91}}
Mar 04 15:49:05.459346 dv-cinder-831247-6-iscsi neutron-server[110046]: DEBUG neutron.plugins.ml2.drivers.mech_agent [req-55ad63cd-d829-406b-ba7e-9823e6f8c35e req-8dd1b14d-2a18-467a-aa62-46c43de3bf1b service neutron] Port efb7fa62-73bc-4d83-8be4-598c1eb6119c on network 6206ca5c-164a-41ee-84c0-fa3a99274b97 not bound, no agent of type Open vSwitch agent registered on host hv-cinder-83124 {{(pid=110046) bind_port /opt/stack/neutron/neutron/plugins/ml2/drivers/mech_agent.py:103}}
Mar 04 15:49:05.459896 dv-cinder-831247-6-iscsi neutron-server[110046]: DEBUG neutron.plugins.ml2.drivers.mech_agent [req-55ad63cd-d829-406b-ba7e-9823e6f8c35e req-8dd1b14d-2a18-467a-aa62-46c43de3bf1b service neutron] Attempting to bind port efb7fa62-73bc-4d83-8be4-598c1eb6119c on network 6206ca5c-164a-41ee-84c0-fa3a99274b97 {{(pid=110046) bind_port /opt/stack/neutron/neutron/plugins/ml2/drivers/mech_agent.py:91}}
Mar 04 15:49:05.483424 dv-cinder-831247-6-iscsi neutron-server[110046]: DEBUG neutron.plugins.ml2.drivers.mech_agent [req-55ad63cd-d829-406b-ba7e-9823e6f8c35e req-8dd1b14d-2a18-467a-aa62-46c43de3bf1b service neutron] Checking agent: {'id': '449cf897-cc6e-4d64-ad04-c65899b5f6c6', 'agent_type': 'HyperV agent', 'binary': 'neutron-hyperv-agent', 'topic': 'N/A', 'host': 'hv-cinder-83124', 'admin_state_up': True, 'created_at': datetime.datetime(2022, 3, 4, 15, 46, 41), 'started_at': datetime.datetime(2022, 3, 4, 15, 46, 41), 'heartbeat_timestamp': datetime.datetime(2022, 3, 4, 15, 48, 41), 'description': None, 'resources_synced': None, 'availability_zone': None, 'alive': True, 'configurations': {'vswitch_mappings': {'physnet1$': 'br-data'}}, 'resource_versions': {}} {{(pid=110046) bind_port /opt/stack/neutron/neutron/plugins/ml2/drivers/mech_agent.py:110}}
Mar 04 15:49:05.483424 dv-cinder-831247-6-iscsi neutron-server[110046]: DEBUG neutron.plugins.ml2.drivers.mech_agent [req-55ad63cd-d829-406b-ba7e-9823e6f8c35e req-8dd1b14d-2a18-467a-aa62-46c43de3bf1b service neutron] Checking segment: {'id': 'a76b7cfc-9c76-44cf-96d4-ec991a2b92f6', 'network_type': 'vlan', 'physical_network': 'physnet1', 'segmentation_id': 180, 'network_id': '6206ca5c-164a-41ee-84c0-fa3a99274b97'} for mappings: {'physnet1$': 'br-data'} with network types: ['local', 'flat', 'vlan'] {{(pid=110046) check_segment_for_agent /opt/stack/neutron/neutron/plugins/ml2/drivers/mech_agent.py:373}}
Mar 04 15:49:05.483424 dv-cinder-831247-6-iscsi neutron-server[110046]: DEBUG neutron.plugins.ml2.drivers.mech_agent [req-55ad63cd-d829-406b-ba7e-9823e6f8c35e req-8dd1b14d-2a18-467a-aa62-46c43de3bf1b service neutron] Bound using segment: {'id': 'a76b7cfc-9c76-44cf-96d4-ec991a2b92f6', 'network_type': 'vlan', 'physical_network': 'physnet1', 'segmentation_id': 180, 'network_id': '6206ca5c-164a-41ee-84c0-fa3a99274b97'} {{(pid=110046) bind_port /opt/stack/neutron/neutron/plugins/ml2/drivers/mech_agent.py:120}}
Mar 04 15:49:05.483424 dv-cinder-831247-6-iscsi neutron-server[110046]: DEBUG neutron.plugins.ml2.managers [req-55ad63cd-d829-406b-ba7e-9823e6f8c35e req-8dd1b14d-2a18-467a-aa62-46c43de3bf1b service neutron] Bound port: efb7fa62-73bc-4d83-8be4-598c1eb6119c, host: hv-cinder-83124, vif_type: hyperv, vif_details: {"connectivity": "legacy", "port_filter": false}, binding_levels: [{'bound_driver': 'hyperv', 'bound_segment': {'id': 'a76b7cfc-9c76-44cf-96d4-ec991a2b92f6', 'network_type': 'vlan', 'physical_network': 'physnet1', 'segmentation_id': 180, 'network_id': '6206ca5c-164a-41ee-84c0-fa3a99274b97'}}] {{(pid=110046) _bind_port_level /opt/stack/neutron/neutron/plugins/ml2/managers.py:932}}
Mar 04 15:49:05.483424 dv-cinder-831247-6-iscsi neutron-server[110046]: DEBUG neutron_lib.callbacks.manager [req-55ad63cd-d829-406b-ba7e-9823e6f8c35e req-8dd1b14d-2a18-467a-aa62-46c43de3bf1b service neutron] Publish callbacks ['neutron.plugins.ml2.plugin.SecurityGroupDbMixin._ensure_default_security_group_handler-1517174'] for port (efb7fa62-73bc-4d83-8be4-598c1eb6119c), before_update {{(pid=110046) _notify_loop /usr/local/lib/python3.8/dist-packages/neutron_lib/callbacks/manager.py:176}}
Mar 04 15:49:05.497405 dv-cinder-831247-6-iscsi neutron-server[110046]: DEBUG neutron_lib.callbacks.manager [None req-61b8defd-c881-4db5-8561-5ba8eeb5049a admin admin] Publish callbacks [] for security_group (6fc36cac-074a-4b3d-90ce-63057c6ff3db), before_delete {{(pid=110046) _notify_loop /usr/local/lib/python3.8/dist-packages/neutron_lib/callbacks/manager.py:176}}
Mar 04 15:49:05.520813 dv-cinder-831247-6-iscsi neutron-server[110046]: DEBUG neutron_lib.callbacks.manager [None req-61b8defd-c881-4db5-8561-5ba8eeb5049a admin admin] Publish callbacks [] for security_group (6fc36cac-074a-4b3d-90ce-63057c6ff3db), precommit_delete {{(pid=110046) _notify_loop /usr/local/lib/python3.8/dist-packages/neutron_lib/callbacks/manager.py:176}}
Mar 04 15:49:05.531281 dv-cinder-831247-6-iscsi neutron-server[110048]: DEBUG neutron.plugins.ml2.plugin [None req-bdad0ff1-87ba-40ae-9b7e-9fc6026162ce None None] Current status of the port ac47d5b5-1240-4d1c-9a8c-61df344f4ce3 is: ACTIVE; New status is: ACTIVE {{(pid=110048) _update_individual_port_db_status /opt/stack/neutron/neutron/plugins/ml2/plugin.py:2232}}
Mar 04 15:49:05.597374 dv-cinder-831247-6-iscsi neutron-server[110047]: DEBUG neutron.pecan_wsgi.hooks.policy_enforcement [req-91fa4e49-7ee2-4894-bbd6-e75b7c028708 req-b05f3d2b-ca01-4d67-bb7b-0f9105a7f7fa tempest-AttachVolumeShelveTestJSON-846858341 tempest-AttachVolumeShelveTestJSON-846858341-project] Attributes excluded by policy engine: ['standard_attr_id', 'vlan_transparent', 'provider:network_type', 'provider:physical_network', 'provider:segmentation_id'] {{(pid=110047) _exclude_attributes_by_policy /opt/stack/neutron/neutron/pecan_wsgi/hooks/policy_enforcement.py:255}}
Mar 04 15:49:05.614675 dv-cinder-831247-6-iscsi neutron-server[110047]: INFO neutron.wsgi [req-91fa4e49-7ee2-4894-bbd6-e75b7c028708 req-b05f3d2b-ca01-4d67-bb7b-0f9105a7f7fa tempest-AttachVolumeShelveTestJSON-846858341 tempest-AttachVolumeShelveTestJSON-846858341-project] 10.222.0.21 "GET /v2.0/networks?id=ec1113c9-70b2-42f6-956c-c93c1c131d05 HTTP/1.1" status: 200 len: 816 time: 0.2713513
Mar 04 15:49:05.636332 dv-cinder-831247-6-iscsi neutron-server[110046]: DEBUG neutron.plugins.ml2.db [req-55ad63cd-d829-406b-ba7e-9823e6f8c35e req-8dd1b14d-2a18-467a-aa62-46c43de3bf1b service neutron] For port efb7fa62-73bc-4d83-8be4-598c1eb6119c, host hv-cinder-83124, cleared binding levels {{(pid=110046) clear_binding_levels /opt/stack/neutron/neutron/plugins/ml2/db.py:87}}
Mar 04 15:49:05.640301 dv-cinder-831247-6-iscsi neutron-server[110046]: DEBUG neutron.plugins.ml2.db [req-55ad63cd-d829-406b-ba7e-9823e6f8c35e req-8dd1b14d-2a18-467a-aa62-46c43de3bf1b service neutron] For port efb7fa62-73bc-4d83-8be4-598c1eb6119c, host hv-cinder-83124, set binding levels [PortBindingLevel(driver='hyperv',host='hv-cinder-83124',level=0,port_id=efb7fa62-73bc-4d83-8be4-598c1eb6119c,segment=NetworkSegment(a76b7cfc-9c76-44cf-96d4-ec991a2b92f6),segment_id=a76b7cfc-9c76-44cf-96d4-ec991a2b92f6)] {{(pid=110046) set_binding_levels /opt/stack/neutron/neutron/plugins/ml2/db.py:59}}
Mar 04 15:49:05.656555 dv-cinder-831247-6-iscsi neutron-server[110047]: INFO neutron.wsgi [req-91fa4e49-7ee2-4894-bbd6-e75b7c028708 req-4843a081-4b9b-4e53-ab7e-2c4c0ecc6cef tempest-AttachVolumeShelveTestJSON-846858341 tempest-AttachVolumeShelveTestJSON-846858341-project] 10.222.0.21 "GET /v2.0/quotas/611afbcc5a4e4b98a35d5aead27f5fbe HTTP/1.1" status: 200 len: 375 time: 0.0247478
Mar 04 15:49:05.732540 dv-cinder-831247-6-iscsi neutron-server[110046]: DEBUG neutron_lib.callbacks.manager [req-55ad63cd-d829-406b-ba7e-9823e6f8c35e req-8dd1b14d-2a18-467a-aa62-46c43de3bf1b service neutron] Publish callbacks ['neutron.plugins.ml2.plugin.SecurityGroupServerNotifierRpcMixin._notify_sg_on_port_change-1517237', 'neutron.plugins.ml2.ovo_rpc._ObjectChangeHandler.handle_event-175248', 'neutron.api.rpc.agentnotifiers.dhcp_rpc_agent_api.DhcpAgentNotifyAPI._native_event_send_dhcp_notification-3644414', 'neutron.db.l3_db.L3RpcNotifierMixin._notify_gateway_port_ip_changed-8760917973742', 'neutron.db.l3_dvrscheduler_db._notify_l3_agent_port_update-8760917466359', 'neutron.db.l3_hascheduler_db._notify_l3_agent_ha_port_update-8760917468685', 'neutron.services.segments.plugin.NovaSegmentNotifier._notify_port_updated-26420282'] for port (efb7fa62-73bc-4d83-8be4-598c1eb6119c), after_update {{(pid=110046) _notify_loop /usr/local/lib/python3.8/dist-packages/neutron_lib/callbacks/manager.py:176}}
Mar 04 15:49:05.744728 dv-cinder-831247-6-iscsi neutron-server[110047]: DEBUG neutron.pecan_wsgi.hooks.policy_enforcement [req-8c8c74e1-58ea-4ed9-81af-68398035905e req-1ff520ec-fd3e-4b4b-8cea-39298dd8e6e9 tempest-DeleteServersTestJSON-1669619862 tempest-DeleteServersTestJSON-1669619862-project] Attributes excluded by policy engine: ['standard_attr_id', 'binding:profile', 'binding:host_id', 'binding:vif_type', 'binding:vif_details'] {{(pid=110047) _exclude_attributes_by_policy /opt/stack/neutron/neutron/pecan_wsgi/hooks/policy_enforcement.py:255}}
Mar 04 15:49:05.746962 dv-cinder-831247-6-iscsi neutron-server[110047]: INFO neutron.wsgi [req-8c8c74e1-58ea-4ed9-81af-68398035905e req-1ff520ec-fd3e-4b4b-8cea-39298dd8e6e9 tempest-DeleteServersTestJSON-1669619862 tempest-DeleteServersTestJSON-1669619862-project] 10.222.0.21 "GET /v2.0/ports?device_id=59995532-8e73-4c01-a8a7-9da06ceb5e5f HTTP/1.1" status: 200 len: 943 time: 0.0884430
Mar 04 15:49:05.781565 dv-cinder-831247-6-iscsi neutron-server[110047]: INFO neutron.wsgi [req-91fa4e49-7ee2-4894-bbd6-e75b7c028708 req-da43ed93-6084-4c44-87c6-588414d9af0f tempest-AttachVolumeShelveTestJSON-846858341 tempest-AttachVolumeShelveTestJSON-846858341-project] 10.222.0.21 "GET /v2.0/ports?tenant_id=611afbcc5a4e4b98a35d5aead27f5fbe&fields=id HTTP/1.1" status: 200 len: 302 time: 0.1240547
Mar 04 15:49:05.787584 dv-cinder-831247-6-iscsi neutron-server[110046]: DEBUG neutron_lib.callbacks.manager [None req-61b8defd-c881-4db5-8561-5ba8eeb5049a admin admin] Publish callbacks ['neutron.plugins.ml2.ovo_rpc._ObjectChangeHandler.handle_event-3901112'] for security_group (6fc36cac-074a-4b3d-90ce-63057c6ff3db), after_delete {{(pid=110046) _notify_loop /usr/local/lib/python3.8/dist-packages/neutron_lib/callbacks/manager.py:176}}
Mar 04 15:49:05.790678 dv-cinder-831247-6-iscsi neutron-server[110046]: DEBUG neutron_lib.callbacks.manager [None req-61b8defd-c881-4db5-8561-5ba8eeb5049a admin admin] Publish callbacks [] for security_group (None), before_response {{(pid=110046) _notify_loop /usr/local/lib/python3.8/dist-packages/neutron_lib/callbacks/manager.py:176}}
Mar 04 15:49:05.795059 dv-cinder-831247-6-iscsi neutron-server[110046]: INFO neutron.wsgi [None req-61b8defd-c881-4db5-8561-5ba8eeb5049a admin admin] 10.222.0.21 "DELETE /v2.0/security-groups/6fc36cac-074a-4b3d-90ce-63057c6ff3db HTTP/1.1" status: 204 len: 168 time: 0.5144591
Mar 04 15:49:05.818016 dv-cinder-831247-6-iscsi neutron-server[110046]: DEBUG neutron.pecan_wsgi.hooks.policy_enforcement [req-55ad63cd-d829-406b-ba7e-9823e6f8c35e req-8dd1b14d-2a18-467a-aa62-46c43de3bf1b service neutron] Attributes excluded by policy engine: ['standard_attr_id'] {{(pid=110046) _exclude_attributes_by_policy /opt/stack/neutron/neutron/pecan_wsgi/hooks/policy_enforcement.py:255}}
Mar 04 15:49:05.818744 dv-cinder-831247-6-iscsi neutron-server[110046]: DEBUG neutron_lib.callbacks.manager [req-55ad63cd-d829-406b-ba7e-9823e6f8c35e req-8dd1b14d-2a18-467a-aa62-46c43de3bf1b service neutron] Publish callbacks ['neutron.notifiers.nova.Notifier._send_nova_notification-208146', 'neutron.api.rpc.agentnotifiers.dhcp_rpc_agent_api.DhcpAgentNotifyAPI._send_dhcp_notification-3644392'] for port (None), before_response {{(pid=110046) _notify_loop /usr/local/lib/python3.8/dist-packages/neutron_lib/callbacks/manager.py:176}}
Mar 04 15:49:05.820429 dv-cinder-831247-6-iscsi neutron-server[110046]: INFO neutron.wsgi [req-55ad63cd-d829-406b-ba7e-9823e6f8c35e req-8dd1b14d-2a18-467a-aa62-46c43de3bf1b service neutron] 10.222.0.16 "PUT /v2.0/ports/efb7fa62-73bc-4d83-8be4-598c1eb6119c HTTP/1.1" status: 200 len: 1093 time: 2.0045168
Mar 04 15:49:05.821044 dv-cinder-831247-6-iscsi neutron-server[110046]: DEBUG neutron.notifiers.nova [-] Sending events: [{'name': 'network-changed', 'server_uuid': 'dcb61670-3d0a-49af-85f7-065243e9c0fe', 'tag': 'efb7fa62-73bc-4d83-8be4-598c1eb6119c'}] {{(pid=110046) send_events /opt/stack/neutron/neutron/notifiers/nova.py:271}}
Mar 04 15:49:05.823482 dv-cinder-831247-6-iscsi neutron-server[110046]: DEBUG novaclient.v2.client [-] REQ: curl -g -i --cacert "/opt/stack/data/ca-bundle.pem" -X POST http://10.222.0.21/compute/v2.1/os-server-external-events -H "Accept: application/json" -H "Content-Type: application/json" -H "User-Agent: python-novaclient" -H "X-Auth-Token: {SHA256}eb539d0f9923b9a74a034155ce7af8044c427cb6cad9a2b6f5fd8bef1201ccc7" -H "X-OpenStack-Nova-API-Version: 2.1" -H "X-OpenStack-Request-ID: req-416679c0-e443-48e3-9086-fe5e36252f2a" -d '{"events": [{"name": "network-changed", "server_uuid": "dcb61670-3d0a-49af-85f7-065243e9c0fe", "tag": "efb7fa62-73bc-4d83-8be4-598c1eb6119c"}]}' {{(pid=110046) _http_log_request /usr/local/lib/python3.8/dist-packages/keystoneauth1/session.py:519}}
Mar 04 15:49:05.841200 dv-cinder-831247-6-iscsi neutron-server[110046]: DEBUG neutron.api.rpc.handlers.resources_rpc [None req-61b8defd-c881-4db5-8561-5ba8eeb5049a admin admin] Pushing event deleted for resources: {'SecurityGroup': ['ID=6fc36cac-074a-4b3d-90ce-63057c6ff3db,revision_number=None']} {{(pid=110046) push /opt/stack/neutron/neutron/api/rpc/handlers/resources_rpc.py:237}}
Mar 04 15:49:05.847266 dv-cinder-831247-6-iscsi neutron-server[110046]: DEBUG neutron.api.rpc.handlers.resources_rpc [None req-8dd1b14d-2a18-467a-aa62-46c43de3bf1b service neutron] Pushing event updated for resources: {'Port': ['ID=efb7fa62-73bc-4d83-8be4-598c1eb6119c,revision_number=3']} {{(pid=110046) push /opt/stack/neutron/neutron/api/rpc/handlers/resources_rpc.py:237}}
Mar 04 15:49:05.894443 dv-cinder-831247-6-iscsi neutron-server[110047]: INFO neutron.wsgi [req-8c8c74e1-58ea-4ed9-81af-68398035905e req-bd0e0799-cfe3-4bce-b008-e0f8e6d1fe15 tempest-DeleteServersTestJSON-1669619862 tempest-DeleteServersTestJSON-1669619862-project] 10.222.0.21 "GET /v2.0/security-groups?id=617d05ec-516b-49f1-9fe7-1ab5027513f3&fields=id&fields=name HTTP/1.1" status: 200 len: 286 time: 0.1024141
Mar 04 15:49:05.928270 dv-cinder-831247-6-iscsi neutron-server[110047]: INFO neutron.wsgi [req-91fa4e49-7ee2-4894-bbd6-e75b7c028708 req-70695d94-9ecf-4343-a2ac-f1c01fa7dd72 service neutron] 10.222.0.21 "GET /v2.0/networks/ec1113c9-70b2-42f6-956c-c93c1c131d05?fields=segments HTTP/1.1" status: 200 len: 212 time: 0.1457183
Mar 04 15:49:06.052910 dv-cinder-831247-6-iscsi neutron-server[110047]: INFO neutron.wsgi [req-0a2e4864-75f5-4bb3-8739-120fb7b954c5 req-6bc5573f-0e8f-4818-a69d-013b2ae42afb tempest-AttachVolumeNegativeTest-1958181199 tempest-AttachVolumeNegativeTest-1958181199-project] 10.222.0.21 "GET /v2.0/ports?device_id=dc24e3af-3126-4801-9a95-1d2f38e94a97 HTTP/1.1" status: 200 len: 210 time: 0.0430713
Mar 04 15:49:06.124584 dv-cinder-831247-6-iscsi neutron-server[110047]: INFO neutron.wsgi [req-cb5a764e-c4ef-42df-a710-7adf902093b5 req-d8267e9a-32ea-4a09-8d2c-9403cfc5e3b4 tempest-AttachVolumeTestJSON-1380407074 tempest-AttachVolumeTestJSON-1380407074-project] 10.222.0.16 "GET /v2.0/security-groups?fields=id&fields=name&tenant_id=3e8f8483c13240c7adbc18f3e1d413b0 HTTP/1.1" status: 200 len: 380 time: 0.1612723
Mar 04 15:49:06.132623 dv-cinder-831247-6-iscsi neutron-server[110047]: INFO neutron.wsgi [req-91fa4e49-7ee2-4894-bbd6-e75b7c028708 req-ecadb818-3215-48e8-813b-91d318ee9db3 service neutron] 10.222.0.21 "GET /v2.0/networks/ec1113c9-70b2-42f6-956c-c93c1c131d05?fields=provider%3Aphysical_network&fields=provider%3Anetwork_type HTTP/1.1" status: 200 len: 281 time: 0.2034166
Mar 04 15:49:06.138284 dv-cinder-831247-6-iscsi neutron-server[110047]: DEBUG neutron.api.v2.base [req-cb5a764e-c4ef-42df-a710-7adf902093b5 req-f71c5646-77b6-4371-9f15-fd1db2f7d280 tempest-AttachVolumeTestJSON-1380407074 tempest-AttachVolumeTestJSON-1380407074-project] Request body: {'port': {'device_id': 'e8fe359e-81f8-4909-8574-717006296e39', 'network_id': '664d9ce4-64a8-42ab-a840-72b89fe0b9c8', 'admin_state_up': True, 'tenant_id': '3e8f8483c13240c7adbc18f3e1d413b0', 'security_groups': ['a5e15170-2883-4d55-a119-c95098d31e83']}} {{(pid=110047) prepare_request_body /opt/stack/neutron/neutron/api/v2/base.py:729}}
Mar 04 15:49:06.193841 dv-cinder-831247-6-iscsi neutron-server[110046]: DEBUG neutron.pecan_wsgi.hooks.policy_enforcement [req-55ad63cd-d829-406b-ba7e-9823e6f8c35e req-7fcfeb50-d709-44f2-82d1-9951352c24f7 service neutron] Attributes excluded by policy engine: ['standard_attr_id'] {{(pid=110046) _exclude_attributes_by_policy /opt/stack/neutron/neutron/pecan_wsgi/hooks/policy_enforcement.py:255}}
Mar 04 15:49:06.195011 dv-cinder-831247-6-iscsi neutron-server[110046]: INFO neutron.wsgi [req-55ad63cd-d829-406b-ba7e-9823e6f8c35e req-7fcfeb50-d709-44f2-82d1-9951352c24f7 service neutron] 10.222.0.16 "GET /v2.0/ports?tenant_id=7a9eb978215c4a5787b6471ba7302105&device_id=dcb61670-3d0a-49af-85f7-065243e9c0fe HTTP/1.1" status: 200 len: 1127 time: 0.1471293
Mar 04 15:49:06.197335 dv-cinder-831247-6-iscsi neutron-server[110046]: DEBUG novaclient.v2.client [-] RESP: [200] Connection: close Content-Length: 179 Content-Type: application/json Date: Fri, 04 Mar 2022 15:49:05 GMT OpenStack-API-Version: compute 2.1 Server: Apache/2.4.41 (Ubuntu) Vary: OpenStack-API-Version,X-OpenStack-Nova-API-Version X-OpenStack-Nova-API-Version: 2.1 x-compute-request-id: req-c5770f15-1ca1-499b-9ffd-c86603228fc9 x-openstack-request-id: req-c5770f15-1ca1-499b-9ffd-c86603228fc9 {{(pid=110046) _http_log_response /usr/local/lib/python3.8/dist-packages/keystoneauth1/session.py:550}}
Mar 04 15:49:06.197635 dv-cinder-831247-6-iscsi neutron-server[110046]: DEBUG novaclient.v2.client [-] RESP BODY: {"events": [{"name": "network-changed", "server_uuid": "dcb61670-3d0a-49af-85f7-065243e9c0fe", "tag": "efb7fa62-73bc-4d83-8be4-598c1eb6119c", "status": "completed", "code": 200}]} {{(pid=110046) _http_log_response /usr/local/lib/python3.8/dist-packages/keystoneauth1/session.py:582}}
Mar 04 15:49:06.198625 dv-cinder-831247-6-iscsi neutron-server[110046]: DEBUG novaclient.v2.client [-] POST call to compute for http://10.222.0.21/compute/v2.1/os-server-external-events used request id req-c5770f15-1ca1-499b-9ffd-c86603228fc9 {{(pid=110046) request /usr/local/lib/python3.8/dist-packages/keystoneauth1/session.py:954}}
Mar 04 15:49:06.199066 dv-cinder-831247-6-iscsi neutron-server[110046]: INFO neutron.notifiers.nova [-] Nova event response: {'name': 'network-changed', 'server_uuid': 'dcb61670-3d0a-49af-85f7-065243e9c0fe', 'tag': 'efb7fa62-73bc-4d83-8be4-598c1eb6119c', 'status': 'completed', 'code': 200}
Mar 04 15:49:06.251480 dv-cinder-831247-6-iscsi neutron-server[110046]: INFO neutron.wsgi [req-55ad63cd-d829-406b-ba7e-9823e6f8c35e req-b6bb73f3-994d-4366-9e67-a47fee44f35d service neutron] 10.222.0.16 "GET /v2.0/floatingips?fixed_ip_address=172.20.0.8&port_id=efb7fa62-73bc-4d83-8be4-598c1eb6119c HTTP/1.1" status: 200 len: 217 time: 0.0456665
Mar 04 15:49:06.333984 dv-cinder-831247-6-iscsi neutron-server[110047]: INFO neutron.wsgi [req-fed284b4-bf83-41d1-8478-93fb7e1218f0 req-144ab15a-248c-4135-89ae-c70b7f3cb42d tempest-AttachVolumeTestJSON-1380407074 tempest-AttachVolumeTestJSON-1380407074-project] 10.222.0.21 "GET /v2.0/ports?device_id=e8fe359e-81f8-4909-8574-717006296e39 HTTP/1.1" status: 200 len: 210 time: 0.0593107
Mar 04 15:49:06.345129 dv-cinder-831247-6-iscsi neutron-server[110046]: DEBUG neutron.pecan_wsgi.hooks.policy_enforcement [req-55ad63cd-d829-406b-ba7e-9823e6f8c35e req-697d4cb5-bdbe-4e11-802f-2f93bffed921 service neutron] Attributes excluded by policy engine: ['standard_attr_id', 'shared', 'segment_id'] {{(pid=110046) _exclude_attributes_by_policy /opt/stack/neutron/neutron/pecan_wsgi/hooks/policy_enforcement.py:255}}
Mar 04 15:49:06.347094 dv-cinder-831247-6-iscsi neutron-server[110046]: INFO neutron.wsgi [req-55ad63cd-d829-406b-ba7e-9823e6f8c35e req-697d4cb5-bdbe-4e11-802f-2f93bffed921 service neutron] 10.222.0.16 "GET /v2.0/subnets?id=001e52a1-1c62-4bd1-8274-ff7726060e72 HTTP/1.1" status: 200 len: 858 time: 0.0830100
Mar 04 15:49:06.348094 dv-cinder-831247-6-iscsi neutron-server[110047]: DEBUG neutron.pecan_wsgi.hooks.quota_enforcement [req-cb5a764e-c4ef-42df-a710-7adf902093b5 req-f71c5646-77b6-4371-9f15-fd1db2f7d280 tempest-AttachVolumeTestJSON-1380407074 tempest-AttachVolumeTestJSON-1380407074-project] Made reservation on behalf of 3e8f8483c13240c7adbc18f3e1d413b0 for: {'port': 1} {{(pid=110047) before /opt/stack/neutron/neutron/pecan_wsgi/hooks/quota_enforcement.py:53}}
Mar 04 15:49:06.351814 dv-cinder-831247-6-iscsi neutron-server[110047]: DEBUG neutron_lib.callbacks.manager [req-cb5a764e-c4ef-42df-a710-7adf902093b5 req-f71c5646-77b6-4371-9f15-fd1db2f7d280 tempest-AttachVolumeTestJSON-1380407074 tempest-AttachVolumeTestJSON-1380407074-project] Publish callbacks ['neutron.plugins.ml2.plugin.SecurityGroupDbMixin._ensure_default_security_group_handler-1517174'] for port (None), before_create {{(pid=110047) _notify_loop /usr/local/lib/python3.8/dist-packages/neutron_lib/callbacks/manager.py:176}}
Mar 04 15:49:06.382318 dv-cinder-831247-6-iscsi neutron-server[110046]: INFO neutron.wsgi [req-55ad63cd-d829-406b-ba7e-9823e6f8c35e req-e74587bd-a806-494e-a538-fddb949c0879 service neutron] 10.222.0.16 "GET /v2.0/ports?network_id=6206ca5c-164a-41ee-84c0-fa3a99274b97&device_owner=network%3Adhcp HTTP/1.1" status: 200 len: 210 time: 0.0262601
Mar 04 15:49:06.487295 dv-cinder-831247-6-iscsi neutron-server[110046]: DEBUG neutron.wsgi [-] (110046) accepted ('10.222.0.16', 56699) {{(pid=110046) server /usr/local/lib/python3.8/dist-packages/eventlet/wsgi.py:1004}}
Mar 04 15:49:06.492618 dv-cinder-831247-6-iscsi neutron-server[110047]: INFO neutron.wsgi [req-6f9217b7-db7f-47d1-95ec-9bd4282aa691 req-af2e6e5f-e45e-4616-b475-b6e1f04b9f40 tempest-ServerRescueNegativeTestJSON-1354993436 tempest-ServerRescueNegativeTestJSON-1354993436-project] 10.222.0.21 "GET /v2.0/ports?device_id=5a3e7b49-d263-44c4-95cf-40d1f9c26e42 HTTP/1.1" status: 200 len: 210 time: 0.0498271
Mar 04 15:49:06.592869 dv-cinder-831247-6-iscsi neutron-server[110046]: INFO neutron.wsgi [req-55ad63cd-d829-406b-ba7e-9823e6f8c35e req-022b1b62-9777-4bb2-b371-b1be8b908319 service neutron] 10.222.0.16 "GET /v2.0/networks/6206ca5c-164a-41ee-84c0-fa3a99274b97?fields=segments HTTP/1.1" status: 200 len: 212 time: 0.1888273
Mar 04 15:49:06.631755 dv-cinder-831247-6-iscsi neutron-server[110047]: INFO neutron.wsgi [req-c87b4889-82f0-447f-ab89-71bdd77bb419 req-08f3bdac-da69-42b9-812e-c84791cf26f6 tempest-AttachVolumeShelveTestJSON-846858341 tempest-AttachVolumeShelveTestJSON-846858341-project] 10.222.0.21 "GET /v2.0/ports?device_id=251bfefa-1bee-41d5-bfcf-752884f4ff68 HTTP/1.1" status: 200 len: 210 time: 0.0526087
Mar 04 15:49:06.670807 dv-cinder-831247-6-iscsi neutron-server[110047]: DEBUG neutron.db.db_base_plugin_common [req-cb5a764e-c4ef-42df-a710-7adf902093b5 req-f71c5646-77b6-4371-9f15-fd1db2f7d280 tempest-AttachVolumeTestJSON-1380407074 tempest-AttachVolumeTestJSON-1380407074-project] Allocated IP 172.20.0.9 (664d9ce4-64a8-42ab-a840-72b89fe0b9c8/0656f065-e7bd-469a-be51-3e48763ac8a3/2654ad5c-5b7f-4e50-9144-07dc5b52768a) {{(pid=110047) _store_ip_allocation /opt/stack/neutron/neutron/db/db_base_plugin_common.py:131}}
Mar 04 15:49:06.736255 dv-cinder-831247-6-iscsi neutron-server[110046]: DEBUG neutron.pecan_wsgi.hooks.policy_enforcement [req-6a5c5be9-a235-424d-b9ff-de7373b45c94 req-490322ca-cd2c-4fef-ba3b-e8d88454f8e4 tempest-ServerRescueNegativeTestJSON-1354993436 tempest-ServerRescueNegativeTestJSON-1354993436-project] Attributes excluded by policy engine: ['standard_attr_id', 'vlan_transparent', 'provider:network_type', 'provider:physical_network', 'provider:segmentation_id'] {{(pid=110046) _exclude_attributes_by_policy /opt/stack/neutron/neutron/pecan_wsgi/hooks/policy_enforcement.py:255}}
Mar 04 15:49:06.737813 dv-cinder-831247-6-iscsi neutron-server[110046]: INFO neutron.wsgi [req-6a5c5be9-a235-424d-b9ff-de7373b45c94 req-490322ca-cd2c-4fef-ba3b-e8d88454f8e4 tempest-ServerRescueNegativeTestJSON-1354993436 tempest-ServerRescueNegativeTestJSON-1354993436-project] 10.222.0.16 "GET /v2.0/networks?id=6206ca5c-164a-41ee-84c0-fa3a99274b97 HTTP/1.1" status: 200 len: 818 time: 0.2474096
Mar 04 15:49:06.752193 dv-cinder-831247-6-iscsi neutron-server[110046]: INFO neutron.wsgi [req-55ad63cd-d829-406b-ba7e-9823e6f8c35e req-0fccd714-5770-4dc4-9fd5-a8994c6fbafc service neutron] 10.222.0.16 "GET /v2.0/networks/6206ca5c-164a-41ee-84c0-fa3a99274b97?fields=provider%3Aphysical_network&fields=provider%3Anetwork_type HTTP/1.1" status: 200 len: 281 time: 0.1517572
Mar 04 15:49:06.762638 dv-cinder-831247-6-iscsi neutron-server[110046]: DEBUG neutron.api.v2.base [req-6a5c5be9-a235-424d-b9ff-de7373b45c94 req-84e79669-d828-47cf-82cd-cdf9872b05ab tempest-ServerRescueNegativeTestJSON-1354993436 tempest-ServerRescueNegativeTestJSON-1354993436-project] Request body: {'port': {'device_id': '5a3e7b49-d263-44c4-95cf-40d1f9c26e42', 'network_id': '6206ca5c-164a-41ee-84c0-fa3a99274b97', 'admin_state_up': True, 'tenant_id': '7a9eb978215c4a5787b6471ba7302105'}} {{(pid=110046) prepare_request_body /opt/stack/neutron/neutron/api/v2/base.py:729}}
Mar 04 15:49:06.805103 dv-cinder-831247-6-iscsi neutron-server[110046]: DEBUG neutron.wsgi [-] (110046) accepted ('10.222.0.21', 58414) {{(pid=110046) server /usr/local/lib/python3.8/dist-packages/eventlet/wsgi.py:1004}}
Mar 04 15:49:06.831668 dv-cinder-831247-6-iscsi neutron-server[110046]: DEBUG neutron_lib.callbacks.manager [None req-577dc703-c19f-4b79-870d-7dfc2c6ecca2 admin admin] Publish callbacks [] for security_group (None), before_create {{(pid=110046) _notify_loop /usr/local/lib/python3.8/dist-packages/neutron_lib/callbacks/manager.py:176}}
Mar 04 15:49:06.987884 dv-cinder-831247-6-iscsi neutron-server[110046]: DEBUG neutron_lib.callbacks.manager [None req-577dc703-c19f-4b79-870d-7dfc2c6ecca2 admin admin] Publish callbacks [] for security_group (9134a76d-cc92-4dfe-aab6-b804b7657cc8), precommit_create {{(pid=110046) _notify_loop /usr/local/lib/python3.8/dist-packages/neutron_lib/callbacks/manager.py:176}}
Mar 04 15:49:06.995184 dv-cinder-831247-6-iscsi neutron-server[110046]: DEBUG neutron.pecan_wsgi.hooks.policy_enforcement [req-416679c0-e443-48e3-9086-fe5e36252f2a req-bfd65100-8a56-4113-80bb-285efbd944c6 service neutron] Attributes excluded by policy engine: ['standard_attr_id'] {{(pid=110046) _exclude_attributes_by_policy /opt/stack/neutron/neutron/pecan_wsgi/hooks/policy_enforcement.py:255}}
Mar 04 15:49:06.997419 dv-cinder-831247-6-iscsi neutron-server[110046]: INFO neutron.wsgi [req-416679c0-e443-48e3-9086-fe5e36252f2a req-bfd65100-8a56-4113-80bb-285efbd944c6 service neutron] 10.222.0.16 "GET /v2.0/ports?tenant_id=7a9eb978215c4a5787b6471ba7302105&device_id=dcb61670-3d0a-49af-85f7-065243e9c0fe HTTP/1.1" status: 200 len: 1127 time: 0.0854328
Mar 04 15:49:07.020200 dv-cinder-831247-6-iscsi neutron-server[110047]: DEBUG neutron_lib.callbacks.manager [req-cb5a764e-c4ef-42df-a710-7adf902093b5 req-f71c5646-77b6-4371-9f15-fd1db2f7d280 tempest-AttachVolumeTestJSON-1380407074 tempest-AttachVolumeTestJSON-1380407074-project] Publish callbacks [] for port (2654ad5c-5b7f-4e50-9144-07dc5b52768a), precommit_create {{(pid=110047) _notify_loop /usr/local/lib/python3.8/dist-packages/neutron_lib/callbacks/manager.py:176}}
Mar 04 15:49:07.088929 dv-cinder-831247-6-iscsi neutron-server[110046]: DEBUG neutron.pecan_wsgi.hooks.quota_enforcement [req-6a5c5be9-a235-424d-b9ff-de7373b45c94 req-84e79669-d828-47cf-82cd-cdf9872b05ab tempest-ServerRescueNegativeTestJSON-1354993436 tempest-ServerRescueNegativeTestJSON-1354993436-project] Made reservation on behalf of 7a9eb978215c4a5787b6471ba7302105 for: {'port': 1} {{(pid=110046) before /opt/stack/neutron/neutron/pecan_wsgi/hooks/quota_enforcement.py:53}}
Mar 04 15:49:07.093221 dv-cinder-831247-6-iscsi neutron-server[110046]: DEBUG neutron_lib.callbacks.manager [req-6a5c5be9-a235-424d-b9ff-de7373b45c94 req-84e79669-d828-47cf-82cd-cdf9872b05ab tempest-ServerRescueNegativeTestJSON-1354993436 tempest-ServerRescueNegativeTestJSON-1354993436-project] Publish callbacks ['neutron.plugins.ml2.plugin.SecurityGroupDbMixin._ensure_default_security_group_handler-1517174'] for port (None), before_create {{(pid=110046) _notify_loop /usr/local/lib/python3.8/dist-packages/neutron_lib/callbacks/manager.py:176}}
Mar 04 15:49:07.094601 dv-cinder-831247-6-iscsi neutron-server[110047]: DEBUG neutron.pecan_wsgi.hooks.policy_enforcement [req-f3db9d00-ce0d-406b-ba1e-02801748b4bd req-deaaa6c5-111d-47de-b31f-7b9dca5e6d72 tempest-DeleteServersTestJSON-1669619862 tempest-DeleteServersTestJSON-1669619862-project] Attributes excluded by policy engine: ['standard_attr_id', 'binding:profile', 'binding:host_id', 'binding:vif_type', 'binding:vif_details'] {{(pid=110047) _exclude_attributes_by_policy /opt/stack/neutron/neutron/pecan_wsgi/hooks/policy_enforcement.py:255}}
Mar 04 15:49:07.100866 dv-cinder-831247-6-iscsi neutron-server[110046]: DEBUG neutron_lib.callbacks.manager [None req-577dc703-c19f-4b79-870d-7dfc2c6ecca2 admin admin] Publish callbacks ['neutron.plugins.ml2.ovo_rpc._ObjectChangeHandler.handle_event-3901112'] for security_group (9134a76d-cc92-4dfe-aab6-b804b7657cc8), after_create {{(pid=110046) _notify_loop /usr/local/lib/python3.8/dist-packages/neutron_lib/callbacks/manager.py:176}}
Mar 04 15:49:07.101894 dv-cinder-831247-6-iscsi neutron-server[110047]: INFO neutron.wsgi [req-f3db9d00-ce0d-406b-ba1e-02801748b4bd req-deaaa6c5-111d-47de-b31f-7b9dca5e6d72 tempest-DeleteServersTestJSON-1669619862 tempest-DeleteServersTestJSON-1669619862-project] 10.222.0.21 "GET /v2.0/ports?device_id=59995532-8e73-4c01-a8a7-9da06ceb5e5f HTTP/1.1" status: 200 len: 943 time: 0.1061621
Mar 04 15:49:07.166428 dv-cinder-831247-6-iscsi neutron-server[110047]: DEBUG neutron_lib.callbacks.manager [req-cb5a764e-c4ef-42df-a710-7adf902093b5 req-f71c5646-77b6-4371-9f15-fd1db2f7d280 tempest-AttachVolumeTestJSON-1380407074 tempest-AttachVolumeTestJSON-1380407074-project] Publish callbacks ['neutron.plugins.ml2.plugin.SecurityGroupServerNotifierRpcMixin._notify_sg_on_port_change-1517237', 'neutron.plugins.ml2.ovo_rpc._ObjectChangeHandler.handle_event-175248', 'neutron.api.rpc.agentnotifiers.dhcp_rpc_agent_api.DhcpAgentNotifyAPI._native_event_send_dhcp_notification-3644414', 'neutron.db.l3_dvrscheduler_db._notify_l3_agent_new_port-8760917466341'] for port (2654ad5c-5b7f-4e50-9144-07dc5b52768a), after_create {{(pid=110047) _notify_loop /usr/local/lib/python3.8/dist-packages/neutron_lib/callbacks/manager.py:176}}
Mar 04 15:49:07.222200 dv-cinder-831247-6-iscsi neutron-server[110046]: INFO neutron.wsgi [None req-577dc703-c19f-4b79-870d-7dfc2c6ecca2 admin admin] 10.222.0.21 "GET /v2.0/security-groups?tenant_id=f8740d7526514cdcb403216017567535&name=default HTTP/1.1" status: 200 len: 2996 time: 0.4159858
Mar 04 15:49:07.222935 dv-cinder-831247-6-iscsi neutron-server[110046]: DEBUG neutron.api.rpc.handlers.resources_rpc [None req-577dc703-c19f-4b79-870d-7dfc2c6ecca2 admin admin] Pushing event updated for resources: {'SecurityGroup': ['ID=9134a76d-cc92-4dfe-aab6-b804b7657cc8,revision_number=1']} {{(pid=110046) push /opt/stack/neutron/neutron/api/rpc/handlers/resources_rpc.py:237}}
Mar 04 15:49:07.224599 dv-cinder-831247-6-iscsi neutron-server[110047]: INFO neutron.wsgi [req-f3db9d00-ce0d-406b-ba1e-02801748b4bd req-72d5a6e3-c7a9-4b7f-81bd-c782c6325e87 tempest-DeleteServersTestJSON-1669619862 tempest-DeleteServersTestJSON-1669619862-project] 10.222.0.21 "GET /v2.0/security-groups?id=617d05ec-516b-49f1-9fe7-1ab5027513f3&fields=id&fields=name HTTP/1.1" status: 200 len: 286 time: 0.1217716
Mar 04 15:49:07.233228 dv-cinder-831247-6-iscsi neutron-server[110046]: DEBUG neutron.wsgi [-] (110046) accepted ('10.222.0.21', 58430) {{(pid=110046) server /usr/local/lib/python3.8/dist-packages/eventlet/wsgi.py:1004}}
Mar 04 15:49:07.267727 dv-cinder-831247-6-iscsi neutron-server[110048]: DEBUG neutron.plugins.ml2.rpc [None req-bdad0ff1-87ba-40ae-9b7e-9fc6026162ce None None] Device ac47d5b5-1240-4d1c-9a8c-61df344f4ce3 up at agent ovs-agent-dv-cinder-831247-6-iscsi {{(pid=110048) update_device_up /opt/stack/neutron/neutron/plugins/ml2/rpc.py:296}}
Mar 04 15:49:07.322129 dv-cinder-831247-6-iscsi neutron-server[110047]: INFO neutron.wsgi [req-1530afdc-d1d8-4112-9ad4-3430a21697f5 req-34bcb41e-bf42-4cc4-8784-04b21f4bd341 tempest-AttachVolumeNegativeTest-1958181199 tempest-AttachVolumeNegativeTest-1958181199-project] 10.222.0.21 "GET /v2.0/ports?device_id=dc24e3af-3126-4801-9a95-1d2f38e94a97 HTTP/1.1" status: 200 len: 210 time: 0.1512871
Mar 04 15:49:07.353116 dv-cinder-831247-6-iscsi neutron-server[110048]: DEBUG neutron.db.provisioning_blocks [None req-bdad0ff1-87ba-40ae-9b7e-9fc6026162ce None None] Provisioning complete for port ac47d5b5-1240-4d1c-9a8c-61df344f4ce3 triggered by entity L2. {{(pid=110048) provisioning_complete /opt/stack/neutron/neutron/db/provisioning_blocks.py:140}}
Mar 04 15:49:07.353766 dv-cinder-831247-6-iscsi neutron-server[110048]: DEBUG neutron_lib.callbacks.manager [None req-bdad0ff1-87ba-40ae-9b7e-9fc6026162ce None None] Publish callbacks ['neutron.plugins.ml2.plugin.Ml2Plugin._port_provisioned-1477245'] for port (ac47d5b5-1240-4d1c-9a8c-61df344f4ce3), provisioning_complete {{(pid=110048) _notify_loop /usr/local/lib/python3.8/dist-packages/neutron_lib/callbacks/manager.py:176}}
Mar 04 15:49:07.354050 dv-cinder-831247-6-iscsi neutron-server[110046]: DEBUG neutron.pecan_wsgi.hooks.policy_enforcement [req-416679c0-e443-48e3-9086-fe5e36252f2a req-6cbad505-96d4-4e79-870b-c254fea3018c service neutron] Attributes excluded by policy engine: ['standard_attr_id', 'vlan_transparent'] {{(pid=110046) _exclude_attributes_by_policy /opt/stack/neutron/neutron/pecan_wsgi/hooks/policy_enforcement.py:255}}
Mar 04 15:49:07.362598 dv-cinder-831247-6-iscsi neutron-server[110046]: INFO neutron.wsgi [req-416679c0-e443-48e3-9086-fe5e36252f2a req-6cbad505-96d4-4e79-870b-c254fea3018c service neutron] 10.222.0.16 "GET /v2.0/networks?id=6206ca5c-164a-41ee-84c0-fa3a99274b97 HTTP/1.1" status: 200 len: 919 time: 0.3478410
Mar 04 15:49:07.382713 dv-cinder-831247-6-iscsi neutron-server[110047]: DEBUG neutron.api.rpc.handlers.resources_rpc [None req-f71c5646-77b6-4371-9f15-fd1db2f7d280 tempest-AttachVolumeTestJSON-1380407074 tempest-AttachVolumeTestJSON-1380407074-project] Pushing event updated for resources: {'Port': ['ID=2654ad5c-5b7f-4e50-9144-07dc5b52768a,revision_number=1']} {{(pid=110047) push /opt/stack/neutron/neutron/api/rpc/handlers/resources_rpc.py:237}}
Mar 04 15:49:07.397694 dv-cinder-831247-6-iscsi neutron-server[110047]: DEBUG neutron.scheduler.dhcp_agent_scheduler [req-cb5a764e-c4ef-42df-a710-7adf902093b5 req-f71c5646-77b6-4371-9f15-fd1db2f7d280 tempest-AttachVolumeTestJSON-1380407074 tempest-AttachVolumeTestJSON-1380407074-project] Network 664d9ce4-64a8-42ab-a840-72b89fe0b9c8 is already hosted by enough agents. {{(pid=110047) _get_dhcp_agents_hosting_network /opt/stack/neutron/neutron/scheduler/dhcp_agent_scheduler.py:275}}
Mar 04 15:49:07.397694 dv-cinder-831247-6-iscsi neutron-server[110047]: DEBUG neutron.scheduler.base_scheduler [req-cb5a764e-c4ef-42df-a710-7adf902093b5 req-f71c5646-77b6-4371-9f15-fd1db2f7d280 tempest-AttachVolumeTestJSON-1380407074 tempest-AttachVolumeTestJSON-1380407074-project] Resources bound (agent type, host, resource id): {{(pid=110047) schedule /opt/stack/neutron/neutron/scheduler/base_scheduler.py:57}}
Mar 04 15:49:07.399864 dv-cinder-831247-6-iscsi neutron-server[110047]: DEBUG neutron.db.l3_dvrscheduler_db [req-cb5a764e-c4ef-42df-a710-7adf902093b5 req-f71c5646-77b6-4371-9f15-fd1db2f7d280 tempest-AttachVolumeTestJSON-1380407074 tempest-AttachVolumeTestJSON-1380407074-project] Received port after_create {{(pid=110047) _notify_l3_agent_new_port /opt/stack/neutron/neutron/db/l3_dvrscheduler_db.py:536}}
Mar 04 15:49:07.405643 dv-cinder-831247-6-iscsi neutron-server[110047]: DEBUG neutron.pecan_wsgi.hooks.policy_enforcement [req-cb5a764e-c4ef-42df-a710-7adf902093b5 req-f71c5646-77b6-4371-9f15-fd1db2f7d280 tempest-AttachVolumeTestJSON-1380407074 tempest-AttachVolumeTestJSON-1380407074-project] Attributes excluded by policy engine: ['standard_attr_id', 'binding:profile', 'binding:host_id', 'binding:vif_type', 'binding:vif_details', 'network'] {{(pid=110047) _exclude_attributes_by_policy /opt/stack/neutron/neutron/pecan_wsgi/hooks/policy_enforcement.py:255}}
Mar 04 15:49:07.406288 dv-cinder-831247-6-iscsi neutron-server[110047]: DEBUG neutron_lib.callbacks.manager [req-cb5a764e-c4ef-42df-a710-7adf902093b5 req-f71c5646-77b6-4371-9f15-fd1db2f7d280 tempest-AttachVolumeTestJSON-1380407074 tempest-AttachVolumeTestJSON-1380407074-project] Publish callbacks ['neutron.notifiers.nova.Notifier._send_nova_notification-208146', 'neutron.api.rpc.agentnotifiers.dhcp_rpc_agent_api.DhcpAgentNotifyAPI._send_dhcp_notification-3644392'] for port (None), before_response {{(pid=110047) _notify_loop /usr/local/lib/python3.8/dist-packages/neutron_lib/callbacks/manager.py:176}}
Mar 04 15:49:07.536166 dv-cinder-831247-6-iscsi neutron-server[110048]: DEBUG neutron.plugins.ml2.plugin [None req-bdad0ff1-87ba-40ae-9b7e-9fc6026162ce None None] Current status of the port ac47d5b5-1240-4d1c-9a8c-61df344f4ce3 is: ACTIVE; New status is: ACTIVE {{(pid=110048) _update_individual_port_db_status /opt/stack/neutron/neutron/plugins/ml2/plugin.py:2232}}
Mar 04 15:49:07.539619 dv-cinder-831247-6-iscsi neutron-server[110047]: DEBUG neutron.pecan_wsgi.hooks.policy_enforcement [req-671c80a6-14ce-4db4-974d-4d8c5621461f req-04a754ce-9d8a-4b24-a388-52eccc4101cb tempest-AttachVolumeTestJSON-1380407074 tempest-AttachVolumeTestJSON-1380407074-project] Attributes excluded by policy engine: ['standard_attr_id', 'binding:profile', 'binding:host_id', 'binding:vif_type', 'binding:vif_details'] {{(pid=110047) _exclude_attributes_by_policy /opt/stack/neutron/neutron/pecan_wsgi/hooks/policy_enforcement.py:255}}
Mar 04 15:49:07.554775 dv-cinder-831247-6-iscsi neutron-server[110047]: INFO neutron.wsgi [req-671c80a6-14ce-4db4-974d-4d8c5621461f req-04a754ce-9d8a-4b24-a388-52eccc4101cb tempest-AttachVolumeTestJSON-1380407074 tempest-AttachVolumeTestJSON-1380407074-project] 10.222.0.21 "GET /v2.0/ports?device_id=e8fe359e-81f8-4909-8574-717006296e39 HTTP/1.1" status: 200 len: 931 time: 0.1046004
Mar 04 15:49:07.568900 dv-cinder-831247-6-iscsi neutron-server[110047]: INFO neutron.wsgi [req-cb5a764e-c4ef-42df-a710-7adf902093b5 req-f71c5646-77b6-4371-9f15-fd1db2f7d280 tempest-AttachVolumeTestJSON-1380407074 tempest-AttachVolumeTestJSON-1380407074-project] 10.222.0.16 "POST /v2.0/ports HTTP/1.1" status: 201 len: 933 time: 1.4351499
Mar 04 15:49:07.571162 dv-cinder-831247-6-iscsi neutron-server[110046]: DEBUG neutron.db.db_base_plugin_common [req-6a5c5be9-a235-424d-b9ff-de7373b45c94 req-84e79669-d828-47cf-82cd-cdf9872b05ab tempest-ServerRescueNegativeTestJSON-1354993436 tempest-ServerRescueNegativeTestJSON-1354993436-project] Allocated IP 172.20.0.7 (6206ca5c-164a-41ee-84c0-fa3a99274b97/001e52a1-1c62-4bd1-8274-ff7726060e72/bbd6ef26-1123-4c92-ab71-e0cbea9c436a) {{(pid=110046) _store_ip_allocation /opt/stack/neutron/neutron/db/db_base_plugin_common.py:131}}
Mar 04 15:49:07.588881 dv-cinder-831247-6-iscsi neutron-server[110047]: DEBUG neutron.api.v2.base [req-cb5a764e-c4ef-42df-a710-7adf902093b5 req-7f5c96e3-2c28-4a27-8f55-0c6ec5661dee service neutron] Request body: {'port': {'device_id': 'e8fe359e-81f8-4909-8574-717006296e39', 'device_owner': 'compute:nova', 'binding:host_id': 'hv-cinder-83124'}} {{(pid=110047) prepare_request_body /opt/stack/neutron/neutron/api/v2/base.py:729}}
Mar 04 15:49:07.600328 dv-cinder-831247-6-iscsi neutron-server[110046]: INFO neutron.wsgi [req-416679c0-e443-48e3-9086-fe5e36252f2a req-a9f67ddb-89db-46f8-a3ee-27dc9f7ecf14 service neutron] 10.222.0.16 "GET /v2.0/floatingips?fixed_ip_address=172.20.0.8&port_id=efb7fa62-73bc-4d83-8be4-598c1eb6119c HTTP/1.1" status: 200 len: 217 time: 0.2173378
Mar 04 15:49:07.693212 dv-cinder-831247-6-iscsi neutron-server[110047]: INFO neutron.wsgi [req-7a756dfa-f11d-434c-bfca-59a25e7651b5 req-0d863ab3-63c8-4c34-a18f-2feea8f97440 tempest-ServerRescueNegativeTestJSON-1354993436 tempest-ServerRescueNegativeTestJSON-1354993436-project] 10.222.0.21 "GET /v2.0/ports?device_id=5a3e7b49-d263-44c4-95cf-40d1f9c26e42 HTTP/1.1" status: 200 len: 210 time: 0.0390756
