Sep 09 16:32:27.012021 dv-cinder-831247-27-smb neutron-server[106246]: DEBUG neutron.pecan_wsgi.hooks.policy_enforcement [req-d8788017-bacb-44c2-a96d-2e10a71f64ca req-69624ad3-dcad-4222-9dbe-e49fadb04123 tempest-DeleteServersTestJSON-1786135516 tempest-DeleteServersTestJSON-1786135516-project] Attributes excluded by policy engine: ['standard_attr_id', 'binding:profile', 'binding:host_id', 'binding:vif_type', 'binding:vif_details'] {{(pid=106246) _exclude_attributes_by_policy /opt/stack/neutron/neutron/pecan_wsgi/hooks/policy_enforcement.py:259}}
Sep 09 16:32:27.015638 dv-cinder-831247-27-smb neutron-server[106246]: INFO neutron.wsgi [req-d8788017-bacb-44c2-a96d-2e10a71f64ca req-69624ad3-dcad-4222-9dbe-e49fadb04123 tempest-DeleteServersTestJSON-1786135516 tempest-DeleteServersTestJSON-1786135516-project] 10.222.0.27 "GET /networking/v2.0/ports?device_id=d05f0f70-70e0-45f7-89d2-e31454017ded HTTP/1.1" status: 200 len: 943 time: 0.0987036
Sep 09 16:32:27.024527 dv-cinder-831247-27-smb neutron-server[106245]: DEBUG neutron.pecan_wsgi.hooks.policy_enforcement [req-cf075fc0-15e9-471f-8158-6e74f4845579 req-865d1e58-2ba4-46f6-b6b3-8dfa5a4453c2 service neutron] Attributes excluded by policy engine: ['standard_attr_id'] {{(pid=106245) _exclude_attributes_by_policy /opt/stack/neutron/neutron/pecan_wsgi/hooks/policy_enforcement.py:259}}
Sep 09 16:32:27.026156 dv-cinder-831247-27-smb neutron-server[106245]: INFO neutron.wsgi [req-cf075fc0-15e9-471f-8158-6e74f4845579 req-865d1e58-2ba4-46f6-b6b3-8dfa5a4453c2 service neutron] 10.222.0.20 "GET /networking/v2.0/ports?network_id=d8c9c67c-2ba1-404a-bd44-4f8518b9b66d&device_owner=network%3Adhcp HTTP/1.1" status: 200 len: 1211 time: 0.0884595
Sep 09 16:32:27.042922 dv-cinder-831247-27-smb neutron-server[106246]: DEBUG neutron.pecan_wsgi.hooks.policy_enforcement [req-1b6efe5f-93d8-4c7b-a3ff-d7793902fe34 req-47e57344-3eb4-478b-b2bb-66d2edf2b50f service neutron] Attributes excluded by policy engine: ['standard_attr_id', 'vlan_transparent'] {{(pid=106246) _exclude_attributes_by_policy /opt/stack/neutron/neutron/pecan_wsgi/hooks/policy_enforcement.py:259}}
Sep 09 16:32:27.044577 dv-cinder-831247-27-smb neutron-server[106246]: INFO neutron.wsgi [req-1b6efe5f-93d8-4c7b-a3ff-d7793902fe34 req-47e57344-3eb4-478b-b2bb-66d2edf2b50f service neutron] 10.222.0.20 "GET /networking/v2.0/networks?id=d8c9c67c-2ba1-404a-bd44-4f8518b9b66d HTTP/1.1" status: 200 len: 919 time: 0.2090375
Sep 09 16:32:27.062525 dv-cinder-831247-27-smb neutron-server[106245]: DEBUG neutron.pecan_wsgi.hooks.policy_enforcement [req-38c06ae7-0302-4fe1-837a-4028495d5998 req-3b93c0f9-ced7-4a4a-ab4f-ad2c05b334fb tempest-AttachVolumeTestJSON-1246473008 tempest-AttachVolumeTestJSON-1246473008-project] Attributes excluded by policy engine: ['standard_attr_id', 'vlan_transparent', 'provider:network_type', 'provider:physical_network', 'provider:segmentation_id'] {{(pid=106245) _exclude_attributes_by_policy /opt/stack/neutron/neutron/pecan_wsgi/hooks/policy_enforcement.py:259}}
Sep 09 16:32:27.063962 dv-cinder-831247-27-smb neutron-server[106245]: INFO neutron.wsgi [req-38c06ae7-0302-4fe1-837a-4028495d5998 req-3b93c0f9-ced7-4a4a-ab4f-ad2c05b334fb tempest-AttachVolumeTestJSON-1246473008 tempest-AttachVolumeTestJSON-1246473008-project] 10.222.0.20 "GET /networking/v2.0/networks?id=473851ed-d58c-458c-b342-8a1fc0305366 HTTP/1.1" status: 200 len: 810 time: 0.3597600
Sep 09 16:32:27.095148 dv-cinder-831247-27-smb neutron-server[106246]: INFO neutron.wsgi [req-d8788017-bacb-44c2-a96d-2e10a71f64ca req-385d023d-02f2-4f76-b737-2b89584f7146 tempest-DeleteServersTestJSON-1786135516 tempest-DeleteServersTestJSON-1786135516-project] 10.222.0.27 "GET /networking/v2.0/security-groups?id=045e0f77-0ac9-4910-9bc2-48a6a5ce4455&fields=id&fields=name HTTP/1.1" status: 200 len: 286 time: 0.0700123
Sep 09 16:32:27.145655 dv-cinder-831247-27-smb neutron-server[106246]: INFO neutron.wsgi [req-1b6efe5f-93d8-4c7b-a3ff-d7793902fe34 req-d7b1064c-ed5f-4763-be1b-6be6e0b0308a service neutron] 10.222.0.20 "GET /networking/v2.0/floatingips?fixed_ip_address=172.20.0.9&port_id=18462e7a-87f7-4244-98e4-b7de29ca03e3 HTTP/1.1" status: 200 len: 217 time: 0.0453830
Sep 09 16:32:27.198296 dv-cinder-831247-27-smb neutron-server[106246]: DEBUG neutron.pecan_wsgi.hooks.policy_enforcement [req-1b6efe5f-93d8-4c7b-a3ff-d7793902fe34 req-74ee5f2a-067c-44b1-96e8-86c4d2ca8037 service neutron] Attributes excluded by policy engine: ['standard_attr_id', 'shared'] {{(pid=106246) _exclude_attributes_by_policy /opt/stack/neutron/neutron/pecan_wsgi/hooks/policy_enforcement.py:259}}
Sep 09 16:32:27.199842 dv-cinder-831247-27-smb neutron-server[106246]: INFO neutron.wsgi [req-1b6efe5f-93d8-4c7b-a3ff-d7793902fe34 req-74ee5f2a-067c-44b1-96e8-86c4d2ca8037 service neutron] 10.222.0.20 "GET /networking/v2.0/subnets?id=b659a1b6-9c2f-4bc5-87bc-f84b36731463 HTTP/1.1" status: 200 len: 857 time: 0.0488944
Sep 09 16:32:27.262828 dv-cinder-831247-27-smb neutron-server[106246]: DEBUG neutron.pecan_wsgi.hooks.policy_enforcement [req-1b6efe5f-93d8-4c7b-a3ff-d7793902fe34 req-fd857953-b1d9-4040-b883-b2ba47851700 service neutron] Attributes excluded by policy engine: ['standard_attr_id'] {{(pid=106246) _exclude_attributes_by_policy /opt/stack/neutron/neutron/pecan_wsgi/hooks/policy_enforcement.py:259}}
Sep 09 16:32:27.264864 dv-cinder-831247-27-smb neutron-server[106246]: INFO neutron.wsgi [req-1b6efe5f-93d8-4c7b-a3ff-d7793902fe34 req-fd857953-b1d9-4040-b883-b2ba47851700 service neutron] 10.222.0.20 "GET /networking/v2.0/ports?network_id=d8c9c67c-2ba1-404a-bd44-4f8518b9b66d&device_owner=network%3Adhcp HTTP/1.1" status: 200 len: 1211 time: 0.0588131
Sep 09 16:32:27.276545 dv-cinder-831247-27-smb neutron-server[106245]: INFO neutron.wsgi [req-38c06ae7-0302-4fe1-837a-4028495d5998 req-7813f877-5b4e-47d7-9edd-1e09cb34cf0f tempest-AttachVolumeTestJSON-1246473008 tempest-AttachVolumeTestJSON-1246473008-project] 10.222.0.20 "GET /networking/v2.0/security-groups?fields=id&fields=name&tenant_id=3a0f1f8ef18546cc958d4ce96d7a0cc2 HTTP/1.1" status: 200 len: 380 time: 0.1666296
Sep 09 16:32:27.290423 dv-cinder-831247-27-smb neutron-server[106245]: DEBUG neutron.api.v2.base [req-38c06ae7-0302-4fe1-837a-4028495d5998 req-314fbae0-6768-4427-8c33-ae3da6f8fe4d tempest-AttachVolumeTestJSON-1246473008 tempest-AttachVolumeTestJSON-1246473008-project] Request body: {'port': {'device_id': 'aeda8e19-602a-451b-9e70-dbdf9d49d4f2', 'network_id': '473851ed-d58c-458c-b342-8a1fc0305366', 'admin_state_up': True, 'tenant_id': '3a0f1f8ef18546cc958d4ce96d7a0cc2', 'security_groups': ['dbcaf873-7fe6-4c36-b2d9-76af2462fb53']}} {{(pid=106245) prepare_request_body /opt/stack/neutron/neutron/api/v2/base.py:730}}
Sep 09 16:32:27.313053 dv-cinder-831247-27-smb neutron-server[106245]: INFO neutron.wsgi [req-cf075fc0-15e9-471f-8158-6e74f4845579 req-f07cc50e-6144-4db7-a0bb-1315a0c0283c service neutron] 10.222.0.20 "GET /networking/v2.0/networks/d8c9c67c-2ba1-404a-bd44-4f8518b9b66d?fields=segments HTTP/1.1" status: 200 len: 212 time: 0.2042902
Sep 09 16:32:27.401994 dv-cinder-831247-27-smb neutron-server[106246]: DEBUG neutron.pecan_wsgi.hooks.policy_enforcement [req-a0cd2fc8-3490-4271-adac-1a5a13025141 req-dcc96b8c-5f08-4cc4-b5d1-16275a72c86b tempest-ServerRescueNegativeTestJSON-331090598 tempest-ServerRescueNegativeTestJSON-331090598-project] Attributes excluded by policy engine: ['standard_attr_id', 'binding:profile', 'binding:host_id', 'binding:vif_type', 'binding:vif_details'] {{(pid=106246) _exclude_attributes_by_policy /opt/stack/neutron/neutron/pecan_wsgi/hooks/policy_enforcement.py:259}}
Sep 09 16:32:27.403444 dv-cinder-831247-27-smb neutron-server[106246]: INFO neutron.wsgi [req-a0cd2fc8-3490-4271-adac-1a5a13025141 req-dcc96b8c-5f08-4cc4-b5d1-16275a72c86b tempest-ServerRescueNegativeTestJSON-331090598 tempest-ServerRescueNegativeTestJSON-331090598-project] 10.222.0.27 "GET /networking/v2.0/ports?device_id=f499e8cf-9ba3-43b1-a99a-f7c04da7d6c1 HTTP/1.1" status: 200 len: 943 time: 0.0680442
Sep 09 16:32:27.416355 dv-cinder-831247-27-smb neutron-server[106245]: DEBUG neutron.pecan_wsgi.hooks.quota_enforcement [req-38c06ae7-0302-4fe1-837a-4028495d5998 req-314fbae0-6768-4427-8c33-ae3da6f8fe4d tempest-AttachVolumeTestJSON-1246473008 tempest-AttachVolumeTestJSON-1246473008-project] Made reservation on behalf of 3a0f1f8ef18546cc958d4ce96d7a0cc2 for: {'port': 1} {{(pid=106245) before /opt/stack/neutron/neutron/pecan_wsgi/hooks/quota_enforcement.py:53}}
Sep 09 16:32:27.420544 dv-cinder-831247-27-smb neutron-server[106245]: DEBUG neutron_lib.callbacks.manager [req-38c06ae7-0302-4fe1-837a-4028495d5998 req-314fbae0-6768-4427-8c33-ae3da6f8fe4d tempest-AttachVolumeTestJSON-1246473008 tempest-AttachVolumeTestJSON-1246473008-project] Publish callbacks ['neutron.plugins.ml2.plugin.SecurityGroupDbMixin._ensure_default_security_group_handler-32954930'] for port (None), before_create {{(pid=106245) _notify_loop /usr/local/lib/python3.8/dist-packages/neutron_lib/callbacks/manager.py:176}}
Sep 09 16:32:27.433288 dv-cinder-831247-27-smb neutron-server[106246]: INFO neutron.wsgi [req-1b6efe5f-93d8-4c7b-a3ff-d7793902fe34 req-c02af9a0-ab0a-47d3-8f13-119e74c63dce service neutron] 10.222.0.20 "GET /networking/v2.0/networks/d8c9c67c-2ba1-404a-bd44-4f8518b9b66d?fields=segments HTTP/1.1" status: 200 len: 212 time: 0.1613412
Sep 09 16:32:27.466978 dv-cinder-831247-27-smb neutron-server[106246]: INFO neutron.wsgi [req-a0cd2fc8-3490-4271-adac-1a5a13025141 req-e8017531-dc38-4a0d-9894-c3444523b331 tempest-ServerRescueNegativeTestJSON-331090598 tempest-ServerRescueNegativeTestJSON-331090598-project] 10.222.0.27 "GET /networking/v2.0/security-groups?id=ecf4fec7-7f56-4c27-84ff-3488518b62d7&fields=id&fields=name HTTP/1.1" status: 200 len: 286 time: 0.0575461
Sep 09 16:32:27.616881 dv-cinder-831247-27-smb neutron-server[106245]: INFO neutron.wsgi [req-cf075fc0-15e9-471f-8158-6e74f4845579 req-6ccae4e4-dc79-4e56-ae06-88c0bf8a6945 service neutron] 10.222.0.20 "GET /networking/v2.0/networks/d8c9c67c-2ba1-404a-bd44-4f8518b9b66d?fields=provider%3Aphysical_network&fields=provider%3Anetwork_type HTTP/1.1" status: 200 len: 281 time: 0.0987809
Sep 09 16:32:27.750717 dv-cinder-831247-27-smb neutron-server[106245]: DEBUG neutron.db.db_base_plugin_common [req-38c06ae7-0302-4fe1-837a-4028495d5998 req-314fbae0-6768-4427-8c33-ae3da6f8fe4d tempest-AttachVolumeTestJSON-1246473008 tempest-AttachVolumeTestJSON-1246473008-project] Allocated IP 172.20.0.6 (473851ed-d58c-458c-b342-8a1fc0305366/938ffa71-ee01-4cbe-a404-d5e89e2cf5f0/ca84de4a-9a35-4412-8d94-1df833f4dddb) {{(pid=106245) _store_ip_allocation /opt/stack/neutron/neutron/db/db_base_plugin_common.py:131}}
Sep 09 16:32:27.816290 dv-cinder-831247-27-smb neutron-server[106245]: DEBUG neutron.pecan_wsgi.hooks.policy_enforcement [req-fc1f6a0e-1c72-4d6a-84f7-b4d56a103e2a req-31c8aa41-527c-4e1b-8dfb-d8c020933a96 tempest-AttachVolumeShelveTestJSON-1987437141 tempest-AttachVolumeShelveTestJSON-1987437141-project] Attributes excluded by policy engine: ['standard_attr_id', 'vlan_transparent', 'provider:network_type', 'provider:physical_network', 'provider:segmentation_id'] {{(pid=106245) _exclude_attributes_by_policy /opt/stack/neutron/neutron/pecan_wsgi/hooks/policy_enforcement.py:259}}
Sep 09 16:32:27.817766 dv-cinder-831247-27-smb neutron-server[106245]: INFO neutron.wsgi [req-fc1f6a0e-1c72-4d6a-84f7-b4d56a103e2a req-31c8aa41-527c-4e1b-8dfb-d8c020933a96 tempest-AttachVolumeShelveTestJSON-1987437141 tempest-AttachVolumeShelveTestJSON-1987437141-project] 10.222.0.20 "GET /networking/v2.0/networks?id=600b0750-edb8-4cb4-a9e4-f1dadeacaa8a HTTP/1.1" status: 200 len: 817 time: 0.1741760
Sep 09 16:32:27.857321 dv-cinder-831247-27-smb neutron-server[106246]: INFO neutron.wsgi [req-3eef0f1f-4ee1-4bfb-8dfd-68a6a7d7cced req-cc94bb3a-fe4a-4888-aa4b-4969918b40a0 tempest-AttachVolumeShelveTestJSON-1987437141 tempest-AttachVolumeShelveTestJSON-1987437141-project] 10.222.0.27 "GET /networking/v2.0/ports?device_id=3369678e-1803-49cd-913d-0e4a14715023 HTTP/1.1" status: 200 len: 210 time: 0.0407221
Sep 09 16:32:27.907340 dv-cinder-831247-27-smb neutron-server[106245]: DEBUG dbcounter [-] [106245] Writing DB stats neutron:SELECT=92,neutron:INSERT=6,neutron:UPDATE=2 {{(pid=106245) stat_writer /usr/local/lib/python3.8/dist-packages/dbcounter.py:114}}
Sep 09 16:32:27.917672 dv-cinder-831247-27-smb neutron-server[106246]: INFO neutron.wsgi [req-1b6efe5f-93d8-4c7b-a3ff-d7793902fe34 req-2492183e-df57-4fac-a85f-9186829f3684 service neutron] 10.222.0.20 "GET /networking/v2.0/networks/d8c9c67c-2ba1-404a-bd44-4f8518b9b66d?fields=provider%3Aphysical_network&fields=provider%3Anetwork_type HTTP/1.1" status: 200 len: 281 time: 0.4041090
Sep 09 16:32:27.954999 dv-cinder-831247-27-smb neutron-server[106245]: DEBUG dbcounter [-] [106245] Writing DB stats neutron:SELECT=96,neutron:UPDATE=2,neutron:INSERT=2 {{(pid=106245) stat_writer /usr/local/lib/python3.8/dist-packages/dbcounter.py:114}}
Sep 09 16:32:27.972998 dv-cinder-831247-27-smb neutron-server[106245]: DEBUG neutron_lib.callbacks.manager [req-38c06ae7-0302-4fe1-837a-4028495d5998 req-314fbae0-6768-4427-8c33-ae3da6f8fe4d tempest-AttachVolumeTestJSON-1246473008 tempest-AttachVolumeTestJSON-1246473008-project] Publish callbacks [] for port (ca84de4a-9a35-4412-8d94-1df833f4dddb), precommit_create {{(pid=106245) _notify_loop /usr/local/lib/python3.8/dist-packages/neutron_lib/callbacks/manager.py:176}}
Sep 09 16:32:28.030554 dv-cinder-831247-27-smb neutron-server[106245]: DEBUG neutron_lib.callbacks.manager [req-38c06ae7-0302-4fe1-837a-4028495d5998 req-314fbae0-6768-4427-8c33-ae3da6f8fe4d tempest-AttachVolumeTestJSON-1246473008 tempest-AttachVolumeTestJSON-1246473008-project] Publish callbacks ['neutron.plugins.ml2.plugin.SecurityGroupServerNotifierRpcMixin._notify_sg_on_port_change-32954995', 'neutron.plugins.ml2.ovo_rpc._ObjectChangeHandler.handle_event-420662', 'neutron.api.rpc.agentnotifiers.dhcp_rpc_agent_api.DhcpAgentNotifyAPI._native_event_send_dhcp_notification-1593889', 'neutron.db.l3_dvrscheduler_db._notify_l3_agent_new_port-8774432483476'] for port (ca84de4a-9a35-4412-8d94-1df833f4dddb), after_create {{(pid=106245) _notify_loop /usr/local/lib/python3.8/dist-packages/neutron_lib/callbacks/manager.py:176}}
Sep 09 16:32:28.085714 dv-cinder-831247-27-smb neutron-server[106245]: DEBUG neutron.scheduler.dhcp_agent_scheduler [req-38c06ae7-0302-4fe1-837a-4028495d5998 req-314fbae0-6768-4427-8c33-ae3da6f8fe4d tempest-AttachVolumeTestJSON-1246473008 tempest-AttachVolumeTestJSON-1246473008-project] Network 473851ed-d58c-458c-b342-8a1fc0305366 is already hosted by enough agents. {{(pid=106245) _get_dhcp_agents_hosting_network /opt/stack/neutron/neutron/scheduler/dhcp_agent_scheduler.py:275}}
Sep 09 16:32:28.089510 dv-cinder-831247-27-smb neutron-server[106245]: DEBUG neutron.scheduler.base_scheduler [req-38c06ae7-0302-4fe1-837a-4028495d5998 req-314fbae0-6768-4427-8c33-ae3da6f8fe4d tempest-AttachVolumeTestJSON-1246473008 tempest-AttachVolumeTestJSON-1246473008-project] Resources bound (agent type, host, resource id): {{(pid=106245) schedule /opt/stack/neutron/neutron/scheduler/base_scheduler.py:57}}
Sep 09 16:32:28.097638 dv-cinder-831247-27-smb neutron-server[106245]: DEBUG neutron.api.rpc.handlers.resources_rpc [None req-314fbae0-6768-4427-8c33-ae3da6f8fe4d tempest-AttachVolumeTestJSON-1246473008 tempest-AttachVolumeTestJSON-1246473008-project] Pushing event updated for resources: {'Port': ['ID=ca84de4a-9a35-4412-8d94-1df833f4dddb,revision_number=1']} {{(pid=106245) push /opt/stack/neutron/neutron/api/rpc/handlers/resources_rpc.py:237}}
Sep 09 16:32:28.101150 dv-cinder-831247-27-smb neutron-server[106245]: DEBUG neutron.db.l3_dvrscheduler_db [req-38c06ae7-0302-4fe1-837a-4028495d5998 req-314fbae0-6768-4427-8c33-ae3da6f8fe4d tempest-AttachVolumeTestJSON-1246473008 tempest-AttachVolumeTestJSON-1246473008-project] Received port after_create {{(pid=106245) _notify_l3_agent_new_port /opt/stack/neutron/neutron/db/l3_dvrscheduler_db.py:538}}
Sep 09 16:32:28.106167 dv-cinder-831247-27-smb neutron-server[106245]: DEBUG neutron.pecan_wsgi.hooks.policy_enforcement [req-38c06ae7-0302-4fe1-837a-4028495d5998 req-314fbae0-6768-4427-8c33-ae3da6f8fe4d tempest-AttachVolumeTestJSON-1246473008 tempest-AttachVolumeTestJSON-1246473008-project] Attributes excluded by policy engine: ['standard_attr_id', 'binding:profile', 'binding:host_id', 'binding:vif_type', 'binding:vif_details', 'network'] {{(pid=106245) _exclude_attributes_by_policy /opt/stack/neutron/neutron/pecan_wsgi/hooks/policy_enforcement.py:259}}
Sep 09 16:32:28.106852 dv-cinder-831247-27-smb neutron-server[106245]: DEBUG neutron_lib.callbacks.manager [req-38c06ae7-0302-4fe1-837a-4028495d5998 req-314fbae0-6768-4427-8c33-ae3da6f8fe4d tempest-AttachVolumeTestJSON-1246473008 tempest-AttachVolumeTestJSON-1246473008-project] Publish callbacks ['neutron.notifiers.nova.Notifier._send_nova_notification-428478', 'neutron.api.rpc.agentnotifiers.dhcp_rpc_agent_api.DhcpAgentNotifyAPI._send_dhcp_notification-1593907'] for port (None), before_response {{(pid=106245) _notify_loop /usr/local/lib/python3.8/dist-packages/neutron_lib/callbacks/manager.py:176}}
Sep 09 16:32:28.137676 dv-cinder-831247-27-smb neutron-server[106245]: INFO neutron.wsgi [req-38c06ae7-0302-4fe1-837a-4028495d5998 req-314fbae0-6768-4427-8c33-ae3da6f8fe4d tempest-AttachVolumeTestJSON-1246473008 tempest-AttachVolumeTestJSON-1246473008-project] 10.222.0.20 "POST /networking/v2.0/ports HTTP/1.1" status: 201 len: 933 time: 0.8535888
Sep 09 16:32:28.143887 dv-cinder-831247-27-smb neutron-server[106246]: DEBUG neutron.pecan_wsgi.hooks.policy_enforcement [req-760d71db-b5b1-4932-b3e8-6fe66d46612f req-39b040ce-6ea8-4bf0-a0c4-8995afef953b tempest-AttachVolumeTestJSON-1246473008 tempest-AttachVolumeTestJSON-1246473008-project] Attributes excluded by policy engine: ['standard_attr_id', 'binding:profile', 'binding:host_id', 'binding:vif_type', 'binding:vif_details'] {{(pid=106246) _exclude_attributes_by_policy /opt/stack/neutron/neutron/pecan_wsgi/hooks/policy_enforcement.py:259}}
Sep 09 16:32:28.146364 dv-cinder-831247-27-smb neutron-server[106246]: INFO neutron.wsgi [req-760d71db-b5b1-4932-b3e8-6fe66d46612f req-39b040ce-6ea8-4bf0-a0c4-8995afef953b tempest-AttachVolumeTestJSON-1246473008 tempest-AttachVolumeTestJSON-1246473008-project] 10.222.0.27 "GET /networking/v2.0/ports?device_id=aeda8e19-602a-451b-9e70-dbdf9d49d4f2 HTTP/1.1" status: 200 len: 931 time: 0.0873837
Sep 09 16:32:28.264909 dv-cinder-831247-27-smb neutron-server[106246]: INFO neutron.wsgi [req-760d71db-b5b1-4932-b3e8-6fe66d46612f req-261ee897-0acb-4a36-96fb-cc94a8469560 tempest-AttachVolumeTestJSON-1246473008 tempest-AttachVolumeTestJSON-1246473008-project] 10.222.0.27 "GET /networking/v2.0/security-groups?id=dbcaf873-7fe6-4c36-b2d9-76af2462fb53&fields=id&fields=name HTTP/1.1" status: 200 len: 313 time: 0.1116145
Sep 09 16:32:28.283541 dv-cinder-831247-27-smb neutron-server[106246]: DEBUG neutron.pecan_wsgi.hooks.policy_enforcement [req-ae726185-34cc-46e4-b62b-6c95f4827378 req-5c19fe07-84e6-4f7b-b345-0098ca1f7480 tempest-DeleteServersTestJSON-1786135516 tempest-DeleteServersTestJSON-1786135516-project] Attributes excluded by policy engine: ['standard_attr_id', 'binding:profile', 'binding:host_id', 'binding:vif_type', 'binding:vif_details'] {{(pid=106246) _exclude_attributes_by_policy /opt/stack/neutron/neutron/pecan_wsgi/hooks/policy_enforcement.py:259}}
Sep 09 16:32:28.285428 dv-cinder-831247-27-smb neutron-server[106246]: INFO neutron.wsgi [req-ae726185-34cc-46e4-b62b-6c95f4827378 req-5c19fe07-84e6-4f7b-b345-0098ca1f7480 tempest-DeleteServersTestJSON-1786135516 tempest-DeleteServersTestJSON-1786135516-project] 10.222.0.27 "GET /networking/v2.0/ports?device_id=d05f0f70-70e0-45f7-89d2-e31454017ded HTTP/1.1" status: 200 len: 943 time: 0.0853274
Sep 09 16:32:28.383885 dv-cinder-831247-27-smb neutron-server[106245]: DEBUG neutron.api.v2.base [req-38c06ae7-0302-4fe1-837a-4028495d5998 req-98bea936-eccb-447d-86f0-dc9621cba64f service neutron] Request body: {'port': {'device_id': 'aeda8e19-602a-451b-9e70-dbdf9d49d4f2', 'device_owner': 'compute:nova', 'binding:host_id': 'hv-cinder-83124'}} {{(pid=106245) prepare_request_body /opt/stack/neutron/neutron/api/v2/base.py:730}}
Sep 09 16:32:28.412652 dv-cinder-831247-27-smb neutron-server[106246]: INFO neutron.wsgi [req-ae726185-34cc-46e4-b62b-6c95f4827378 req-6ed31f72-e94a-414b-b2cd-bafd3fc7d4c4 tempest-DeleteServersTestJSON-1786135516 tempest-DeleteServersTestJSON-1786135516-project] 10.222.0.27 "GET /networking/v2.0/security-groups?id=045e0f77-0ac9-4910-9bc2-48a6a5ce4455&fields=id&fields=name HTTP/1.1" status: 200 len: 286 time: 0.1043246
Sep 09 16:32:28.485410 dv-cinder-831247-27-smb neutron-server[106246]: DEBUG dbcounter [-] [106246] Writing DB stats neutron:SELECT=100 {{(pid=106246) stat_writer /usr/local/lib/python3.8/dist-packages/dbcounter.py:114}}
Sep 09 16:32:28.487210 dv-cinder-831247-27-smb neutron-server[106246]: DEBUG neutron.pecan_wsgi.hooks.policy_enforcement [req-ccf152d4-e989-489f-9a19-206480d085e1 req-ad6bd526-fe97-4dac-a889-0890610a6d43 service neutron] Attributes excluded by policy engine: ['standard_attr_id'] {{(pid=106246) _exclude_attributes_by_policy /opt/stack/neutron/neutron/pecan_wsgi/hooks/policy_enforcement.py:259}}
Sep 09 16:32:28.489368 dv-cinder-831247-27-smb neutron-server[106246]: INFO neutron.wsgi [req-ccf152d4-e989-489f-9a19-206480d085e1 req-ad6bd526-fe97-4dac-a889-0890610a6d43 service neutron] 10.222.0.20 "GET /networking/v2.0/ports?tenant_id=67f04562cdbc4a5a9fc822e383c5de6a&device_id=f499e8cf-9ba3-43b1-a99a-f7c04da7d6c1 HTTP/1.1" status: 200 len: 1127 time: 0.0739822
Sep 09 16:32:28.531932 dv-cinder-831247-27-smb neutron-server[106247]: DEBUG neutron.db.provisioning_blocks [None req-b3560714-1882-4fe2-96b2-d5f6114e667e None None] Provisioning complete for port ca84de4a-9a35-4412-8d94-1df833f4dddb triggered by entity DHCP. {{(pid=106247) provisioning_complete /opt/stack/neutron/neutron/db/provisioning_blocks.py:144}}
Sep 09 16:32:28.532481 dv-cinder-831247-27-smb neutron-server[106247]: DEBUG neutron_lib.callbacks.manager [None req-b3560714-1882-4fe2-96b2-d5f6114e667e None None] Publish callbacks ['neutron.plugins.ml2.plugin.Ml2Plugin._port_provisioned-32830850'] for port (ca84de4a-9a35-4412-8d94-1df833f4dddb), provisioning_complete {{(pid=106247) _notify_loop /usr/local/lib/python3.8/dist-packages/neutron_lib/callbacks/manager.py:176}}
Sep 09 16:32:28.572537 dv-cinder-831247-27-smb neutron-server[106245]: DEBUG neutron_lib.callbacks.manager [req-38c06ae7-0302-4fe1-837a-4028495d5998 req-98bea936-eccb-447d-86f0-dc9621cba64f service neutron] Publish callbacks ['neutron.plugins.ml2.plugin.SecurityGroupDbMixin._ensure_default_security_group_handler-32954930'] for port (ca84de4a-9a35-4412-8d94-1df833f4dddb), before_update {{(pid=106245) _notify_loop /usr/local/lib/python3.8/dist-packages/neutron_lib/callbacks/manager.py:176}}
Sep 09 16:32:28.593774 dv-cinder-831247-27-smb neutron-server[106247]: DEBUG neutron.plugins.ml2.rpc [None req-7cded32a-fe13-424c-a908-2c93a72cb7da None None] Device db4d00a7-3356-4309-ae59-076d8328c97c details requested by agent hyperv_hv-cinder-83124 with host hv-cinder-83124 {{(pid=106247) get_device_details /opt/stack/neutron/neutron/plugins/ml2/rpc.py:102}}
Sep 09 16:32:28.605186 dv-cinder-831247-27-smb neutron-server[106245]: INFO neutron.wsgi [req-fc1f6a0e-1c72-4d6a-84f7-b4d56a103e2a req-f6d46086-49d9-424a-baf1-d3180268ffac tempest-AttachVolumeShelveTestJSON-1987437141 tempest-AttachVolumeShelveTestJSON-1987437141-project] 10.222.0.20 "GET /networking/v2.0/security-groups?fields=id&fields=name&tenant_id=cd7e1e9657704ce29893a94c0fe7bb7f HTTP/1.1" status: 200 len: 380 time: 0.2256420
Sep 09 16:32:28.630130 dv-cinder-831247-27-smb neutron-server[106245]: DEBUG neutron.api.v2.base [req-fc1f6a0e-1c72-4d6a-84f7-b4d56a103e2a req-b56e2661-141e-4549-970c-e046c20e2e08 tempest-AttachVolumeShelveTestJSON-1987437141 tempest-AttachVolumeShelveTestJSON-1987437141-project] Request body: {'port': {'device_id': '3369678e-1803-49cd-913d-0e4a14715023', 'network_id': '600b0750-edb8-4cb4-a9e4-f1dadeacaa8a', 'admin_state_up': True, 'tenant_id': 'cd7e1e9657704ce29893a94c0fe7bb7f', 'security_groups': ['d5f077d3-11d5-449a-8a16-a37957b24270']}} {{(pid=106245) prepare_request_body /opt/stack/neutron/neutron/api/v2/base.py:730}}
Sep 09 16:32:28.642537 dv-cinder-831247-27-smb neutron-server[106246]: DEBUG neutron.pecan_wsgi.hooks.policy_enforcement [req-ccf152d4-e989-489f-9a19-206480d085e1 req-4ebc7c8f-57a6-4e75-9bf4-c2185720e503 service neutron] Attributes excluded by policy engine: ['standard_attr_id', 'vlan_transparent'] {{(pid=106246) _exclude_attributes_by_policy /opt/stack/neutron/neutron/pecan_wsgi/hooks/policy_enforcement.py:259}}
Sep 09 16:32:28.644490 dv-cinder-831247-27-smb neutron-server[106246]: INFO neutron.wsgi [req-ccf152d4-e989-489f-9a19-206480d085e1 req-4ebc7c8f-57a6-4e75-9bf4-c2185720e503 service neutron] 10.222.0.20 "GET /networking/v2.0/networks?id=d8c9c67c-2ba1-404a-bd44-4f8518b9b66d HTTP/1.1" status: 200 len: 919 time: 0.1487539
Sep 09 16:32:28.728491 dv-cinder-831247-27-smb neutron-server[106247]: DEBUG neutron.plugins.ml2.plugin [None req-b3560714-1882-4fe2-96b2-d5f6114e667e None None] Port ca84de4a-9a35-4412-8d94-1df833f4dddb cannot update to ACTIVE because it is not bound. {{(pid=106247) _port_provisioned /opt/stack/neutron/neutron/plugins/ml2/plugin.py:348}}
Sep 09 16:32:28.768293 dv-cinder-831247-27-smb neutron-server[106246]: INFO neutron.wsgi [req-ccf152d4-e989-489f-9a19-206480d085e1 req-b5f0a5e2-a9b3-4e17-b2a5-7d4ae4bbf351 service neutron] 10.222.0.20 "GET /networking/v2.0/floatingips?fixed_ip_address=172.20.0.3&port_id=a1aba338-d38f-4848-88ad-fc3705061ef6 HTTP/1.1" status: 200 len: 217 time: 0.1041524
Sep 09 16:32:28.777477 dv-cinder-831247-27-smb neutron-server[106247]: DEBUG neutron.plugins.ml2.db [None req-7cded32a-fe13-424c-a908-2c93a72cb7da None None] For port db4d00a7-3356-4309-ae59-076d8328c97c, host hv-cinder-83124, got binding levels [PortBindingLevel(driver='hyperv',host='hv-cinder-83124',level=0,port_id=db4d00a7-3356-4309-ae59-076d8328c97c,segment=NetworkSegment(6fd0e559-3b89-4462-b5bb-a180fcd64b98),segment_id=6fd0e559-3b89-4462-b5bb-a180fcd64b98)] {{(pid=106247) get_binding_level_objs /opt/stack/neutron/neutron/plugins/ml2/db.py:74}}
Sep 09 16:32:28.794776 dv-cinder-831247-27-smb neutron-server[106247]: DEBUG neutron.plugins.ml2.rpc [None req-7cded32a-fe13-424c-a908-2c93a72cb7da None None] Returning: {'device': 'db4d00a7-3356-4309-ae59-076d8328c97c', 'network_id': '4066691b-5e9f-427b-97a0-30abcd3e6bf5', 'port_id': 'db4d00a7-3356-4309-ae59-076d8328c97c', 'mac_address': 'fa:16:3e:41:52:d0', 'admin_state_up': True, 'network_type': 'vlan', 'segmentation_id': 191, 'physical_network': 'physnet1', 'mtu': 1500, 'fixed_ips': [{'subnet_id': 'c8c91213-3bbb-4dfe-a71f-2ff982b5a34c', 'ip_address': '172.20.0.7'}], 'device_owner': 'compute:nova', 'allowed_address_pairs': [], 'port_security_enabled': True, 'qos_policy_id': None, 'qos_network_policy_id': None, 'profile': {}, 'propagate_uplink_status': False} {{(pid=106247) _get_device_details /opt/stack/neutron/neutron/plugins/ml2/rpc.py:184}}
Sep 09 16:32:28.843191 dv-cinder-831247-27-smb neutron-server[106247]: DEBUG neutron.plugins.ml2.plugin [None req-7cded32a-fe13-424c-a908-2c93a72cb7da None None] Current status of the port db4d00a7-3356-4309-ae59-076d8328c97c is: DOWN; New status is: BUILD {{(pid=106247) _update_individual_port_db_status /opt/stack/neutron/neutron/plugins/ml2/plugin.py:2302}}
Sep 09 16:32:28.843890 dv-cinder-831247-27-smb neutron-server[106247]: DEBUG neutron_lib.callbacks.manager [None req-7cded32a-fe13-424c-a908-2c93a72cb7da None None] Publish callbacks ['neutron.plugins.ml2.plugin.SecurityGroupDbMixin._ensure_default_security_group_handler-32954930'] for port (db4d00a7-3356-4309-ae59-076d8328c97c), before_update {{(pid=106247) _notify_loop /usr/local/lib/python3.8/dist-packages/neutron_lib/callbacks/manager.py:176}}
Sep 09 16:32:28.860393 dv-cinder-831247-27-smb neutron-server[106246]: DEBUG neutron.pecan_wsgi.hooks.policy_enforcement [req-1d4a76e7-81ba-43f9-ae7f-575be5612c98 req-a947c23c-c248-43e3-a20c-3ea2f8b4641b tempest-ServerRescueNegativeTestJSON-331090598 tempest-ServerRescueNegativeTestJSON-331090598-project] Attributes excluded by policy engine: ['standard_attr_id', 'binding:profile', 'binding:host_id', 'binding:vif_type', 'binding:vif_details'] {{(pid=106246) _exclude_attributes_by_policy /opt/stack/neutron/neutron/pecan_wsgi/hooks/policy_enforcement.py:259}}
Sep 09 16:32:28.864769 dv-cinder-831247-27-smb neutron-server[106246]: INFO neutron.wsgi [req-1d4a76e7-81ba-43f9-ae7f-575be5612c98 req-a947c23c-c248-43e3-a20c-3ea2f8b4641b tempest-ServerRescueNegativeTestJSON-331090598 tempest-ServerRescueNegativeTestJSON-331090598-project] 10.222.0.27 "GET /networking/v2.0/ports?device_id=f499e8cf-9ba3-43b1-a99a-f7c04da7d6c1 HTTP/1.1" status: 200 len: 943 time: 0.2163570
Sep 09 16:32:28.868408 dv-cinder-831247-27-smb neutron-server[106246]: DEBUG neutron.pecan_wsgi.hooks.policy_enforcement [req-ccf152d4-e989-489f-9a19-206480d085e1 req-6f5225aa-f7fb-41d1-b9d3-b42bec8647d7 service neutron] Attributes excluded by policy engine: ['standard_attr_id', 'shared'] {{(pid=106246) _exclude_attributes_by_policy /opt/stack/neutron/neutron/pecan_wsgi/hooks/policy_enforcement.py:259}}
Sep 09 16:32:28.870105 dv-cinder-831247-27-smb neutron-server[106246]: INFO neutron.wsgi [req-ccf152d4-e989-489f-9a19-206480d085e1 req-6f5225aa-f7fb-41d1-b9d3-b42bec8647d7 service neutron] 10.222.0.20 "GET /networking/v2.0/subnets?id=b659a1b6-9c2f-4bc5-87bc-f84b36731463 HTTP/1.1" status: 200 len: 857 time: 0.0812087
Sep 09 16:32:28.882339 dv-cinder-831247-27-smb neutron-server[106247]: DEBUG neutron.notifiers.nova [None req-7cded32a-fe13-424c-a908-2c93a72cb7da None None] Ignoring state change previous_port_status: DOWN current_port_status: BUILD port_id db4d00a7-3356-4309-ae59-076d8328c97c {{(pid=106247) record_port_status_changed /opt/stack/neutron/neutron/notifiers/nova.py:235}}
Sep 09 16:32:28.899563 dv-cinder-831247-27-smb neutron-server[106246]: DEBUG dbcounter [-] [106246] Writing DB stats neutron:SELECT=100 {{(pid=106246) stat_writer /usr/local/lib/python3.8/dist-packages/dbcounter.py:114}}
Sep 09 16:32:28.949951 dv-cinder-831247-27-smb neutron-server[106245]: DEBUG neutron.pecan_wsgi.hooks.quota_enforcement [req-fc1f6a0e-1c72-4d6a-84f7-b4d56a103e2a req-b56e2661-141e-4549-970c-e046c20e2e08 tempest-AttachVolumeShelveTestJSON-1987437141 tempest-AttachVolumeShelveTestJSON-1987437141-project] Made reservation on behalf of cd7e1e9657704ce29893a94c0fe7bb7f for: {'port': 1} {{(pid=106245) before /opt/stack/neutron/neutron/pecan_wsgi/hooks/quota_enforcement.py:53}}
Sep 09 16:32:28.952759 dv-cinder-831247-27-smb neutron-server[106246]: DEBUG neutron.pecan_wsgi.hooks.policy_enforcement [req-ccf152d4-e989-489f-9a19-206480d085e1 req-3477c5e6-189f-4bec-81fe-580d1a473657 service neutron] Attributes excluded by policy engine: ['standard_attr_id'] {{(pid=106246) _exclude_attributes_by_policy /opt/stack/neutron/neutron/pecan_wsgi/hooks/policy_enforcement.py:259}}
Sep 09 16:32:28.954265 dv-cinder-831247-27-smb neutron-server[106246]: INFO neutron.wsgi [req-ccf152d4-e989-489f-9a19-206480d085e1 req-3477c5e6-189f-4bec-81fe-580d1a473657 service neutron] 10.222.0.20 "GET /networking/v2.0/ports?network_id=d8c9c67c-2ba1-404a-bd44-4f8518b9b66d&device_owner=network%3Adhcp HTTP/1.1" status: 200 len: 1211 time: 0.0750625
Sep 09 16:32:28.954417 dv-cinder-831247-27-smb neutron-server[106247]: DEBUG neutron.plugins.ml2.db [None req-7cded32a-fe13-424c-a908-2c93a72cb7da None None] For port db4d00a7-3356-4309-ae59-076d8328c97c, host hv-cinder-83124, got binding levels [PortBindingLevel(driver='hyperv',host='hv-cinder-83124',level=0,port_id=db4d00a7-3356-4309-ae59-076d8328c97c,segment=NetworkSegment(6fd0e559-3b89-4462-b5bb-a180fcd64b98),segment_id=6fd0e559-3b89-4462-b5bb-a180fcd64b98)] {{(pid=106247) get_binding_level_objs /opt/stack/neutron/neutron/plugins/ml2/db.py:74}}
Sep 09 16:32:28.961273 dv-cinder-831247-27-smb neutron-server[106245]: DEBUG neutron_lib.callbacks.manager [req-fc1f6a0e-1c72-4d6a-84f7-b4d56a103e2a req-b56e2661-141e-4549-970c-e046c20e2e08 tempest-AttachVolumeShelveTestJSON-1987437141 tempest-AttachVolumeShelveTestJSON-1987437141-project] Publish callbacks ['neutron.plugins.ml2.plugin.SecurityGroupDbMixin._ensure_default_security_group_handler-32954930'] for port (None), before_create {{(pid=106245) _notify_loop /usr/local/lib/python3.8/dist-packages/neutron_lib/callbacks/manager.py:176}}
Sep 09 16:32:28.964195 dv-cinder-831247-27-smb neutron-server[106246]: INFO neutron.wsgi [req-1d4a76e7-81ba-43f9-ae7f-575be5612c98 req-91c3288a-ef45-438a-9b25-04128d049926 tempest-ServerRescueNegativeTestJSON-331090598 tempest-ServerRescueNegativeTestJSON-331090598-project] 10.222.0.27 "GET /networking/v2.0/security-groups?id=ecf4fec7-7f56-4c27-84ff-3488518b62d7&fields=id&fields=name HTTP/1.1" status: 200 len: 286 time: 0.0927076
Sep 09 16:32:28.965141 dv-cinder-831247-27-smb neutron-server[106247]: DEBUG neutron_lib.callbacks.manager [None req-7cded32a-fe13-424c-a908-2c93a72cb7da None None] Publish callbacks ['neutron.plugins.ml2.plugin.SecurityGroupServerNotifierRpcMixin._notify_sg_on_port_change-32954995', 'neutron.plugins.ml2.ovo_rpc._ObjectChangeHandler.handle_event-420662', 'neutron.api.rpc.agentnotifiers.dhcp_rpc_agent_api.DhcpAgentNotifyAPI._native_event_send_dhcp_notification-1593889', 'neutron.db.l3_db.L3RpcNotifierMixin._notify_gateway_port_ip_changed-8774432944002', 'neutron.db.l3_dvrscheduler_db._notify_l3_agent_port_update-8774432483494', 'neutron.db.l3_hascheduler_db._notify_l3_agent_ha_port_update-8774432483512'] for port (db4d00a7-3356-4309-ae59-076d8328c97c), after_update {{(pid=106247) _notify_loop /usr/local/lib/python3.8/dist-packages/neutron_lib/callbacks/manager.py:176}}
Sep 09 16:32:28.966174 dv-cinder-831247-27-smb neutron-server[106247]: DEBUG neutron.plugins.ml2.rpc [None req-7cded32a-fe13-424c-a908-2c93a72cb7da None None] Device 18462e7a-87f7-4244-98e4-b7de29ca03e3 details requested by agent hyperv_hv-cinder-83124 with host hv-cinder-83124 {{(pid=106247) get_device_details /opt/stack/neutron/neutron/plugins/ml2/rpc.py:102}}
Sep 09 16:32:29.077839 dv-cinder-831247-27-smb neutron-server[106246]: INFO neutron.wsgi [req-ccf152d4-e989-489f-9a19-206480d085e1 req-f383366d-9d4b-49d7-afe7-b289fc8d6a54 service neutron] 10.222.0.20 "GET /networking/v2.0/networks/d8c9c67c-2ba1-404a-bd44-4f8518b9b66d?fields=segments HTTP/1.1" status: 200 len: 212 time: 0.1125913
Sep 09 16:32:29.108977 dv-cinder-831247-27-smb neutron-server[106247]: DEBUG neutron.api.rpc.handlers.resources_rpc [None req-7cded32a-fe13-424c-a908-2c93a72cb7da None None] Pushing event updated for resources: {'Port': ['ID=db4d00a7-3356-4309-ae59-076d8328c97c,revision_number=4']} {{(pid=106247) push /opt/stack/neutron/neutron/api/rpc/handlers/resources_rpc.py:237}}
Sep 09 16:32:29.140945 dv-cinder-831247-27-smb neutron-server[106246]: INFO neutron.wsgi [req-30592c98-b995-4a7e-9f98-f844f20c9f37 req-131706b5-38b0-4189-84b2-52c985beec34 tempest-AttachVolumeShelveTestJSON-1987437141 tempest-AttachVolumeShelveTestJSON-1987437141-project] 10.222.0.27 "GET /networking/v2.0/ports?device_id=3369678e-1803-49cd-913d-0e4a14715023 HTTP/1.1" status: 200 len: 210 time: 0.0560114
Sep 09 16:32:29.171059 dv-cinder-831247-27-smb neutron-server[106247]: DEBUG neutron.plugins.ml2.db [None req-7cded32a-fe13-424c-a908-2c93a72cb7da None None] For port 18462e7a-87f7-4244-98e4-b7de29ca03e3, host hv-cinder-83124, got binding levels [PortBindingLevel(driver='hyperv',host='hv-cinder-83124',level=0,port_id=18462e7a-87f7-4244-98e4-b7de29ca03e3,segment=NetworkSegment(2400aa6e-3589-4ea7-b7ae-75aa5377e484),segment_id=2400aa6e-3589-4ea7-b7ae-75aa5377e484)] {{(pid=106247) get_binding_level_objs /opt/stack/neutron/neutron/plugins/ml2/db.py:74}}
Sep 09 16:32:29.183929 dv-cinder-831247-27-smb neutron-server[106247]: DEBUG neutron.plugins.ml2.rpc [None req-7cded32a-fe13-424c-a908-2c93a72cb7da None None] Returning: {'device': '18462e7a-87f7-4244-98e4-b7de29ca03e3', 'network_id': 'd8c9c67c-2ba1-404a-bd44-4f8518b9b66d', 'port_id': '18462e7a-87f7-4244-98e4-b7de29ca03e3', 'mac_address': 'fa:16:3e:52:09:62', 'admin_state_up': True, 'network_type': 'vlan', 'segmentation_id': 177, 'physical_network': 'physnet1', 'mtu': 1500, 'fixed_ips': [{'subnet_id': 'b659a1b6-9c2f-4bc5-87bc-f84b36731463', 'ip_address': '172.20.0.9'}], 'device_owner': 'compute:nova', 'allowed_address_pairs': [], 'port_security_enabled': True, 'qos_policy_id': None, 'qos_network_policy_id': None, 'profile': {}, 'propagate_uplink_status': False} {{(pid=106247) _get_device_details /opt/stack/neutron/neutron/plugins/ml2/rpc.py:184}}
Sep 09 16:32:29.265615 dv-cinder-831247-27-smb neutron-server[106246]: INFO neutron.wsgi [req-ccf152d4-e989-489f-9a19-206480d085e1 req-fc0cf791-5116-4a6f-a565-492d181521ca service neutron] 10.222.0.20 "GET /networking/v2.0/networks/d8c9c67c-2ba1-404a-bd44-4f8518b9b66d?fields=provider%3Aphysical_network&fields=provider%3Anetwork_type HTTP/1.1" status: 200 len: 281 time: 0.1739731
Sep 09 16:32:29.268072 dv-cinder-831247-27-smb neutron-server[106247]: DEBUG neutron.plugins.ml2.plugin [None req-7cded32a-fe13-424c-a908-2c93a72cb7da None None] Current status of the port 18462e7a-87f7-4244-98e4-b7de29ca03e3 is: DOWN; New status is: BUILD {{(pid=106247) _update_individual_port_db_status /opt/stack/neutron/neutron/plugins/ml2/plugin.py:2302}}
Sep 09 16:32:29.268706 dv-cinder-831247-27-smb neutron-server[106247]: DEBUG neutron_lib.callbacks.manager [None req-7cded32a-fe13-424c-a908-2c93a72cb7da None None] Publish callbacks ['neutron.plugins.ml2.plugin.SecurityGroupDbMixin._ensure_default_security_group_handler-32954930'] for port (18462e7a-87f7-4244-98e4-b7de29ca03e3), before_update {{(pid=106247) _notify_loop /usr/local/lib/python3.8/dist-packages/neutron_lib/callbacks/manager.py:176}}
Sep 09 16:32:29.287653 dv-cinder-831247-27-smb neutron-server[106247]: DEBUG neutron.notifiers.nova [None req-7cded32a-fe13-424c-a908-2c93a72cb7da None None] Ignoring state change previous_port_status: DOWN current_port_status: BUILD port_id 18462e7a-87f7-4244-98e4-b7de29ca03e3 {{(pid=106247) record_port_status_changed /opt/stack/neutron/neutron/notifiers/nova.py:235}}
Sep 09 16:32:29.300098 dv-cinder-831247-27-smb neutron-server[106245]: DEBUG neutron.db.db_base_plugin_common [req-fc1f6a0e-1c72-4d6a-84f7-b4d56a103e2a req-b56e2661-141e-4549-970c-e046c20e2e08 tempest-AttachVolumeShelveTestJSON-1987437141 tempest-AttachVolumeShelveTestJSON-1987437141-project] Allocated IP 172.20.0.9 (600b0750-edb8-4cb4-a9e4-f1dadeacaa8a/644cf175-4da4-4d65-9021-7b63b2a8ee6a/6ec4f78e-284b-4fb1-9930-55d7b0c4acc3) {{(pid=106245) _store_ip_allocation /opt/stack/neutron/neutron/db/db_base_plugin_common.py:131}}
Sep 09 16:32:29.316352 dv-cinder-831247-27-smb neutron-server[106247]: DEBUG neutron.plugins.ml2.db [None req-7cded32a-fe13-424c-a908-2c93a72cb7da None None] For port 18462e7a-87f7-4244-98e4-b7de29ca03e3, host hv-cinder-83124, got binding levels [PortBindingLevel(driver='hyperv',host='hv-cinder-83124',level=0,port_id=18462e7a-87f7-4244-98e4-b7de29ca03e3,segment=NetworkSegment(2400aa6e-3589-4ea7-b7ae-75aa5377e484),segment_id=2400aa6e-3589-4ea7-b7ae-75aa5377e484)] {{(pid=106247) get_binding_level_objs /opt/stack/neutron/neutron/plugins/ml2/db.py:74}}
Sep 09 16:32:29.318269 dv-cinder-831247-27-smb neutron-server[106245]: DEBUG dbcounter [-] [106245] Writing DB stats neutron:SELECT=92,neutron:INSERT=3,neutron:DELETE=1,neutron:UPDATE=4 {{(pid=106245) stat_writer /usr/local/lib/python3.8/dist-packages/dbcounter.py:114}}
Sep 09 16:32:29.321078 dv-cinder-831247-27-smb neutron-server[106247]: DEBUG neutron_lib.callbacks.manager [None req-7cded32a-fe13-424c-a908-2c93a72cb7da None None] Publish callbacks ['neutron.plugins.ml2.plugin.SecurityGroupServerNotifierRpcMixin._notify_sg_on_port_change-32954995', 'neutron.plugins.ml2.ovo_rpc._ObjectChangeHandler.handle_event-420662', 'neutron.api.rpc.agentnotifiers.dhcp_rpc_agent_api.DhcpAgentNotifyAPI._native_event_send_dhcp_notification-1593889', 'neutron.db.l3_db.L3RpcNotifierMixin._notify_gateway_port_ip_changed-8774432944002', 'neutron.db.l3_dvrscheduler_db._notify_l3_agent_port_update-8774432483494', 'neutron.db.l3_hascheduler_db._notify_l3_agent_ha_port_update-8774432483512'] for port (18462e7a-87f7-4244-98e4-b7de29ca03e3), after_update {{(pid=106247) _notify_loop /usr/local/lib/python3.8/dist-packages/neutron_lib/callbacks/manager.py:176}}
Sep 09 16:32:29.399188 dv-cinder-831247-27-smb neutron-server[106247]: DEBUG neutron.api.rpc.handlers.resources_rpc [None req-7cded32a-fe13-424c-a908-2c93a72cb7da None None] Pushing event updated for resources: {'Port': ['ID=18462e7a-87f7-4244-98e4-b7de29ca03e3,revision_number=4']} {{(pid=106247) push /opt/stack/neutron/neutron/api/rpc/handlers/resources_rpc.py:237}}
Sep 09 16:32:29.462426 dv-cinder-831247-27-smb neutron-server[106245]: DEBUG dbcounter [-] [106245] Writing DB stats neutron:SELECT=91,neutron:DELETE=1,neutron:UPDATE=3,neutron:INSERT=5 {{(pid=106245) stat_writer /usr/local/lib/python3.8/dist-packages/dbcounter.py:114}}
Sep 09 16:32:29.485716 dv-cinder-831247-27-smb neutron-server[106245]: DEBUG neutron.notifiers.nova [req-38c06ae7-0302-4fe1-837a-4028495d5998 req-98bea936-eccb-447d-86f0-dc9621cba64f service neutron] Ignoring state change previous_port_status: DOWN current_port_status: DOWN port_id ca84de4a-9a35-4412-8d94-1df833f4dddb {{(pid=106245) record_port_status_changed /opt/stack/neutron/neutron/notifiers/nova.py:235}}
Sep 09 16:32:29.506861 dv-cinder-831247-27-smb neutron-server[106246]: DEBUG neutron.pecan_wsgi.hooks.policy_enforcement [req-adc13d3c-cbe6-4c89-bf0a-7a24022a9276 req-f169a5a6-d76c-4ae2-a428-f47137f15a35 tempest-AttachVolumeTestJSON-1246473008 tempest-AttachVolumeTestJSON-1246473008-project] Attributes excluded by policy engine: ['standard_attr_id', 'binding:profile', 'binding:host_id', 'binding:vif_type', 'binding:vif_details'] {{(pid=106246) _exclude_attributes_by_policy /opt/stack/neutron/neutron/pecan_wsgi/hooks/policy_enforcement.py:259}}
Sep 09 16:32:29.513897 dv-cinder-831247-27-smb neutron-server[106246]: INFO neutron.wsgi [req-adc13d3c-cbe6-4c89-bf0a-7a24022a9276 req-f169a5a6-d76c-4ae2-a428-f47137f15a35 tempest-AttachVolumeTestJSON-1246473008 tempest-AttachVolumeTestJSON-1246473008-project] 10.222.0.27 "GET /networking/v2.0/ports?device_id=aeda8e19-602a-451b-9e70-dbdf9d49d4f2 HTTP/1.1" status: 200 len: 931 time: 0.0999327
Sep 09 16:32:29.514873 dv-cinder-831247-27-smb neutron-server[106245]: DEBUG neutron_lib.callbacks.manager [req-38c06ae7-0302-4fe1-837a-4028495d5998 req-98bea936-eccb-447d-86f0-dc9621cba64f service neutron] Publish callbacks [] for port (ca84de4a-9a35-4412-8d94-1df833f4dddb), precommit_update {{(pid=106245) _notify_loop /usr/local/lib/python3.8/dist-packages/neutron_lib/callbacks/manager.py:176}}
Sep 09 16:32:29.568736 dv-cinder-831247-27-smb neutron-server[106245]: DEBUG neutron.db.provisioning_blocks [req-38c06ae7-0302-4fe1-837a-4028495d5998 req-98bea936-eccb-447d-86f0-dc9621cba64f service neutron] Transition to ACTIVE for port object ca84de4a-9a35-4412-8d94-1df833f4dddb will not be triggered until provisioned by entity L2. {{(pid=106245) add_provisioning_component /opt/stack/neutron/neutron/db/provisioning_blocks.py:74}}
Sep 09 16:32:29.578716 dv-cinder-831247-27-smb neutron-server[106245]: DEBUG neutron_lib.callbacks.manager [req-38c06ae7-0302-4fe1-837a-4028495d5998 req-98bea936-eccb-447d-86f0-dc9621cba64f service neutron] Publish callbacks ['neutron.plugins.ml2.plugin.SecurityGroupServerNotifierRpcMixin._notify_sg_on_port_change-32954995', 'neutron.plugins.ml2.ovo_rpc._ObjectChangeHandler.handle_event-420662', 'neutron.api.rpc.agentnotifiers.dhcp_rpc_agent_api.DhcpAgentNotifyAPI._native_event_send_dhcp_notification-1593889', 'neutron.db.l3_db.L3RpcNotifierMixin._notify_gateway_port_ip_changed-8774432944002', 'neutron.db.l3_dvrscheduler_db._notify_l3_agent_port_update-8774432483494', 'neutron.db.l3_hascheduler_db._notify_l3_agent_ha_port_update-8774432483512'] for port (ca84de4a-9a35-4412-8d94-1df833f4dddb), after_update {{(pid=106245) _notify_loop /usr/local/lib/python3.8/dist-packages/neutron_lib/callbacks/manager.py:176}}
Sep 09 16:32:29.596528 dv-cinder-831247-27-smb neutron-server[106246]: DEBUG neutron.pecan_wsgi.hooks.policy_enforcement [req-1ec32c6e-2367-4057-acb0-aa8d40d9b859 req-18c31b74-5547-4e00-9053-36f57f7f9517 tempest-DeleteServersTestJSON-1786135516 tempest-DeleteServersTestJSON-1786135516-project] Attributes excluded by policy engine: ['standard_attr_id', 'binding:profile', 'binding:host_id', 'binding:vif_type', 'binding:vif_details'] {{(pid=106246) _exclude_attributes_by_policy /opt/stack/neutron/neutron/pecan_wsgi/hooks/policy_enforcement.py:259}}
Sep 09 16:32:29.598112 dv-cinder-831247-27-smb neutron-server[106246]: INFO neutron.wsgi [req-1ec32c6e-2367-4057-acb0-aa8d40d9b859 req-18c31b74-5547-4e00-9053-36f57f7f9517 tempest-DeleteServersTestJSON-1786135516 tempest-DeleteServersTestJSON-1786135516-project] 10.222.0.27 "GET /networking/v2.0/ports?device_id=d05f0f70-70e0-45f7-89d2-e31454017ded HTTP/1.1" status: 200 len: 944 time: 0.0669146
Sep 09 16:32:29.605909 dv-cinder-831247-27-smb neutron-server[106246]: INFO neutron.wsgi [req-adc13d3c-cbe6-4c89-bf0a-7a24022a9276 req-20b5f8e8-f7af-4fef-8cb9-bd0619bae5d0 tempest-AttachVolumeTestJSON-1246473008 tempest-AttachVolumeTestJSON-1246473008-project] 10.222.0.27 "GET /networking/v2.0/security-groups?id=dbcaf873-7fe6-4c36-b2d9-76af2462fb53&fields=id&fields=name HTTP/1.1" status: 200 len: 313 time: 0.0906620
Sep 09 16:32:29.647118 dv-cinder-831247-27-smb neutron-server[106245]: DEBUG neutron.api.rpc.handlers.resources_rpc [None req-98bea936-eccb-447d-86f0-dc9621cba64f service neutron] Pushing event updated for resources: {'Port': ['ID=ca84de4a-9a35-4412-8d94-1df833f4dddb,revision_number=2']} {{(pid=106245) push /opt/stack/neutron/neutron/api/rpc/handlers/resources_rpc.py:237}}
Sep 09 16:32:29.660608 dv-cinder-831247-27-smb neutron-server[106246]: INFO neutron.wsgi [req-1ec32c6e-2367-4057-acb0-aa8d40d9b859 req-6421a11d-b0b3-4f25-9e8a-860ac6f656ff tempest-DeleteServersTestJSON-1786135516 tempest-DeleteServersTestJSON-1786135516-project] 10.222.0.27 "GET /networking/v2.0/security-groups?id=045e0f77-0ac9-4910-9bc2-48a6a5ce4455&fields=id&fields=name HTTP/1.1" status: 200 len: 286 time: 0.0536318
Sep 09 16:32:29.690591 dv-cinder-831247-27-smb neutron-server[106245]: DEBUG neutron_lib.callbacks.manager [req-fc1f6a0e-1c72-4d6a-84f7-b4d56a103e2a req-b56e2661-141e-4549-970c-e046c20e2e08 tempest-AttachVolumeShelveTestJSON-1987437141 tempest-AttachVolumeShelveTestJSON-1987437141-project] Publish callbacks [] for port (6ec4f78e-284b-4fb1-9930-55d7b0c4acc3), precommit_create {{(pid=106245) _notify_loop /usr/local/lib/python3.8/dist-packages/neutron_lib/callbacks/manager.py:176}}
Sep 09 16:32:29.694681 dv-cinder-831247-27-smb neutron-server[106247]: DEBUG neutron.plugins.ml2.db [None req-7cded32a-fe13-424c-a908-2c93a72cb7da None None] get_ports_and_sgs() called for port_ids ['18462e7a-87f7-4244-98e4-b7de29ca03e3'] {{(pid=106247) get_ports_and_sgs /opt/stack/neutron/neutron/plugins/ml2/db.py:163}}
Sep 09 16:32:29.727535 dv-cinder-831247-27-smb neutron-server[106245]: DEBUG neutron.plugins.ml2.managers [req-38c06ae7-0302-4fe1-837a-4028495d5998 req-98bea936-eccb-447d-86f0-dc9621cba64f service neutron] Attempting to bind port ca84de4a-9a35-4412-8d94-1df833f4dddb on host hv-cinder-83124 for vnic_type normal with profile {{(pid=106245) bind_port /opt/stack/neutron/neutron/plugins/ml2/managers.py:810}}
Sep 09 16:32:29.727867 dv-cinder-831247-27-smb neutron-server[106245]: DEBUG neutron.plugins.ml2.managers [req-38c06ae7-0302-4fe1-837a-4028495d5998 req-98bea936-eccb-447d-86f0-dc9621cba64f service neutron] Attempting to bind port ca84de4a-9a35-4412-8d94-1df833f4dddb by drivers openvswitch,hyperv on host hv-cinder-83124 at level 0 using segments [{'id': 'f086c547-970c-4c50-92b4-7562221efdfd', 'network_type': 'vlan', 'physical_network': 'physnet1', 'segmentation_id': 184, 'network_id': '473851ed-d58c-458c-b342-8a1fc0305366'}] {{(pid=106245) _bind_port_level /opt/stack/neutron/neutron/plugins/ml2/managers.py:835}}
Sep 09 16:32:29.728195 dv-cinder-831247-27-smb neutron-server[106245]: DEBUG neutron.plugins.ml2.drivers.mech_agent [req-38c06ae7-0302-4fe1-837a-4028495d5998 req-98bea936-eccb-447d-86f0-dc9621cba64f service neutron] Attempting to bind port ca84de4a-9a35-4412-8d94-1df833f4dddb on network 473851ed-d58c-458c-b342-8a1fc0305366 {{(pid=106245) bind_port /opt/stack/neutron/neutron/plugins/ml2/drivers/mech_agent.py:91}}
Sep 09 16:32:29.842294 dv-cinder-831247-27-smb neutron-server[106247]: DEBUG neutron.plugins.ml2.db [None req-7cded32a-fe13-424c-a908-2c93a72cb7da None None] get_ports_and_sgs() called for port_ids ['db4d00a7-3356-4309-ae59-076d8328c97c'] {{(pid=106247) get_ports_and_sgs /opt/stack/neutron/neutron/plugins/ml2/db.py:163}}
Sep 09 16:32:29.913117 dv-cinder-831247-27-smb neutron-server[106247]: DEBUG dbcounter [-] [106247] Writing DB stats neutron:SELECT=99,neutron:UPDATE=1 {{(pid=106247) stat_writer /usr/local/lib/python3.8/dist-packages/dbcounter.py:114}}
Sep 09 16:32:29.927818 dv-cinder-831247-27-smb neutron-server[106247]: DEBUG dbcounter [-] [106247] Writing DB stats neutron:SELECT=96,neutron:UPDATE=4 {{(pid=106247) stat_writer /usr/local/lib/python3.8/dist-packages/dbcounter.py:114}}
