Sep 09 13:16:25.010349 dv-cinder-831247-26-smb devstack@c-api.service[113401]: INFO cinder.api.openstack.wsgi [None req-ca0c5b47-636a-41b6-a366-1179aadc1ed3 tempest-VolumeSnapshotQuotasNegativeTestJSON-1770454811 tempest-VolumeSnapshotQuotasNegativeTestJSON-1770454811-project] GET http://10.222.0.25/volume/v3/5d66a4718d0640afa3f07c13168f1121/volumes/b34e17d7-f76f-4e34-9cb8-dc8ae2c3df77
Sep 09 13:16:25.010349 dv-cinder-831247-26-smb devstack@c-api.service[113401]: DEBUG cinder.api.openstack.wsgi [None req-ca0c5b47-636a-41b6-a366-1179aadc1ed3 tempest-VolumeSnapshotQuotasNegativeTestJSON-1770454811 tempest-VolumeSnapshotQuotasNegativeTestJSON-1770454811-project] Empty body provided in request {{(pid=113401) get_body /opt/stack/cinder/cinder/api/openstack/wsgi.py:715}}
Sep 09 13:16:25.010349 dv-cinder-831247-26-smb devstack@c-api.service[113401]: DEBUG cinder.api.openstack.wsgi [None req-ca0c5b47-636a-41b6-a366-1179aadc1ed3 tempest-VolumeSnapshotQuotasNegativeTestJSON-1770454811 tempest-VolumeSnapshotQuotasNegativeTestJSON-1770454811-project] Calling method 'show' {{(pid=113401) _process_stack /opt/stack/cinder/cinder/api/openstack/wsgi.py:868}}
Sep 09 13:16:25.056694 dv-cinder-831247-26-smb devstack@c-api.service[113401]: INFO cinder.api.openstack.wsgi [None req-ca0c5b47-636a-41b6-a366-1179aadc1ed3 tempest-VolumeSnapshotQuotasNegativeTestJSON-1770454811 tempest-VolumeSnapshotQuotasNegativeTestJSON-1770454811-project] http://10.222.0.25/volume/v3/5d66a4718d0640afa3f07c13168f1121/volumes/b34e17d7-f76f-4e34-9cb8-dc8ae2c3df77 returned with HTTP 404
Sep 09 13:16:25.063349 dv-cinder-831247-26-smb devstack@c-api.service[113401]: [pid: 113401|app: 0|req: 186/347] 10.222.0.25 () {58 vars in 1325 bytes} [Fri Sep  9 13:16:24 2022] GET /volume/v3/5d66a4718d0640afa3f07c13168f1121/volumes/b34e17d7-f76f-4e34-9cb8-dc8ae2c3df77 => generated 109 bytes in 70 msecs (HTTP/1.1 404) 7 headers in 292 bytes (1 switches on core 0)
Sep 09 13:16:25.068014 dv-cinder-831247-26-smb devstack@c-api.service[113400]: DEBUG cinder.api.middleware.request_id [None req-40baf0bc-00ba-4fe2-bfdc-b2aee05592bb None None] RequestId filter calling following filter/app {{(pid=113400) _context_setter /opt/stack/cinder/cinder/api/middleware/request_id.py:62}}
Sep 09 13:16:25.076389 dv-cinder-831247-26-smb devstack@c-api.service[113400]: INFO cinder.api.openstack.wsgi [None req-40baf0bc-00ba-4fe2-bfdc-b2aee05592bb tempest-VolumeSnapshotQuotasNegativeTestJSON-610223075 tempest-VolumeSnapshotQuotasNegativeTestJSON-610223075-project-admin] PUT http://10.222.0.25/volume/v3/eb8f2fb1e4b244cfb61e045460434db0/os-quota-sets/5d66a4718d0640afa3f07c13168f1121
Sep 09 13:16:25.077002 dv-cinder-831247-26-smb devstack@c-api.service[113400]: DEBUG cinder.api.openstack.wsgi [None req-40baf0bc-00ba-4fe2-bfdc-b2aee05592bb tempest-VolumeSnapshotQuotasNegativeTestJSON-610223075 tempest-VolumeSnapshotQuotasNegativeTestJSON-610223075-project-admin] Action: 'update', calling method: update, body: {"quota_set": {"volumes": 10, "per_volume_gigabytes": -1, "snapshots": 10, "gigabytes": 1000, "backups": 10, "backup_gigabytes": 1000}} {{(pid=113400) _process_stack /opt/stack/cinder/cinder/api/openstack/wsgi.py:866}}
Sep 09 13:16:25.195950 dv-cinder-831247-26-smb devstack@c-api.service[113401]: DEBUG cinder.api.middleware.request_id [None req-321b7860-4881-4dff-848e-26e17e32d7e8 None None] RequestId filter calling following filter/app {{(pid=113401) _context_setter /opt/stack/cinder/cinder/api/middleware/request_id.py:62}}
Sep 09 13:16:25.203519 dv-cinder-831247-26-smb devstack@c-api.service[113401]: INFO cinder.api.openstack.wsgi [None req-321b7860-4881-4dff-848e-26e17e32d7e8 tempest-VolumeTypesTest-1431996716 tempest-VolumeTypesTest-1431996716-project] GET http://10.222.0.25/volume/v3/0a9fea9934f140b190262257389e062a/volumes/f084cc08-c4e2-42af-98e8-ce45b35f07e8
Sep 09 13:16:25.203974 dv-cinder-831247-26-smb devstack@c-api.service[113401]: DEBUG cinder.api.openstack.wsgi [None req-321b7860-4881-4dff-848e-26e17e32d7e8 tempest-VolumeTypesTest-1431996716 tempest-VolumeTypesTest-1431996716-project] Empty body provided in request {{(pid=113401) get_body /opt/stack/cinder/cinder/api/openstack/wsgi.py:715}}
Sep 09 13:16:25.205194 dv-cinder-831247-26-smb devstack@c-api.service[113401]: DEBUG cinder.api.openstack.wsgi [None req-321b7860-4881-4dff-848e-26e17e32d7e8 tempest-VolumeTypesTest-1431996716 tempest-VolumeTypesTest-1431996716-project] Calling method 'show' {{(pid=113401) _process_stack /opt/stack/cinder/cinder/api/openstack/wsgi.py:868}}
Sep 09 13:16:25.240482 dv-cinder-831247-26-smb devstack@c-api.service[113401]: INFO cinder.api.openstack.wsgi [None req-321b7860-4881-4dff-848e-26e17e32d7e8 tempest-VolumeTypesTest-1431996716 tempest-VolumeTypesTest-1431996716-project] http://10.222.0.25/volume/v3/0a9fea9934f140b190262257389e062a/volumes/f084cc08-c4e2-42af-98e8-ce45b35f07e8 returned with HTTP 404
Sep 09 13:16:25.249087 dv-cinder-831247-26-smb devstack@c-api.service[113401]: [pid: 113401|app: 0|req: 187/348] 10.222.0.25 () {58 vars in 1325 bytes} [Fri Sep  9 13:16:25 2022] GET /volume/v3/0a9fea9934f140b190262257389e062a/volumes/f084cc08-c4e2-42af-98e8-ce45b35f07e8 => generated 109 bytes in 54 msecs (HTTP/1.1 404) 7 headers in 292 bytes (1 switches on core 0)
Sep 09 13:16:25.250776 dv-cinder-831247-26-smb devstack@c-api.service[113401]: DEBUG cinder.api.middleware.request_id [None req-ddae81a1-ac79-4d4e-945a-247da1141118 None None] RequestId filter calling following filter/app {{(pid=113401) _context_setter /opt/stack/cinder/cinder/api/middleware/request_id.py:62}}
Sep 09 13:16:25.264250 dv-cinder-831247-26-smb devstack@c-api.service[113401]: INFO cinder.api.openstack.wsgi [None req-ddae81a1-ac79-4d4e-945a-247da1141118 tempest-VolumeTypesTest-23312550 tempest-VolumeTypesTest-23312550-project-admin] DELETE http://10.222.0.25/volume/v3/f900b1764e0c41288ac127f40b06bcdd/types/e77941a5-2b42-4048-8176-6806deb32e2a
Sep 09 13:16:25.264958 dv-cinder-831247-26-smb devstack@c-api.service[113401]: DEBUG cinder.api.openstack.wsgi [None req-ddae81a1-ac79-4d4e-945a-247da1141118 tempest-VolumeTypesTest-23312550 tempest-VolumeTypesTest-23312550-project-admin] Empty body provided in request {{(pid=113401) get_body /opt/stack/cinder/cinder/api/openstack/wsgi.py:715}}
Sep 09 13:16:25.265596 dv-cinder-831247-26-smb devstack@c-api.service[113401]: DEBUG cinder.api.openstack.wsgi [None req-ddae81a1-ac79-4d4e-945a-247da1141118 tempest-VolumeTypesTest-23312550 tempest-VolumeTypesTest-23312550-project-admin] Calling method '_delete' {{(pid=113401) _process_stack /opt/stack/cinder/cinder/api/openstack/wsgi.py:868}}
Sep 09 13:16:25.296032 dv-cinder-831247-26-smb devstack@c-api.service[113400]: DEBUG dbcounter [-] [113400] Writing DB stats cinder:SELECT=86,cinder:UPDATE=14 {{(pid=113400) stat_writer /usr/local/lib/python3.8/dist-packages/dbcounter.py:114}}
Sep 09 13:16:25.392226 dv-cinder-831247-26-smb devstack@c-api.service[113401]: INFO cinder.api.openstack.wsgi [None req-ddae81a1-ac79-4d4e-945a-247da1141118 tempest-VolumeTypesTest-23312550 tempest-VolumeTypesTest-23312550-project-admin] http://10.222.0.25/volume/v3/f900b1764e0c41288ac127f40b06bcdd/types/e77941a5-2b42-4048-8176-6806deb32e2a returned with HTTP 202
Sep 09 13:16:25.393598 dv-cinder-831247-26-smb devstack@c-api.service[113401]: [pid: 113401|app: 0|req: 188/349] 10.222.0.25 () {58 vars in 1322 bytes} [Fri Sep  9 13:16:25 2022] DELETE /volume/v3/f900b1764e0c41288ac127f40b06bcdd/types/e77941a5-2b42-4048-8176-6806deb32e2a => generated 0 bytes in 143 msecs (HTTP/1.1 202) 6 headers in 233 bytes (1 switches on core 0)
Sep 09 13:16:25.400200 dv-cinder-831247-26-smb devstack@c-api.service[113401]: DEBUG cinder.api.middleware.request_id [None req-3433c00e-be6c-4510-b1de-a5985396cbdd None None] RequestId filter calling following filter/app {{(pid=113401) _context_setter /opt/stack/cinder/cinder/api/middleware/request_id.py:62}}
Sep 09 13:16:25.410767 dv-cinder-831247-26-smb devstack@c-api.service[113401]: INFO cinder.api.openstack.wsgi [None req-3433c00e-be6c-4510-b1de-a5985396cbdd tempest-VolumeTypesTest-23312550 tempest-VolumeTypesTest-23312550-project-admin] GET http://10.222.0.25/volume/v3/f900b1764e0c41288ac127f40b06bcdd/types/e77941a5-2b42-4048-8176-6806deb32e2a
Sep 09 13:16:25.415102 dv-cinder-831247-26-smb devstack@c-api.service[113401]: DEBUG cinder.api.openstack.wsgi [None req-3433c00e-be6c-4510-b1de-a5985396cbdd tempest-VolumeTypesTest-23312550 tempest-VolumeTypesTest-23312550-project-admin] Empty body provided in request {{(pid=113401) get_body /opt/stack/cinder/cinder/api/openstack/wsgi.py:715}}
Sep 09 13:16:25.417533 dv-cinder-831247-26-smb devstack@c-api.service[113401]: DEBUG cinder.api.openstack.wsgi [None req-3433c00e-be6c-4510-b1de-a5985396cbdd tempest-VolumeTypesTest-23312550 tempest-VolumeTypesTest-23312550-project-admin] Calling method 'show' {{(pid=113401) _process_stack /opt/stack/cinder/cinder/api/openstack/wsgi.py:868}}
Sep 09 13:16:25.430451 dv-cinder-831247-26-smb devstack@c-api.service[113401]: INFO cinder.api.openstack.wsgi [None req-3433c00e-be6c-4510-b1de-a5985396cbdd tempest-VolumeTypesTest-23312550 tempest-VolumeTypesTest-23312550-project-admin] http://10.222.0.25/volume/v3/f900b1764e0c41288ac127f40b06bcdd/types/e77941a5-2b42-4048-8176-6806deb32e2a returned with HTTP 404
Sep 09 13:16:25.431835 dv-cinder-831247-26-smb devstack@c-api.service[113401]: [pid: 113401|app: 0|req: 189/350] 10.222.0.25 () {58 vars in 1319 bytes} [Fri Sep  9 13:16:25 2022] GET /volume/v3/f900b1764e0c41288ac127f40b06bcdd/types/e77941a5-2b42-4048-8176-6806deb32e2a => generated 114 bytes in 34 msecs (HTTP/1.1 404) 7 headers in 292 bytes (1 switches on core 0)
Sep 09 13:16:25.440933 dv-cinder-831247-26-smb devstack@c-api.service[113401]: DEBUG cinder.api.middleware.request_id [None req-57d30739-266f-4b80-9f99-905d28bf3a7d None None] RequestId filter calling following filter/app {{(pid=113401) _context_setter /opt/stack/cinder/cinder/api/middleware/request_id.py:62}}
Sep 09 13:16:25.443438 dv-cinder-831247-26-smb devstack@c-api.service[113400]: INFO cinder.api.openstack.wsgi [None req-40baf0bc-00ba-4fe2-bfdc-b2aee05592bb tempest-VolumeSnapshotQuotasNegativeTestJSON-610223075 tempest-VolumeSnapshotQuotasNegativeTestJSON-610223075-project-admin] http://10.222.0.25/volume/v3/eb8f2fb1e4b244cfb61e045460434db0/os-quota-sets/5d66a4718d0640afa3f07c13168f1121 returned with HTTP 200
Sep 09 13:16:25.451955 dv-cinder-831247-26-smb devstack@c-api.service[113401]: INFO cinder.api.openstack.wsgi [None req-57d30739-266f-4b80-9f99-905d28bf3a7d tempest-VolumeTypesTest-23312550 tempest-VolumeTypesTest-23312550-project-admin] DELETE http://10.222.0.25/volume/v3/f900b1764e0c41288ac127f40b06bcdd/types/2ae7374b-0068-4ca8-827e-d1a001a0ae26
Sep 09 13:16:25.452142 dv-cinder-831247-26-smb devstack@c-api.service[113400]: [pid: 113400|app: 0|req: 162/351] 10.222.0.25 () {60 vars in 1352 bytes} [Fri Sep  9 13:16:25 2022] PUT /volume/v3/eb8f2fb1e4b244cfb61e045460434db0/os-quota-sets/5d66a4718d0640afa3f07c13168f1121 => generated 509 bytes in 385 msecs (HTTP/1.1 200) 7 headers in 285 bytes (1 switches on core 0)
Sep 09 13:16:25.453426 dv-cinder-831247-26-smb devstack@c-api.service[113401]: DEBUG cinder.api.openstack.wsgi [None req-57d30739-266f-4b80-9f99-905d28bf3a7d tempest-VolumeTypesTest-23312550 tempest-VolumeTypesTest-23312550-project-admin] Empty body provided in request {{(pid=113401) get_body /opt/stack/cinder/cinder/api/openstack/wsgi.py:715}}
Sep 09 13:16:25.454454 dv-cinder-831247-26-smb devstack@c-api.service[113401]: DEBUG cinder.api.openstack.wsgi [None req-57d30739-266f-4b80-9f99-905d28bf3a7d tempest-VolumeTypesTest-23312550 tempest-VolumeTypesTest-23312550-project-admin] Calling method '_delete' {{(pid=113401) _process_stack /opt/stack/cinder/cinder/api/openstack/wsgi.py:868}}
Sep 09 13:16:25.539356 dv-cinder-831247-26-smb devstack@c-api.service[113401]: INFO cinder.api.openstack.wsgi [None req-57d30739-266f-4b80-9f99-905d28bf3a7d tempest-VolumeTypesTest-23312550 tempest-VolumeTypesTest-23312550-project-admin] http://10.222.0.25/volume/v3/f900b1764e0c41288ac127f40b06bcdd/types/2ae7374b-0068-4ca8-827e-d1a001a0ae26 returned with HTTP 202
Sep 09 13:16:25.540417 dv-cinder-831247-26-smb devstack@c-api.service[113401]: [pid: 113401|app: 0|req: 190/352] 10.222.0.25 () {58 vars in 1322 bytes} [Fri Sep  9 13:16:25 2022] DELETE /volume/v3/f900b1764e0c41288ac127f40b06bcdd/types/2ae7374b-0068-4ca8-827e-d1a001a0ae26 => generated 0 bytes in 102 msecs (HTTP/1.1 202) 6 headers in 233 bytes (1 switches on core 0)
Sep 09 13:16:25.546005 dv-cinder-831247-26-smb devstack@c-api.service[113400]: DEBUG cinder.api.middleware.request_id [None req-c4b62b5b-ab51-437f-b3c8-30ee250f4333 None None] RequestId filter calling following filter/app {{(pid=113400) _context_setter /opt/stack/cinder/cinder/api/middleware/request_id.py:62}}
Sep 09 13:16:25.550896 dv-cinder-831247-26-smb devstack@c-api.service[113400]: INFO cinder.api.openstack.wsgi [None req-c4b62b5b-ab51-437f-b3c8-30ee250f4333 tempest-VolumeTypesTest-23312550 tempest-VolumeTypesTest-23312550-project-admin] GET http://10.222.0.25/volume/v3/f900b1764e0c41288ac127f40b06bcdd/types/2ae7374b-0068-4ca8-827e-d1a001a0ae26
Sep 09 13:16:25.551353 dv-cinder-831247-26-smb devstack@c-api.service[113400]: DEBUG cinder.api.openstack.wsgi [None req-c4b62b5b-ab51-437f-b3c8-30ee250f4333 tempest-VolumeTypesTest-23312550 tempest-VolumeTypesTest-23312550-project-admin] Empty body provided in request {{(pid=113400) get_body /opt/stack/cinder/cinder/api/openstack/wsgi.py:715}}
Sep 09 13:16:25.551819 dv-cinder-831247-26-smb devstack@c-api.service[113400]: DEBUG cinder.api.openstack.wsgi [None req-c4b62b5b-ab51-437f-b3c8-30ee250f4333 tempest-VolumeTypesTest-23312550 tempest-VolumeTypesTest-23312550-project-admin] Calling method 'show' {{(pid=113400) _process_stack /opt/stack/cinder/cinder/api/openstack/wsgi.py:868}}
Sep 09 13:16:25.559263 dv-cinder-831247-26-smb devstack@c-api.service[113400]: INFO cinder.api.openstack.wsgi [None req-c4b62b5b-ab51-437f-b3c8-30ee250f4333 tempest-VolumeTypesTest-23312550 tempest-VolumeTypesTest-23312550-project-admin] http://10.222.0.25/volume/v3/f900b1764e0c41288ac127f40b06bcdd/types/2ae7374b-0068-4ca8-827e-d1a001a0ae26 returned with HTTP 404
Sep 09 13:16:25.592606 dv-cinder-831247-26-smb devstack@c-api.service[113400]: [pid: 113400|app: 0|req: 163/353] 10.222.0.25 () {58 vars in 1319 bytes} [Fri Sep  9 13:16:25 2022] GET /volume/v3/f900b1764e0c41288ac127f40b06bcdd/types/2ae7374b-0068-4ca8-827e-d1a001a0ae26 => generated 114 bytes in 48 msecs (HTTP/1.1 404) 7 headers in 292 bytes (1 switches on core 0)
Sep 09 13:16:25.680045 dv-cinder-831247-26-smb devstack@c-api.service[113401]: DEBUG cinder.api.middleware.request_id [req-91387c04-5fcd-4957-ac83-292df1c8307d req-909afa3f-855e-49d7-9b48-b74135ec4b51 None None] RequestId filter calling following filter/app {{(pid=113401) _context_setter /opt/stack/cinder/cinder/api/middleware/request_id.py:62}}
Sep 09 13:16:25.686628 dv-cinder-831247-26-smb devstack@c-api.service[113401]: INFO cinder.api.openstack.wsgi [req-91387c04-5fcd-4957-ac83-292df1c8307d req-909afa3f-855e-49d7-9b48-b74135ec4b51 tempest-DeleteServersTestJSON-1323217115 tempest-DeleteServersTestJSON-1323217115-project] DELETE http://10.222.0.25/volume/v3/b1a0ce62b83542359bf5ae3d31944849/attachments/3d3a4167-8cf5-4fdc-9836-b17271d9e1e5
Sep 09 13:16:25.687564 dv-cinder-831247-26-smb devstack@c-api.service[113401]: DEBUG cinder.api.openstack.wsgi [req-91387c04-5fcd-4957-ac83-292df1c8307d req-909afa3f-855e-49d7-9b48-b74135ec4b51 tempest-DeleteServersTestJSON-1323217115 tempest-DeleteServersTestJSON-1323217115-project] Empty body provided in request {{(pid=113401) get_body /opt/stack/cinder/cinder/api/openstack/wsgi.py:715}}
Sep 09 13:16:25.688346 dv-cinder-831247-26-smb devstack@c-api.service[113401]: DEBUG cinder.api.openstack.wsgi [req-91387c04-5fcd-4957-ac83-292df1c8307d req-909afa3f-855e-49d7-9b48-b74135ec4b51 tempest-DeleteServersTestJSON-1323217115 tempest-DeleteServersTestJSON-1323217115-project] Calling method 'version_select' {{(pid=113401) _process_stack /opt/stack/cinder/cinder/api/openstack/wsgi.py:868}}
Sep 09 13:16:25.710437 dv-cinder-831247-26-smb devstack@c-api.service[113401]: /usr/local/lib/python3.8/dist-packages/oslo_context/context.py:100: DeprecationWarning: Policy enforcement is depending on the value of is_admin. This key is deprecated. Please update your policy file to use the standard policy values.
Sep 09 13:16:25.710437 dv-cinder-831247-26-smb devstack@c-api.service[113401]:   warnings.warn('Policy enforcement is depending on the value of '
Sep 09 13:16:25.818445 dv-cinder-831247-26-smb devstack@c-api.service[113401]: DEBUG dbcounter [-] [113401] Writing DB stats cinder:SELECT=82,cinder:UPDATE=16,cinder:INSERT=2 {{(pid=113401) stat_writer /usr/local/lib/python3.8/dist-packages/dbcounter.py:114}}
Sep 09 13:16:25.868458 dv-cinder-831247-26-smb devstack@c-api.service[113401]: INFO cinder.api.openstack.wsgi [req-91387c04-5fcd-4957-ac83-292df1c8307d req-909afa3f-855e-49d7-9b48-b74135ec4b51 tempest-DeleteServersTestJSON-1323217115 tempest-DeleteServersTestJSON-1323217115-project] http://10.222.0.25/volume/v3/b1a0ce62b83542359bf5ae3d31944849/attachments/3d3a4167-8cf5-4fdc-9836-b17271d9e1e5 returned with HTTP 200
Sep 09 13:16:25.871075 dv-cinder-831247-26-smb devstack@c-api.service[113401]: [pid: 113401|app: 0|req: 191/354] 10.222.0.27 () {62 vars in 1446 bytes} [Fri Sep  9 13:16:25 2022] DELETE /volume/v3/b1a0ce62b83542359bf5ae3d31944849/attachments/3d3a4167-8cf5-4fdc-9836-b17271d9e1e5 => generated 19 bytes in 193 msecs (HTTP/1.1 200) 7 headers in 285 bytes (1 switches on core 0)
Sep 09 13:16:27.410097 dv-cinder-831247-26-smb devstack@c-api.service[113400]: DEBUG cinder.api.middleware.request_id [None req-c694937e-029e-452d-a82f-cab19a4db99c None None] RequestId filter calling following filter/app {{(pid=113400) _context_setter /opt/stack/cinder/cinder/api/middleware/request_id.py:62}}
Sep 09 13:16:27.414334 dv-cinder-831247-26-smb devstack@c-api.service[113400]: INFO cinder.api.openstack.wsgi [None req-c694937e-029e-452d-a82f-cab19a4db99c tempest-DeleteServersTestJSON-1323217115 tempest-DeleteServersTestJSON-1323217115-project] GET http://10.222.0.25/volume/v3/b1a0ce62b83542359bf5ae3d31944849/volumes/c707f08b-8fca-46f7-a2c5-c38524f90da2
Sep 09 13:16:27.414783 dv-cinder-831247-26-smb devstack@c-api.service[113400]: DEBUG cinder.api.openstack.wsgi [None req-c694937e-029e-452d-a82f-cab19a4db99c tempest-DeleteServersTestJSON-1323217115 tempest-DeleteServersTestJSON-1323217115-project] Empty body provided in request {{(pid=113400) get_body /opt/stack/cinder/cinder/api/openstack/wsgi.py:715}}
Sep 09 13:16:27.415421 dv-cinder-831247-26-smb devstack@c-api.service[113400]: DEBUG cinder.api.openstack.wsgi [None req-c694937e-029e-452d-a82f-cab19a4db99c tempest-DeleteServersTestJSON-1323217115 tempest-DeleteServersTestJSON-1323217115-project] Calling method 'show' {{(pid=113400) _process_stack /opt/stack/cinder/cinder/api/openstack/wsgi.py:868}}
Sep 09 13:16:27.453442 dv-cinder-831247-26-smb devstack@c-api.service[113400]: /usr/local/lib/python3.8/dist-packages/oslo_context/context.py:100: DeprecationWarning: Policy enforcement is depending on the value of is_admin. This key is deprecated. Please update your policy file to use the standard policy values.
Sep 09 13:16:27.453442 dv-cinder-831247-26-smb devstack@c-api.service[113400]:   warnings.warn('Policy enforcement is depending on the value of '
Sep 09 13:16:27.470120 dv-cinder-831247-26-smb devstack@c-api.service[113400]: INFO cinder.volume.api [None req-c694937e-029e-452d-a82f-cab19a4db99c tempest-DeleteServersTestJSON-1323217115 tempest-DeleteServersTestJSON-1323217115-project] Volume info retrieved successfully.
Sep 09 13:16:27.486610 dv-cinder-831247-26-smb devstack@c-api.service[113400]: INFO cinder.api.openstack.wsgi [None req-c694937e-029e-452d-a82f-cab19a4db99c tempest-DeleteServersTestJSON-1323217115 tempest-DeleteServersTestJSON-1323217115-project] http://10.222.0.25/volume/v3/b1a0ce62b83542359bf5ae3d31944849/volumes/c707f08b-8fca-46f7-a2c5-c38524f90da2 returned with HTTP 200
Sep 09 13:16:27.487731 dv-cinder-831247-26-smb devstack@c-api.service[113400]: [pid: 113400|app: 0|req: 164/355] 10.222.0.25 () {58 vars in 1325 bytes} [Fri Sep  9 13:16:27 2022] GET /volume/v3/b1a0ce62b83542359bf5ae3d31944849/volumes/c707f08b-8fca-46f7-a2c5-c38524f90da2 => generated 914 bytes in 79 msecs (HTTP/1.1 200) 7 headers in 285 bytes (2 switches on core 0)
Sep 09 13:16:27.530727 dv-cinder-831247-26-smb devstack@c-api.service[113401]: DEBUG cinder.api.middleware.request_id [None req-ebe24146-4e26-4c82-b10c-83dd7627b044 None None] RequestId filter calling following filter/app {{(pid=113401) _context_setter /opt/stack/cinder/cinder/api/middleware/request_id.py:62}}
Sep 09 13:16:27.536206 dv-cinder-831247-26-smb devstack@c-api.service[113401]: INFO cinder.api.openstack.wsgi [None req-ebe24146-4e26-4c82-b10c-83dd7627b044 tempest-DeleteServersTestJSON-1323217115 tempest-DeleteServersTestJSON-1323217115-project] GET http://10.222.0.25/volume/v3/b1a0ce62b83542359bf5ae3d31944849/volumes/c707f08b-8fca-46f7-a2c5-c38524f90da2
Sep 09 13:16:27.538051 dv-cinder-831247-26-smb devstack@c-api.service[113401]: DEBUG cinder.api.openstack.wsgi [None req-ebe24146-4e26-4c82-b10c-83dd7627b044 tempest-DeleteServersTestJSON-1323217115 tempest-DeleteServersTestJSON-1323217115-project] Empty body provided in request {{(pid=113401) get_body /opt/stack/cinder/cinder/api/openstack/wsgi.py:715}}
Sep 09 13:16:27.538922 dv-cinder-831247-26-smb devstack@c-api.service[113401]: DEBUG cinder.api.openstack.wsgi [None req-ebe24146-4e26-4c82-b10c-83dd7627b044 tempest-DeleteServersTestJSON-1323217115 tempest-DeleteServersTestJSON-1323217115-project] Calling method 'show' {{(pid=113401) _process_stack /opt/stack/cinder/cinder/api/openstack/wsgi.py:868}}
Sep 09 13:16:27.571541 dv-cinder-831247-26-smb devstack@c-api.service[113401]: /usr/local/lib/python3.8/dist-packages/oslo_context/context.py:100: DeprecationWarning: Policy enforcement is depending on the value of is_admin. This key is deprecated. Please update your policy file to use the standard policy values.
Sep 09 13:16:27.571541 dv-cinder-831247-26-smb devstack@c-api.service[113401]:   warnings.warn('Policy enforcement is depending on the value of '
Sep 09 13:16:27.579369 dv-cinder-831247-26-smb devstack@c-api.service[113401]: INFO cinder.volume.api [None req-ebe24146-4e26-4c82-b10c-83dd7627b044 tempest-DeleteServersTestJSON-1323217115 tempest-DeleteServersTestJSON-1323217115-project] Volume info retrieved successfully.
Sep 09 13:16:27.597695 dv-cinder-831247-26-smb devstack@c-api.service[113401]: INFO cinder.api.openstack.wsgi [None req-ebe24146-4e26-4c82-b10c-83dd7627b044 tempest-DeleteServersTestJSON-1323217115 tempest-DeleteServersTestJSON-1323217115-project] http://10.222.0.25/volume/v3/b1a0ce62b83542359bf5ae3d31944849/volumes/c707f08b-8fca-46f7-a2c5-c38524f90da2 returned with HTTP 200
Sep 09 13:16:27.599091 dv-cinder-831247-26-smb devstack@c-api.service[113401]: [pid: 113401|app: 0|req: 192/356] 10.222.0.25 () {58 vars in 1325 bytes} [Fri Sep  9 13:16:27 2022] GET /volume/v3/b1a0ce62b83542359bf5ae3d31944849/volumes/c707f08b-8fca-46f7-a2c5-c38524f90da2 => generated 914 bytes in 70 msecs (HTTP/1.1 200) 7 headers in 285 bytes (1 switches on core 0)
Sep 09 13:16:27.674212 dv-cinder-831247-26-smb devstack@c-api.service[113400]: DEBUG cinder.api.middleware.request_id [None req-a879ffbe-6b17-4381-a509-26af90723a0c None None] RequestId filter calling following filter/app {{(pid=113400) _context_setter /opt/stack/cinder/cinder/api/middleware/request_id.py:62}}
Sep 09 13:16:27.680702 dv-cinder-831247-26-smb devstack@c-api.service[113400]: INFO cinder.api.openstack.wsgi [None req-a879ffbe-6b17-4381-a509-26af90723a0c tempest-DeleteServersTestJSON-1323217115 tempest-DeleteServersTestJSON-1323217115-project] GET http://10.222.0.25/volume/v3/b1a0ce62b83542359bf5ae3d31944849/volumes/c707f08b-8fca-46f7-a2c5-c38524f90da2
Sep 09 13:16:27.681148 dv-cinder-831247-26-smb devstack@c-api.service[113400]: DEBUG cinder.api.openstack.wsgi [None req-a879ffbe-6b17-4381-a509-26af90723a0c tempest-DeleteServersTestJSON-1323217115 tempest-DeleteServersTestJSON-1323217115-project] Empty body provided in request {{(pid=113400) get_body /opt/stack/cinder/cinder/api/openstack/wsgi.py:715}}
Sep 09 13:16:27.681601 dv-cinder-831247-26-smb devstack@c-api.service[113400]: DEBUG cinder.api.openstack.wsgi [None req-a879ffbe-6b17-4381-a509-26af90723a0c tempest-DeleteServersTestJSON-1323217115 tempest-DeleteServersTestJSON-1323217115-project] Calling method 'show' {{(pid=113400) _process_stack /opt/stack/cinder/cinder/api/openstack/wsgi.py:868}}
Sep 09 13:16:27.705269 dv-cinder-831247-26-smb devstack@c-api.service[113400]: /usr/local/lib/python3.8/dist-packages/oslo_context/context.py:100: DeprecationWarning: Policy enforcement is depending on the value of is_admin. This key is deprecated. Please update your policy file to use the standard policy values.
Sep 09 13:16:27.705269 dv-cinder-831247-26-smb devstack@c-api.service[113400]:   warnings.warn('Policy enforcement is depending on the value of '
Sep 09 13:16:27.718993 dv-cinder-831247-26-smb devstack@c-api.service[113400]: INFO cinder.volume.api [None req-a879ffbe-6b17-4381-a509-26af90723a0c tempest-DeleteServersTestJSON-1323217115 tempest-DeleteServersTestJSON-1323217115-project] Volume info retrieved successfully.
Sep 09 13:16:27.733934 dv-cinder-831247-26-smb devstack@c-api.service[113400]: INFO cinder.api.openstack.wsgi [None req-a879ffbe-6b17-4381-a509-26af90723a0c tempest-DeleteServersTestJSON-1323217115 tempest-DeleteServersTestJSON-1323217115-project] http://10.222.0.25/volume/v3/b1a0ce62b83542359bf5ae3d31944849/volumes/c707f08b-8fca-46f7-a2c5-c38524f90da2 returned with HTTP 200
Sep 09 13:16:27.734996 dv-cinder-831247-26-smb devstack@c-api.service[113400]: [pid: 113400|app: 0|req: 165/357] 10.222.0.25 () {58 vars in 1325 bytes} [Fri Sep  9 13:16:27 2022] GET /volume/v3/b1a0ce62b83542359bf5ae3d31944849/volumes/c707f08b-8fca-46f7-a2c5-c38524f90da2 => generated 914 bytes in 62 msecs (HTTP/1.1 200) 7 headers in 285 bytes (1 switches on core 0)
Sep 09 13:16:27.760574 dv-cinder-831247-26-smb devstack@c-api.service[113401]: DEBUG cinder.api.middleware.request_id [None req-4a2ad21e-ad60-474a-8161-be9055e22ba2 None None] RequestId filter calling following filter/app {{(pid=113401) _context_setter /opt/stack/cinder/cinder/api/middleware/request_id.py:62}}
Sep 09 13:16:27.766690 dv-cinder-831247-26-smb devstack@c-api.service[113401]: INFO cinder.api.openstack.wsgi [None req-4a2ad21e-ad60-474a-8161-be9055e22ba2 tempest-DeleteServersTestJSON-1323217115 tempest-DeleteServersTestJSON-1323217115-project] DELETE http://10.222.0.25/volume/v3/b1a0ce62b83542359bf5ae3d31944849/volumes/c707f08b-8fca-46f7-a2c5-c38524f90da2
Sep 09 13:16:27.767160 dv-cinder-831247-26-smb devstack@c-api.service[113401]: DEBUG cinder.api.openstack.wsgi [None req-4a2ad21e-ad60-474a-8161-be9055e22ba2 tempest-DeleteServersTestJSON-1323217115 tempest-DeleteServersTestJSON-1323217115-project] Empty body provided in request {{(pid=113401) get_body /opt/stack/cinder/cinder/api/openstack/wsgi.py:715}}
Sep 09 13:16:27.767716 dv-cinder-831247-26-smb devstack@c-api.service[113401]: DEBUG cinder.api.openstack.wsgi [None req-4a2ad21e-ad60-474a-8161-be9055e22ba2 tempest-DeleteServersTestJSON-1323217115 tempest-DeleteServersTestJSON-1323217115-project] Calling method 'delete' {{(pid=113401) _process_stack /opt/stack/cinder/cinder/api/openstack/wsgi.py:868}}
Sep 09 13:16:27.768344 dv-cinder-831247-26-smb devstack@c-api.service[113401]: INFO cinder.api.v3.volumes [None req-4a2ad21e-ad60-474a-8161-be9055e22ba2 tempest-DeleteServersTestJSON-1323217115 tempest-DeleteServersTestJSON-1323217115-project] Delete volume with id: c707f08b-8fca-46f7-a2c5-c38524f90da2 
Sep 09 13:16:27.785843 dv-cinder-831247-26-smb devstack@c-api.service[113401]: /usr/local/lib/python3.8/dist-packages/oslo_context/context.py:100: DeprecationWarning: Policy enforcement is depending on the value of is_admin. This key is deprecated. Please update your policy file to use the standard policy values.
Sep 09 13:16:27.785843 dv-cinder-831247-26-smb devstack@c-api.service[113401]:   warnings.warn('Policy enforcement is depending on the value of '
Sep 09 13:16:27.788650 dv-cinder-831247-26-smb devstack@c-api.service[113401]: INFO cinder.volume.api [None req-4a2ad21e-ad60-474a-8161-be9055e22ba2 tempest-DeleteServersTestJSON-1323217115 tempest-DeleteServersTestJSON-1323217115-project] Volume info retrieved successfully.
Sep 09 13:16:27.839458 dv-cinder-831247-26-smb devstack@c-api.service[113401]: INFO cinder.volume.api [None req-4a2ad21e-ad60-474a-8161-be9055e22ba2 tempest-DeleteServersTestJSON-1323217115 tempest-DeleteServersTestJSON-1323217115-project] Delete volume request issued successfully.
Sep 09 13:16:27.840452 dv-cinder-831247-26-smb devstack@c-api.service[113401]: INFO cinder.api.openstack.wsgi [None req-4a2ad21e-ad60-474a-8161-be9055e22ba2 tempest-DeleteServersTestJSON-1323217115 tempest-DeleteServersTestJSON-1323217115-project] http://10.222.0.25/volume/v3/b1a0ce62b83542359bf5ae3d31944849/volumes/c707f08b-8fca-46f7-a2c5-c38524f90da2 returned with HTTP 202
Sep 09 13:16:27.841709 dv-cinder-831247-26-smb devstack@c-api.service[113401]: [pid: 113401|app: 0|req: 193/358] 10.222.0.25 () {58 vars in 1328 bytes} [Fri Sep  9 13:16:27 2022] DELETE /volume/v3/b1a0ce62b83542359bf5ae3d31944849/volumes/c707f08b-8fca-46f7-a2c5-c38524f90da2 => generated 0 bytes in 82 msecs (HTTP/1.1 202) 6 headers in 233 bytes (1 switches on core 0)
Sep 09 13:16:27.846380 dv-cinder-831247-26-smb devstack@c-api.service[113400]: DEBUG cinder.api.middleware.request_id [None req-0dba3665-959c-4add-8181-b280acc01a4f None None] RequestId filter calling following filter/app {{(pid=113400) _context_setter /opt/stack/cinder/cinder/api/middleware/request_id.py:62}}
Sep 09 13:16:27.851572 dv-cinder-831247-26-smb devstack@c-api.service[113400]: INFO cinder.api.openstack.wsgi [None req-0dba3665-959c-4add-8181-b280acc01a4f tempest-DeleteServersTestJSON-1323217115 tempest-DeleteServersTestJSON-1323217115-project] GET http://10.222.0.25/volume/v3/b1a0ce62b83542359bf5ae3d31944849/volumes/c707f08b-8fca-46f7-a2c5-c38524f90da2
Sep 09 13:16:27.852270 dv-cinder-831247-26-smb devstack@c-api.service[113400]: DEBUG cinder.api.openstack.wsgi [None req-0dba3665-959c-4add-8181-b280acc01a4f tempest-DeleteServersTestJSON-1323217115 tempest-DeleteServersTestJSON-1323217115-project] Empty body provided in request {{(pid=113400) get_body /opt/stack/cinder/cinder/api/openstack/wsgi.py:715}}
Sep 09 13:16:27.852930 dv-cinder-831247-26-smb devstack@c-api.service[113400]: DEBUG cinder.api.openstack.wsgi [None req-0dba3665-959c-4add-8181-b280acc01a4f tempest-DeleteServersTestJSON-1323217115 tempest-DeleteServersTestJSON-1323217115-project] Calling method 'show' {{(pid=113400) _process_stack /opt/stack/cinder/cinder/api/openstack/wsgi.py:868}}
Sep 09 13:16:27.870258 dv-cinder-831247-26-smb devstack@c-api.service[113400]: /usr/local/lib/python3.8/dist-packages/oslo_context/context.py:100: DeprecationWarning: Policy enforcement is depending on the value of is_admin. This key is deprecated. Please update your policy file to use the standard policy values.
Sep 09 13:16:27.870258 dv-cinder-831247-26-smb devstack@c-api.service[113400]:   warnings.warn('Policy enforcement is depending on the value of '
Sep 09 13:16:27.886632 dv-cinder-831247-26-smb devstack@c-api.service[113400]: INFO cinder.volume.api [None req-0dba3665-959c-4add-8181-b280acc01a4f tempest-DeleteServersTestJSON-1323217115 tempest-DeleteServersTestJSON-1323217115-project] Volume info retrieved successfully.
Sep 09 13:16:27.901845 dv-cinder-831247-26-smb devstack@c-api.service[113400]: INFO cinder.api.openstack.wsgi [None req-0dba3665-959c-4add-8181-b280acc01a4f tempest-DeleteServersTestJSON-1323217115 tempest-DeleteServersTestJSON-1323217115-project] http://10.222.0.25/volume/v3/b1a0ce62b83542359bf5ae3d31944849/volumes/c707f08b-8fca-46f7-a2c5-c38524f90da2 returned with HTTP 200
Sep 09 13:16:27.903473 dv-cinder-831247-26-smb devstack@c-api.service[113400]: [pid: 113400|app: 0|req: 166/359] 10.222.0.25 () {58 vars in 1325 bytes} [Fri Sep  9 13:16:27 2022] GET /volume/v3/b1a0ce62b83542359bf5ae3d31944849/volumes/c707f08b-8fca-46f7-a2c5-c38524f90da2 => generated 913 bytes in 58 msecs (HTTP/1.1 200) 7 headers in 285 bytes (1 switches on core 0)
Sep 09 13:16:28.605031 dv-cinder-831247-26-smb devstack@c-api.service[113401]: DEBUG cinder.api.middleware.request_id [None req-69fb52e2-4abd-4c38-8c3e-86cd2a62bf1f None None] RequestId filter calling following filter/app {{(pid=113401) _context_setter /opt/stack/cinder/cinder/api/middleware/request_id.py:62}}
Sep 09 13:16:28.605840 dv-cinder-831247-26-smb devstack@c-api.service[113401]: INFO cinder.api.openstack.wsgi [None req-69fb52e2-4abd-4c38-8c3e-86cd2a62bf1f None None] GET http://10.222.0.25/volume//
Sep 09 13:16:28.606228 dv-cinder-831247-26-smb devstack@c-api.service[113401]: DEBUG cinder.api.openstack.wsgi [None req-69fb52e2-4abd-4c38-8c3e-86cd2a62bf1f None None] Empty body provided in request {{(pid=113401) get_body /opt/stack/cinder/cinder/api/openstack/wsgi.py:715}}
Sep 09 13:16:28.606703 dv-cinder-831247-26-smb devstack@c-api.service[113401]: DEBUG cinder.api.openstack.wsgi [None req-69fb52e2-4abd-4c38-8c3e-86cd2a62bf1f None None] Calling method 'all' {{(pid=113401) _process_stack /opt/stack/cinder/cinder/api/openstack/wsgi.py:868}}
Sep 09 13:16:28.607506 dv-cinder-831247-26-smb devstack@c-api.service[113401]: INFO cinder.api.openstack.wsgi [None req-69fb52e2-4abd-4c38-8c3e-86cd2a62bf1f None None] http://10.222.0.25/volume// returned with HTTP 300
Sep 09 13:16:28.608098 dv-cinder-831247-26-smb devstack@c-api.service[113401]: [pid: 113401|app: 0|req: 194/360] 10.222.0.25 () {56 vars in 882 bytes} [Fri Sep  9 13:16:28 2022] GET /volume/ => generated 386 bytes in 5 msecs (HTTP/1.1 300) 7 headers in 299 bytes (1 switches on core 0)
Sep 09 13:16:28.617462 dv-cinder-831247-26-smb devstack@c-api.service[113400]: DEBUG cinder.api.middleware.request_id [None req-b30c5093-6292-44b0-92a4-f1fc5c602322 None None] RequestId filter calling following filter/app {{(pid=113400) _context_setter /opt/stack/cinder/cinder/api/middleware/request_id.py:62}}
Sep 09 13:16:28.620651 dv-cinder-831247-26-smb devstack@c-api.service[113400]: INFO cinder.api.openstack.wsgi [None req-b30c5093-6292-44b0-92a4-f1fc5c602322 None None] GET http://10.222.0.25/volume//
Sep 09 13:16:28.621173 dv-cinder-831247-26-smb devstack@c-api.service[113400]: DEBUG cinder.api.openstack.wsgi [None req-b30c5093-6292-44b0-92a4-f1fc5c602322 None None] Empty body provided in request {{(pid=113400) get_body /opt/stack/cinder/cinder/api/openstack/wsgi.py:715}}
Sep 09 13:16:28.621807 dv-cinder-831247-26-smb devstack@c-api.service[113400]: DEBUG cinder.api.openstack.wsgi [None req-b30c5093-6292-44b0-92a4-f1fc5c602322 None None] Calling method 'all' {{(pid=113400) _process_stack /opt/stack/cinder/cinder/api/openstack/wsgi.py:868}}
Sep 09 13:16:28.622812 dv-cinder-831247-26-smb devstack@c-api.service[113400]: INFO cinder.api.openstack.wsgi [None req-b30c5093-6292-44b0-92a4-f1fc5c602322 None None] http://10.222.0.25/volume// returned with HTTP 300
Sep 09 13:16:28.623754 dv-cinder-831247-26-smb devstack@c-api.service[113400]: [pid: 113400|app: 0|req: 167/361] 10.222.0.25 () {56 vars in 882 bytes} [Fri Sep  9 13:16:28 2022] GET /volume/ => generated 386 bytes in 7 msecs (HTTP/1.1 300) 7 headers in 299 bytes (1 switches on core 0)
Sep 09 13:16:28.632316 dv-cinder-831247-26-smb devstack@c-api.service[113401]: DEBUG cinder.api.middleware.request_id [None req-c1efd0ec-7c81-4a10-b066-6afc2eb2df14 None None] RequestId filter calling following filter/app {{(pid=113401) _context_setter /opt/stack/cinder/cinder/api/middleware/request_id.py:62}}
Sep 09 13:16:28.921738 dv-cinder-831247-26-smb devstack@c-api.service[113400]: DEBUG cinder.api.middleware.request_id [None req-b7fe4459-8a68-4576-8d59-757e1178ab56 None None] RequestId filter calling following filter/app {{(pid=113400) _context_setter /opt/stack/cinder/cinder/api/middleware/request_id.py:62}}
Sep 09 13:16:28.925459 dv-cinder-831247-26-smb devstack@c-api.service[113400]: INFO cinder.api.openstack.wsgi [None req-b7fe4459-8a68-4576-8d59-757e1178ab56 tempest-DeleteServersTestJSON-1323217115 tempest-DeleteServersTestJSON-1323217115-project] GET http://10.222.0.25/volume/v3/b1a0ce62b83542359bf5ae3d31944849/volumes/c707f08b-8fca-46f7-a2c5-c38524f90da2
Sep 09 13:16:28.926258 dv-cinder-831247-26-smb devstack@c-api.service[113400]: DEBUG cinder.api.openstack.wsgi [None req-b7fe4459-8a68-4576-8d59-757e1178ab56 tempest-DeleteServersTestJSON-1323217115 tempest-DeleteServersTestJSON-1323217115-project] Empty body provided in request {{(pid=113400) get_body /opt/stack/cinder/cinder/api/openstack/wsgi.py:715}}
Sep 09 13:16:28.926873 dv-cinder-831247-26-smb devstack@c-api.service[113400]: DEBUG cinder.api.openstack.wsgi [None req-b7fe4459-8a68-4576-8d59-757e1178ab56 tempest-DeleteServersTestJSON-1323217115 tempest-DeleteServersTestJSON-1323217115-project] Calling method 'show' {{(pid=113400) _process_stack /opt/stack/cinder/cinder/api/openstack/wsgi.py:868}}
Sep 09 13:16:28.943011 dv-cinder-831247-26-smb devstack@c-api.service[113401]: INFO cinder.api.openstack.wsgi [None req-c1efd0ec-7c81-4a10-b066-6afc2eb2df14 tempest-VersionsTest-204146101 tempest-VersionsTest-204146101-project] GET http://10.222.0.25/volume/v3/
Sep 09 13:16:28.943558 dv-cinder-831247-26-smb devstack@c-api.service[113401]: DEBUG cinder.api.openstack.wsgi [None req-c1efd0ec-7c81-4a10-b066-6afc2eb2df14 tempest-VersionsTest-204146101 tempest-VersionsTest-204146101-project] Empty body provided in request {{(pid=113401) get_body /opt/stack/cinder/cinder/api/openstack/wsgi.py:715}}
Sep 09 13:16:28.944238 dv-cinder-831247-26-smb devstack@c-api.service[113401]: DEBUG cinder.api.openstack.wsgi [None req-c1efd0ec-7c81-4a10-b066-6afc2eb2df14 tempest-VersionsTest-204146101 tempest-VersionsTest-204146101-project] Calling method 'version_select' {{(pid=113401) _process_stack /opt/stack/cinder/cinder/api/openstack/wsgi.py:868}}
Sep 09 13:16:28.945234 dv-cinder-831247-26-smb devstack@c-api.service[113401]: INFO cinder.api.openstack.wsgi [None req-c1efd0ec-7c81-4a10-b066-6afc2eb2df14 tempest-VersionsTest-204146101 tempest-VersionsTest-204146101-project] http://10.222.0.25/volume/v3/ returned with HTTP 200
Sep 09 13:16:28.946524 dv-cinder-831247-26-smb devstack@c-api.service[113401]: [pid: 113401|app: 0|req: 195/362] 10.222.0.25 () {58 vars in 1094 bytes} [Fri Sep  9 13:16:28 2022] GET /volume/v3/ => generated 386 bytes in 315 msecs (HTTP/1.1 200) 7 headers in 285 bytes (1 switches on core 0)
Sep 09 13:16:28.955396 dv-cinder-831247-26-smb devstack@c-api.service[113400]: INFO cinder.api.openstack.wsgi [None req-b7fe4459-8a68-4576-8d59-757e1178ab56 tempest-DeleteServersTestJSON-1323217115 tempest-DeleteServersTestJSON-1323217115-project] http://10.222.0.25/volume/v3/b1a0ce62b83542359bf5ae3d31944849/volumes/c707f08b-8fca-46f7-a2c5-c38524f90da2 returned with HTTP 404
Sep 09 13:16:28.957369 dv-cinder-831247-26-smb devstack@c-api.service[113400]: [pid: 113400|app: 0|req: 168/363] 10.222.0.25 () {58 vars in 1325 bytes} [Fri Sep  9 13:16:28 2022] GET /volume/v3/b1a0ce62b83542359bf5ae3d31944849/volumes/c707f08b-8fca-46f7-a2c5-c38524f90da2 => generated 109 bytes in 36 msecs (HTTP/1.1 404) 7 headers in 292 bytes (1 switches on core 0)
Sep 09 13:16:30.200266 dv-cinder-831247-26-smb devstack@c-api.service[113401]: DEBUG cinder.api.middleware.request_id [None req-c6731edf-6702-4ba0-908a-30f0fe2cd8b7 None None] RequestId filter calling following filter/app {{(pid=113401) _context_setter /opt/stack/cinder/cinder/api/middleware/request_id.py:62}}
Sep 09 13:16:30.563110 dv-cinder-831247-26-smb devstack@c-api.service[113401]: INFO cinder.api.openstack.wsgi [None req-c6731edf-6702-4ba0-908a-30f0fe2cd8b7 tempest-VolumeServicesNegativeTest-2138228122 tempest-VolumeServicesNegativeTest-2138228122-project-admin] GET http://10.222.0.25/volume/v3/a41b720cd0144b1cbe25103794c64714/os-services
Sep 09 13:16:30.565300 dv-cinder-831247-26-smb devstack@c-api.service[113401]: DEBUG cinder.api.openstack.wsgi [None req-c6731edf-6702-4ba0-908a-30f0fe2cd8b7 tempest-VolumeServicesNegativeTest-2138228122 tempest-VolumeServicesNegativeTest-2138228122-project-admin] Empty body provided in request {{(pid=113401) get_body /opt/stack/cinder/cinder/api/openstack/wsgi.py:715}}
Sep 09 13:16:30.566044 dv-cinder-831247-26-smb devstack@c-api.service[113401]: DEBUG cinder.api.openstack.wsgi [None req-c6731edf-6702-4ba0-908a-30f0fe2cd8b7 tempest-VolumeServicesNegativeTest-2138228122 tempest-VolumeServicesNegativeTest-2138228122-project-admin] Calling method 'index' {{(pid=113401) _process_stack /opt/stack/cinder/cinder/api/openstack/wsgi.py:868}}
Sep 09 13:16:30.579054 dv-cinder-831247-26-smb devstack@c-api.service[113401]: INFO cinder.api.openstack.wsgi [None req-c6731edf-6702-4ba0-908a-30f0fe2cd8b7 tempest-VolumeServicesNegativeTest-2138228122 tempest-VolumeServicesNegativeTest-2138228122-project-admin] http://10.222.0.25/volume/v3/a41b720cd0144b1cbe25103794c64714/os-services returned with HTTP 200
Sep 09 13:16:30.580691 dv-cinder-831247-26-smb devstack@c-api.service[113401]: [pid: 113401|app: 0|req: 196/364] 10.222.0.25 () {58 vars in 1226 bytes} [Fri Sep  9 13:16:30 2022] GET /volume/v3/a41b720cd0144b1cbe25103794c64714/os-services => generated 641 bytes in 382 msecs (HTTP/1.1 200) 7 headers in 285 bytes (1 switches on core 0)
Sep 09 13:16:30.592490 dv-cinder-831247-26-smb devstack@c-api.service[113400]: DEBUG cinder.api.middleware.request_id [None req-aaf057a3-b2a6-41d0-819c-0c21dec764b6 None None] RequestId filter calling following filter/app {{(pid=113400) _context_setter /opt/stack/cinder/cinder/api/middleware/request_id.py:62}}
Sep 09 13:16:30.599107 dv-cinder-831247-26-smb devstack@c-api.service[113400]: INFO cinder.api.openstack.wsgi [None req-aaf057a3-b2a6-41d0-819c-0c21dec764b6 tempest-VolumeServicesNegativeTest-2138228122 tempest-VolumeServicesNegativeTest-2138228122-project-admin] PUT http://10.222.0.25/volume/v3/a41b720cd0144b1cbe25103794c64714/os-services/disable-log-reason
Sep 09 13:16:30.600113 dv-cinder-831247-26-smb devstack@c-api.service[113400]: DEBUG cinder.api.openstack.wsgi [None req-aaf057a3-b2a6-41d0-819c-0c21dec764b6 tempest-VolumeServicesNegativeTest-2138228122 tempest-VolumeServicesNegativeTest-2138228122-project-admin] Action: 'update', calling method: update, body: {"host": "dv-cinder-831247-26-smb", "binary": "cinder-scheduler", "disabled_reason": null} {{(pid=113400) _process_stack /opt/stack/cinder/cinder/api/openstack/wsgi.py:866}}
Sep 09 13:16:30.615409 dv-cinder-831247-26-smb devstack@c-api.service[113400]: INFO cinder.api.openstack.wsgi [None req-aaf057a3-b2a6-41d0-819c-0c21dec764b6 tempest-VolumeServicesNegativeTest-2138228122 tempest-VolumeServicesNegativeTest-2138228122-project-admin] http://10.222.0.25/volume/v3/a41b720cd0144b1cbe25103794c64714/os-services/disable-log-reason returned with HTTP 400
Sep 09 13:16:30.615409 dv-cinder-831247-26-smb devstack@c-api.service[113400]: [pid: 113400|app: 0|req: 169/365] 10.222.0.25 () {60 vars in 1303 bytes} [Fri Sep  9 13:16:30 2022] PUT /volume/v3/a41b720cd0144b1cbe25103794c64714/os-services/disable-log-reason => generated 136 bytes in 23 msecs (HTTP/1.1 400) 7 headers in 294 bytes (1 switches on core 0)
Sep 09 13:16:30.621274 dv-cinder-831247-26-smb devstack@c-api.service[113401]: DEBUG cinder.api.middleware.request_id [None req-0a135c14-2750-4e97-8e66-ae4a32f6866b None None] RequestId filter calling following filter/app {{(pid=113401) _context_setter /opt/stack/cinder/cinder/api/middleware/request_id.py:62}}
Sep 09 13:16:30.626551 dv-cinder-831247-26-smb devstack@c-api.service[113401]: INFO cinder.api.openstack.wsgi [None req-0a135c14-2750-4e97-8e66-ae4a32f6866b tempest-VolumeServicesNegativeTest-2138228122 tempest-VolumeServicesNegativeTest-2138228122-project-admin] PUT http://10.222.0.25/volume/v3/a41b720cd0144b1cbe25103794c64714/os-services/disable
Sep 09 13:16:30.627361 dv-cinder-831247-26-smb devstack@c-api.service[113401]: DEBUG cinder.api.openstack.wsgi [None req-0a135c14-2750-4e97-8e66-ae4a32f6866b tempest-VolumeServicesNegativeTest-2138228122 tempest-VolumeServicesNegativeTest-2138228122-project-admin] Action: 'update', calling method: update, body: {"host": "dv-cinder-831247-26-smb", "binary": "invalid_binary"} {{(pid=113401) _process_stack /opt/stack/cinder/cinder/api/openstack/wsgi.py:866}}
Sep 09 13:16:30.643138 dv-cinder-831247-26-smb devstack@c-api.service[113401]: INFO cinder.api.openstack.wsgi [None req-0a135c14-2750-4e97-8e66-ae4a32f6866b tempest-VolumeServicesNegativeTest-2138228122 tempest-VolumeServicesNegativeTest-2138228122-project-admin] http://10.222.0.25/volume/v3/a41b720cd0144b1cbe25103794c64714/os-services/disable returned with HTTP 404
Sep 09 13:16:30.650235 dv-cinder-831247-26-smb devstack@c-api.service[113400]: DEBUG cinder.api.middleware.request_id [None req-6a9cdfc6-4afd-4878-8f57-a99a41887922 None None] RequestId filter calling following filter/app {{(pid=113400) _context_setter /opt/stack/cinder/cinder/api/middleware/request_id.py:62}}
Sep 09 13:16:30.655748 dv-cinder-831247-26-smb devstack@c-api.service[113400]: INFO cinder.api.openstack.wsgi [None req-6a9cdfc6-4afd-4878-8f57-a99a41887922 tempest-VolumeServicesNegativeTest-2138228122 tempest-VolumeServicesNegativeTest-2138228122-project-admin] PUT http://10.222.0.25/volume/v3/a41b720cd0144b1cbe25103794c64714/os-services/enable
Sep 09 13:16:30.656449 dv-cinder-831247-26-smb devstack@c-api.service[113400]: DEBUG cinder.api.openstack.wsgi [None req-6a9cdfc6-4afd-4878-8f57-a99a41887922 tempest-VolumeServicesNegativeTest-2138228122 tempest-VolumeServicesNegativeTest-2138228122-project-admin] Action: 'update', calling method: update, body: {"host": "invalid_host", "binary": "cinder-scheduler"} {{(pid=113400) _process_stack /opt/stack/cinder/cinder/api/openstack/wsgi.py:866}}
Sep 09 13:16:30.662546 dv-cinder-831247-26-smb devstack@c-api.service[113401]: [pid: 113401|app: 0|req: 197/366] 10.222.0.25 () {60 vars in 1270 bytes} [Fri Sep  9 13:16:30 2022] PUT /volume/v3/a41b720cd0144b1cbe25103794c64714/os-services/disable => generated 120 bytes in 43 msecs (HTTP/1.1 404) 7 headers in 292 bytes (1 switches on core 0)
Sep 09 13:16:30.678902 dv-cinder-831247-26-smb devstack@c-api.service[113400]: INFO cinder.api.openstack.wsgi [None req-6a9cdfc6-4afd-4878-8f57-a99a41887922 tempest-VolumeServicesNegativeTest-2138228122 tempest-VolumeServicesNegativeTest-2138228122-project-admin] http://10.222.0.25/volume/v3/a41b720cd0144b1cbe25103794c64714/os-services/enable returned with HTTP 404
Sep 09 13:16:30.700525 dv-cinder-831247-26-smb devstack@c-api.service[113401]: DEBUG cinder.api.middleware.request_id [None req-6703d1ab-4074-48ec-8b78-cbf6047f293e None None] RequestId filter calling following filter/app {{(pid=113401) _context_setter /opt/stack/cinder/cinder/api/middleware/request_id.py:62}}
Sep 09 13:16:30.700525 dv-cinder-831247-26-smb devstack@c-api.service[113401]: INFO cinder.api.openstack.wsgi [None req-6703d1ab-4074-48ec-8b78-cbf6047f293e tempest-VolumeServicesNegativeTest-2138228122 tempest-VolumeServicesNegativeTest-2138228122-project-admin] PUT http://10.222.0.25/volume/v3/a41b720cd0144b1cbe25103794c64714/os-services/freeze
Sep 09 13:16:30.700525 dv-cinder-831247-26-smb devstack@c-api.service[113401]: DEBUG cinder.api.openstack.wsgi [None req-6703d1ab-4074-48ec-8b78-cbf6047f293e tempest-VolumeServicesNegativeTest-2138228122 tempest-VolumeServicesNegativeTest-2138228122-project-admin] Action: 'update', calling method: update, body: {"host": "invalid_host"} {{(pid=113401) _process_stack /opt/stack/cinder/cinder/api/openstack/wsgi.py:866}}
Sep 09 13:16:30.700881 dv-cinder-831247-26-smb devstack@c-api.service[113400]: [pid: 113400|app: 0|req: 170/367] 10.222.0.25 () {60 vars in 1267 bytes} [Fri Sep  9 13:16:30 2022] PUT /volume/v3/a41b720cd0144b1cbe25103794c64714/os-services/enable => generated 111 bytes in 50 msecs (HTTP/1.1 404) 7 headers in 292 bytes (1 switches on core 0)
Sep 09 13:16:30.712795 dv-cinder-831247-26-smb devstack@c-api.service[113401]: INFO cinder.api.openstack.wsgi [None req-6703d1ab-4074-48ec-8b78-cbf6047f293e tempest-VolumeServicesNegativeTest-2138228122 tempest-VolumeServicesNegativeTest-2138228122-project-admin] http://10.222.0.25/volume/v3/a41b720cd0144b1cbe25103794c64714/os-services/freeze returned with HTTP 400
Sep 09 13:16:30.714538 dv-cinder-831247-26-smb devstack@c-api.service[113401]: [pid: 113401|app: 0|req: 198/368] 10.222.0.25 () {60 vars in 1267 bytes} [Fri Sep  9 13:16:30 2022] PUT /volume/v3/a41b720cd0144b1cbe25103794c64714/os-services/freeze => generated 83 bytes in 25 msecs (HTTP/1.1 400) 7 headers in 293 bytes (1 switches on core 0)
Sep 09 13:16:30.722975 dv-cinder-831247-26-smb devstack@c-api.service[113400]: DEBUG cinder.api.middleware.request_id [None req-a87d2a34-8c32-48f5-ac35-8ba79b16e191 None None] RequestId filter calling following filter/app {{(pid=113400) _context_setter /opt/stack/cinder/cinder/api/middleware/request_id.py:62}}
Sep 09 13:16:30.727740 dv-cinder-831247-26-smb devstack@c-api.service[113400]: INFO cinder.api.openstack.wsgi [None req-a87d2a34-8c32-48f5-ac35-8ba79b16e191 tempest-VolumeServicesNegativeTest-2138228122 tempest-VolumeServicesNegativeTest-2138228122-project-admin] PUT http://10.222.0.25/volume/v3/a41b720cd0144b1cbe25103794c64714/os-services/thaw
