Aug 26 15:41:06.422582 dv-cinder-831247-24-smb neutron-server[113042]: INFO neutron.wsgi [req-9503038b-0f9f-4d55-a2db-fb5927a1828c req-7fe965ea-0289-459b-92c8-b8e5176a08b2 tempest-ServerRescueNegativeTestJSON-1345252202 tempest-ServerRescueNegativeTestJSON-1345252202-project] 10.222.0.89 "GET /networking/v2.0/security-groups?id=03a03032-2085-4f72-a100-ae8105b9b1c6&fields=id&fields=name HTTP/1.1" status: 200 len: 286 time: 0.2479792
Aug 26 15:41:06.423259 dv-cinder-831247-24-smb neutron-server[113042]: DEBUG neutron.plugins.ml2.drivers.mech_agent [req-5e229e21-179d-4541-ae8e-b77515a36708 req-99a7078d-daeb-4fd4-9841-4dbd75523113 service neutron] Port 160b87a3-d489-47e9-9782-185420af70e5 on network 040e5ca3-2bd4-4326-a9ac-90c7b7984765 not bound, no agent of type Open vSwitch agent registered on host hv-cinder-83124 {{(pid=113042) bind_port /opt/stack/neutron/neutron/plugins/ml2/drivers/mech_agent.py:103}}
Aug 26 15:41:06.423627 dv-cinder-831247-24-smb neutron-server[113042]: DEBUG neutron.plugins.ml2.drivers.mech_agent [req-5e229e21-179d-4541-ae8e-b77515a36708 req-99a7078d-daeb-4fd4-9841-4dbd75523113 service neutron] Attempting to bind port 160b87a3-d489-47e9-9782-185420af70e5 on network 040e5ca3-2bd4-4326-a9ac-90c7b7984765 {{(pid=113042) bind_port /opt/stack/neutron/neutron/plugins/ml2/drivers/mech_agent.py:91}}
Aug 26 15:41:06.473608 dv-cinder-831247-24-smb neutron-server[113043]: INFO neutron.wsgi [req-9358100e-0da2-45d1-8b46-8652802e0ae7 req-10be4c8d-c419-4a89-a143-191ac05bd763 service neutron] 10.222.0.89 "GET /networking/v2.0/networks/e4a1eb0c-0556-4380-b901-9ee7cff55b68?fields=segments HTTP/1.1" status: 200 len: 212 time: 0.2243378
Aug 26 15:41:06.474707 dv-cinder-831247-24-smb neutron-server[113042]: DEBUG dbcounter [-] [113042] Writing DB stats neutron:SELECT=99,neutron:UPDATE=1 {{(pid=113042) stat_writer /usr/local/lib/python3.8/dist-packages/dbcounter.py:114}}
Aug 26 15:41:06.568715 dv-cinder-831247-24-smb neutron-server[113042]: DEBUG neutron.plugins.ml2.drivers.mech_agent [req-5e229e21-179d-4541-ae8e-b77515a36708 req-99a7078d-daeb-4fd4-9841-4dbd75523113 service neutron] Checking agent: {'id': 'eafa2882-bc1c-46f7-99d4-1bae65c3e265', 'agent_type': 'HyperV agent', 'binary': 'neutron-hyperv-agent', 'topic': 'N/A', 'host': 'hv-cinder-83124', 'admin_state_up': True, 'created_at': datetime.datetime(2022, 8, 26, 15, 38, 8), 'started_at': datetime.datetime(2022, 8, 26, 15, 38, 8), 'heartbeat_timestamp': datetime.datetime(2022, 8, 26, 15, 40, 38), 'description': None, 'resources_synced': None, 'availability_zone': None, 'alive': True, 'configurations': {'vswitch_mappings': {'physnet1$': 'br-data'}}, 'resource_versions': {}} {{(pid=113042) bind_port /opt/stack/neutron/neutron/plugins/ml2/drivers/mech_agent.py:110}}
Aug 26 15:41:06.569226 dv-cinder-831247-24-smb neutron-server[113042]: DEBUG neutron.plugins.ml2.drivers.mech_agent [req-5e229e21-179d-4541-ae8e-b77515a36708 req-99a7078d-daeb-4fd4-9841-4dbd75523113 service neutron] Checking segment: {'id': '83d50b47-c833-4793-aa8a-37ab11d6e00f', 'network_type': 'vlan', 'physical_network': 'physnet1', 'segmentation_id': 1072, 'network_id': '040e5ca3-2bd4-4326-a9ac-90c7b7984765'} for mappings: {'physnet1$': 'br-data'} with network types: ['local', 'flat', 'vlan'] {{(pid=113042) check_segment_for_agent /opt/stack/neutron/neutron/plugins/ml2/drivers/mech_agent.py:373}}
Aug 26 15:41:06.569656 dv-cinder-831247-24-smb neutron-server[113042]: DEBUG neutron.plugins.ml2.drivers.mech_agent [req-5e229e21-179d-4541-ae8e-b77515a36708 req-99a7078d-daeb-4fd4-9841-4dbd75523113 service neutron] Bound using segment: {'id': '83d50b47-c833-4793-aa8a-37ab11d6e00f', 'network_type': 'vlan', 'physical_network': 'physnet1', 'segmentation_id': 1072, 'network_id': '040e5ca3-2bd4-4326-a9ac-90c7b7984765'} {{(pid=113042) bind_port /opt/stack/neutron/neutron/plugins/ml2/drivers/mech_agent.py:120}}
Aug 26 15:41:06.570113 dv-cinder-831247-24-smb neutron-server[113042]: DEBUG neutron.plugins.ml2.managers [req-5e229e21-179d-4541-ae8e-b77515a36708 req-99a7078d-daeb-4fd4-9841-4dbd75523113 service neutron] Bound port: 160b87a3-d489-47e9-9782-185420af70e5, host: hv-cinder-83124, vif_type: hyperv, vif_details: {"connectivity": "legacy", "port_filter": false}, binding_levels: [{'bound_driver': 'hyperv', 'bound_segment': {'id': '83d50b47-c833-4793-aa8a-37ab11d6e00f', 'network_type': 'vlan', 'physical_network': 'physnet1', 'segmentation_id': 1072, 'network_id': '040e5ca3-2bd4-4326-a9ac-90c7b7984765'}}] {{(pid=113042) _bind_port_level /opt/stack/neutron/neutron/plugins/ml2/managers.py:947}}
Aug 26 15:41:06.570582 dv-cinder-831247-24-smb neutron-server[113042]: DEBUG neutron_lib.callbacks.manager [req-5e229e21-179d-4541-ae8e-b77515a36708 req-99a7078d-daeb-4fd4-9841-4dbd75523113 service neutron] Publish callbacks ['neutron.plugins.ml2.plugin.SecurityGroupDbMixin._ensure_default_security_group_handler-8080470'] for port (160b87a3-d489-47e9-9782-185420af70e5), before_update {{(pid=113042) _notify_loop /usr/local/lib/python3.8/dist-packages/neutron_lib/callbacks/manager.py:176}}
Aug 26 15:41:06.580965 dv-cinder-831247-24-smb neutron-server[113042]: DEBUG neutron.pecan_wsgi.hooks.policy_enforcement [req-c7c20a29-ab60-4cdb-a5b5-ceea49a91dba req-925fe5a4-0532-4f71-acc9-b8c3fe96b603 service neutron] Attributes excluded by policy engine: ['standard_attr_id', 'shared'] {{(pid=113042) _exclude_attributes_by_policy /opt/stack/neutron/neutron/pecan_wsgi/hooks/policy_enforcement.py:259}}
Aug 26 15:41:06.582378 dv-cinder-831247-24-smb neutron-server[113042]: INFO neutron.wsgi [req-c7c20a29-ab60-4cdb-a5b5-ceea49a91dba req-925fe5a4-0532-4f71-acc9-b8c3fe96b603 service neutron] 10.222.0.93 "GET /networking/v2.0/subnets?id=9bd1b539-c30d-4c3f-a0ad-e3ccae69f040 HTTP/1.1" status: 200 len: 857 time: 0.2438486
Aug 26 15:41:06.611919 dv-cinder-831247-24-smb neutron-server[113043]: DEBUG neutron.notifiers.nova [req-783d7b2d-ab47-48de-8b24-26377557b3ba req-789faf02-ef25-41c7-bcde-ef4b9bb9a145 service neutron] Ignoring state change previous_port_status: DOWN current_port_status: DOWN port_id 58b6046c-1c85-406a-aa61-8d904d27dcc6 {{(pid=113043) record_port_status_changed /opt/stack/neutron/neutron/notifiers/nova.py:233}}
Aug 26 15:41:06.626622 dv-cinder-831247-24-smb neutron-server[113043]: DEBUG neutron_lib.callbacks.manager [req-783d7b2d-ab47-48de-8b24-26377557b3ba req-789faf02-ef25-41c7-bcde-ef4b9bb9a145 service neutron] Publish callbacks [] for port (58b6046c-1c85-406a-aa61-8d904d27dcc6), precommit_update {{(pid=113043) _notify_loop /usr/local/lib/python3.8/dist-packages/neutron_lib/callbacks/manager.py:176}}
Aug 26 15:41:06.674513 dv-cinder-831247-24-smb neutron-server[113043]: DEBUG neutron.db.provisioning_blocks [req-783d7b2d-ab47-48de-8b24-26377557b3ba req-789faf02-ef25-41c7-bcde-ef4b9bb9a145 service neutron] Transition to ACTIVE for port object 58b6046c-1c85-406a-aa61-8d904d27dcc6 will not be triggered until provisioned by entity L2. {{(pid=113043) add_provisioning_component /opt/stack/neutron/neutron/db/provisioning_blocks.py:74}}
Aug 26 15:41:06.686417 dv-cinder-831247-24-smb neutron-server[113043]: DEBUG neutron_lib.callbacks.manager [req-783d7b2d-ab47-48de-8b24-26377557b3ba req-789faf02-ef25-41c7-bcde-ef4b9bb9a145 service neutron] Publish callbacks ['neutron.plugins.ml2.plugin.SecurityGroupServerNotifierRpcMixin._notify_sg_on_port_change-8077459', 'neutron.plugins.ml2.ovo_rpc._ObjectChangeHandler.handle_event-126059', 'neutron.api.rpc.agentnotifiers.dhcp_rpc_agent_api.DhcpAgentNotifyAPI._native_event_send_dhcp_notification-532083', 'neutron.db.l3_db.L3RpcNotifierMixin._notify_gateway_port_ip_changed-8736940289401', 'neutron.db.l3_dvrscheduler_db._notify_l3_agent_port_update-8736939844675', 'neutron.db.l3_hascheduler_db._notify_l3_agent_ha_port_update-8736939844693', 'neutron.services.segments.plugin.NovaSegmentNotifier._notify_port_updated-2528748'] for port (58b6046c-1c85-406a-aa61-8d904d27dcc6), after_update {{(pid=113043) _notify_loop /usr/local/lib/python3.8/dist-packages/neutron_lib/callbacks/manager.py:176}}
Aug 26 15:41:06.721021 dv-cinder-831247-24-smb neutron-server[113044]: DEBUG neutron.plugins.ml2.rpc [None req-3d2fd264-6170-4fb6-bb13-da2f673bdc8e None None] Device fb736655-980d-4c43-8a43-6de22d3e892e details requested by agent hyperv_hv-cinder-83124 with host hv-cinder-83124 {{(pid=113044) get_device_details /opt/stack/neutron/neutron/plugins/ml2/rpc.py:102}}
Aug 26 15:41:06.759415 dv-cinder-831247-24-smb neutron-server[113042]: INFO neutron.wsgi [req-fbafd87c-ed64-4589-b39c-820349b5df7c req-5970a175-9e90-4d59-94bf-d328e9595b80 service neutron] 10.222.0.93 "GET /networking/v2.0/networks/1f52e43f-8461-462d-b40a-7750a23bf61a?fields=segments HTTP/1.1" status: 200 len: 212 time: 0.3228910
Aug 26 15:41:06.774162 dv-cinder-831247-24-smb neutron-server[113042]: DEBUG neutron.pecan_wsgi.hooks.policy_enforcement [req-50b856bc-a8c0-4556-a24e-4974098107aa req-84811e5c-42c6-4902-8cda-e1864a44b4d6 tempest-AttachVolumeShelveTestJSON-1772955562 tempest-AttachVolumeShelveTestJSON-1772955562-project] Attributes excluded by policy engine: ['standard_attr_id', 'binding:profile', 'binding:host_id', 'binding:vif_type', 'binding:vif_details'] {{(pid=113042) _exclude_attributes_by_policy /opt/stack/neutron/neutron/pecan_wsgi/hooks/policy_enforcement.py:259}}
Aug 26 15:41:06.789973 dv-cinder-831247-24-smb neutron-server[113042]: INFO neutron.wsgi [req-50b856bc-a8c0-4556-a24e-4974098107aa req-84811e5c-42c6-4902-8cda-e1864a44b4d6 tempest-AttachVolumeShelveTestJSON-1772955562 tempest-AttachVolumeShelveTestJSON-1772955562-project] 10.222.0.89 "GET /networking/v2.0/ports?device_id=9490f2f2-8414-4ad1-abe2-9dcd4e0759ff HTTP/1.1" status: 200 len: 932 time: 0.2164857
Aug 26 15:41:06.810065 dv-cinder-831247-24-smb neutron-server[113042]: DEBUG neutron.pecan_wsgi.hooks.policy_enforcement [req-c7c20a29-ab60-4cdb-a5b5-ceea49a91dba req-0f9950d2-41d6-45a4-a2ee-656b41d8a6e8 service neutron] Attributes excluded by policy engine: ['standard_attr_id'] {{(pid=113042) _exclude_attributes_by_policy /opt/stack/neutron/neutron/pecan_wsgi/hooks/policy_enforcement.py:259}}
Aug 26 15:41:06.811852 dv-cinder-831247-24-smb neutron-server[113042]: INFO neutron.wsgi [req-c7c20a29-ab60-4cdb-a5b5-ceea49a91dba req-0f9950d2-41d6-45a4-a2ee-656b41d8a6e8 service neutron] 10.222.0.93 "GET /networking/v2.0/ports?network_id=1f52e43f-8461-462d-b40a-7750a23bf61a&device_owner=network%3Adhcp HTTP/1.1" status: 200 len: 1211 time: 0.2126784
Aug 26 15:41:06.819332 dv-cinder-831247-24-smb neutron-server[113045]: DEBUG neutron.db.agents_db [None req-a47528ac-f8a6-415e-a8e0-b402f577a139 None None] Agent healthcheck: found 6 active agents {{(pid=113045) agent_health_check /opt/stack/neutron/neutron/db/agents_db.py:317}}
Aug 26 15:41:06.841393 dv-cinder-831247-24-smb neutron-server[113043]: INFO neutron.wsgi [req-9358100e-0da2-45d1-8b46-8652802e0ae7 req-4f4f732b-d5f8-4dd1-a8f1-255dda6e6797 service neutron] 10.222.0.89 "GET /networking/v2.0/networks/e4a1eb0c-0556-4380-b901-9ee7cff55b68?fields=provider%3Aphysical_network&fields=provider%3Anetwork_type HTTP/1.1" status: 200 len: 281 time: 0.3223352
Aug 26 15:41:06.860083 dv-cinder-831247-24-smb neutron-server[113042]: DEBUG neutron.plugins.ml2.db [req-5e229e21-179d-4541-ae8e-b77515a36708 req-99a7078d-daeb-4fd4-9841-4dbd75523113 service neutron] For port 160b87a3-d489-47e9-9782-185420af70e5, host hv-cinder-83124, cleared binding levels {{(pid=113042) clear_binding_levels /opt/stack/neutron/neutron/plugins/ml2/db.py:87}}
Aug 26 15:41:06.862655 dv-cinder-831247-24-smb neutron-server[113042]: DEBUG dbcounter [-] [113042] Writing DB stats neutron:SELECT=95,neutron:UPDATE=3,neutron:INSERT=2 {{(pid=113042) stat_writer /usr/local/lib/python3.8/dist-packages/dbcounter.py:114}}
Aug 26 15:41:06.865066 dv-cinder-831247-24-smb neutron-server[113042]: DEBUG neutron.plugins.ml2.db [req-5e229e21-179d-4541-ae8e-b77515a36708 req-99a7078d-daeb-4fd4-9841-4dbd75523113 service neutron] For port 160b87a3-d489-47e9-9782-185420af70e5, host hv-cinder-83124, set binding levels [PortBindingLevel(driver='hyperv',host='hv-cinder-83124',level=0,port_id=160b87a3-d489-47e9-9782-185420af70e5,segment=NetworkSegment(83d50b47-c833-4793-aa8a-37ab11d6e00f),segment_id=83d50b47-c833-4793-aa8a-37ab11d6e00f)] {{(pid=113042) set_binding_levels /opt/stack/neutron/neutron/plugins/ml2/db.py:59}}
Aug 26 15:41:06.895446 dv-cinder-831247-24-smb neutron-server[113042]: DEBUG neutron_lib.callbacks.manager [req-5e229e21-179d-4541-ae8e-b77515a36708 req-99a7078d-daeb-4fd4-9841-4dbd75523113 service neutron] Publish callbacks ['neutron.plugins.ml2.plugin.SecurityGroupServerNotifierRpcMixin._notify_sg_on_port_change-8077459', 'neutron.plugins.ml2.ovo_rpc._ObjectChangeHandler.handle_event-126059', 'neutron.api.rpc.agentnotifiers.dhcp_rpc_agent_api.DhcpAgentNotifyAPI._native_event_send_dhcp_notification-532083', 'neutron.db.l3_db.L3RpcNotifierMixin._notify_gateway_port_ip_changed-8736940289401', 'neutron.db.l3_dvrscheduler_db._notify_l3_agent_port_update-8736939844675', 'neutron.db.l3_hascheduler_db._notify_l3_agent_ha_port_update-8736939844693'] for port (160b87a3-d489-47e9-9782-185420af70e5), after_update {{(pid=113042) _notify_loop /usr/local/lib/python3.8/dist-packages/neutron_lib/callbacks/manager.py:176}}
Aug 26 15:41:06.899300 dv-cinder-831247-24-smb neutron-server[113043]: DEBUG neutron.api.rpc.handlers.resources_rpc [None req-789faf02-ef25-41c7-bcde-ef4b9bb9a145 service neutron] Pushing event updated for resources: {'Port': ['ID=58b6046c-1c85-406a-aa61-8d904d27dcc6,revision_number=2']} {{(pid=113043) push /opt/stack/neutron/neutron/api/rpc/handlers/resources_rpc.py:237}}
Aug 26 15:41:06.904651 dv-cinder-831247-24-smb neutron-server[113042]: DEBUG neutron.pecan_wsgi.hooks.policy_enforcement [req-5e229e21-179d-4541-ae8e-b77515a36708 req-99a7078d-daeb-4fd4-9841-4dbd75523113 service neutron] Attributes excluded by policy engine: ['standard_attr_id'] {{(pid=113042) _exclude_attributes_by_policy /opt/stack/neutron/neutron/pecan_wsgi/hooks/policy_enforcement.py:259}}
Aug 26 15:41:06.905405 dv-cinder-831247-24-smb neutron-server[113042]: DEBUG neutron_lib.callbacks.manager [req-5e229e21-179d-4541-ae8e-b77515a36708 req-99a7078d-daeb-4fd4-9841-4dbd75523113 service neutron] Publish callbacks ['neutron.notifiers.nova.Notifier._send_nova_notification-32988', 'neutron.api.rpc.agentnotifiers.dhcp_rpc_agent_api.DhcpAgentNotifyAPI._send_dhcp_notification-532065'] for port (None), before_response {{(pid=113042) _notify_loop /usr/local/lib/python3.8/dist-packages/neutron_lib/callbacks/manager.py:176}}
Aug 26 15:41:06.907703 dv-cinder-831247-24-smb neutron-server[113042]: INFO neutron.wsgi [req-5e229e21-179d-4541-ae8e-b77515a36708 req-99a7078d-daeb-4fd4-9841-4dbd75523113 service neutron] 10.222.0.93 "PUT /networking/v2.0/ports/160b87a3-d489-47e9-9782-185420af70e5 HTTP/1.1" status: 200 len: 1094 time: 2.8394105
Aug 26 15:41:06.909620 dv-cinder-831247-24-smb neutron-server[113042]: DEBUG neutron.notifiers.nova [-] Sending events: [{'name': 'network-changed', 'server_uuid': '33fa7006-3f9c-4966-8bf8-18b96b05e132', 'tag': '160b87a3-d489-47e9-9782-185420af70e5'}] {{(pid=113042) send_events /opt/stack/neutron/neutron/notifiers/nova.py:271}}
Aug 26 15:41:06.911986 dv-cinder-831247-24-smb neutron-server[113042]: DEBUG novaclient.v2.client [-] REQ: curl -g -i --cacert "/opt/stack/data/ca-bundle.pem" -X POST http://10.222.0.89/compute/v2.1/os-server-external-events -H "Accept: application/json" -H "Content-Type: application/json" -H "User-Agent: python-novaclient" -H "X-Auth-Token: {SHA256}0c106fbc53dc957e2f959825e51357c74f384dcbf898014e028d0db8f6d15b27" -H "X-OpenStack-Nova-API-Version: 2.1" -H "X-OpenStack-Request-ID: req-657c4951-eb28-4c60-858e-125936a15455" -d '{"events": [{"name": "network-changed", "server_uuid": "33fa7006-3f9c-4966-8bf8-18b96b05e132", "tag": "160b87a3-d489-47e9-9782-185420af70e5"}]}' {{(pid=113042) _http_log_request /usr/local/lib/python3.8/dist-packages/keystoneauth1/session.py:519}}
Aug 26 15:41:06.933726 dv-cinder-831247-24-smb neutron-server[113042]: INFO neutron.wsgi [req-50b856bc-a8c0-4556-a24e-4974098107aa req-431c8061-6521-4ef7-8fce-872f28de4382 tempest-AttachVolumeShelveTestJSON-1772955562 tempest-AttachVolumeShelveTestJSON-1772955562-project] 10.222.0.89 "GET /networking/v2.0/security-groups?id=43d466ed-f6d9-4822-b57f-a91ec93e7638&fields=id&fields=name HTTP/1.1" status: 200 len: 313 time: 0.1401658
Aug 26 15:41:07.036260 dv-cinder-831247-24-smb neutron-server[113044]: DEBUG neutron.plugins.ml2.db [None req-3d2fd264-6170-4fb6-bb13-da2f673bdc8e None None] For port fb736655-980d-4c43-8a43-6de22d3e892e, host hv-cinder-83124, got binding levels [PortBindingLevel(driver='hyperv',host='hv-cinder-83124',level=0,port_id=fb736655-980d-4c43-8a43-6de22d3e892e,segment=NetworkSegment(b35954bf-58c6-4b9c-892d-d853783aab68),segment_id=b35954bf-58c6-4b9c-892d-d853783aab68)] {{(pid=113044) get_binding_level_objs /opt/stack/neutron/neutron/plugins/ml2/db.py:74}}
Aug 26 15:41:07.043604 dv-cinder-831247-24-smb neutron-server[113043]: DEBUG neutron.plugins.ml2.managers [req-783d7b2d-ab47-48de-8b24-26377557b3ba req-789faf02-ef25-41c7-bcde-ef4b9bb9a145 service neutron] Attempting to bind port 58b6046c-1c85-406a-aa61-8d904d27dcc6 on host hv-cinder-83124 for vnic_type normal with profile {{(pid=113043) bind_port /opt/stack/neutron/neutron/plugins/ml2/managers.py:810}}
Aug 26 15:41:07.043967 dv-cinder-831247-24-smb neutron-server[113043]: DEBUG neutron.plugins.ml2.managers [req-783d7b2d-ab47-48de-8b24-26377557b3ba req-789faf02-ef25-41c7-bcde-ef4b9bb9a145 service neutron] Attempting to bind port 58b6046c-1c85-406a-aa61-8d904d27dcc6 by drivers openvswitch,hyperv on host hv-cinder-83124 at level 0 using segments [{'id': '42b7dfb6-e712-421a-8816-a9219b1bf461', 'network_type': 'vlan', 'physical_network': 'physnet1', 'segmentation_id': 1088, 'network_id': '22f219ae-8b84-4fe1-808f-7ca1c8c14529'}] {{(pid=113043) _bind_port_level /opt/stack/neutron/neutron/plugins/ml2/managers.py:835}}
Aug 26 15:41:07.044326 dv-cinder-831247-24-smb neutron-server[113043]: DEBUG neutron.plugins.ml2.drivers.mech_agent [req-783d7b2d-ab47-48de-8b24-26377557b3ba req-789faf02-ef25-41c7-bcde-ef4b9bb9a145 service neutron] Attempting to bind port 58b6046c-1c85-406a-aa61-8d904d27dcc6 on network 22f219ae-8b84-4fe1-808f-7ca1c8c14529 {{(pid=113043) bind_port /opt/stack/neutron/neutron/plugins/ml2/drivers/mech_agent.py:91}}
Aug 26 15:41:07.057098 dv-cinder-831247-24-smb neutron-server[113043]: DEBUG neutron.plugins.ml2.drivers.mech_agent [req-783d7b2d-ab47-48de-8b24-26377557b3ba req-789faf02-ef25-41c7-bcde-ef4b9bb9a145 service neutron] Port 58b6046c-1c85-406a-aa61-8d904d27dcc6 on network 22f219ae-8b84-4fe1-808f-7ca1c8c14529 not bound, no agent of type Open vSwitch agent registered on host hv-cinder-83124 {{(pid=113043) bind_port /opt/stack/neutron/neutron/plugins/ml2/drivers/mech_agent.py:103}}
Aug 26 15:41:07.057464 dv-cinder-831247-24-smb neutron-server[113043]: DEBUG neutron.plugins.ml2.drivers.mech_agent [req-783d7b2d-ab47-48de-8b24-26377557b3ba req-789faf02-ef25-41c7-bcde-ef4b9bb9a145 service neutron] Attempting to bind port 58b6046c-1c85-406a-aa61-8d904d27dcc6 on network 22f219ae-8b84-4fe1-808f-7ca1c8c14529 {{(pid=113043) bind_port /opt/stack/neutron/neutron/plugins/ml2/drivers/mech_agent.py:91}}
Aug 26 15:41:07.070213 dv-cinder-831247-24-smb neutron-server[113044]: DEBUG neutron.plugins.ml2.rpc [None req-3d2fd264-6170-4fb6-bb13-da2f673bdc8e None None] Returning: {'device': 'fb736655-980d-4c43-8a43-6de22d3e892e', 'network_id': '1f52e43f-8461-462d-b40a-7750a23bf61a', 'port_id': 'fb736655-980d-4c43-8a43-6de22d3e892e', 'mac_address': 'fa:16:3e:cb:c8:f4', 'admin_state_up': True, 'network_type': 'vlan', 'segmentation_id': 1068, 'physical_network': 'physnet1', 'mtu': 1500, 'fixed_ips': [{'subnet_id': '9bd1b539-c30d-4c3f-a0ad-e3ccae69f040', 'ip_address': '172.20.0.6'}], 'device_owner': 'compute:nova', 'allowed_address_pairs': [], 'port_security_enabled': True, 'qos_policy_id': None, 'qos_network_policy_id': None, 'profile': {}, 'propagate_uplink_status': False} {{(pid=113044) _get_device_details /opt/stack/neutron/neutron/plugins/ml2/rpc.py:184}}
Aug 26 15:41:07.083929 dv-cinder-831247-24-smb neutron-server[113043]: DEBUG neutron.plugins.ml2.drivers.mech_agent [req-783d7b2d-ab47-48de-8b24-26377557b3ba req-789faf02-ef25-41c7-bcde-ef4b9bb9a145 service neutron] Checking agent: {'id': 'eafa2882-bc1c-46f7-99d4-1bae65c3e265', 'agent_type': 'HyperV agent', 'binary': 'neutron-hyperv-agent', 'topic': 'N/A', 'host': 'hv-cinder-83124', 'admin_state_up': True, 'created_at': datetime.datetime(2022, 8, 26, 15, 38, 8), 'started_at': datetime.datetime(2022, 8, 26, 15, 38, 8), 'heartbeat_timestamp': datetime.datetime(2022, 8, 26, 15, 40, 38), 'description': None, 'resources_synced': None, 'availability_zone': None, 'alive': True, 'configurations': {'vswitch_mappings': {'physnet1$': 'br-data'}}, 'resource_versions': {}} {{(pid=113043) bind_port /opt/stack/neutron/neutron/plugins/ml2/drivers/mech_agent.py:110}}
Aug 26 15:41:07.084410 dv-cinder-831247-24-smb neutron-server[113043]: DEBUG neutron.plugins.ml2.drivers.mech_agent [req-783d7b2d-ab47-48de-8b24-26377557b3ba req-789faf02-ef25-41c7-bcde-ef4b9bb9a145 service neutron] Checking segment: {'id': '42b7dfb6-e712-421a-8816-a9219b1bf461', 'network_type': 'vlan', 'physical_network': 'physnet1', 'segmentation_id': 1088, 'network_id': '22f219ae-8b84-4fe1-808f-7ca1c8c14529'} for mappings: {'physnet1$': 'br-data'} with network types: ['local', 'flat', 'vlan'] {{(pid=113043) check_segment_for_agent /opt/stack/neutron/neutron/plugins/ml2/drivers/mech_agent.py:373}}
Aug 26 15:41:07.084997 dv-cinder-831247-24-smb neutron-server[113043]: DEBUG neutron.plugins.ml2.drivers.mech_agent [req-783d7b2d-ab47-48de-8b24-26377557b3ba req-789faf02-ef25-41c7-bcde-ef4b9bb9a145 service neutron] Bound using segment: {'id': '42b7dfb6-e712-421a-8816-a9219b1bf461', 'network_type': 'vlan', 'physical_network': 'physnet1', 'segmentation_id': 1088, 'network_id': '22f219ae-8b84-4fe1-808f-7ca1c8c14529'} {{(pid=113043) bind_port /opt/stack/neutron/neutron/plugins/ml2/drivers/mech_agent.py:120}}
Aug 26 15:41:07.085454 dv-cinder-831247-24-smb neutron-server[113043]: DEBUG neutron.plugins.ml2.managers [req-783d7b2d-ab47-48de-8b24-26377557b3ba req-789faf02-ef25-41c7-bcde-ef4b9bb9a145 service neutron] Bound port: 58b6046c-1c85-406a-aa61-8d904d27dcc6, host: hv-cinder-83124, vif_type: hyperv, vif_details: {"connectivity": "legacy", "port_filter": false}, binding_levels: [{'bound_driver': 'hyperv', 'bound_segment': {'id': '42b7dfb6-e712-421a-8816-a9219b1bf461', 'network_type': 'vlan', 'physical_network': 'physnet1', 'segmentation_id': 1088, 'network_id': '22f219ae-8b84-4fe1-808f-7ca1c8c14529'}}] {{(pid=113043) _bind_port_level /opt/stack/neutron/neutron/plugins/ml2/managers.py:947}}
Aug 26 15:41:07.085897 dv-cinder-831247-24-smb neutron-server[113043]: DEBUG neutron_lib.callbacks.manager [req-783d7b2d-ab47-48de-8b24-26377557b3ba req-789faf02-ef25-41c7-bcde-ef4b9bb9a145 service neutron] Publish callbacks ['neutron.plugins.ml2.plugin.SecurityGroupDbMixin._ensure_default_security_group_handler-8080470'] for port (58b6046c-1c85-406a-aa61-8d904d27dcc6), before_update {{(pid=113043) _notify_loop /usr/local/lib/python3.8/dist-packages/neutron_lib/callbacks/manager.py:176}}
Aug 26 15:41:07.116629 dv-cinder-831247-24-smb neutron-server[113044]: DEBUG neutron.plugins.ml2.plugin [None req-3d2fd264-6170-4fb6-bb13-da2f673bdc8e None None] Current status of the port fb736655-980d-4c43-8a43-6de22d3e892e is: DOWN; New status is: BUILD {{(pid=113044) _update_individual_port_db_status /opt/stack/neutron/neutron/plugins/ml2/plugin.py:2302}}
Aug 26 15:41:07.117562 dv-cinder-831247-24-smb neutron-server[113044]: DEBUG neutron_lib.callbacks.manager [None req-3d2fd264-6170-4fb6-bb13-da2f673bdc8e None None] Publish callbacks ['neutron.plugins.ml2.plugin.SecurityGroupDbMixin._ensure_default_security_group_handler-8080470'] for port (fb736655-980d-4c43-8a43-6de22d3e892e), before_update {{(pid=113044) _notify_loop /usr/local/lib/python3.8/dist-packages/neutron_lib/callbacks/manager.py:176}}
Aug 26 15:41:07.135992 dv-cinder-831247-24-smb neutron-server[113044]: DEBUG neutron.notifiers.nova [None req-3d2fd264-6170-4fb6-bb13-da2f673bdc8e None None] Ignoring state change previous_port_status: DOWN current_port_status: BUILD port_id fb736655-980d-4c43-8a43-6de22d3e892e {{(pid=113044) record_port_status_changed /opt/stack/neutron/neutron/notifiers/nova.py:233}}
Aug 26 15:41:07.162981 dv-cinder-831247-24-smb neutron-server[113044]: DEBUG neutron.plugins.ml2.db [None req-3d2fd264-6170-4fb6-bb13-da2f673bdc8e None None] For port fb736655-980d-4c43-8a43-6de22d3e892e, host hv-cinder-83124, got binding levels [PortBindingLevel(driver='hyperv',host='hv-cinder-83124',level=0,port_id=fb736655-980d-4c43-8a43-6de22d3e892e,segment=NetworkSegment(b35954bf-58c6-4b9c-892d-d853783aab68),segment_id=b35954bf-58c6-4b9c-892d-d853783aab68)] {{(pid=113044) get_binding_level_objs /opt/stack/neutron/neutron/plugins/ml2/db.py:74}}
Aug 26 15:41:07.171674 dv-cinder-831247-24-smb neutron-server[113044]: DEBUG neutron_lib.callbacks.manager [None req-3d2fd264-6170-4fb6-bb13-da2f673bdc8e None None] Publish callbacks ['neutron.plugins.ml2.plugin.SecurityGroupServerNotifierRpcMixin._notify_sg_on_port_change-8077459', 'neutron.plugins.ml2.ovo_rpc._ObjectChangeHandler.handle_event-126059', 'neutron.api.rpc.agentnotifiers.dhcp_rpc_agent_api.DhcpAgentNotifyAPI._native_event_send_dhcp_notification-532083', 'neutron.db.l3_db.L3RpcNotifierMixin._notify_gateway_port_ip_changed-8736940289401', 'neutron.db.l3_dvrscheduler_db._notify_l3_agent_port_update-8736939844675', 'neutron.db.l3_hascheduler_db._notify_l3_agent_ha_port_update-8736939844693'] for port (fb736655-980d-4c43-8a43-6de22d3e892e), after_update {{(pid=113044) _notify_loop /usr/local/lib/python3.8/dist-packages/neutron_lib/callbacks/manager.py:176}}
Aug 26 15:41:07.176308 dv-cinder-831247-24-smb neutron-server[113044]: DEBUG neutron.plugins.ml2.rpc [None req-3d2fd264-6170-4fb6-bb13-da2f673bdc8e None None] Device 7f19bac2-060e-4a8d-8fa3-0c7a3315bf69 details requested by agent hyperv_hv-cinder-83124 with host hv-cinder-83124 {{(pid=113044) get_device_details /opt/stack/neutron/neutron/plugins/ml2/rpc.py:102}}
Aug 26 15:41:07.285111 dv-cinder-831247-24-smb neutron-server[113044]: DEBUG dbcounter [-] [113044] Writing DB stats neutron:SELECT=98,neutron:UPDATE=2 {{(pid=113044) stat_writer /usr/local/lib/python3.8/dist-packages/dbcounter.py:114}}
Aug 26 15:41:07.312807 dv-cinder-831247-24-smb neutron-server[113043]: DEBUG dbcounter [-] [113043] Writing DB stats neutron:SELECT=94,neutron:DELETE=2,neutron:UPDATE=4 {{(pid=113043) stat_writer /usr/local/lib/python3.8/dist-packages/dbcounter.py:114}}
Aug 26 15:41:07.338098 dv-cinder-831247-24-smb neutron-server[113043]: DEBUG neutron.plugins.ml2.db [req-783d7b2d-ab47-48de-8b24-26377557b3ba req-789faf02-ef25-41c7-bcde-ef4b9bb9a145 service neutron] For port 58b6046c-1c85-406a-aa61-8d904d27dcc6, host hv-cinder-83124, cleared binding levels {{(pid=113043) clear_binding_levels /opt/stack/neutron/neutron/plugins/ml2/db.py:87}}
Aug 26 15:41:07.377549 dv-cinder-831247-24-smb neutron-server[113044]: DEBUG neutron.plugins.ml2.db [None req-3d2fd264-6170-4fb6-bb13-da2f673bdc8e None None] For port 7f19bac2-060e-4a8d-8fa3-0c7a3315bf69, host hv-cinder-83124, got binding levels [PortBindingLevel(driver='hyperv',host='hv-cinder-83124',level=0,port_id=7f19bac2-060e-4a8d-8fa3-0c7a3315bf69,segment=NetworkSegment(b35954bf-58c6-4b9c-892d-d853783aab68),segment_id=b35954bf-58c6-4b9c-892d-d853783aab68)] {{(pid=113044) get_binding_level_objs /opt/stack/neutron/neutron/plugins/ml2/db.py:74}}
Aug 26 15:41:07.424831 dv-cinder-831247-24-smb neutron-server[113043]: DEBUG neutron.wsgi [-] (113043) accepted ('10.222.0.93', 59470) {{(pid=113043) server /usr/local/lib/python3.8/dist-packages/eventlet/wsgi.py:1004}}
Aug 26 15:41:07.434134 dv-cinder-831247-24-smb neutron-server[113043]: DEBUG neutron.plugins.ml2.db [req-783d7b2d-ab47-48de-8b24-26377557b3ba req-789faf02-ef25-41c7-bcde-ef4b9bb9a145 service neutron] For port 58b6046c-1c85-406a-aa61-8d904d27dcc6, host hv-cinder-83124, set binding levels [PortBindingLevel(driver='hyperv',host='hv-cinder-83124',level=0,port_id=58b6046c-1c85-406a-aa61-8d904d27dcc6,segment=NetworkSegment(42b7dfb6-e712-421a-8816-a9219b1bf461),segment_id=42b7dfb6-e712-421a-8816-a9219b1bf461)] {{(pid=113043) set_binding_levels /opt/stack/neutron/neutron/plugins/ml2/db.py:59}}
Aug 26 15:41:07.444664 dv-cinder-831247-24-smb neutron-server[113044]: DEBUG neutron.plugins.ml2.rpc [None req-3d2fd264-6170-4fb6-bb13-da2f673bdc8e None None] Returning: {'device': '7f19bac2-060e-4a8d-8fa3-0c7a3315bf69', 'network_id': '1f52e43f-8461-462d-b40a-7750a23bf61a', 'port_id': '7f19bac2-060e-4a8d-8fa3-0c7a3315bf69', 'mac_address': 'fa:16:3e:96:9a:7a', 'admin_state_up': True, 'network_type': 'vlan', 'segmentation_id': 1068, 'physical_network': 'physnet1', 'mtu': 1500, 'fixed_ips': [{'subnet_id': '9bd1b539-c30d-4c3f-a0ad-e3ccae69f040', 'ip_address': '172.20.0.8'}], 'device_owner': 'compute:nova', 'allowed_address_pairs': [], 'port_security_enabled': True, 'qos_policy_id': None, 'qos_network_policy_id': None, 'profile': {}, 'propagate_uplink_status': False} {{(pid=113044) _get_device_details /opt/stack/neutron/neutron/plugins/ml2/rpc.py:184}}
Aug 26 15:41:07.459175 dv-cinder-831247-24-smb neutron-server[113042]: INFO neutron.wsgi [req-effe0957-362d-4a64-ba10-0298a7ed67f5 req-7e810273-0445-47b8-8c8d-84f113454fa2 tempest-AttachVolumeTestJSON-310797825 tempest-AttachVolumeTestJSON-310797825-project] 10.222.0.89 "GET /networking/v2.0/ports?device_id=02ce0a33-3a46-4a9d-afd5-aa0de13db3a3 HTTP/1.1" status: 200 len: 210 time: 0.2659552
Aug 26 15:41:07.499821 dv-cinder-831247-24-smb neutron-server[113042]: DEBUG neutron.api.rpc.handlers.resources_rpc [None req-99a7078d-daeb-4fd4-9841-4dbd75523113 service neutron] Pushing event updated for resources: {'Port': ['ID=160b87a3-d489-47e9-9782-185420af70e5,revision_number=3']} {{(pid=113042) push /opt/stack/neutron/neutron/api/rpc/handlers/resources_rpc.py:237}}
Aug 26 15:41:07.521617 dv-cinder-831247-24-smb neutron-server[113042]: DEBUG neutron.pecan_wsgi.hooks.policy_enforcement [req-5e229e21-179d-4541-ae8e-b77515a36708 req-c400c76e-abd8-437c-a102-5fb12e611dfe service neutron] Attributes excluded by policy engine: ['standard_attr_id'] {{(pid=113042) _exclude_attributes_by_policy /opt/stack/neutron/neutron/pecan_wsgi/hooks/policy_enforcement.py:259}}
Aug 26 15:41:07.531415 dv-cinder-831247-24-smb neutron-server[113042]: INFO neutron.wsgi [req-5e229e21-179d-4541-ae8e-b77515a36708 req-c400c76e-abd8-437c-a102-5fb12e611dfe service neutron] 10.222.0.93 "GET /networking/v2.0/ports?tenant_id=ee657d7927d24daa9269f9c1338067d9&device_id=33fa7006-3f9c-4966-8bf8-18b96b05e132 HTTP/1.1" status: 200 len: 1128 time: 0.4472435
Aug 26 15:41:07.611419 dv-cinder-831247-24-smb neutron-server[113044]: DEBUG neutron.plugins.ml2.plugin [None req-3d2fd264-6170-4fb6-bb13-da2f673bdc8e None None] Current status of the port 7f19bac2-060e-4a8d-8fa3-0c7a3315bf69 is: DOWN; New status is: BUILD {{(pid=113044) _update_individual_port_db_status /opt/stack/neutron/neutron/plugins/ml2/plugin.py:2302}}
Aug 26 15:41:07.612015 dv-cinder-831247-24-smb neutron-server[113044]: DEBUG neutron_lib.callbacks.manager [None req-3d2fd264-6170-4fb6-bb13-da2f673bdc8e None None] Publish callbacks ['neutron.plugins.ml2.plugin.SecurityGroupDbMixin._ensure_default_security_group_handler-8080470'] for port (7f19bac2-060e-4a8d-8fa3-0c7a3315bf69), before_update {{(pid=113044) _notify_loop /usr/local/lib/python3.8/dist-packages/neutron_lib/callbacks/manager.py:176}}
Aug 26 15:41:07.616116 dv-cinder-831247-24-smb neutron-server[113044]: DEBUG neutron.api.rpc.handlers.resources_rpc [None req-3d2fd264-6170-4fb6-bb13-da2f673bdc8e None None] Pushing event updated for resources: {'Port': ['ID=fb736655-980d-4c43-8a43-6de22d3e892e,revision_number=4']} {{(pid=113044) push /opt/stack/neutron/neutron/api/rpc/handlers/resources_rpc.py:237}}
Aug 26 15:41:07.648767 dv-cinder-831247-24-smb neutron-server[113044]: DEBUG neutron.notifiers.nova [None req-3d2fd264-6170-4fb6-bb13-da2f673bdc8e None None] Ignoring state change previous_port_status: DOWN current_port_status: BUILD port_id 7f19bac2-060e-4a8d-8fa3-0c7a3315bf69 {{(pid=113044) record_port_status_changed /opt/stack/neutron/neutron/notifiers/nova.py:233}}
Aug 26 15:41:07.659265 dv-cinder-831247-24-smb neutron-server[113043]: DEBUG neutron_lib.callbacks.manager [req-783d7b2d-ab47-48de-8b24-26377557b3ba req-789faf02-ef25-41c7-bcde-ef4b9bb9a145 service neutron] Publish callbacks ['neutron.plugins.ml2.plugin.SecurityGroupServerNotifierRpcMixin._notify_sg_on_port_change-8077459', 'neutron.plugins.ml2.ovo_rpc._ObjectChangeHandler.handle_event-126059', 'neutron.api.rpc.agentnotifiers.dhcp_rpc_agent_api.DhcpAgentNotifyAPI._native_event_send_dhcp_notification-532083', 'neutron.db.l3_db.L3RpcNotifierMixin._notify_gateway_port_ip_changed-8736940289401', 'neutron.db.l3_dvrscheduler_db._notify_l3_agent_port_update-8736939844675', 'neutron.db.l3_hascheduler_db._notify_l3_agent_ha_port_update-8736939844693', 'neutron.services.segments.plugin.NovaSegmentNotifier._notify_port_updated-2528748'] for port (58b6046c-1c85-406a-aa61-8d904d27dcc6), after_update {{(pid=113043) _notify_loop /usr/local/lib/python3.8/dist-packages/neutron_lib/callbacks/manager.py:176}}
Aug 26 15:41:07.684335 dv-cinder-831247-24-smb neutron-server[113043]: DEBUG neutron.pecan_wsgi.hooks.policy_enforcement [req-783d7b2d-ab47-48de-8b24-26377557b3ba req-789faf02-ef25-41c7-bcde-ef4b9bb9a145 service neutron] Attributes excluded by policy engine: ['standard_attr_id'] {{(pid=113043) _exclude_attributes_by_policy /opt/stack/neutron/neutron/pecan_wsgi/hooks/policy_enforcement.py:259}}
Aug 26 15:41:07.685270 dv-cinder-831247-24-smb neutron-server[113043]: DEBUG neutron_lib.callbacks.manager [req-783d7b2d-ab47-48de-8b24-26377557b3ba req-789faf02-ef25-41c7-bcde-ef4b9bb9a145 service neutron] Publish callbacks ['neutron.notifiers.nova.Notifier._send_nova_notification-32988', 'neutron.api.rpc.agentnotifiers.dhcp_rpc_agent_api.DhcpAgentNotifyAPI._send_dhcp_notification-532065'] for port (None), before_response {{(pid=113043) _notify_loop /usr/local/lib/python3.8/dist-packages/neutron_lib/callbacks/manager.py:176}}
Aug 26 15:41:07.691192 dv-cinder-831247-24-smb neutron-server[113043]: INFO neutron.wsgi [req-783d7b2d-ab47-48de-8b24-26377557b3ba req-789faf02-ef25-41c7-bcde-ef4b9bb9a145 service neutron] 10.222.0.93 "PUT /networking/v2.0/ports/58b6046c-1c85-406a-aa61-8d904d27dcc6 HTTP/1.1" status: 200 len: 1094 time: 2.8127856
Aug 26 15:41:07.696892 dv-cinder-831247-24-smb neutron-server[113043]: DEBUG neutron.notifiers.nova [-] Sending events: [{'name': 'network-changed', 'server_uuid': '9490f2f2-8414-4ad1-abe2-9dcd4e0759ff', 'tag': '58b6046c-1c85-406a-aa61-8d904d27dcc6'}] {{(pid=113043) send_events /opt/stack/neutron/neutron/notifiers/nova.py:271}}
Aug 26 15:41:07.738605 dv-cinder-831247-24-smb neutron-server[113044]: DEBUG neutron.plugins.ml2.db [None req-3d2fd264-6170-4fb6-bb13-da2f673bdc8e None None] For port 7f19bac2-060e-4a8d-8fa3-0c7a3315bf69, host hv-cinder-83124, got binding levels [PortBindingLevel(driver='hyperv',host='hv-cinder-83124',level=0,port_id=7f19bac2-060e-4a8d-8fa3-0c7a3315bf69,segment=NetworkSegment(b35954bf-58c6-4b9c-892d-d853783aab68),segment_id=b35954bf-58c6-4b9c-892d-d853783aab68)] {{(pid=113044) get_binding_level_objs /opt/stack/neutron/neutron/plugins/ml2/db.py:74}}
Aug 26 15:41:07.746356 dv-cinder-831247-24-smb neutron-server[113044]: DEBUG neutron_lib.callbacks.manager [None req-3d2fd264-6170-4fb6-bb13-da2f673bdc8e None None] Publish callbacks ['neutron.plugins.ml2.plugin.SecurityGroupServerNotifierRpcMixin._notify_sg_on_port_change-8077459', 'neutron.plugins.ml2.ovo_rpc._ObjectChangeHandler.handle_event-126059', 'neutron.api.rpc.agentnotifiers.dhcp_rpc_agent_api.DhcpAgentNotifyAPI._native_event_send_dhcp_notification-532083', 'neutron.db.l3_db.L3RpcNotifierMixin._notify_gateway_port_ip_changed-8736940289401', 'neutron.db.l3_dvrscheduler_db._notify_l3_agent_port_update-8736939844675', 'neutron.db.l3_hascheduler_db._notify_l3_agent_ha_port_update-8736939844693'] for port (7f19bac2-060e-4a8d-8fa3-0c7a3315bf69), after_update {{(pid=113044) _notify_loop /usr/local/lib/python3.8/dist-packages/neutron_lib/callbacks/manager.py:176}}
Aug 26 15:41:07.784925 dv-cinder-831247-24-smb neutron-server[113042]: INFO neutron.wsgi [req-5e229e21-179d-4541-ae8e-b77515a36708 req-9b532e54-4e1e-42f0-b20a-c95875f8138e service neutron] 10.222.0.93 "GET /networking/v2.0/floatingips?fixed_ip_address=172.20.0.12&port_id=160b87a3-d489-47e9-9782-185420af70e5 HTTP/1.1" status: 200 len: 217 time: 0.2260382
Aug 26 15:41:07.851326 dv-cinder-831247-24-smb neutron-server[113044]: DEBUG neutron.api.rpc.handlers.resources_rpc [None req-3d2fd264-6170-4fb6-bb13-da2f673bdc8e None None] Pushing event updated for resources: {'Port': ['ID=7f19bac2-060e-4a8d-8fa3-0c7a3315bf69,revision_number=4']} {{(pid=113044) push /opt/stack/neutron/neutron/api/rpc/handlers/resources_rpc.py:237}}
Aug 26 15:41:07.924430 dv-cinder-831247-24-smb neutron-server[113042]: INFO neutron.wsgi [req-c7c20a29-ab60-4cdb-a5b5-ceea49a91dba req-c496e99b-3a3a-4634-8e46-ade9b8b97b8f service neutron] 10.222.0.93 "GET /networking/v2.0/networks/1f52e43f-8461-462d-b40a-7750a23bf61a?fields=segments HTTP/1.1" status: 200 len: 212 time: 0.8761868
Aug 26 15:41:07.944027 dv-cinder-831247-24-smb neutron-server[113042]: DEBUG neutron.pecan_wsgi.hooks.policy_enforcement [req-8e003ec8-89a0-43d0-b01f-f4a07d71f404 req-7099ed08-2e8d-4f8c-86c0-80461b3c7480 tempest-DeleteServersTestJSON-594119509 tempest-DeleteServersTestJSON-594119509-project] Attributes excluded by policy engine: ['standard_attr_id', 'binding:profile', 'binding:host_id', 'binding:vif_type', 'binding:vif_details'] {{(pid=113042) _exclude_attributes_by_policy /opt/stack/neutron/neutron/pecan_wsgi/hooks/policy_enforcement.py:259}}
Aug 26 15:41:07.945755 dv-cinder-831247-24-smb neutron-server[113042]: INFO neutron.wsgi [req-8e003ec8-89a0-43d0-b01f-f4a07d71f404 req-7099ed08-2e8d-4f8c-86c0-80461b3c7480 tempest-DeleteServersTestJSON-594119509 tempest-DeleteServersTestJSON-594119509-project] 10.222.0.89 "GET /networking/v2.0/ports?device_id=33fa7006-3f9c-4966-8bf8-18b96b05e132 HTTP/1.1" status: 200 len: 944 time: 0.3160582
Aug 26 15:41:07.952057 dv-cinder-831247-24-smb neutron-server[113042]: INFO neutron.wsgi [req-fbafd87c-ed64-4589-b39c-820349b5df7c req-fecc9be2-4981-48ff-9dc9-9d68f6003aa6 service neutron] 10.222.0.93 "GET /networking/v2.0/networks/1f52e43f-8461-462d-b40a-7750a23bf61a?fields=provider%3Aphysical_network&fields=provider%3Anetwork_type HTTP/1.1" status: 200 len: 281 time: 0.9062951
Aug 26 15:41:07.975749 dv-cinder-831247-24-smb neutron-server[113042]: DEBUG neutron.pecan_wsgi.hooks.policy_enforcement [req-5e229e21-179d-4541-ae8e-b77515a36708 req-81a95650-978d-4696-bb13-a66f304fba4f service neutron] Attributes excluded by policy engine: ['standard_attr_id', 'shared'] {{(pid=113042) _exclude_attributes_by_policy /opt/stack/neutron/neutron/pecan_wsgi/hooks/policy_enforcement.py:259}}
Aug 26 15:41:07.977687 dv-cinder-831247-24-smb neutron-server[113042]: INFO neutron.wsgi [req-5e229e21-179d-4541-ae8e-b77515a36708 req-81a95650-978d-4696-bb13-a66f304fba4f service neutron] 10.222.0.93 "GET /networking/v2.0/subnets?id=51c83acb-aec9-4682-afdd-f7a37fbf33a0 HTTP/1.1" status: 200 len: 851 time: 0.1272507
Aug 26 15:41:08.119538 dv-cinder-831247-24-smb neutron-server[113042]: DEBUG neutron.pecan_wsgi.hooks.policy_enforcement [req-5e229e21-179d-4541-ae8e-b77515a36708 req-ddb28afe-44aa-42a8-b51d-ff33f1edbf60 service neutron] Attributes excluded by policy engine: ['standard_attr_id'] {{(pid=113042) _exclude_attributes_by_policy /opt/stack/neutron/neutron/pecan_wsgi/hooks/policy_enforcement.py:259}}
Aug 26 15:41:08.121148 dv-cinder-831247-24-smb neutron-server[113042]: INFO neutron.wsgi [req-5e229e21-179d-4541-ae8e-b77515a36708 req-ddb28afe-44aa-42a8-b51d-ff33f1edbf60 service neutron] 10.222.0.93 "GET /networking/v2.0/ports?network_id=040e5ca3-2bd4-4326-a9ac-90c7b7984765&device_owner=network%3Adhcp HTTP/1.1" status: 200 len: 1211 time: 0.1313798
Aug 26 15:41:08.128364 dv-cinder-831247-24-smb neutron-server[113042]: INFO neutron.wsgi [req-8e003ec8-89a0-43d0-b01f-f4a07d71f404 req-cc8a8095-8933-48d4-846a-ff2509c62089 tempest-DeleteServersTestJSON-594119509 tempest-DeleteServersTestJSON-594119509-project] 10.222.0.89 "GET /networking/v2.0/security-groups?id=360445f3-b54f-46a6-984f-60e4b102fb4f&fields=id&fields=name HTTP/1.1" status: 200 len: 286 time: 0.1731172
Aug 26 15:41:08.221877 dv-cinder-831247-24-smb neutron-server[113043]: DEBUG neutron.pecan_wsgi.hooks.policy_enforcement [req-783d7b2d-ab47-48de-8b24-26377557b3ba req-7a0d8e6f-be8c-4a2f-9536-f12ee887c9e0 service neutron] Attributes excluded by policy engine: ['standard_attr_id'] {{(pid=113043) _exclude_attributes_by_policy /opt/stack/neutron/neutron/pecan_wsgi/hooks/policy_enforcement.py:259}}
Aug 26 15:41:08.229778 dv-cinder-831247-24-smb neutron-server[113043]: INFO neutron.wsgi [req-783d7b2d-ab47-48de-8b24-26377557b3ba req-7a0d8e6f-be8c-4a2f-9536-f12ee887c9e0 service neutron] 10.222.0.93 "GET /networking/v2.0/ports?tenant_id=07b81ab3fe6c4728bcbb84fdb11eaea6&device_id=9490f2f2-8414-4ad1-abe2-9dcd4e0759ff HTTP/1.1" status: 200 len: 1128 time: 0.3885388
Aug 26 15:41:08.247922 dv-cinder-831247-24-smb neutron-server[113043]: DEBUG novaclient.v2.client [-] REQ: curl -g -i --cacert "/opt/stack/data/ca-bundle.pem" -X POST http://10.222.0.89/compute/v2.1/os-server-external-events -H "Accept: application/json" -H "Content-Type: application/json" -H "User-Agent: python-novaclient" -H "X-Auth-Token: {SHA256}f91527bd8ea098f75d201aebf612524137bc283efeff16db0f7fb9c4c2cd3f9f" -H "X-OpenStack-Nova-API-Version: 2.1" -H "X-OpenStack-Request-ID: req-19c08768-5f84-434a-8b4f-220743413015" -d '{"events": [{"name": "network-changed", "server_uuid": "9490f2f2-8414-4ad1-abe2-9dcd4e0759ff", "tag": "58b6046c-1c85-406a-aa61-8d904d27dcc6"}]}' {{(pid=113043) _http_log_request /usr/local/lib/python3.8/dist-packages/keystoneauth1/session.py:519}}
Aug 26 15:41:08.262453 dv-cinder-831247-24-smb neutron-server[113042]: DEBUG novaclient.v2.client [-] RESP: [200] Connection: close Content-Length: 179 Content-Type: application/json Date: Fri, 26 Aug 2022 15:41:07 GMT OpenStack-API-Version: compute 2.1 Server: Apache/2.4.41 (Ubuntu) Vary: OpenStack-API-Version,X-OpenStack-Nova-API-Version X-OpenStack-Nova-API-Version: 2.1 x-compute-request-id: req-3ed7c703-6a7b-42bf-8727-1436e9a693c7 x-openstack-request-id: req-3ed7c703-6a7b-42bf-8727-1436e9a693c7 {{(pid=113042) _http_log_response /usr/local/lib/python3.8/dist-packages/keystoneauth1/session.py:550}}
Aug 26 15:41:08.262876 dv-cinder-831247-24-smb neutron-server[113042]: DEBUG novaclient.v2.client [-] RESP BODY: {"events": [{"name": "network-changed", "server_uuid": "33fa7006-3f9c-4966-8bf8-18b96b05e132", "tag": "160b87a3-d489-47e9-9782-185420af70e5", "status": "completed", "code": 200}]} {{(pid=113042) _http_log_response /usr/local/lib/python3.8/dist-packages/keystoneauth1/session.py:582}}
Aug 26 15:41:08.263426 dv-cinder-831247-24-smb neutron-server[113042]: DEBUG novaclient.v2.client [-] POST call to compute for http://10.222.0.89/compute/v2.1/os-server-external-events used request id req-3ed7c703-6a7b-42bf-8727-1436e9a693c7 {{(pid=113042) request /usr/local/lib/python3.8/dist-packages/keystoneauth1/session.py:954}}
Aug 26 15:41:08.264017 dv-cinder-831247-24-smb neutron-server[113042]: INFO neutron.notifiers.nova [-] Nova event matching ['req-3ed7c703-6a7b-42bf-8727-1436e9a693c7'] response: {'name': 'network-changed', 'server_uuid': '33fa7006-3f9c-4966-8bf8-18b96b05e132', 'tag': '160b87a3-d489-47e9-9782-185420af70e5', 'status': 'completed', 'code': 200}
Aug 26 15:41:08.264661 dv-cinder-831247-24-smb neutron-server[113044]: DEBUG neutron_lib.callbacks.manager [None req-3d2fd264-6170-4fb6-bb13-da2f673bdc8e None None] Publish callbacks ['neutron.services.segments.db._update_segment_host_mapping_for_agent-8736940311628', 'neutron.plugins.ml2.plugin.Ml2Plugin._retry_binding_revived_agents-7722727'] for agent (eafa2882-bc1c-46f7-99d4-1bae65c3e265), after_update {{(pid=113044) _notify_loop /usr/local/lib/python3.8/dist-packages/neutron_lib/callbacks/manager.py:176}}
Aug 26 15:41:08.315164 dv-cinder-831247-24-smb neutron-server[113043]: INFO neutron.wsgi [req-3f0c283d-23d4-447a-902c-476b07bbeab0 req-504616f7-32ec-44ab-a3ae-e2a556e6c86e tempest-AttachVolumeNegativeTest-938370223 tempest-AttachVolumeNegativeTest-938370223-project] 10.222.0.89 "GET /networking/v2.0/security-groups?name=tempest-securitygroup--172446776&fields=id&tenant_id=bdd49a5192474cdcaf8759423837547b HTTP/1.1" status: 200 len: 267 time: 0.9379003
Aug 26 15:41:08.327534 dv-cinder-831247-24-smb neutron-server[113042]: INFO neutron.wsgi [req-71eef379-acf5-43a3-9b41-95777e896456 req-71326946-8a65-4edb-96b7-233c116dcf29 tempest-VolumesActionsTest-163467844 tempest-VolumesActionsTest-163467844-project] 10.222.0.89 "GET /networking/v2.0/ports?device_id=c7357ce8-8efb-4293-9fbc-289f91592ae8 HTTP/1.1" status: 200 len: 210 time: 0.0564241
Aug 26 15:41:08.334511 dv-cinder-831247-24-smb neutron-server[113042]: INFO neutron.wsgi [req-c7c20a29-ab60-4cdb-a5b5-ceea49a91dba req-17356230-c22f-46ff-b135-5b36d56ff626 service neutron] 10.222.0.93 "GET /networking/v2.0/networks/1f52e43f-8461-462d-b40a-7750a23bf61a?fields=provider%3Aphysical_network&fields=provider%3Anetwork_type HTTP/1.1" status: 200 len: 281 time: 0.3530829
Aug 26 15:41:08.378395 dv-cinder-831247-24-smb neutron-server[113044]: DEBUG neutron.plugins.ml2.db [None req-3d2fd264-6170-4fb6-bb13-da2f673bdc8e None None] get_ports_and_sgs() called for port_ids ['fb736655-980d-4c43-8a43-6de22d3e892e'] {{(pid=113044) get_ports_and_sgs /opt/stack/neutron/neutron/plugins/ml2/db.py:163}}
Aug 26 15:41:08.399032 dv-cinder-831247-24-smb neutron-server[113044]: DEBUG dbcounter [-] [113044] Writing DB stats neutron:SELECT=97,neutron:UPDATE=3 {{(pid=113044) stat_writer /usr/local/lib/python3.8/dist-packages/dbcounter.py:114}}
Aug 26 15:41:08.406072 dv-cinder-831247-24-smb neutron-server[113042]: INFO neutron.wsgi [req-5e229e21-179d-4541-ae8e-b77515a36708 req-cbfc969e-998c-4c83-9957-b3ec769c1703 service neutron] 10.222.0.93 "GET /networking/v2.0/networks/040e5ca3-2bd4-4326-a9ac-90c7b7984765?fields=segments HTTP/1.1" status: 200 len: 212 time: 0.2735670
Aug 26 15:41:08.416354 dv-cinder-831247-24-smb neutron-server[113043]: DEBUG neutron.api.rpc.handlers.resources_rpc [None req-789faf02-ef25-41c7-bcde-ef4b9bb9a145 service neutron] Pushing event updated for resources: {'Port': ['ID=58b6046c-1c85-406a-aa61-8d904d27dcc6,revision_number=3']} {{(pid=113043) push /opt/stack/neutron/neutron/api/rpc/handlers/resources_rpc.py:237}}
Aug 26 15:41:08.484498 dv-cinder-831247-24-smb neutron-server[113044]: DEBUG neutron.plugins.ml2.db [None req-3d2fd264-6170-4fb6-bb13-da2f673bdc8e None None] get_ports_and_sgs() called for port_ids ['7f19bac2-060e-4a8d-8fa3-0c7a3315bf69'] {{(pid=113044) get_ports_and_sgs /opt/stack/neutron/neutron/plugins/ml2/db.py:163}}
Aug 26 15:41:08.523466 dv-cinder-831247-24-smb neutron-server[113042]: DEBUG dbcounter [-] [113042] Writing DB stats neutron:SELECT=100 {{(pid=113042) stat_writer /usr/local/lib/python3.8/dist-packages/dbcounter.py:114}}
Aug 26 15:41:08.543468 dv-cinder-831247-24-smb neutron-server[113042]: DEBUG neutron.pecan_wsgi.hooks.policy_enforcement [req-0151c0d0-71a7-48fe-8ef8-cf440841cad1 req-6bb8d4a8-46ed-4fdf-bbe5-fb527a519e8a tempest-ServerRescueNegativeTestJSON-1345252202 tempest-ServerRescueNegativeTestJSON-1345252202-project] Attributes excluded by policy engine: ['standard_attr_id', 'binding:profile', 'binding:host_id', 'binding:vif_type', 'binding:vif_details'] {{(pid=113042) _exclude_attributes_by_policy /opt/stack/neutron/neutron/pecan_wsgi/hooks/policy_enforcement.py:259}}
Aug 26 15:41:08.548090 dv-cinder-831247-24-smb neutron-server[113042]: INFO neutron.wsgi [req-0151c0d0-71a7-48fe-8ef8-cf440841cad1 req-6bb8d4a8-46ed-4fdf-bbe5-fb527a519e8a tempest-ServerRescueNegativeTestJSON-1345252202 tempest-ServerRescueNegativeTestJSON-1345252202-project] 10.222.0.89 "GET /networking/v2.0/ports?device_id=d90c7c0a-9d63-4a58-aeb3-355e3bf73aeb HTTP/1.1" status: 200 len: 944 time: 0.1199465
Aug 26 15:41:08.627394 dv-cinder-831247-24-smb neutron-server[113042]: DEBUG dbcounter [-] [113042] Writing DB stats neutron:SELECT=100 {{(pid=113042) stat_writer /usr/local/lib/python3.8/dist-packages/dbcounter.py:114}}
Aug 26 15:41:08.635006 dv-cinder-831247-24-smb neutron-server[113042]: INFO neutron.wsgi [req-5e229e21-179d-4541-ae8e-b77515a36708 req-41564861-5d38-4429-a8fe-9ef3a644b317 service neutron] 10.222.0.93 "GET /networking/v2.0/networks/040e5ca3-2bd4-4326-a9ac-90c7b7984765?fields=provider%3Aphysical_network&fields=provider%3Anetwork_type HTTP/1.1" status: 200 len: 281 time: 0.2219589
Aug 26 15:41:08.653313 dv-cinder-831247-24-smb neutron-server[113042]: INFO neutron.wsgi [req-0151c0d0-71a7-48fe-8ef8-cf440841cad1 req-a6f84652-ef0f-4199-827e-8331a98bfadb tempest-ServerRescueNegativeTestJSON-1345252202 tempest-ServerRescueNegativeTestJSON-1345252202-project] 10.222.0.89 "GET /networking/v2.0/security-groups?id=03a03032-2085-4f72-a100-ae8105b9b1c6&fields=id&fields=name HTTP/1.1" status: 200 len: 286 time: 0.0985174
Aug 26 15:41:08.691437 dv-cinder-831247-24-smb neutron-server[113043]: INFO neutron.wsgi [req-783d7b2d-ab47-48de-8b24-26377557b3ba req-046e51d5-fb90-4a8b-9f79-b15e0929621b service neutron] 10.222.0.93 "GET /networking/v2.0/floatingips?fixed_ip_address=172.20.0.14&port_id=58b6046c-1c85-406a-aa61-8d904d27dcc6 HTTP/1.1" status: 200 len: 217 time: 0.3966231
