Aug 26 15:41:05.367601 dv-cinder-831247-24-smb devstack@placement-api.service[113570]: DEBUG placement.requestlog [req-478b8993-a0ac-4d9a-bcf1-981c9ea120cb req-f96e2b28-88af-4ffe-81c0-b504d6c23f17 None None] Starting request: 10.222.0.93 "GET /placement/resource_providers/1802b5a0-50df-4f82-8a6b-d8456a25340a/allocations" {{(pid=113570) __call__ /opt/stack/placement/placement/requestlog.py:55}}
Aug 26 15:41:05.419903 dv-cinder-831247-24-smb devstack@placement-api.service[113570]: INFO placement.requestlog [req-478b8993-a0ac-4d9a-bcf1-981c9ea120cb req-f96e2b28-88af-4ffe-81c0-b504d6c23f17 service placement] 10.222.0.93 "GET /placement/resource_providers/1802b5a0-50df-4f82-8a6b-d8456a25340a/allocations" status: 200 len: 557 microversion: 1.0
Aug 26 15:41:05.420732 dv-cinder-831247-24-smb devstack@placement-api.service[113570]: [pid: 113570|app: 0|req: 26/54] 10.222.0.93 () {58 vars in 1390 bytes} [Fri Aug 26 15:41:05 2022] GET /placement/resource_providers/1802b5a0-50df-4f82-8a6b-d8456a25340a/allocations => generated 557 bytes in 53 msecs (HTTP/1.1 200) 6 headers in 224 bytes (2 switches on core 0)
Aug 26 15:41:05.602715 dv-cinder-831247-24-smb devstack@placement-api.service[113569]: DEBUG placement.requestlog [req-478b8993-a0ac-4d9a-bcf1-981c9ea120cb req-5388052d-e609-439b-b806-b38cb86c4090 None None] Starting request: 10.222.0.93 "GET /placement/resource_providers/1802b5a0-50df-4f82-8a6b-d8456a25340a/allocations" {{(pid=113569) __call__ /opt/stack/placement/placement/requestlog.py:55}}
Aug 26 15:41:05.657600 dv-cinder-831247-24-smb devstack@placement-api.service[113569]: INFO placement.requestlog [req-478b8993-a0ac-4d9a-bcf1-981c9ea120cb req-5388052d-e609-439b-b806-b38cb86c4090 service placement] 10.222.0.93 "GET /placement/resource_providers/1802b5a0-50df-4f82-8a6b-d8456a25340a/allocations" status: 200 len: 557 microversion: 1.0
Aug 26 15:41:05.660135 dv-cinder-831247-24-smb devstack@placement-api.service[113569]: [pid: 113569|app: 0|req: 29/55] 10.222.0.93 () {58 vars in 1390 bytes} [Fri Aug 26 15:41:05 2022] GET /placement/resource_providers/1802b5a0-50df-4f82-8a6b-d8456a25340a/allocations => generated 557 bytes in 58 msecs (HTTP/1.1 200) 6 headers in 224 bytes (1 switches on core 0)
Aug 26 15:41:05.683857 dv-cinder-831247-24-smb devstack@placement-api.service[113570]: DEBUG placement.requestlog [req-478b8993-a0ac-4d9a-bcf1-981c9ea120cb req-58f609a8-1cdc-4bd1-9ccb-a4b564f6b135 None None] Starting request: 10.222.0.93 "GET /placement/allocations/02ce0a33-3a46-4a9d-afd5-aa0de13db3a3" {{(pid=113570) __call__ /opt/stack/placement/placement/requestlog.py:55}}
Aug 26 15:41:05.715585 dv-cinder-831247-24-smb devstack@placement-api.service[113570]: INFO placement.requestlog [req-478b8993-a0ac-4d9a-bcf1-981c9ea120cb req-58f609a8-1cdc-4bd1-9ccb-a4b564f6b135 service placement] 10.222.0.93 "GET /placement/allocations/02ce0a33-3a46-4a9d-afd5-aa0de13db3a3" status: 200 len: 258 microversion: 1.28
Aug 26 15:41:05.716736 dv-cinder-831247-24-smb devstack@placement-api.service[113570]: [pid: 113570|app: 0|req: 27/56] 10.222.0.93 () {60 vars in 1377 bytes} [Fri Aug 26 15:41:05 2022] GET /placement/allocations/02ce0a33-3a46-4a9d-afd5-aa0de13db3a3 => generated 258 bytes in 33 msecs (HTTP/1.1 200) 8 headers in 296 bytes (1 switches on core 0)
Aug 26 15:41:05.725060 dv-cinder-831247-24-smb devstack@placement-api.service[113569]: DEBUG placement.requestlog [req-478b8993-a0ac-4d9a-bcf1-981c9ea120cb req-3553d62b-5f66-47b9-a77d-9af1770c0fbf None None] Starting request: 10.222.0.93 "GET /placement/allocations/9490f2f2-8414-4ad1-abe2-9dcd4e0759ff" {{(pid=113569) __call__ /opt/stack/placement/placement/requestlog.py:55}}
Aug 26 15:41:05.757680 dv-cinder-831247-24-smb devstack@placement-api.service[113569]: INFO placement.requestlog [req-478b8993-a0ac-4d9a-bcf1-981c9ea120cb req-3553d62b-5f66-47b9-a77d-9af1770c0fbf service placement] 10.222.0.93 "GET /placement/allocations/9490f2f2-8414-4ad1-abe2-9dcd4e0759ff" status: 200 len: 258 microversion: 1.28
Aug 26 15:41:05.759297 dv-cinder-831247-24-smb devstack@placement-api.service[113569]: [pid: 113569|app: 0|req: 30/57] 10.222.0.93 () {60 vars in 1377 bytes} [Fri Aug 26 15:41:05 2022] GET /placement/allocations/9490f2f2-8414-4ad1-abe2-9dcd4e0759ff => generated 258 bytes in 35 msecs (HTTP/1.1 200) 8 headers in 296 bytes (1 switches on core 0)
Aug 26 15:41:05.768036 dv-cinder-831247-24-smb devstack@placement-api.service[113570]: DEBUG placement.requestlog [req-478b8993-a0ac-4d9a-bcf1-981c9ea120cb req-99f9baa9-d7ca-458a-8c3e-8a1011cb90cf None None] Starting request: 10.222.0.93 "GET /placement/allocations/27debe8e-a5db-4154-8440-f17b0ae598cb" {{(pid=113570) __call__ /opt/stack/placement/placement/requestlog.py:55}}
Aug 26 15:41:05.832114 dv-cinder-831247-24-smb devstack@placement-api.service[113570]: INFO placement.requestlog [req-478b8993-a0ac-4d9a-bcf1-981c9ea120cb req-99f9baa9-d7ca-458a-8c3e-8a1011cb90cf service placement] 10.222.0.93 "GET /placement/allocations/27debe8e-a5db-4154-8440-f17b0ae598cb" status: 200 len: 258 microversion: 1.28
Aug 26 15:41:05.832524 dv-cinder-831247-24-smb devstack@placement-api.service[113570]: [pid: 113570|app: 0|req: 28/58] 10.222.0.93 () {60 vars in 1377 bytes} [Fri Aug 26 15:41:05 2022] GET /placement/allocations/27debe8e-a5db-4154-8440-f17b0ae598cb => generated 258 bytes in 66 msecs (HTTP/1.1 200) 8 headers in 296 bytes (1 switches on core 0)
Aug 26 15:41:05.841817 dv-cinder-831247-24-smb devstack@placement-api.service[113569]: DEBUG placement.requestlog [req-478b8993-a0ac-4d9a-bcf1-981c9ea120cb req-b6c5d0a1-dc00-44d8-987b-7b7803e15731 None None] Starting request: 10.222.0.93 "GET /placement/allocations/d90c7c0a-9d63-4a58-aeb3-355e3bf73aeb" {{(pid=113569) __call__ /opt/stack/placement/placement/requestlog.py:55}}
Aug 26 15:41:05.871920 dv-cinder-831247-24-smb devstack@placement-api.service[113570]: DEBUG placement.requestlog [req-62279caf-2341-477e-8c04-a14ac51b12a4 req-5275d238-1db9-48b3-b542-56efe41bf68b None None] Starting request: 10.222.0.93 "GET /placement/allocations/02ce0a33-3a46-4a9d-afd5-aa0de13db3a3" {{(pid=113570) __call__ /opt/stack/placement/placement/requestlog.py:55}}
Aug 26 15:41:05.884790 dv-cinder-831247-24-smb devstack@placement-api.service[113569]: INFO placement.requestlog [req-478b8993-a0ac-4d9a-bcf1-981c9ea120cb req-b6c5d0a1-dc00-44d8-987b-7b7803e15731 service placement] 10.222.0.93 "GET /placement/allocations/d90c7c0a-9d63-4a58-aeb3-355e3bf73aeb" status: 200 len: 258 microversion: 1.28
Aug 26 15:41:05.889082 dv-cinder-831247-24-smb devstack@placement-api.service[113569]: [pid: 113569|app: 0|req: 31/59] 10.222.0.93 () {60 vars in 1377 bytes} [Fri Aug 26 15:41:05 2022] GET /placement/allocations/d90c7c0a-9d63-4a58-aeb3-355e3bf73aeb => generated 258 bytes in 47 msecs (HTTP/1.1 200) 8 headers in 296 bytes (1 switches on core 0)
Aug 26 15:41:05.891055 dv-cinder-831247-24-smb devstack@placement-api.service[113570]: INFO placement.requestlog [req-62279caf-2341-477e-8c04-a14ac51b12a4 req-5275d238-1db9-48b3-b542-56efe41bf68b service placement] 10.222.0.93 "GET /placement/allocations/02ce0a33-3a46-4a9d-afd5-aa0de13db3a3" status: 200 len: 258 microversion: 1.28
Aug 26 15:41:05.891639 dv-cinder-831247-24-smb devstack@placement-api.service[113570]: [pid: 113570|app: 0|req: 29/60] 10.222.0.93 () {60 vars in 1377 bytes} [Fri Aug 26 15:41:05 2022] GET /placement/allocations/02ce0a33-3a46-4a9d-afd5-aa0de13db3a3 => generated 258 bytes in 20 msecs (HTTP/1.1 200) 8 headers in 296 bytes (2 switches on core 0)
Aug 26 15:41:05.903745 dv-cinder-831247-24-smb devstack@placement-api.service[113569]: DEBUG placement.requestlog [req-478b8993-a0ac-4d9a-bcf1-981c9ea120cb req-3c235e4b-05e2-4828-a6b5-748c03008d75 None None] Starting request: 10.222.0.93 "GET /placement/allocations/33fa7006-3f9c-4966-8bf8-18b96b05e132" {{(pid=113569) __call__ /opt/stack/placement/placement/requestlog.py:55}}
Aug 26 15:41:05.954359 dv-cinder-831247-24-smb devstack@placement-api.service[113569]: INFO placement.requestlog [req-478b8993-a0ac-4d9a-bcf1-981c9ea120cb req-3c235e4b-05e2-4828-a6b5-748c03008d75 service placement] 10.222.0.93 "GET /placement/allocations/33fa7006-3f9c-4966-8bf8-18b96b05e132" status: 200 len: 258 microversion: 1.28
Aug 26 15:41:05.955040 dv-cinder-831247-24-smb devstack@placement-api.service[113569]: [pid: 113569|app: 0|req: 32/61] 10.222.0.93 () {60 vars in 1377 bytes} [Fri Aug 26 15:41:05 2022] GET /placement/allocations/33fa7006-3f9c-4966-8bf8-18b96b05e132 => generated 258 bytes in 52 msecs (HTTP/1.1 200) 8 headers in 296 bytes (1 switches on core 0)
Aug 26 15:41:06.430875 dv-cinder-831247-24-smb devstack@placement-api.service[113570]: DEBUG placement.requestlog [req-62279caf-2341-477e-8c04-a14ac51b12a4 req-77213fdd-385c-448d-ac09-abc73847c2b4 None None] Starting request: 10.222.0.93 "GET /placement/resource_providers/1802b5a0-50df-4f82-8a6b-d8456a25340a/allocations" {{(pid=113570) __call__ /opt/stack/placement/placement/requestlog.py:55}}
Aug 26 15:41:06.478548 dv-cinder-831247-24-smb devstack@placement-api.service[113570]: INFO placement.requestlog [req-62279caf-2341-477e-8c04-a14ac51b12a4 req-77213fdd-385c-448d-ac09-abc73847c2b4 service placement] 10.222.0.93 "GET /placement/resource_providers/1802b5a0-50df-4f82-8a6b-d8456a25340a/allocations" status: 200 len: 557 microversion: 1.0
Aug 26 15:41:06.481131 dv-cinder-831247-24-smb devstack@placement-api.service[113570]: [pid: 113570|app: 0|req: 30/62] 10.222.0.93 () {58 vars in 1390 bytes} [Fri Aug 26 15:41:06 2022] GET /placement/resource_providers/1802b5a0-50df-4f82-8a6b-d8456a25340a/allocations => generated 557 bytes in 50 msecs (HTTP/1.1 200) 6 headers in 224 bytes (1 switches on core 0)
Aug 26 15:41:06.491956 dv-cinder-831247-24-smb devstack@placement-api.service[113569]: DEBUG placement.requestlog [req-62279caf-2341-477e-8c04-a14ac51b12a4 req-8454aab5-856b-442f-a1fe-de23b05e46ca None None] Starting request: 10.222.0.93 "GET /placement/allocations/02ce0a33-3a46-4a9d-afd5-aa0de13db3a3" {{(pid=113569) __call__ /opt/stack/placement/placement/requestlog.py:55}}
Aug 26 15:41:06.524737 dv-cinder-831247-24-smb devstack@placement-api.service[113569]: INFO placement.requestlog [req-62279caf-2341-477e-8c04-a14ac51b12a4 req-8454aab5-856b-442f-a1fe-de23b05e46ca service placement] 10.222.0.93 "GET /placement/allocations/02ce0a33-3a46-4a9d-afd5-aa0de13db3a3" status: 200 len: 258 microversion: 1.28
Aug 26 15:41:06.526924 dv-cinder-831247-24-smb devstack@placement-api.service[113569]: [pid: 113569|app: 0|req: 33/63] 10.222.0.93 () {60 vars in 1377 bytes} [Fri Aug 26 15:41:06 2022] GET /placement/allocations/02ce0a33-3a46-4a9d-afd5-aa0de13db3a3 => generated 258 bytes in 33 msecs (HTTP/1.1 200) 8 headers in 296 bytes (1 switches on core 0)
Aug 26 15:41:06.532303 dv-cinder-831247-24-smb devstack@placement-api.service[113570]: DEBUG placement.requestlog [req-62279caf-2341-477e-8c04-a14ac51b12a4 req-5c7817b5-7dee-4890-8bb3-a99735bc82ac None None] Starting request: 10.222.0.93 "GET /placement/allocations/9490f2f2-8414-4ad1-abe2-9dcd4e0759ff" {{(pid=113570) __call__ /opt/stack/placement/placement/requestlog.py:55}}
Aug 26 15:41:06.567188 dv-cinder-831247-24-smb devstack@placement-api.service[113570]: INFO placement.requestlog [req-62279caf-2341-477e-8c04-a14ac51b12a4 req-5c7817b5-7dee-4890-8bb3-a99735bc82ac service placement] 10.222.0.93 "GET /placement/allocations/9490f2f2-8414-4ad1-abe2-9dcd4e0759ff" status: 200 len: 258 microversion: 1.28
Aug 26 15:41:06.568578 dv-cinder-831247-24-smb devstack@placement-api.service[113570]: [pid: 113570|app: 0|req: 31/64] 10.222.0.93 () {60 vars in 1377 bytes} [Fri Aug 26 15:41:06 2022] GET /placement/allocations/9490f2f2-8414-4ad1-abe2-9dcd4e0759ff => generated 258 bytes in 36 msecs (HTTP/1.1 200) 8 headers in 296 bytes (2 switches on core 0)
Aug 26 15:41:06.576843 dv-cinder-831247-24-smb devstack@placement-api.service[113569]: DEBUG placement.requestlog [req-62279caf-2341-477e-8c04-a14ac51b12a4 req-78120224-8453-4a13-a666-20b2642d2375 None None] Starting request: 10.222.0.93 "GET /placement/allocations/27debe8e-a5db-4154-8440-f17b0ae598cb" {{(pid=113569) __call__ /opt/stack/placement/placement/requestlog.py:55}}
Aug 26 15:41:06.634786 dv-cinder-831247-24-smb devstack@placement-api.service[113569]: INFO placement.requestlog [req-62279caf-2341-477e-8c04-a14ac51b12a4 req-78120224-8453-4a13-a666-20b2642d2375 service placement] 10.222.0.93 "GET /placement/allocations/27debe8e-a5db-4154-8440-f17b0ae598cb" status: 200 len: 258 microversion: 1.28
Aug 26 15:41:06.636659 dv-cinder-831247-24-smb devstack@placement-api.service[113569]: [pid: 113569|app: 0|req: 34/65] 10.222.0.93 () {60 vars in 1377 bytes} [Fri Aug 26 15:41:06 2022] GET /placement/allocations/27debe8e-a5db-4154-8440-f17b0ae598cb => generated 258 bytes in 60 msecs (HTTP/1.1 200) 8 headers in 296 bytes (1 switches on core 0)
Aug 26 15:41:06.644328 dv-cinder-831247-24-smb devstack@placement-api.service[113570]: DEBUG placement.requestlog [req-62279caf-2341-477e-8c04-a14ac51b12a4 req-18cde7df-567b-4a6e-a537-60961a390261 None None] Starting request: 10.222.0.93 "GET /placement/allocations/d90c7c0a-9d63-4a58-aeb3-355e3bf73aeb" {{(pid=113570) __call__ /opt/stack/placement/placement/requestlog.py:55}}
Aug 26 15:41:06.671905 dv-cinder-831247-24-smb devstack@placement-api.service[113570]: INFO placement.requestlog [req-62279caf-2341-477e-8c04-a14ac51b12a4 req-18cde7df-567b-4a6e-a537-60961a390261 service placement] 10.222.0.93 "GET /placement/allocations/d90c7c0a-9d63-4a58-aeb3-355e3bf73aeb" status: 200 len: 258 microversion: 1.28
Aug 26 15:41:06.672833 dv-cinder-831247-24-smb devstack@placement-api.service[113570]: [pid: 113570|app: 0|req: 32/66] 10.222.0.93 () {60 vars in 1377 bytes} [Fri Aug 26 15:41:06 2022] GET /placement/allocations/d90c7c0a-9d63-4a58-aeb3-355e3bf73aeb => generated 258 bytes in 29 msecs (HTTP/1.1 200) 8 headers in 296 bytes (1 switches on core 0)
Aug 26 15:41:06.681247 dv-cinder-831247-24-smb devstack@placement-api.service[113569]: DEBUG placement.requestlog [req-62279caf-2341-477e-8c04-a14ac51b12a4 req-0e477680-831a-402f-aad2-5fe701efe06e None None] Starting request: 10.222.0.93 "GET /placement/allocations/33fa7006-3f9c-4966-8bf8-18b96b05e132" {{(pid=113569) __call__ /opt/stack/placement/placement/requestlog.py:55}}
Aug 26 15:41:06.729551 dv-cinder-831247-24-smb devstack@placement-api.service[113569]: INFO placement.requestlog [req-62279caf-2341-477e-8c04-a14ac51b12a4 req-0e477680-831a-402f-aad2-5fe701efe06e service placement] 10.222.0.93 "GET /placement/allocations/33fa7006-3f9c-4966-8bf8-18b96b05e132" status: 200 len: 258 microversion: 1.28
Aug 26 15:41:06.730807 dv-cinder-831247-24-smb devstack@placement-api.service[113569]: [pid: 113569|app: 0|req: 35/67] 10.222.0.93 () {60 vars in 1377 bytes} [Fri Aug 26 15:41:06 2022] GET /placement/allocations/33fa7006-3f9c-4966-8bf8-18b96b05e132 => generated 258 bytes in 50 msecs (HTTP/1.1 200) 8 headers in 296 bytes (1 switches on core 0)
Aug 26 15:41:07.187381 dv-cinder-831247-24-smb devstack@placement-api.service[113570]: DEBUG placement.requestlog [req-9358100e-0da2-45d1-8b46-8652802e0ae7 req-2aaa6865-c6f5-435c-8fec-9f2812b56ead None None] Starting request: 10.222.0.89 "GET /placement/allocation_candidates?limit=1000&resources=DISK_GB%3A1%2CMEMORY_MB%3A1024%2CVCPU%3A1&root_required=%21COMPUTE_STATUS_DISABLED" {{(pid=113570) __call__ /opt/stack/placement/placement/requestlog.py:55}}
Aug 26 15:41:07.325924 dv-cinder-831247-24-smb devstack@placement-api.service[113570]: DEBUG placement.objects.research_context [req-9358100e-0da2-45d1-8b46-8652802e0ae7 req-2aaa6865-c6f5-435c-8fec-9f2812b56ead service placement] getting providers with 1 DISK_GB {{(pid=113570) __init__ /opt/stack/placement/placement/objects/research_context.py:136}}
Aug 26 15:41:07.340237 dv-cinder-831247-24-smb devstack@placement-api.service[113570]: DEBUG placement.objects.research_context [req-9358100e-0da2-45d1-8b46-8652802e0ae7 req-2aaa6865-c6f5-435c-8fec-9f2812b56ead service placement] getting providers with 1024 MEMORY_MB {{(pid=113570) __init__ /opt/stack/placement/placement/objects/research_context.py:136}}
Aug 26 15:41:07.352707 dv-cinder-831247-24-smb devstack@placement-api.service[113570]: DEBUG placement.objects.research_context [req-9358100e-0da2-45d1-8b46-8652802e0ae7 req-2aaa6865-c6f5-435c-8fec-9f2812b56ead service placement] getting providers with 1 VCPU {{(pid=113570) __init__ /opt/stack/placement/placement/objects/research_context.py:136}}
Aug 26 15:41:07.366969 dv-cinder-831247-24-smb devstack@placement-api.service[113570]: DEBUG placement.objects.research_context [req-9358100e-0da2-45d1-8b46-8652802e0ae7 req-2aaa6865-c6f5-435c-8fec-9f2812b56ead service placement] found 1 providers with available 1 DISK_GB {{(pid=113570) get_provider_ids_matching /opt/stack/placement/placement/objects/research_context.py:563}}
Aug 26 15:41:07.367154 dv-cinder-831247-24-smb devstack@placement-api.service[113570]: DEBUG placement.objects.research_context [req-9358100e-0da2-45d1-8b46-8652802e0ae7 req-2aaa6865-c6f5-435c-8fec-9f2812b56ead service placement] found 1 providers with available 1024 MEMORY_MB {{(pid=113570) get_provider_ids_matching /opt/stack/placement/placement/objects/research_context.py:563}}
Aug 26 15:41:07.367421 dv-cinder-831247-24-smb devstack@placement-api.service[113570]: DEBUG placement.objects.research_context [req-9358100e-0da2-45d1-8b46-8652802e0ae7 req-2aaa6865-c6f5-435c-8fec-9f2812b56ead service placement] found 1 providers after filtering by previous result {{(pid=113570) get_provider_ids_matching /opt/stack/placement/placement/objects/research_context.py:594}}
Aug 26 15:41:07.367676 dv-cinder-831247-24-smb devstack@placement-api.service[113570]: DEBUG placement.objects.research_context [req-9358100e-0da2-45d1-8b46-8652802e0ae7 req-2aaa6865-c6f5-435c-8fec-9f2812b56ead service placement] found 1 providers with available 1 VCPU {{(pid=113570) get_provider_ids_matching /opt/stack/placement/placement/objects/research_context.py:563}}
Aug 26 15:41:07.367937 dv-cinder-831247-24-smb devstack@placement-api.service[113570]: DEBUG placement.objects.research_context [req-9358100e-0da2-45d1-8b46-8652802e0ae7 req-2aaa6865-c6f5-435c-8fec-9f2812b56ead service placement] found 1 providers after filtering by previous result {{(pid=113570) get_provider_ids_matching /opt/stack/placement/placement/objects/research_context.py:594}}
Aug 26 15:41:07.391125 dv-cinder-831247-24-smb devstack@placement-api.service[113570]: DEBUG placement.objects.allocation_candidate [req-9358100e-0da2-45d1-8b46-8652802e0ae7 req-2aaa6865-c6f5-435c-8fec-9f2812b56ead service placement] RequestGroup(use_same_provider=False, resources={DISK_GB:1, MEMORY_MB:1024, VCPU:1}, traits=(), aggregates=[]) (suffix '') returned 1 matches {{(pid=113570) _get_by_requests /opt/stack/placement/placement/objects/allocation_candidate.py:156}}
Aug 26 15:41:07.391781 dv-cinder-831247-24-smb devstack@placement-api.service[113570]: DEBUG placement.objects.allocation_candidate [req-9358100e-0da2-45d1-8b46-8652802e0ae7 req-2aaa6865-c6f5-435c-8fec-9f2812b56ead service placement] Merging candidates yields 1 allocation requests and 1 provider summaries {{(pid=113570) _merge_candidates /opt/stack/placement/placement/objects/allocation_candidate.py:809}}
Aug 26 15:41:07.393576 dv-cinder-831247-24-smb devstack@placement-api.service[113570]: INFO placement.requestlog [req-9358100e-0da2-45d1-8b46-8652802e0ae7 req-2aaa6865-c6f5-435c-8fec-9f2812b56ead service placement] 10.222.0.89 "GET /placement/allocation_candidates?limit=1000&resources=DISK_GB%3A1%2CMEMORY_MB%3A1024%2CVCPU%3A1&root_required=%21COMPUTE_STATUS_DISABLED" status: 200 len: 767 microversion: 1.36
Aug 26 15:41:07.394481 dv-cinder-831247-24-smb devstack@placement-api.service[113570]: [pid: 113570|app: 0|req: 33/68] 10.222.0.89 () {60 vars in 1506 bytes} [Fri Aug 26 15:41:07 2022] GET /placement/allocation_candidates?limit=1000&resources=DISK_GB%3A1%2CMEMORY_MB%3A1024%2CVCPU%3A1&root_required=%21COMPUTE_STATUS_DISABLED => generated 767 bytes in 207 msecs (HTTP/1.1 200) 8 headers in 296 bytes (2 switches on core 0)
Aug 26 15:41:07.552758 dv-cinder-831247-24-smb devstack@placement-api.service[113569]: DEBUG placement.requestlog [req-9358100e-0da2-45d1-8b46-8652802e0ae7 req-3fa42987-f5f5-42c2-86b3-23557085ffac None None] Starting request: 10.222.0.89 "GET /placement/allocations/c7357ce8-8efb-4293-9fbc-289f91592ae8" {{(pid=113569) __call__ /opt/stack/placement/placement/requestlog.py:55}}
Aug 26 15:41:07.574045 dv-cinder-831247-24-smb devstack@placement-api.service[113569]: INFO placement.requestlog [req-9358100e-0da2-45d1-8b46-8652802e0ae7 req-3fa42987-f5f5-42c2-86b3-23557085ffac service placement] 10.222.0.89 "GET /placement/allocations/c7357ce8-8efb-4293-9fbc-289f91592ae8" status: 200 len: 19 microversion: 1.28
Aug 26 15:41:07.577990 dv-cinder-831247-24-smb devstack@placement-api.service[113569]: [pid: 113569|app: 0|req: 36/69] 10.222.0.89 () {60 vars in 1380 bytes} [Fri Aug 26 15:41:07 2022] GET /placement/allocations/c7357ce8-8efb-4293-9fbc-289f91592ae8 => generated 19 bytes in 26 msecs (HTTP/1.1 200) 8 headers in 295 bytes (2 switches on core 0)
Aug 26 15:41:07.588750 dv-cinder-831247-24-smb devstack@placement-api.service[113570]: DEBUG placement.requestlog [req-9358100e-0da2-45d1-8b46-8652802e0ae7 req-73a1f2cc-a7bc-4865-b5f4-4af5d57ad0ba None None] Starting request: 10.222.0.89 "PUT /placement/allocations/c7357ce8-8efb-4293-9fbc-289f91592ae8" {{(pid=113570) __call__ /opt/stack/placement/placement/requestlog.py:55}}
Aug 26 15:41:07.758755 dv-cinder-831247-24-smb devstack@placement-api.service[113570]: DEBUG dbcounter [-] [113570] Writing DB stats placement:SELECT=94,placement:INSERT=5,placement:DELETE=1 {{(pid=113570) stat_writer /usr/local/lib/python3.8/dist-packages/dbcounter.py:114}}
Aug 26 15:41:07.781270 dv-cinder-831247-24-smb devstack@placement-api.service[113570]: DEBUG placement.handlers.allocation [req-9358100e-0da2-45d1-8b46-8652802e0ae7 req-73a1f2cc-a7bc-4865-b5f4-4af5d57ad0ba service placement] Successfully wrote allocations [, , ] {{(pid=113570) _update_consumers_and_create_allocations /opt/stack/placement/placement/handlers/allocation.py:462}}
Aug 26 15:41:07.789502 dv-cinder-831247-24-smb devstack@placement-api.service[113570]: INFO placement.requestlog [req-9358100e-0da2-45d1-8b46-8652802e0ae7 req-73a1f2cc-a7bc-4865-b5f4-4af5d57ad0ba service placement] 10.222.0.89 "PUT /placement/allocations/c7357ce8-8efb-4293-9fbc-289f91592ae8" status: 204 len: 0 microversion: 1.36
Aug 26 15:41:07.791977 dv-cinder-831247-24-smb devstack@placement-api.service[113570]: [pid: 113570|app: 0|req: 34/70] 10.222.0.89 () {64 vars in 1433 bytes} [Fri Aug 26 15:41:07 2022] PUT /placement/allocations/c7357ce8-8efb-4293-9fbc-289f91592ae8 => generated 0 bytes in 203 msecs (HTTP/1.1 204) 5 headers in 199 bytes (1 switches on core 0)
Aug 26 15:41:08.500771 dv-cinder-831247-24-smb devstack@placement-api.service[113569]: DEBUG placement.requestlog [req-9358100e-0da2-45d1-8b46-8652802e0ae7 req-a3788707-b6a0-401f-b3eb-495b7534301c None None] Starting request: 10.222.0.93 "GET /placement/allocations/c7357ce8-8efb-4293-9fbc-289f91592ae8" {{(pid=113569) __call__ /opt/stack/placement/placement/requestlog.py:55}}
Aug 26 15:41:08.533884 dv-cinder-831247-24-smb devstack@placement-api.service[113569]: INFO placement.requestlog [req-9358100e-0da2-45d1-8b46-8652802e0ae7 req-a3788707-b6a0-401f-b3eb-495b7534301c service placement] 10.222.0.93 "GET /placement/allocations/c7357ce8-8efb-4293-9fbc-289f91592ae8" status: 200 len: 258 microversion: 1.28
Aug 26 15:41:08.548719 dv-cinder-831247-24-smb devstack@placement-api.service[113569]: [pid: 113569|app: 0|req: 37/71] 10.222.0.93 () {60 vars in 1377 bytes} [Fri Aug 26 15:41:08 2022] GET /placement/allocations/c7357ce8-8efb-4293-9fbc-289f91592ae8 => generated 258 bytes in 49 msecs (HTTP/1.1 200) 8 headers in 296 bytes (2 switches on core 0)
Aug 26 15:41:09.353823 dv-cinder-831247-24-smb devstack@placement-api.service[113570]: DEBUG placement.requestlog [req-3f0c283d-23d4-447a-902c-476b07bbeab0 req-4135d1e5-2ca3-4cdb-b84a-6d48b613d74d None None] Starting request: 10.222.0.89 "GET /placement/allocation_candidates?limit=1000&resources=DISK_GB%3A1%2CMEMORY_MB%3A1024%2CVCPU%3A1&root_required=%21COMPUTE_STATUS_DISABLED" {{(pid=113570) __call__ /opt/stack/placement/placement/requestlog.py:55}}
Aug 26 15:41:09.434921 dv-cinder-831247-24-smb devstack@placement-api.service[113570]: DEBUG placement.objects.research_context [req-3f0c283d-23d4-447a-902c-476b07bbeab0 req-4135d1e5-2ca3-4cdb-b84a-6d48b613d74d service placement] getting providers with 1 DISK_GB {{(pid=113570) __init__ /opt/stack/placement/placement/objects/research_context.py:136}}
Aug 26 15:41:09.442977 dv-cinder-831247-24-smb devstack@placement-api.service[113570]: DEBUG placement.objects.research_context [req-3f0c283d-23d4-447a-902c-476b07bbeab0 req-4135d1e5-2ca3-4cdb-b84a-6d48b613d74d service placement] getting providers with 1024 MEMORY_MB {{(pid=113570) __init__ /opt/stack/placement/placement/objects/research_context.py:136}}
Aug 26 15:41:09.449534 dv-cinder-831247-24-smb devstack@placement-api.service[113570]: DEBUG placement.objects.research_context [req-3f0c283d-23d4-447a-902c-476b07bbeab0 req-4135d1e5-2ca3-4cdb-b84a-6d48b613d74d service placement] getting providers with 1 VCPU {{(pid=113570) __init__ /opt/stack/placement/placement/objects/research_context.py:136}}
Aug 26 15:41:09.459222 dv-cinder-831247-24-smb devstack@placement-api.service[113570]: DEBUG placement.objects.research_context [req-3f0c283d-23d4-447a-902c-476b07bbeab0 req-4135d1e5-2ca3-4cdb-b84a-6d48b613d74d service placement] found 1 providers with available 1 DISK_GB {{(pid=113570) get_provider_ids_matching /opt/stack/placement/placement/objects/research_context.py:563}}
Aug 26 15:41:09.460307 dv-cinder-831247-24-smb devstack@placement-api.service[113570]: DEBUG placement.objects.research_context [req-3f0c283d-23d4-447a-902c-476b07bbeab0 req-4135d1e5-2ca3-4cdb-b84a-6d48b613d74d service placement] found 1 providers with available 1024 MEMORY_MB {{(pid=113570) get_provider_ids_matching /opt/stack/placement/placement/objects/research_context.py:563}}
Aug 26 15:41:09.460660 dv-cinder-831247-24-smb devstack@placement-api.service[113570]: DEBUG placement.objects.research_context [req-3f0c283d-23d4-447a-902c-476b07bbeab0 req-4135d1e5-2ca3-4cdb-b84a-6d48b613d74d service placement] found 1 providers after filtering by previous result {{(pid=113570) get_provider_ids_matching /opt/stack/placement/placement/objects/research_context.py:594}}
Aug 26 15:41:09.460928 dv-cinder-831247-24-smb devstack@placement-api.service[113570]: DEBUG placement.objects.research_context [req-3f0c283d-23d4-447a-902c-476b07bbeab0 req-4135d1e5-2ca3-4cdb-b84a-6d48b613d74d service placement] found 1 providers with available 1 VCPU {{(pid=113570) get_provider_ids_matching /opt/stack/placement/placement/objects/research_context.py:563}}
Aug 26 15:41:09.461355 dv-cinder-831247-24-smb devstack@placement-api.service[113570]: DEBUG placement.objects.research_context [req-3f0c283d-23d4-447a-902c-476b07bbeab0 req-4135d1e5-2ca3-4cdb-b84a-6d48b613d74d service placement] found 1 providers after filtering by previous result {{(pid=113570) get_provider_ids_matching /opt/stack/placement/placement/objects/research_context.py:594}}
Aug 26 15:41:09.476646 dv-cinder-831247-24-smb devstack@placement-api.service[113570]: DEBUG placement.objects.allocation_candidate [req-3f0c283d-23d4-447a-902c-476b07bbeab0 req-4135d1e5-2ca3-4cdb-b84a-6d48b613d74d service placement] RequestGroup(use_same_provider=False, resources={DISK_GB:1, MEMORY_MB:1024, VCPU:1}, traits=(), aggregates=[]) (suffix '') returned 1 matches {{(pid=113570) _get_by_requests /opt/stack/placement/placement/objects/allocation_candidate.py:156}}
Aug 26 15:41:09.477044 dv-cinder-831247-24-smb devstack@placement-api.service[113570]: DEBUG placement.objects.allocation_candidate [req-3f0c283d-23d4-447a-902c-476b07bbeab0 req-4135d1e5-2ca3-4cdb-b84a-6d48b613d74d service placement] Merging candidates yields 1 allocation requests and 1 provider summaries {{(pid=113570) _merge_candidates /opt/stack/placement/placement/objects/allocation_candidate.py:809}}
Aug 26 15:41:09.479876 dv-cinder-831247-24-smb devstack@placement-api.service[113570]: INFO placement.requestlog [req-3f0c283d-23d4-447a-902c-476b07bbeab0 req-4135d1e5-2ca3-4cdb-b84a-6d48b613d74d service placement] 10.222.0.89 "GET /placement/allocation_candidates?limit=1000&resources=DISK_GB%3A1%2CMEMORY_MB%3A1024%2CVCPU%3A1&root_required=%21COMPUTE_STATUS_DISABLED" status: 200 len: 767 microversion: 1.36
Aug 26 15:41:09.489059 dv-cinder-831247-24-smb devstack@placement-api.service[113570]: [pid: 113570|app: 0|req: 35/72] 10.222.0.89 () {60 vars in 1506 bytes} [Fri Aug 26 15:41:09 2022] GET /placement/allocation_candidates?limit=1000&resources=DISK_GB%3A1%2CMEMORY_MB%3A1024%2CVCPU%3A1&root_required=%21COMPUTE_STATUS_DISABLED => generated 767 bytes in 136 msecs (HTTP/1.1 200) 8 headers in 296 bytes (1 switches on core 0)
Aug 26 15:41:09.581398 dv-cinder-831247-24-smb devstack@placement-api.service[113569]: DEBUG placement.requestlog [req-9358100e-0da2-45d1-8b46-8652802e0ae7 req-c7f7544e-0af0-46cb-9b12-ef017a6e6e74 None None] Starting request: 10.222.0.93 "GET /placement/resource_providers/1802b5a0-50df-4f82-8a6b-d8456a25340a/allocations" {{(pid=113569) __call__ /opt/stack/placement/placement/requestlog.py:55}}
Aug 26 15:41:09.609962 dv-cinder-831247-24-smb devstack@placement-api.service[113570]: DEBUG placement.requestlog [req-3f0c283d-23d4-447a-902c-476b07bbeab0 req-1156021b-fb5e-4ed5-866b-a30a88de5483 None None] Starting request: 10.222.0.89 "GET /placement/allocations/30e63250-b546-44ab-8433-48ac97c6e3ea" {{(pid=113570) __call__ /opt/stack/placement/placement/requestlog.py:55}}
Aug 26 15:41:09.627836 dv-cinder-831247-24-smb devstack@placement-api.service[113570]: INFO placement.requestlog [req-3f0c283d-23d4-447a-902c-476b07bbeab0 req-1156021b-fb5e-4ed5-866b-a30a88de5483 service placement] 10.222.0.89 "GET /placement/allocations/30e63250-b546-44ab-8433-48ac97c6e3ea" status: 200 len: 19 microversion: 1.28
Aug 26 15:41:09.632801 dv-cinder-831247-24-smb devstack@placement-api.service[113569]: INFO placement.requestlog [req-9358100e-0da2-45d1-8b46-8652802e0ae7 req-c7f7544e-0af0-46cb-9b12-ef017a6e6e74 service placement] 10.222.0.93 "GET /placement/resource_providers/1802b5a0-50df-4f82-8a6b-d8456a25340a/allocations" status: 200 len: 658 microversion: 1.0
Aug 26 15:41:09.634008 dv-cinder-831247-24-smb devstack@placement-api.service[113569]: [pid: 113569|app: 0|req: 38/73] 10.222.0.93 () {58 vars in 1390 bytes} [Fri Aug 26 15:41:09 2022] GET /placement/resource_providers/1802b5a0-50df-4f82-8a6b-d8456a25340a/allocations => generated 658 bytes in 53 msecs (HTTP/1.1 200) 6 headers in 224 bytes (1 switches on core 0)
Aug 26 15:41:09.639118 dv-cinder-831247-24-smb devstack@placement-api.service[113570]: [pid: 113570|app: 0|req: 36/74] 10.222.0.89 () {60 vars in 1380 bytes} [Fri Aug 26 15:41:09 2022] GET /placement/allocations/30e63250-b546-44ab-8433-48ac97c6e3ea => generated 19 bytes in 29 msecs (HTTP/1.1 200) 8 headers in 295 bytes (2 switches on core 0)
Aug 26 15:41:09.640393 dv-cinder-831247-24-smb devstack@placement-api.service[113569]: DEBUG placement.requestlog [req-3f0c283d-23d4-447a-902c-476b07bbeab0 req-1f1cda0b-a010-4ad5-8f6b-92c273f44954 None None] Starting request: 10.222.0.89 "PUT /placement/allocations/30e63250-b546-44ab-8433-48ac97c6e3ea" {{(pid=113569) __call__ /opt/stack/placement/placement/requestlog.py:55}}
Aug 26 15:41:09.661942 dv-cinder-831247-24-smb devstack@placement-api.service[113570]: DEBUG placement.requestlog [req-9358100e-0da2-45d1-8b46-8652802e0ae7 req-60f3fe75-ca33-47ad-9298-862753c63da3 None None] Starting request: 10.222.0.93 "GET /placement/allocations/02ce0a33-3a46-4a9d-afd5-aa0de13db3a3" {{(pid=113570) __call__ /opt/stack/placement/placement/requestlog.py:55}}
Aug 26 15:41:09.686596 dv-cinder-831247-24-smb devstack@placement-api.service[113570]: INFO placement.requestlog [req-9358100e-0da2-45d1-8b46-8652802e0ae7 req-60f3fe75-ca33-47ad-9298-862753c63da3 service placement] 10.222.0.93 "GET /placement/allocations/02ce0a33-3a46-4a9d-afd5-aa0de13db3a3" status: 200 len: 258 microversion: 1.28
Aug 26 15:41:09.687470 dv-cinder-831247-24-smb devstack@placement-api.service[113570]: [pid: 113570|app: 0|req: 37/75] 10.222.0.93 () {60 vars in 1377 bytes} [Fri Aug 26 15:41:09 2022] GET /placement/allocations/02ce0a33-3a46-4a9d-afd5-aa0de13db3a3 => generated 258 bytes in 26 msecs (HTTP/1.1 200) 8 headers in 296 bytes (2 switches on core 0)
Aug 26 15:41:09.698844 dv-cinder-831247-24-smb devstack@placement-api.service[113570]: DEBUG placement.requestlog [req-9358100e-0da2-45d1-8b46-8652802e0ae7 req-f5619317-6bd8-4bb5-bdfa-e31e93f99b8c None None] Starting request: 10.222.0.93 "GET /placement/allocations/9490f2f2-8414-4ad1-abe2-9dcd4e0759ff" {{(pid=113570) __call__ /opt/stack/placement/placement/requestlog.py:55}}
Aug 26 15:41:09.728093 dv-cinder-831247-24-smb devstack@placement-api.service[113570]: INFO placement.requestlog [req-9358100e-0da2-45d1-8b46-8652802e0ae7 req-f5619317-6bd8-4bb5-bdfa-e31e93f99b8c service placement] 10.222.0.93 "GET /placement/allocations/9490f2f2-8414-4ad1-abe2-9dcd4e0759ff" status: 200 len: 258 microversion: 1.28
Aug 26 15:41:09.728995 dv-cinder-831247-24-smb devstack@placement-api.service[113570]: [pid: 113570|app: 0|req: 38/76] 10.222.0.93 () {60 vars in 1377 bytes} [Fri Aug 26 15:41:09 2022] GET /placement/allocations/9490f2f2-8414-4ad1-abe2-9dcd4e0759ff => generated 258 bytes in 31 msecs (HTTP/1.1 200) 8 headers in 296 bytes (1 switches on core 0)
Aug 26 15:41:09.737108 dv-cinder-831247-24-smb devstack@placement-api.service[113570]: DEBUG placement.requestlog [req-9358100e-0da2-45d1-8b46-8652802e0ae7 req-6513ef25-ba2b-4984-aa22-3fd7270b1c57 None None] Starting request: 10.222.0.93 "GET /placement/allocations/27debe8e-a5db-4154-8440-f17b0ae598cb" {{(pid=113570) __call__ /opt/stack/placement/placement/requestlog.py:55}}
Aug 26 15:41:09.777173 dv-cinder-831247-24-smb devstack@placement-api.service[113570]: INFO placement.requestlog [req-9358100e-0da2-45d1-8b46-8652802e0ae7 req-6513ef25-ba2b-4984-aa22-3fd7270b1c57 service placement] 10.222.0.93 "GET /placement/allocations/27debe8e-a5db-4154-8440-f17b0ae598cb" status: 200 len: 258 microversion: 1.28
Aug 26 15:41:09.782953 dv-cinder-831247-24-smb devstack@placement-api.service[113570]: [pid: 113570|app: 0|req: 39/77] 10.222.0.93 () {60 vars in 1377 bytes} [Fri Aug 26 15:41:09 2022] GET /placement/allocations/27debe8e-a5db-4154-8440-f17b0ae598cb => generated 258 bytes in 41 msecs (HTTP/1.1 200) 8 headers in 296 bytes (1 switches on core 0)
Aug 26 15:41:09.783048 dv-cinder-831247-24-smb devstack@placement-api.service[113569]: DEBUG dbcounter [-] [113569] Writing DB stats placement:SELECT=83,placement:INSERT=12,placement:DELETE=3,placement:UPDATE=2 {{(pid=113569) stat_writer /usr/local/lib/python3.8/dist-packages/dbcounter.py:114}}
Aug 26 15:41:09.788778 dv-cinder-831247-24-smb devstack@placement-api.service[113569]: DEBUG placement.handlers.allocation [req-3f0c283d-23d4-447a-902c-476b07bbeab0 req-1f1cda0b-a010-4ad5-8f6b-92c273f44954 service placement] Successfully wrote allocations [, , ] {{(pid=113569) _update_consumers_and_create_allocations /opt/stack/placement/placement/handlers/allocation.py:462}}
Aug 26 15:41:09.790364 dv-cinder-831247-24-smb devstack@placement-api.service[113570]: DEBUG placement.requestlog [req-9358100e-0da2-45d1-8b46-8652802e0ae7 req-29523a84-6985-4829-847d-1e5460f2944c None None] Starting request: 10.222.0.93 "GET /placement/allocations/d90c7c0a-9d63-4a58-aeb3-355e3bf73aeb" {{(pid=113570) __call__ /opt/stack/placement/placement/requestlog.py:55}}
Aug 26 15:41:09.806200 dv-cinder-831247-24-smb devstack@placement-api.service[113569]: INFO placement.requestlog [req-3f0c283d-23d4-447a-902c-476b07bbeab0 req-1f1cda0b-a010-4ad5-8f6b-92c273f44954 service placement] 10.222.0.89 "PUT /placement/allocations/30e63250-b546-44ab-8433-48ac97c6e3ea" status: 204 len: 0 microversion: 1.36
Aug 26 15:41:09.816826 dv-cinder-831247-24-smb devstack@placement-api.service[113569]: [pid: 113569|app: 0|req: 39/78] 10.222.0.89 () {64 vars in 1433 bytes} [Fri Aug 26 15:41:09 2022] PUT /placement/allocations/30e63250-b546-44ab-8433-48ac97c6e3ea => generated 0 bytes in 170 msecs (HTTP/1.1 204) 5 headers in 199 bytes (2 switches on core 0)
Aug 26 15:41:09.831101 dv-cinder-831247-24-smb devstack@placement-api.service[113570]: INFO placement.requestlog [req-9358100e-0da2-45d1-8b46-8652802e0ae7 req-29523a84-6985-4829-847d-1e5460f2944c service placement] 10.222.0.93 "GET /placement/allocations/d90c7c0a-9d63-4a58-aeb3-355e3bf73aeb" status: 200 len: 258 microversion: 1.28
Aug 26 15:41:09.832780 dv-cinder-831247-24-smb devstack@placement-api.service[113570]: [pid: 113570|app: 0|req: 40/79] 10.222.0.93 () {60 vars in 1377 bytes} [Fri Aug 26 15:41:09 2022] GET /placement/allocations/d90c7c0a-9d63-4a58-aeb3-355e3bf73aeb => generated 258 bytes in 42 msecs (HTTP/1.1 200) 8 headers in 296 bytes (1 switches on core 0)
Aug 26 15:41:09.846310 dv-cinder-831247-24-smb devstack@placement-api.service[113569]: DEBUG placement.requestlog [req-9358100e-0da2-45d1-8b46-8652802e0ae7 req-3076afda-8e6b-459e-8f98-9c3f42f720c5 None None] Starting request: 10.222.0.93 "GET /placement/allocations/c7357ce8-8efb-4293-9fbc-289f91592ae8" {{(pid=113569) __call__ /opt/stack/placement/placement/requestlog.py:55}}
Aug 26 15:41:09.873833 dv-cinder-831247-24-smb devstack@placement-api.service[113569]: INFO placement.requestlog [req-9358100e-0da2-45d1-8b46-8652802e0ae7 req-3076afda-8e6b-459e-8f98-9c3f42f720c5 service placement] 10.222.0.93 "GET /placement/allocations/c7357ce8-8efb-4293-9fbc-289f91592ae8" status: 200 len: 258 microversion: 1.28
Aug 26 15:41:09.882054 dv-cinder-831247-24-smb devstack@placement-api.service[113569]: [pid: 113569|app: 0|req: 40/80] 10.222.0.93 () {60 vars in 1377 bytes} [Fri Aug 26 15:41:09 2022] GET /placement/allocations/c7357ce8-8efb-4293-9fbc-289f91592ae8 => generated 258 bytes in 37 msecs (HTTP/1.1 200) 8 headers in 296 bytes (2 switches on core 0)
Aug 26 15:41:09.893697 dv-cinder-831247-24-smb devstack@placement-api.service[113570]: DEBUG placement.requestlog [req-9358100e-0da2-45d1-8b46-8652802e0ae7 req-0ea2d20f-c817-40f6-8373-f2b80fd281eb None None] Starting request: 10.222.0.93 "GET /placement/allocations/33fa7006-3f9c-4966-8bf8-18b96b05e132" {{(pid=113570) __call__ /opt/stack/placement/placement/requestlog.py:55}}
Aug 26 15:41:09.923868 dv-cinder-831247-24-smb devstack@placement-api.service[113570]: INFO placement.requestlog [req-9358100e-0da2-45d1-8b46-8652802e0ae7 req-0ea2d20f-c817-40f6-8373-f2b80fd281eb service placement] 10.222.0.93 "GET /placement/allocations/33fa7006-3f9c-4966-8bf8-18b96b05e132" status: 200 len: 258 microversion: 1.28
Aug 26 15:41:09.924709 dv-cinder-831247-24-smb devstack@placement-api.service[113570]: [pid: 113570|app: 0|req: 41/81] 10.222.0.93 () {60 vars in 1377 bytes} [Fri Aug 26 15:41:09 2022] GET /placement/allocations/33fa7006-3f9c-4966-8bf8-18b96b05e132 => generated 258 bytes in 32 msecs (HTTP/1.1 200) 8 headers in 296 bytes (2 switches on core 0)
Aug 26 15:41:10.357733 dv-cinder-831247-24-smb devstack@placement-api.service[113569]: DEBUG placement.requestlog [req-3f0c283d-23d4-447a-902c-476b07bbeab0 req-f87c5704-c7d2-4008-a2a6-fbbbe36d383b None None] Starting request: 10.222.0.93 "GET /placement/allocations/30e63250-b546-44ab-8433-48ac97c6e3ea" {{(pid=113569) __call__ /opt/stack/placement/placement/requestlog.py:55}}
Aug 26 15:41:10.411125 dv-cinder-831247-24-smb devstack@placement-api.service[113569]: INFO placement.requestlog [req-3f0c283d-23d4-447a-902c-476b07bbeab0 req-f87c5704-c7d2-4008-a2a6-fbbbe36d383b service placement] 10.222.0.93 "GET /placement/allocations/30e63250-b546-44ab-8433-48ac97c6e3ea" status: 200 len: 258 microversion: 1.28
Aug 26 15:41:10.411719 dv-cinder-831247-24-smb devstack@placement-api.service[113569]: [pid: 113569|app: 0|req: 41/82] 10.222.0.93 () {60 vars in 1377 bytes} [Fri Aug 26 15:41:10 2022] GET /placement/allocations/30e63250-b546-44ab-8433-48ac97c6e3ea => generated 258 bytes in 54 msecs (HTTP/1.1 200) 8 headers in 296 bytes (2 switches on core 0)
Aug 26 15:41:10.761437 dv-cinder-831247-24-smb devstack@placement-api.service[113570]: DEBUG placement.requestlog [req-3f0c283d-23d4-447a-902c-476b07bbeab0 req-a653370f-83ad-4cff-964f-f6eddf3caeb5 None None] Starting request: 10.222.0.93 "GET /placement/resource_providers/1802b5a0-50df-4f82-8a6b-d8456a25340a/allocations" {{(pid=113570) __call__ /opt/stack/placement/placement/requestlog.py:55}}
Aug 26 15:41:10.809726 dv-cinder-831247-24-smb devstack@placement-api.service[113570]: INFO placement.requestlog [req-3f0c283d-23d4-447a-902c-476b07bbeab0 req-a653370f-83ad-4cff-964f-f6eddf3caeb5 service placement] 10.222.0.93 "GET /placement/resource_providers/1802b5a0-50df-4f82-8a6b-d8456a25340a/allocations" status: 200 len: 759 microversion: 1.0
Aug 26 15:41:10.810763 dv-cinder-831247-24-smb devstack@placement-api.service[113570]: [pid: 113570|app: 0|req: 42/83] 10.222.0.93 () {58 vars in 1390 bytes} [Fri Aug 26 15:41:10 2022] GET /placement/resource_providers/1802b5a0-50df-4f82-8a6b-d8456a25340a/allocations => generated 759 bytes in 50 msecs (HTTP/1.1 200) 6 headers in 224 bytes (1 switches on core 0)
Aug 26 15:41:10.818409 dv-cinder-831247-24-smb devstack@placement-api.service[113569]: DEBUG placement.requestlog [req-3f0c283d-23d4-447a-902c-476b07bbeab0 req-d507f897-f3ea-4adc-b698-8d0a54041af5 None None] Starting request: 10.222.0.93 "GET /placement/allocations/30e63250-b546-44ab-8433-48ac97c6e3ea" {{(pid=113569) __call__ /opt/stack/placement/placement/requestlog.py:55}}
Aug 26 15:41:10.847532 dv-cinder-831247-24-smb devstack@placement-api.service[113569]: INFO placement.requestlog [req-3f0c283d-23d4-447a-902c-476b07bbeab0 req-d507f897-f3ea-4adc-b698-8d0a54041af5 service placement] 10.222.0.93 "GET /placement/allocations/30e63250-b546-44ab-8433-48ac97c6e3ea" status: 200 len: 258 microversion: 1.28
Aug 26 15:41:10.848339 dv-cinder-831247-24-smb devstack@placement-api.service[113569]: [pid: 113569|app: 0|req: 42/84] 10.222.0.93 () {60 vars in 1377 bytes} [Fri Aug 26 15:41:10 2022] GET /placement/allocations/30e63250-b546-44ab-8433-48ac97c6e3ea => generated 258 bytes in 30 msecs (HTTP/1.1 200) 8 headers in 296 bytes (1 switches on core 0)
Aug 26 15:41:10.855751 dv-cinder-831247-24-smb devstack@placement-api.service[113570]: DEBUG placement.requestlog [req-3f0c283d-23d4-447a-902c-476b07bbeab0 req-120f6749-630f-417d-8309-bdb8f57797ef None None] Starting request: 10.222.0.93 "GET /placement/allocations/02ce0a33-3a46-4a9d-afd5-aa0de13db3a3" {{(pid=113570) __call__ /opt/stack/placement/placement/requestlog.py:55}}
Aug 26 15:41:10.893424 dv-cinder-831247-24-smb devstack@placement-api.service[113570]: INFO placement.requestlog [req-3f0c283d-23d4-447a-902c-476b07bbeab0 req-120f6749-630f-417d-8309-bdb8f57797ef service placement] 10.222.0.93 "GET /placement/allocations/02ce0a33-3a46-4a9d-afd5-aa0de13db3a3" status: 200 len: 258 microversion: 1.28
Aug 26 15:41:10.894515 dv-cinder-831247-24-smb devstack@placement-api.service[113570]: [pid: 113570|app: 0|req: 43/85] 10.222.0.93 () {60 vars in 1377 bytes} [Fri Aug 26 15:41:10 2022] GET /placement/allocations/02ce0a33-3a46-4a9d-afd5-aa0de13db3a3 => generated 258 bytes in 39 msecs (HTTP/1.1 200) 8 headers in 296 bytes (1 switches on core 0)
Aug 26 15:41:10.903069 dv-cinder-831247-24-smb devstack@placement-api.service[113569]: DEBUG placement.requestlog [req-3f0c283d-23d4-447a-902c-476b07bbeab0 req-2284d04c-e49a-4f46-b64a-5841fb01438c None None] Starting request: 10.222.0.93 "GET /placement/allocations/9490f2f2-8414-4ad1-abe2-9dcd4e0759ff" {{(pid=113569) __call__ /opt/stack/placement/placement/requestlog.py:55}}
Aug 26 15:41:10.939326 dv-cinder-831247-24-smb devstack@placement-api.service[113569]: INFO placement.requestlog [req-3f0c283d-23d4-447a-902c-476b07bbeab0 req-2284d04c-e49a-4f46-b64a-5841fb01438c service placement] 10.222.0.93 "GET /placement/allocations/9490f2f2-8414-4ad1-abe2-9dcd4e0759ff" status: 200 len: 258 microversion: 1.28
Aug 26 15:41:10.939999 dv-cinder-831247-24-smb devstack@placement-api.service[113569]: [pid: 113569|app: 0|req: 43/86] 10.222.0.93 () {60 vars in 1377 bytes} [Fri Aug 26 15:41:10 2022] GET /placement/allocations/9490f2f2-8414-4ad1-abe2-9dcd4e0759ff => generated 258 bytes in 38 msecs (HTTP/1.1 200) 8 headers in 296 bytes (1 switches on core 0)
Aug 26 15:41:10.947321 dv-cinder-831247-24-smb devstack@placement-api.service[113570]: DEBUG placement.requestlog [req-3f0c283d-23d4-447a-902c-476b07bbeab0 req-e09920e3-78a3-4bf0-9729-568bce930410 None None] Starting request: 10.222.0.93 "GET /placement/allocations/27debe8e-a5db-4154-8440-f17b0ae598cb" {{(pid=113570) __call__ /opt/stack/placement/placement/requestlog.py:55}}
Aug 26 15:41:10.975746 dv-cinder-831247-24-smb devstack@placement-api.service[113570]: INFO placement.requestlog [req-3f0c283d-23d4-447a-902c-476b07bbeab0 req-e09920e3-78a3-4bf0-9729-568bce930410 service placement] 10.222.0.93 "GET /placement/allocations/27debe8e-a5db-4154-8440-f17b0ae598cb" status: 200 len: 258 microversion: 1.28
Aug 26 15:41:10.976462 dv-cinder-831247-24-smb devstack@placement-api.service[113570]: [pid: 113570|app: 0|req: 44/87] 10.222.0.93 () {60 vars in 1377 bytes} [Fri Aug 26 15:41:10 2022] GET /placement/allocations/27debe8e-a5db-4154-8440-f17b0ae598cb => generated 258 bytes in 30 msecs (HTTP/1.1 200) 8 headers in 296 bytes (2 switches on core 0)
Aug 26 15:41:10.984264 dv-cinder-831247-24-smb devstack@placement-api.service[113569]: DEBUG placement.requestlog [req-3f0c283d-23d4-447a-902c-476b07bbeab0 req-b26c5d9d-f54e-41a7-a2f6-306700d77251 None None] Starting request: 10.222.0.93 "GET /placement/allocations/d90c7c0a-9d63-4a58-aeb3-355e3bf73aeb" {{(pid=113569) __call__ /opt/stack/placement/placement/requestlog.py:55}}
Aug 26 15:41:11.020428 dv-cinder-831247-24-smb devstack@placement-api.service[113569]: INFO placement.requestlog [req-3f0c283d-23d4-447a-902c-476b07bbeab0 req-b26c5d9d-f54e-41a7-a2f6-306700d77251 service placement] 10.222.0.93 "GET /placement/allocations/d90c7c0a-9d63-4a58-aeb3-355e3bf73aeb" status: 200 len: 258 microversion: 1.28
Aug 26 15:41:11.021904 dv-cinder-831247-24-smb devstack@placement-api.service[113569]: [pid: 113569|app: 0|req: 44/88] 10.222.0.93 () {60 vars in 1377 bytes} [Fri Aug 26 15:41:10 2022] GET /placement/allocations/d90c7c0a-9d63-4a58-aeb3-355e3bf73aeb => generated 258 bytes in 38 msecs (HTTP/1.1 200) 8 headers in 296 bytes (1 switches on core 0)
Aug 26 15:41:11.030395 dv-cinder-831247-24-smb devstack@placement-api.service[113570]: DEBUG placement.requestlog [req-3f0c283d-23d4-447a-902c-476b07bbeab0 req-f0c8c762-0ed6-4102-97b2-7264dff9e505 None None] Starting request: 10.222.0.93 "GET /placement/allocations/c7357ce8-8efb-4293-9fbc-289f91592ae8" {{(pid=113570) __call__ /opt/stack/placement/placement/requestlog.py:55}}
Aug 26 15:41:11.085225 dv-cinder-831247-24-smb devstack@placement-api.service[113570]: INFO placement.requestlog [req-3f0c283d-23d4-447a-902c-476b07bbeab0 req-f0c8c762-0ed6-4102-97b2-7264dff9e505 service placement] 10.222.0.93 "GET /placement/allocations/c7357ce8-8efb-4293-9fbc-289f91592ae8" status: 200 len: 258 microversion: 1.28
Aug 26 15:41:11.085481 dv-cinder-831247-24-smb devstack@placement-api.service[113570]: [pid: 113570|app: 0|req: 45/89] 10.222.0.93 () {60 vars in 1377 bytes} [Fri Aug 26 15:41:11 2022] GET /placement/allocations/c7357ce8-8efb-4293-9fbc-289f91592ae8 => generated 258 bytes in 57 msecs (HTTP/1.1 200) 8 headers in 296 bytes (1 switches on core 0)
Aug 26 15:41:11.111181 dv-cinder-831247-24-smb devstack@placement-api.service[113569]: DEBUG placement.requestlog [req-3f0c283d-23d4-447a-902c-476b07bbeab0 req-f026aec0-1811-4abe-b9cc-64ac5e15d884 None None] Starting request: 10.222.0.93 "GET /placement/allocations/33fa7006-3f9c-4966-8bf8-18b96b05e132" {{(pid=113569) __call__ /opt/stack/placement/placement/requestlog.py:55}}
Aug 26 15:41:11.144850 dv-cinder-831247-24-smb devstack@placement-api.service[113569]: INFO placement.requestlog [req-3f0c283d-23d4-447a-902c-476b07bbeab0 req-f026aec0-1811-4abe-b9cc-64ac5e15d884 service placement] 10.222.0.93 "GET /placement/allocations/33fa7006-3f9c-4966-8bf8-18b96b05e132" status: 200 len: 258 microversion: 1.28
Aug 26 15:41:11.145598 dv-cinder-831247-24-smb devstack@placement-api.service[113569]: [pid: 113569|app: 0|req: 45/90] 10.222.0.93 () {60 vars in 1377 bytes} [Fri Aug 26 15:41:11 2022] GET /placement/allocations/33fa7006-3f9c-4966-8bf8-18b96b05e132 => generated 258 bytes in 41 msecs (HTTP/1.1 200) 8 headers in 296 bytes (2 switches on core 0)
Aug 26 15:41:21.078735 dv-cinder-831247-24-smb devstack@placement-api.service[113570]: DEBUG dbcounter [-] [113570] Writing DB stats placement:INSERT=1,placement:UPDATE=2,placement:SELECT=53,placement:DELETE=1 {{(pid=113570) stat_writer /usr/local/lib/python3.8/dist-packages/dbcounter.py:114}}
Aug 26 15:41:21.137718 dv-cinder-831247-24-smb devstack@placement-api.service[113569]: DEBUG dbcounter [-] [113569] Writing DB stats placement:UPDATE=2,placement:SELECT=25,placement:DELETE=1 {{(pid=113569) stat_writer /usr/local/lib/python3.8/dist-packages/dbcounter.py:114}}
Aug 26 15:41:40.405659 dv-cinder-831247-24-smb devstack@placement-api.service[113570]: DEBUG placement.requestlog [req-bd38a48e-1b10-4740-8dc4-1da18b57bab8 req-ec7ea25f-debb-404f-8cac-5d51c6eb6e73 None None] Starting request: 10.222.0.93 "GET /placement/resource_providers/1802b5a0-50df-4f82-8a6b-d8456a25340a/allocations" {{(pid=113570) __call__ /opt/stack/placement/placement/requestlog.py:55}}
