Aug 26 15:40:31.919580 dv-cinder-831247-24-smb devstack@c-api.service[120081]: [pid: 120081|app: 0|req: 21/34] 10.222.0.89 () {58 vars in 1370 bytes} [Fri Aug 26 15:40:31 2022] GET /volume/v3/487b36aab10546438ff3877693d52d4f/qos-specs/5e0d9026-b92f-4135-b87b-ec959dd1d876/associations => generated 24 bytes in 127 msecs (HTTP/1.1 200) 7 headers in 284 bytes (1 switches on core 0)
Aug 26 15:40:31.927949 dv-cinder-831247-24-smb devstack@c-api.service[120081]: DEBUG cinder.api.middleware.request_id [None req-80c2451a-19dc-4ae5-91c3-b8ecd163bc97 None None] RequestId filter calling following filter/app {{(pid=120081) _context_setter /opt/stack/cinder/cinder/api/middleware/request_id.py:62}}
Aug 26 15:40:31.947392 dv-cinder-831247-24-smb devstack@c-api.service[120081]: INFO cinder.api.openstack.wsgi [None req-80c2451a-19dc-4ae5-91c3-b8ecd163bc97 tempest-QosSpecsTestJSON-147082811 tempest-QosSpecsTestJSON-147082811-project-admin] POST http://10.222.0.89/volume/v3/487b36aab10546438ff3877693d52d4f/qos-specs
Aug 26 15:40:31.949847 dv-cinder-831247-24-smb devstack@c-api.service[120081]: DEBUG cinder.api.openstack.wsgi [None req-80c2451a-19dc-4ae5-91c3-b8ecd163bc97 tempest-QosSpecsTestJSON-147082811 tempest-QosSpecsTestJSON-147082811-project-admin] Action: 'create', calling method: create, body: {"qos_specs": {"name": "tempest-QosSpecsTestJSON-qos-1309541678", "consumer": "back-end"}} {{(pid=120081) _process_stack /opt/stack/cinder/cinder/api/openstack/wsgi.py:866}}
Aug 26 15:40:31.957789 dv-cinder-831247-24-smb devstack@c-api.service[120081]: /usr/local/lib/python3.8/dist-packages/oslo_context/context.py:100: DeprecationWarning: Policy enforcement is depending on the value of is_admin. This key is deprecated. Please update your policy file to use the standard policy values.
Aug 26 15:40:31.957789 dv-cinder-831247-24-smb devstack@c-api.service[120081]: warnings.warn('Policy enforcement is depending on the value of '
Aug 26 15:40:31.959754 dv-cinder-831247-24-smb devstack@c-api.service[120081]: DEBUG cinder.volume.qos_specs [None req-80c2451a-19dc-4ae5-91c3-b8ecd163bc97 tempest-QosSpecsTestJSON-147082811 tempest-QosSpecsTestJSON-147082811-project-admin] Dict for qos_specs: {'name': 'tempest-QosSpecsTestJSON-qos-1309541678', 'consumer': 'back-end', 'specs': {}} {{(pid=120081) create /opt/stack/cinder/cinder/volume/qos_specs.py:64}}
Aug 26 15:40:31.977382 dv-cinder-831247-24-smb devstack@c-api.service[120082]: INFO cinder.api.openstack.wsgi [None req-cb39e72e-ab7d-4f88-8e19-d76d06188a00 tempest-VolumesServicesTestJSON-211119710 tempest-VolumesServicesTestJSON-211119710-project-admin] GET http://10.222.0.89/volume/v3/39d9af8cde764969a2faafef6731d6ab/os-services
Aug 26 15:40:31.978114 dv-cinder-831247-24-smb devstack@c-api.service[120082]: DEBUG cinder.api.openstack.wsgi [None req-cb39e72e-ab7d-4f88-8e19-d76d06188a00 tempest-VolumesServicesTestJSON-211119710 tempest-VolumesServicesTestJSON-211119710-project-admin] Empty body provided in request {{(pid=120082) get_body /opt/stack/cinder/cinder/api/openstack/wsgi.py:715}}
Aug 26 15:40:31.978268 dv-cinder-831247-24-smb devstack@c-api.service[120082]: DEBUG cinder.api.openstack.wsgi [None req-cb39e72e-ab7d-4f88-8e19-d76d06188a00 tempest-VolumesServicesTestJSON-211119710 tempest-VolumesServicesTestJSON-211119710-project-admin] Calling method 'index' {{(pid=120082) _process_stack /opt/stack/cinder/cinder/api/openstack/wsgi.py:868}}
Aug 26 15:40:31.979079 dv-cinder-831247-24-smb devstack@c-api.service[120082]: /usr/local/lib/python3.8/dist-packages/oslo_context/context.py:100: DeprecationWarning: Policy enforcement is depending on the value of is_admin. This key is deprecated. Please update your policy file to use the standard policy values.
Aug 26 15:40:31.979079 dv-cinder-831247-24-smb devstack@c-api.service[120082]: warnings.warn('Policy enforcement is depending on the value of '
Aug 26 15:40:31.995719 dv-cinder-831247-24-smb devstack@c-api.service[120081]: DEBUG cinder.db.sqlalchemy.api [None req-80c2451a-19dc-4ae5-91c3-b8ecd163bc97 tempest-QosSpecsTestJSON-147082811 tempest-QosSpecsTestJSON-147082811-project-admin] DB qos_specs_create(): root {'id': '56e25a07-d564-401e-adb3-91d0101275e8', 'key': 'QoS_Specs_Name', 'value': 'tempest-QosSpecsTestJSON-qos-1309541678'} {{(pid=120081) qos_specs_create /opt/stack/cinder/cinder/db/sqlalchemy/api.py:5586}}
Aug 26 15:40:31.998258 dv-cinder-831247-24-smb devstack@c-api.service[120082]: INFO cinder.api.openstack.wsgi [None req-cb39e72e-ab7d-4f88-8e19-d76d06188a00 tempest-VolumesServicesTestJSON-211119710 tempest-VolumesServicesTestJSON-211119710-project-admin] http://10.222.0.89/volume/v3/39d9af8cde764969a2faafef6731d6ab/os-services returned with HTTP 200
Aug 26 15:40:32.002991 dv-cinder-831247-24-smb devstack@c-api.service[120082]: [pid: 120082|app: 0|req: 14/35] 10.222.0.89 () {58 vars in 1226 bytes} [Fri Aug 26 15:40:31 2022] GET /volume/v3/39d9af8cde764969a2faafef6731d6ab/os-services => generated 641 bytes in 797 msecs (HTTP/1.1 200) 7 headers in 285 bytes (1 switches on core 0)
Aug 26 15:40:32.017118 dv-cinder-831247-24-smb devstack@c-api.service[120082]: DEBUG cinder.api.middleware.request_id [None req-303adfc1-40a5-4e50-b59c-e2222842f07f None None] RequestId filter calling following filter/app {{(pid=120082) _context_setter /opt/stack/cinder/cinder/api/middleware/request_id.py:62}}
Aug 26 15:40:32.022511 dv-cinder-831247-24-smb devstack@c-api.service[120082]: INFO cinder.api.openstack.wsgi [None req-303adfc1-40a5-4e50-b59c-e2222842f07f tempest-VolumesServicesTestJSON-211119710 tempest-VolumesServicesTestJSON-211119710-project-admin] GET http://10.222.0.89/volume/v3/39d9af8cde764969a2faafef6731d6ab/os-services?host=dv-cinder-831247-24-smb
Aug 26 15:40:32.023006 dv-cinder-831247-24-smb devstack@c-api.service[120082]: DEBUG cinder.api.openstack.wsgi [None req-303adfc1-40a5-4e50-b59c-e2222842f07f tempest-VolumesServicesTestJSON-211119710 tempest-VolumesServicesTestJSON-211119710-project-admin] Empty body provided in request {{(pid=120082) get_body /opt/stack/cinder/cinder/api/openstack/wsgi.py:715}}
Aug 26 15:40:32.023472 dv-cinder-831247-24-smb devstack@c-api.service[120082]: DEBUG cinder.api.openstack.wsgi [None req-303adfc1-40a5-4e50-b59c-e2222842f07f tempest-VolumesServicesTestJSON-211119710 tempest-VolumesServicesTestJSON-211119710-project-admin] Calling method 'index' {{(pid=120082) _process_stack /opt/stack/cinder/cinder/api/openstack/wsgi.py:868}}
Aug 26 15:40:32.033999 dv-cinder-831247-24-smb devstack@c-api.service[120081]: INFO cinder.api.openstack.wsgi [None req-80c2451a-19dc-4ae5-91c3-b8ecd163bc97 tempest-QosSpecsTestJSON-147082811 tempest-QosSpecsTestJSON-147082811-project-admin] http://10.222.0.89/volume/v3/487b36aab10546438ff3877693d52d4f/qos-specs returned with HTTP 200
Aug 26 15:40:32.035550 dv-cinder-831247-24-smb devstack@c-api.service[120081]: [pid: 120081|app: 0|req: 22/36] 10.222.0.89 () {60 vars in 1241 bytes} [Fri Aug 26 15:40:31 2022] POST /volume/v3/487b36aab10546438ff3877693d52d4f/qos-specs => generated 435 bytes in 111 msecs (HTTP/1.1 200) 7 headers in 285 bytes (1 switches on core 0)
Aug 26 15:40:32.045362 dv-cinder-831247-24-smb devstack@c-api.service[120081]: DEBUG cinder.api.middleware.request_id [None req-2f5a0612-8790-4d74-afca-89e426fc9310 None None] RequestId filter calling following filter/app {{(pid=120081) _context_setter /opt/stack/cinder/cinder/api/middleware/request_id.py:62}}
Aug 26 15:40:32.057152 dv-cinder-831247-24-smb devstack@c-api.service[120082]: INFO cinder.api.openstack.wsgi [None req-303adfc1-40a5-4e50-b59c-e2222842f07f tempest-VolumesServicesTestJSON-211119710 tempest-VolumesServicesTestJSON-211119710-project-admin] http://10.222.0.89/volume/v3/39d9af8cde764969a2faafef6731d6ab/os-services?host=dv-cinder-831247-24-smb returned with HTTP 200
Aug 26 15:40:32.058609 dv-cinder-831247-24-smb devstack@c-api.service[120082]: [pid: 120082|app: 0|req: 15/37] 10.222.0.89 () {58 vars in 1283 bytes} [Fri Aug 26 15:40:32 2022] GET /volume/v3/39d9af8cde764969a2faafef6731d6ab/os-services?host=dv-cinder-831247-24-smb => generated 202 bytes in 42 msecs (HTTP/1.1 200) 7 headers in 285 bytes (1 switches on core 0)
Aug 26 15:40:32.065237 dv-cinder-831247-24-smb devstack@c-api.service[120081]: INFO cinder.api.openstack.wsgi [None req-2f5a0612-8790-4d74-afca-89e426fc9310 tempest-QosSpecsTestJSON-147082811 tempest-QosSpecsTestJSON-147082811-project-admin] DELETE http://10.222.0.89/volume/v3/487b36aab10546438ff3877693d52d4f/qos-specs/56e25a07-d564-401e-adb3-91d0101275e8?force=False
Aug 26 15:40:32.066083 dv-cinder-831247-24-smb devstack@c-api.service[120081]: DEBUG cinder.api.openstack.wsgi [None req-2f5a0612-8790-4d74-afca-89e426fc9310 tempest-QosSpecsTestJSON-147082811 tempest-QosSpecsTestJSON-147082811-project-admin] Empty body provided in request {{(pid=120081) get_body /opt/stack/cinder/cinder/api/openstack/wsgi.py:715}}
Aug 26 15:40:32.066918 dv-cinder-831247-24-smb devstack@c-api.service[120081]: DEBUG cinder.api.openstack.wsgi [None req-2f5a0612-8790-4d74-afca-89e426fc9310 tempest-QosSpecsTestJSON-147082811 tempest-QosSpecsTestJSON-147082811-project-admin] Calling method 'delete' {{(pid=120081) _process_stack /opt/stack/cinder/cinder/api/openstack/wsgi.py:868}}
Aug 26 15:40:32.067271 dv-cinder-831247-24-smb devstack@c-api.service[120082]: DEBUG cinder.api.middleware.request_id [None req-92b8f40e-5c29-484e-8043-fb35247ca67d None None] RequestId filter calling following filter/app {{(pid=120082) _context_setter /opt/stack/cinder/cinder/api/middleware/request_id.py:62}}
Aug 26 15:40:32.072583 dv-cinder-831247-24-smb devstack@c-api.service[120082]: INFO cinder.api.openstack.wsgi [None req-92b8f40e-5c29-484e-8043-fb35247ca67d tempest-VolumesServicesTestJSON-211119710 tempest-VolumesServicesTestJSON-211119710-project-admin] GET http://10.222.0.89/volume/v3/39d9af8cde764969a2faafef6731d6ab/os-services?host=dv-cinder-831247-24-smb&binary=cinder-scheduler
Aug 26 15:40:32.073598 dv-cinder-831247-24-smb devstack@c-api.service[120082]: DEBUG cinder.api.openstack.wsgi [None req-92b8f40e-5c29-484e-8043-fb35247ca67d tempest-VolumesServicesTestJSON-211119710 tempest-VolumesServicesTestJSON-211119710-project-admin] Empty body provided in request {{(pid=120082) get_body /opt/stack/cinder/cinder/api/openstack/wsgi.py:715}}
Aug 26 15:40:32.074176 dv-cinder-831247-24-smb devstack@c-api.service[120081]: /usr/local/lib/python3.8/dist-packages/oslo_context/context.py:100: DeprecationWarning: Policy enforcement is depending on the value of is_admin. This key is deprecated. Please update your policy file to use the standard policy values.
Aug 26 15:40:32.074176 dv-cinder-831247-24-smb devstack@c-api.service[120081]: warnings.warn('Policy enforcement is depending on the value of '
Aug 26 15:40:32.076882 dv-cinder-831247-24-smb devstack@c-api.service[120081]: DEBUG cinder.api.contrib.qos_specs_manage [None req-2f5a0612-8790-4d74-afca-89e426fc9310 tempest-QosSpecsTestJSON-147082811 tempest-QosSpecsTestJSON-147082811-project-admin] Delete qos_spec: 56e25a07-d564-401e-adb3-91d0101275e8, force: False {{(pid=120081) delete /opt/stack/cinder/cinder/api/contrib/qos_specs_manage.py:168}}
Aug 26 15:40:32.077691 dv-cinder-831247-24-smb devstack@c-api.service[120082]: DEBUG cinder.api.openstack.wsgi [None req-92b8f40e-5c29-484e-8043-fb35247ca67d tempest-VolumesServicesTestJSON-211119710 tempest-VolumesServicesTestJSON-211119710-project-admin] Calling method 'index' {{(pid=120082) _process_stack /opt/stack/cinder/cinder/api/openstack/wsgi.py:868}}
Aug 26 15:40:32.106817 dv-cinder-831247-24-smb devstack@c-api.service[120082]: INFO cinder.api.openstack.wsgi [None req-92b8f40e-5c29-484e-8043-fb35247ca67d tempest-VolumesServicesTestJSON-211119710 tempest-VolumesServicesTestJSON-211119710-project-admin] http://10.222.0.89/volume/v3/39d9af8cde764969a2faafef6731d6ab/os-services?host=dv-cinder-831247-24-smb&binary=cinder-scheduler returned with HTTP 200
Aug 26 15:40:32.108161 dv-cinder-831247-24-smb devstack@c-api.service[120082]: [pid: 120082|app: 0|req: 16/38] 10.222.0.89 () {58 vars in 1331 bytes} [Fri Aug 26 15:40:32 2022] GET /volume/v3/39d9af8cde764969a2faafef6731d6ab/os-services?host=dv-cinder-831247-24-smb&binary=cinder-scheduler => generated 202 bytes in 42 msecs (HTTP/1.1 200) 7 headers in 285 bytes (1 switches on core 0)
Aug 26 15:40:32.111540 dv-cinder-831247-24-smb devstack@c-api.service[120081]: DEBUG dbcounter [-] [120081] Writing DB stats cinder:SELECT=90,cinder:UPDATE=5,cinder:INSERT=5 {{(pid=120081) stat_writer /usr/local/lib/python3.8/dist-packages/dbcounter.py:114}}
Aug 26 15:40:32.127379 dv-cinder-831247-24-smb devstack@c-api.service[120082]: DEBUG cinder.api.middleware.request_id [None req-11eba5c3-c123-4ec0-bc02-56362ead159c None None] RequestId filter calling following filter/app {{(pid=120082) _context_setter /opt/stack/cinder/cinder/api/middleware/request_id.py:62}}
Aug 26 15:40:32.132734 dv-cinder-831247-24-smb devstack@c-api.service[120082]: INFO cinder.api.openstack.wsgi [None req-11eba5c3-c123-4ec0-bc02-56362ead159c tempest-VolumesServicesTestJSON-211119710 tempest-VolumesServicesTestJSON-211119710-project-admin] GET http://10.222.0.89/volume/v3/39d9af8cde764969a2faafef6731d6ab/os-services?binary=cinder-scheduler
Aug 26 15:40:32.133210 dv-cinder-831247-24-smb devstack@c-api.service[120082]: DEBUG cinder.api.openstack.wsgi [None req-11eba5c3-c123-4ec0-bc02-56362ead159c tempest-VolumesServicesTestJSON-211119710 tempest-VolumesServicesTestJSON-211119710-project-admin] Empty body provided in request {{(pid=120082) get_body /opt/stack/cinder/cinder/api/openstack/wsgi.py:715}}
Aug 26 15:40:32.133672 dv-cinder-831247-24-smb devstack@c-api.service[120082]: DEBUG cinder.api.openstack.wsgi [None req-11eba5c3-c123-4ec0-bc02-56362ead159c tempest-VolumesServicesTestJSON-211119710 tempest-VolumesServicesTestJSON-211119710-project-admin] Calling method 'index' {{(pid=120082) _process_stack /opt/stack/cinder/cinder/api/openstack/wsgi.py:868}}
Aug 26 15:40:32.152868 dv-cinder-831247-24-smb devstack@c-api.service[120082]: INFO cinder.api.openstack.wsgi [None req-11eba5c3-c123-4ec0-bc02-56362ead159c tempest-VolumesServicesTestJSON-211119710 tempest-VolumesServicesTestJSON-211119710-project-admin] http://10.222.0.89/volume/v3/39d9af8cde764969a2faafef6731d6ab/os-services?binary=cinder-scheduler returned with HTTP 200
Aug 26 15:40:32.155276 dv-cinder-831247-24-smb devstack@c-api.service[120082]: [pid: 120082|app: 0|req: 17/39] 10.222.0.89 () {58 vars in 1273 bytes} [Fri Aug 26 15:40:32 2022] GET /volume/v3/39d9af8cde764969a2faafef6731d6ab/os-services?binary=cinder-scheduler => generated 202 bytes in 29 msecs (HTTP/1.1 200) 7 headers in 285 bytes (1 switches on core 0)
Aug 26 15:40:32.164789 dv-cinder-831247-24-smb devstack@c-api.service[120082]: DEBUG cinder.api.middleware.request_id [None req-36c8f773-03e2-46ca-b0e4-7f4a4d8e34a0 None None] RequestId filter calling following filter/app {{(pid=120082) _context_setter /opt/stack/cinder/cinder/api/middleware/request_id.py:62}}
Aug 26 15:40:32.204166 dv-cinder-831247-24-smb devstack@c-api.service[120081]: INFO cinder.api.openstack.wsgi [None req-2f5a0612-8790-4d74-afca-89e426fc9310 tempest-QosSpecsTestJSON-147082811 tempest-QosSpecsTestJSON-147082811-project-admin] http://10.222.0.89/volume/v3/487b36aab10546438ff3877693d52d4f/qos-specs/56e25a07-d564-401e-adb3-91d0101275e8?force=False returned with HTTP 202
Aug 26 15:40:32.208395 dv-cinder-831247-24-smb devstack@c-api.service[120081]: [pid: 120081|app: 0|req: 23/40] 10.222.0.89 () {58 vars in 1357 bytes} [Fri Aug 26 15:40:32 2022] DELETE /volume/v3/487b36aab10546438ff3877693d52d4f/qos-specs/56e25a07-d564-401e-adb3-91d0101275e8?force=False => generated 0 bytes in 163 msecs (HTTP/1.1 202) 6 headers in 233 bytes (1 switches on core 0)
Aug 26 15:40:32.211812 dv-cinder-831247-24-smb devstack@c-api.service[120081]: DEBUG cinder.api.middleware.request_id [None req-db09f723-8c10-43a6-9d9a-b88ac9fe8078 None None] RequestId filter calling following filter/app {{(pid=120081) _context_setter /opt/stack/cinder/cinder/api/middleware/request_id.py:62}}
Aug 26 15:40:32.238138 dv-cinder-831247-24-smb devstack@c-api.service[120081]: INFO cinder.api.openstack.wsgi [None req-db09f723-8c10-43a6-9d9a-b88ac9fe8078 tempest-QosSpecsTestJSON-147082811 tempest-QosSpecsTestJSON-147082811-project-admin] GET http://10.222.0.89/volume/v3/487b36aab10546438ff3877693d52d4f/qos-specs/56e25a07-d564-401e-adb3-91d0101275e8
Aug 26 15:40:32.239059 dv-cinder-831247-24-smb devstack@c-api.service[120081]: DEBUG cinder.api.openstack.wsgi [None req-db09f723-8c10-43a6-9d9a-b88ac9fe8078 tempest-QosSpecsTestJSON-147082811 tempest-QosSpecsTestJSON-147082811-project-admin] Empty body provided in request {{(pid=120081) get_body /opt/stack/cinder/cinder/api/openstack/wsgi.py:715}}
Aug 26 15:40:32.239886 dv-cinder-831247-24-smb devstack@c-api.service[120081]: DEBUG cinder.api.openstack.wsgi [None req-db09f723-8c10-43a6-9d9a-b88ac9fe8078 tempest-QosSpecsTestJSON-147082811 tempest-QosSpecsTestJSON-147082811-project-admin] Calling method 'show' {{(pid=120081) _process_stack /opt/stack/cinder/cinder/api/openstack/wsgi.py:868}}
Aug 26 15:40:32.244558 dv-cinder-831247-24-smb devstack@c-api.service[120081]: /usr/local/lib/python3.8/dist-packages/oslo_context/context.py:100: DeprecationWarning: Policy enforcement is depending on the value of is_admin. This key is deprecated. Please update your policy file to use the standard policy values.
Aug 26 15:40:32.244558 dv-cinder-831247-24-smb devstack@c-api.service[120081]: warnings.warn('Policy enforcement is depending on the value of '
Aug 26 15:40:32.277212 dv-cinder-831247-24-smb devstack@c-api.service[120081]: INFO cinder.api.openstack.wsgi [None req-db09f723-8c10-43a6-9d9a-b88ac9fe8078 tempest-QosSpecsTestJSON-147082811 tempest-QosSpecsTestJSON-147082811-project-admin] http://10.222.0.89/volume/v3/487b36aab10546438ff3877693d52d4f/qos-specs/56e25a07-d564-401e-adb3-91d0101275e8 returned with HTTP 404
Aug 26 15:40:32.281788 dv-cinder-831247-24-smb devstack@c-api.service[120081]: [pid: 120081|app: 0|req: 24/41] 10.222.0.89 () {58 vars in 1331 bytes} [Fri Aug 26 15:40:32 2022] GET /volume/v3/487b36aab10546438ff3877693d52d4f/qos-specs/56e25a07-d564-401e-adb3-91d0101275e8 => generated 100 bytes in 72 msecs (HTTP/1.1 404) 7 headers in 292 bytes (1 switches on core 0)
Aug 26 15:40:32.286211 dv-cinder-831247-24-smb devstack@c-api.service[120081]: DEBUG cinder.api.middleware.request_id [None req-365682ea-1e45-4a0c-b5a9-a4ef682c556d None None] RequestId filter calling following filter/app {{(pid=120081) _context_setter /opt/stack/cinder/cinder/api/middleware/request_id.py:62}}
Aug 26 15:40:32.308197 dv-cinder-831247-24-smb devstack@c-api.service[120081]: INFO cinder.api.openstack.wsgi [None req-365682ea-1e45-4a0c-b5a9-a4ef682c556d tempest-QosSpecsTestJSON-147082811 tempest-QosSpecsTestJSON-147082811-project-admin] GET http://10.222.0.89/volume/v3/487b36aab10546438ff3877693d52d4f/qos-specs
Aug 26 15:40:32.315710 dv-cinder-831247-24-smb devstack@c-api.service[120081]: DEBUG cinder.api.openstack.wsgi [None req-365682ea-1e45-4a0c-b5a9-a4ef682c556d tempest-QosSpecsTestJSON-147082811 tempest-QosSpecsTestJSON-147082811-project-admin] Empty body provided in request {{(pid=120081) get_body /opt/stack/cinder/cinder/api/openstack/wsgi.py:715}}
Aug 26 15:40:32.316725 dv-cinder-831247-24-smb devstack@c-api.service[120081]: DEBUG cinder.api.openstack.wsgi [None req-365682ea-1e45-4a0c-b5a9-a4ef682c556d tempest-QosSpecsTestJSON-147082811 tempest-QosSpecsTestJSON-147082811-project-admin] Calling method 'index' {{(pid=120081) _process_stack /opt/stack/cinder/cinder/api/openstack/wsgi.py:868}}
Aug 26 15:40:32.407223 dv-cinder-831247-24-smb devstack@c-api.service[120081]: INFO cinder.api.openstack.wsgi [None req-365682ea-1e45-4a0c-b5a9-a4ef682c556d tempest-QosSpecsTestJSON-147082811 tempest-QosSpecsTestJSON-147082811-project-admin] http://10.222.0.89/volume/v3/487b36aab10546438ff3877693d52d4f/qos-specs returned with HTTP 200
Aug 26 15:40:32.410744 dv-cinder-831247-24-smb devstack@c-api.service[120082]: INFO cinder.api.openstack.wsgi [None req-36c8f773-03e2-46ca-b0e4-7f4a4d8e34a0 tempest-VolumesServicesTestJSON-1910076486 tempest-VolumesServicesTestJSON-1910076486-project] POST http://10.222.0.89/volume/v3/3abce31bcbc346cb8c2c3f73e79db5b6/volumes
Aug 26 15:40:32.411497 dv-cinder-831247-24-smb devstack@c-api.service[120082]: DEBUG cinder.api.openstack.wsgi [None req-36c8f773-03e2-46ca-b0e4-7f4a4d8e34a0 tempest-VolumesServicesTestJSON-1910076486 tempest-VolumesServicesTestJSON-1910076486-project] Action: 'create', calling method: create, body: {"volume": {"size": 1, "name": "tempest-VolumesServicesTestJSON-Volume-347996581"}} {{(pid=120082) _process_stack /opt/stack/cinder/cinder/api/openstack/wsgi.py:866}}
Aug 26 15:40:32.411771 dv-cinder-831247-24-smb devstack@c-api.service[120081]: [pid: 120081|app: 0|req: 25/42] 10.222.0.89 () {58 vars in 1220 bytes} [Fri Aug 26 15:40:32 2022] GET /volume/v3/487b36aab10546438ff3877693d52d4f/qos-specs => generated 175 bytes in 127 msecs (HTTP/1.1 200) 7 headers in 285 bytes (1 switches on core 0)
Aug 26 15:40:32.414866 dv-cinder-831247-24-smb devstack@c-api.service[120082]: DEBUG cinder.api.v3.volumes [None req-36c8f773-03e2-46ca-b0e4-7f4a4d8e34a0 tempest-VolumesServicesTestJSON-1910076486 tempest-VolumesServicesTestJSON-1910076486-project] Create volume request body: {'volume': {'size': 1, 'name': 'tempest-VolumesServicesTestJSON-Volume-347996581'}} {{(pid=120082) create /opt/stack/cinder/cinder/api/v3/volumes.py:298}}
Aug 26 15:40:32.415396 dv-cinder-831247-24-smb devstack@c-api.service[120082]: INFO cinder.api.v3.volumes [None req-36c8f773-03e2-46ca-b0e4-7f4a4d8e34a0 tempest-VolumesServicesTestJSON-1910076486 tempest-VolumesServicesTestJSON-1910076486-project] Create volume of 1 GB
Aug 26 15:40:32.422266 dv-cinder-831247-24-smb devstack@c-api.service[120081]: DEBUG cinder.api.middleware.request_id [None req-f74a80e6-543b-4bfb-a60f-684653a9537c None None] RequestId filter calling following filter/app {{(pid=120081) _context_setter /opt/stack/cinder/cinder/api/middleware/request_id.py:62}}
Aug 26 15:40:32.435357 dv-cinder-831247-24-smb devstack@c-api.service[120082]: INFO cinder.volume.api [None req-36c8f773-03e2-46ca-b0e4-7f4a4d8e34a0 tempest-VolumesServicesTestJSON-1910076486 tempest-VolumesServicesTestJSON-1910076486-project] Availability Zones retrieved successfully.
Aug 26 15:40:32.436441 dv-cinder-831247-24-smb devstack@c-api.service[120081]: INFO cinder.api.openstack.wsgi [None req-f74a80e6-543b-4bfb-a60f-684653a9537c tempest-QosSpecsTestJSON-147082811 tempest-QosSpecsTestJSON-147082811-project-admin] POST http://10.222.0.89/volume/v3/487b36aab10546438ff3877693d52d4f/qos-specs
Aug 26 15:40:32.438103 dv-cinder-831247-24-smb devstack@c-api.service[120081]: DEBUG cinder.api.openstack.wsgi [None req-f74a80e6-543b-4bfb-a60f-684653a9537c tempest-QosSpecsTestJSON-147082811 tempest-QosSpecsTestJSON-147082811-project-admin] Action: 'create', calling method: create, body: {"qos_specs": {"name": "tempest-QosSpecsTestJSON-qos-1581011799", "consumer": "both"}} {{(pid=120081) _process_stack /opt/stack/cinder/cinder/api/openstack/wsgi.py:866}}
Aug 26 15:40:32.444563 dv-cinder-831247-24-smb devstack@c-api.service[120081]: /usr/local/lib/python3.8/dist-packages/oslo_context/context.py:100: DeprecationWarning: Policy enforcement is depending on the value of is_admin. This key is deprecated. Please update your policy file to use the standard policy values.
Aug 26 15:40:32.444563 dv-cinder-831247-24-smb devstack@c-api.service[120081]: warnings.warn('Policy enforcement is depending on the value of '
Aug 26 15:40:32.446408 dv-cinder-831247-24-smb devstack@c-api.service[120081]: DEBUG cinder.volume.qos_specs [None req-f74a80e6-543b-4bfb-a60f-684653a9537c tempest-QosSpecsTestJSON-147082811 tempest-QosSpecsTestJSON-147082811-project-admin] Dict for qos_specs: {'name': 'tempest-QosSpecsTestJSON-qos-1581011799', 'consumer': 'both', 'specs': {}} {{(pid=120081) create /opt/stack/cinder/cinder/volume/qos_specs.py:64}}
Aug 26 15:40:32.475872 dv-cinder-831247-24-smb devstack@c-api.service[120081]: DEBUG cinder.db.sqlalchemy.api [None req-f74a80e6-543b-4bfb-a60f-684653a9537c tempest-QosSpecsTestJSON-147082811 tempest-QosSpecsTestJSON-147082811-project-admin] DB qos_specs_create(): root {'id': 'abbb48e7-dc70-4006-a941-42d2befbca72', 'key': 'QoS_Specs_Name', 'value': 'tempest-QosSpecsTestJSON-qos-1581011799'} {{(pid=120081) qos_specs_create /opt/stack/cinder/cinder/db/sqlalchemy/api.py:5586}}
Aug 26 15:40:32.489844 dv-cinder-831247-24-smb devstack@c-api.service[120082]: DEBUG cinder.volume.api [None req-36c8f773-03e2-46ca-b0e4-7f4a4d8e34a0 tempest-VolumesServicesTestJSON-1910076486 tempest-VolumesServicesTestJSON-1910076486-project] Flow 'volume_create_api' (1f9da2ca-25e0-49d7-b8d0-d955024b1869) transitioned into state 'RUNNING' from state 'PENDING' {{(pid=120082) _flow_receiver /usr/local/lib/python3.8/dist-packages/taskflow/listeners/logging.py:141}}
Aug 26 15:40:32.495129 dv-cinder-831247-24-smb devstack@c-api.service[120081]: INFO cinder.api.openstack.wsgi [None req-f74a80e6-543b-4bfb-a60f-684653a9537c tempest-QosSpecsTestJSON-147082811 tempest-QosSpecsTestJSON-147082811-project-admin] http://10.222.0.89/volume/v3/487b36aab10546438ff3877693d52d4f/qos-specs returned with HTTP 200
Aug 26 15:40:32.497228 dv-cinder-831247-24-smb devstack@c-api.service[120082]: DEBUG cinder.volume.api [None req-36c8f773-03e2-46ca-b0e4-7f4a4d8e34a0 tempest-VolumesServicesTestJSON-1910076486 tempest-VolumesServicesTestJSON-1910076486-project] Task 'cinder.volume.flows.api.create_volume.ExtractVolumeRequestTask;volume:create' (b89240ca-c839-4f19-99d2-24aecb789672) transitioned into state 'RUNNING' from state 'PENDING' {{(pid=120082) _task_receiver /usr/local/lib/python3.8/dist-packages/taskflow/listeners/logging.py:190}}
Aug 26 15:40:32.497382 dv-cinder-831247-24-smb devstack@c-api.service[120081]: [pid: 120081|app: 0|req: 26/43] 10.222.0.89 () {60 vars in 1241 bytes} [Fri Aug 26 15:40:32 2022] POST /volume/v3/487b36aab10546438ff3877693d52d4f/qos-specs => generated 431 bytes in 78 msecs (HTTP/1.1 200) 7 headers in 285 bytes (1 switches on core 0)
Aug 26 15:40:32.504135 dv-cinder-831247-24-smb devstack@c-api.service[120082]: DEBUG cinder.volume.flows.api.create_volume [None req-36c8f773-03e2-46ca-b0e4-7f4a4d8e34a0 tempest-VolumesServicesTestJSON-1910076486 tempest-VolumesServicesTestJSON-1910076486-project] Validating volume size '1' using validate_int {{(pid=120082) _extract_size /opt/stack/cinder/cinder/volume/flows/api/create_volume.py:228}}
Aug 26 15:40:32.506368 dv-cinder-831247-24-smb devstack@c-api.service[120081]: DEBUG cinder.api.middleware.request_id [None req-4d4d6430-8d57-4853-b1a3-0302ca3d5e6d None None] RequestId filter calling following filter/app {{(pid=120081) _context_setter /opt/stack/cinder/cinder/api/middleware/request_id.py:62}}
Aug 26 15:40:32.522020 dv-cinder-831247-24-smb devstack@c-api.service[120081]: INFO cinder.api.openstack.wsgi [None req-4d4d6430-8d57-4853-b1a3-0302ca3d5e6d tempest-QosSpecsTestJSON-147082811 tempest-QosSpecsTestJSON-147082811-project-admin] DELETE http://10.222.0.89/volume/v3/487b36aab10546438ff3877693d52d4f/qos-specs/abbb48e7-dc70-4006-a941-42d2befbca72?force=False
Aug 26 15:40:32.524871 dv-cinder-831247-24-smb devstack@c-api.service[120081]: DEBUG cinder.api.openstack.wsgi [None req-4d4d6430-8d57-4853-b1a3-0302ca3d5e6d tempest-QosSpecsTestJSON-147082811 tempest-QosSpecsTestJSON-147082811-project-admin] Empty body provided in request {{(pid=120081) get_body /opt/stack/cinder/cinder/api/openstack/wsgi.py:715}}
Aug 26 15:40:32.527411 dv-cinder-831247-24-smb devstack@c-api.service[120081]: DEBUG cinder.api.openstack.wsgi [None req-4d4d6430-8d57-4853-b1a3-0302ca3d5e6d tempest-QosSpecsTestJSON-147082811 tempest-QosSpecsTestJSON-147082811-project-admin] Calling method 'delete' {{(pid=120081) _process_stack /opt/stack/cinder/cinder/api/openstack/wsgi.py:868}}
Aug 26 15:40:32.529928 dv-cinder-831247-24-smb devstack@c-api.service[120081]: /usr/local/lib/python3.8/dist-packages/oslo_context/context.py:100: DeprecationWarning: Policy enforcement is depending on the value of is_admin. This key is deprecated. Please update your policy file to use the standard policy values.
Aug 26 15:40:32.529928 dv-cinder-831247-24-smb devstack@c-api.service[120081]: warnings.warn('Policy enforcement is depending on the value of '
Aug 26 15:40:32.531048 dv-cinder-831247-24-smb devstack@c-api.service[120081]: DEBUG cinder.api.contrib.qos_specs_manage [None req-4d4d6430-8d57-4853-b1a3-0302ca3d5e6d tempest-QosSpecsTestJSON-147082811 tempest-QosSpecsTestJSON-147082811-project-admin] Delete qos_spec: abbb48e7-dc70-4006-a941-42d2befbca72, force: False {{(pid=120081) delete /opt/stack/cinder/cinder/api/contrib/qos_specs_manage.py:168}}
Aug 26 15:40:32.590482 dv-cinder-831247-24-smb devstack@c-api.service[120082]: DEBUG cinder.volume.api [None req-36c8f773-03e2-46ca-b0e4-7f4a4d8e34a0 tempest-VolumesServicesTestJSON-1910076486 tempest-VolumesServicesTestJSON-1910076486-project] Task 'cinder.volume.flows.api.create_volume.ExtractVolumeRequestTask;volume:create' (b89240ca-c839-4f19-99d2-24aecb789672) transitioned into state 'SUCCESS' from state 'RUNNING' with result '{'size': 1, 'snapshot_id': None, 'source_volid': None, 'volume_type': VolumeType(created_at=2022-08-26T15:29:54Z,deleted=False,deleted_at=None,description='Default Volume Type',extra_specs={},id=4c53a2d7-95e1-4852-908f-4c1d5b0a0bcb,is_public=True,name='__DEFAULT__',projects=[],qos_specs=,qos_specs_id=None,updated_at=2022-08-26T15:29:54Z), 'volume_type_id': '4c53a2d7-95e1-4852-908f-4c1d5b0a0bcb', 'encryption_key_id': None, 'qos_specs': None, 'consistencygroup_id': None, 'cgsnapshot_id': None, 'group_id': None, 'replication_status': 'disabled', 'refresh_az': False, 'backup_id': None, 'multiattach': False, 'availability_zones': ['nova']}' {{(pid=120082) _task_receiver /usr/local/lib/python3.8/dist-packages/taskflow/listeners/logging.py:178}}
Aug 26 15:40:32.594229 dv-cinder-831247-24-smb devstack@c-api.service[120081]: INFO cinder.api.openstack.wsgi [None req-4d4d6430-8d57-4853-b1a3-0302ca3d5e6d tempest-QosSpecsTestJSON-147082811 tempest-QosSpecsTestJSON-147082811-project-admin] http://10.222.0.89/volume/v3/487b36aab10546438ff3877693d52d4f/qos-specs/abbb48e7-dc70-4006-a941-42d2befbca72?force=False returned with HTTP 202
Aug 26 15:40:32.595849 dv-cinder-831247-24-smb devstack@c-api.service[120081]: [pid: 120081|app: 0|req: 27/44] 10.222.0.89 () {58 vars in 1357 bytes} [Fri Aug 26 15:40:32 2022] DELETE /volume/v3/487b36aab10546438ff3877693d52d4f/qos-specs/abbb48e7-dc70-4006-a941-42d2befbca72?force=False => generated 0 bytes in 91 msecs (HTTP/1.1 202) 6 headers in 233 bytes (1 switches on core 0)
Aug 26 15:40:32.597575 dv-cinder-831247-24-smb devstack@c-api.service[120082]: DEBUG cinder.volume.api [None req-36c8f773-03e2-46ca-b0e4-7f4a4d8e34a0 tempest-VolumesServicesTestJSON-1910076486 tempest-VolumesServicesTestJSON-1910076486-project] Task 'cinder.volume.flows.api.create_volume.QuotaReserveTask;volume:create' (845f3fc8-f906-4345-8c88-573cdccbcd9e) transitioned into state 'RUNNING' from state 'PENDING' {{(pid=120082) _task_receiver /usr/local/lib/python3.8/dist-packages/taskflow/listeners/logging.py:190}}
Aug 26 15:40:32.600518 dv-cinder-831247-24-smb devstack@c-api.service[120081]: DEBUG cinder.api.middleware.request_id [None req-68c2e3b2-7e27-4371-8592-23e80455d3bc None None] RequestId filter calling following filter/app {{(pid=120081) _context_setter /opt/stack/cinder/cinder/api/middleware/request_id.py:62}}
Aug 26 15:40:32.618986 dv-cinder-831247-24-smb devstack@c-api.service[120081]: INFO cinder.api.openstack.wsgi [None req-68c2e3b2-7e27-4371-8592-23e80455d3bc tempest-QosSpecsTestJSON-147082811 tempest-QosSpecsTestJSON-147082811-project-admin] GET http://10.222.0.89/volume/v3/487b36aab10546438ff3877693d52d4f/qos-specs/abbb48e7-dc70-4006-a941-42d2befbca72
Aug 26 15:40:32.621152 dv-cinder-831247-24-smb devstack@c-api.service[120081]: DEBUG cinder.api.openstack.wsgi [None req-68c2e3b2-7e27-4371-8592-23e80455d3bc tempest-QosSpecsTestJSON-147082811 tempest-QosSpecsTestJSON-147082811-project-admin] Empty body provided in request {{(pid=120081) get_body /opt/stack/cinder/cinder/api/openstack/wsgi.py:715}}
Aug 26 15:40:32.622296 dv-cinder-831247-24-smb devstack@c-api.service[120081]: DEBUG cinder.api.openstack.wsgi [None req-68c2e3b2-7e27-4371-8592-23e80455d3bc tempest-QosSpecsTestJSON-147082811 tempest-QosSpecsTestJSON-147082811-project-admin] Calling method 'show' {{(pid=120081) _process_stack /opt/stack/cinder/cinder/api/openstack/wsgi.py:868}}
Aug 26 15:40:32.623593 dv-cinder-831247-24-smb devstack@c-api.service[120081]: /usr/local/lib/python3.8/dist-packages/oslo_context/context.py:100: DeprecationWarning: Policy enforcement is depending on the value of is_admin. This key is deprecated. Please update your policy file to use the standard policy values.
Aug 26 15:40:32.623593 dv-cinder-831247-24-smb devstack@c-api.service[120081]: warnings.warn('Policy enforcement is depending on the value of '
Aug 26 15:40:32.632989 dv-cinder-831247-24-smb devstack@c-api.service[120081]: INFO cinder.api.openstack.wsgi [None req-68c2e3b2-7e27-4371-8592-23e80455d3bc tempest-QosSpecsTestJSON-147082811 tempest-QosSpecsTestJSON-147082811-project-admin] http://10.222.0.89/volume/v3/487b36aab10546438ff3877693d52d4f/qos-specs/abbb48e7-dc70-4006-a941-42d2befbca72 returned with HTTP 404
Aug 26 15:40:32.636512 dv-cinder-831247-24-smb devstack@c-api.service[120081]: [pid: 120081|app: 0|req: 28/45] 10.222.0.89 () {58 vars in 1331 bytes} [Fri Aug 26 15:40:32 2022] GET /volume/v3/487b36aab10546438ff3877693d52d4f/qos-specs/abbb48e7-dc70-4006-a941-42d2befbca72 => generated 100 bytes in 37 msecs (HTTP/1.1 404) 7 headers in 292 bytes (1 switches on core 0)
Aug 26 15:40:32.642233 dv-cinder-831247-24-smb devstack@c-api.service[120081]: DEBUG cinder.api.middleware.request_id [None req-c541fb19-b1d6-4888-9519-c4564fe43741 None None] RequestId filter calling following filter/app {{(pid=120081) _context_setter /opt/stack/cinder/cinder/api/middleware/request_id.py:62}}
Aug 26 15:40:32.651855 dv-cinder-831247-24-smb devstack@c-api.service[120081]: INFO cinder.api.openstack.wsgi [None req-c541fb19-b1d6-4888-9519-c4564fe43741 tempest-QosSpecsTestJSON-147082811 tempest-QosSpecsTestJSON-147082811-project-admin] GET http://10.222.0.89/volume/v3/487b36aab10546438ff3877693d52d4f/qos-specs
Aug 26 15:40:32.652833 dv-cinder-831247-24-smb devstack@c-api.service[120081]: DEBUG cinder.api.openstack.wsgi [None req-c541fb19-b1d6-4888-9519-c4564fe43741 tempest-QosSpecsTestJSON-147082811 tempest-QosSpecsTestJSON-147082811-project-admin] Empty body provided in request {{(pid=120081) get_body /opt/stack/cinder/cinder/api/openstack/wsgi.py:715}}
Aug 26 15:40:32.655181 dv-cinder-831247-24-smb devstack@c-api.service[120081]: DEBUG cinder.api.openstack.wsgi [None req-c541fb19-b1d6-4888-9519-c4564fe43741 tempest-QosSpecsTestJSON-147082811 tempest-QosSpecsTestJSON-147082811-project-admin] Calling method 'index' {{(pid=120081) _process_stack /opt/stack/cinder/cinder/api/openstack/wsgi.py:868}}
Aug 26 15:40:32.671278 dv-cinder-831247-24-smb devstack@c-api.service[120081]: INFO cinder.api.openstack.wsgi [None req-c541fb19-b1d6-4888-9519-c4564fe43741 tempest-QosSpecsTestJSON-147082811 tempest-QosSpecsTestJSON-147082811-project-admin] http://10.222.0.89/volume/v3/487b36aab10546438ff3877693d52d4f/qos-specs returned with HTTP 200
Aug 26 15:40:32.673194 dv-cinder-831247-24-smb devstack@c-api.service[120081]: [pid: 120081|app: 0|req: 29/46] 10.222.0.89 () {58 vars in 1220 bytes} [Fri Aug 26 15:40:32 2022] GET /volume/v3/487b36aab10546438ff3877693d52d4f/qos-specs => generated 175 bytes in 33 msecs (HTTP/1.1 200) 7 headers in 285 bytes (1 switches on core 0)
Aug 26 15:40:32.684062 dv-cinder-831247-24-smb devstack@c-api.service[120081]: DEBUG cinder.api.middleware.request_id [None req-b57e587d-cb79-49be-8a6f-5ca1532d2ea8 None None] RequestId filter calling following filter/app {{(pid=120081) _context_setter /opt/stack/cinder/cinder/api/middleware/request_id.py:62}}
Aug 26 15:40:32.693250 dv-cinder-831247-24-smb devstack@c-api.service[120081]: INFO cinder.api.openstack.wsgi [None req-b57e587d-cb79-49be-8a6f-5ca1532d2ea8 tempest-QosSpecsTestJSON-147082811 tempest-QosSpecsTestJSON-147082811-project-admin] POST http://10.222.0.89/volume/v3/487b36aab10546438ff3877693d52d4f/qos-specs
Aug 26 15:40:32.696003 dv-cinder-831247-24-smb devstack@c-api.service[120081]: DEBUG cinder.api.openstack.wsgi [None req-b57e587d-cb79-49be-8a6f-5ca1532d2ea8 tempest-QosSpecsTestJSON-147082811 tempest-QosSpecsTestJSON-147082811-project-admin] Action: 'create', calling method: create, body: {"qos_specs": {"name": "tempest-QosSpecsTestJSON-qos-705221920", "consumer": "front-end"}} {{(pid=120081) _process_stack /opt/stack/cinder/cinder/api/openstack/wsgi.py:866}}
Aug 26 15:40:32.699836 dv-cinder-831247-24-smb devstack@c-api.service[120081]: /usr/local/lib/python3.8/dist-packages/oslo_context/context.py:100: DeprecationWarning: Policy enforcement is depending on the value of is_admin. This key is deprecated. Please update your policy file to use the standard policy values.
Aug 26 15:40:32.699836 dv-cinder-831247-24-smb devstack@c-api.service[120081]: warnings.warn('Policy enforcement is depending on the value of '
Aug 26 15:40:32.702048 dv-cinder-831247-24-smb devstack@c-api.service[120081]: DEBUG cinder.volume.qos_specs [None req-b57e587d-cb79-49be-8a6f-5ca1532d2ea8 tempest-QosSpecsTestJSON-147082811 tempest-QosSpecsTestJSON-147082811-project-admin] Dict for qos_specs: {'name': 'tempest-QosSpecsTestJSON-qos-705221920', 'consumer': 'front-end', 'specs': {}} {{(pid=120081) create /opt/stack/cinder/cinder/volume/qos_specs.py:64}}
Aug 26 15:40:32.709340 dv-cinder-831247-24-smb devstack@c-api.service[120081]: DEBUG cinder.db.sqlalchemy.api [None req-b57e587d-cb79-49be-8a6f-5ca1532d2ea8 tempest-QosSpecsTestJSON-147082811 tempest-QosSpecsTestJSON-147082811-project-admin] DB qos_specs_create(): root {'id': '2fe5155d-06f4-40f5-8638-ec6ddb1bf5f9', 'key': 'QoS_Specs_Name', 'value': 'tempest-QosSpecsTestJSON-qos-705221920'} {{(pid=120081) qos_specs_create /opt/stack/cinder/cinder/db/sqlalchemy/api.py:5586}}
Aug 26 15:40:32.726336 dv-cinder-831247-24-smb devstack@c-api.service[120081]: INFO cinder.api.openstack.wsgi [None req-b57e587d-cb79-49be-8a6f-5ca1532d2ea8 tempest-QosSpecsTestJSON-147082811 tempest-QosSpecsTestJSON-147082811-project-admin] http://10.222.0.89/volume/v3/487b36aab10546438ff3877693d52d4f/qos-specs returned with HTTP 200
Aug 26 15:40:32.730811 dv-cinder-831247-24-smb devstack@c-api.service[120081]: [pid: 120081|app: 0|req: 30/47] 10.222.0.89 () {60 vars in 1241 bytes} [Fri Aug 26 15:40:32 2022] POST /volume/v3/487b36aab10546438ff3877693d52d4f/qos-specs => generated 435 bytes in 48 msecs (HTTP/1.1 200) 7 headers in 285 bytes (1 switches on core 0)
Aug 26 15:40:32.739269 dv-cinder-831247-24-smb devstack@c-api.service[120081]: DEBUG cinder.api.middleware.request_id [None req-4ad6914e-78f7-429d-8e3a-96f10cd691f7 None None] RequestId filter calling following filter/app {{(pid=120081) _context_setter /opt/stack/cinder/cinder/api/middleware/request_id.py:62}}
Aug 26 15:40:32.757695 dv-cinder-831247-24-smb devstack@c-api.service[120081]: INFO cinder.api.openstack.wsgi [None req-4ad6914e-78f7-429d-8e3a-96f10cd691f7 tempest-QosSpecsTestJSON-147082811 tempest-QosSpecsTestJSON-147082811-project-admin] DELETE http://10.222.0.89/volume/v3/487b36aab10546438ff3877693d52d4f/qos-specs/2fe5155d-06f4-40f5-8638-ec6ddb1bf5f9?force=False
Aug 26 15:40:32.758925 dv-cinder-831247-24-smb devstack@c-api.service[120081]: DEBUG cinder.api.openstack.wsgi [None req-4ad6914e-78f7-429d-8e3a-96f10cd691f7 tempest-QosSpecsTestJSON-147082811 tempest-QosSpecsTestJSON-147082811-project-admin] Empty body provided in request {{(pid=120081) get_body /opt/stack/cinder/cinder/api/openstack/wsgi.py:715}}
Aug 26 15:40:32.759698 dv-cinder-831247-24-smb devstack@c-api.service[120081]: DEBUG cinder.api.openstack.wsgi [None req-4ad6914e-78f7-429d-8e3a-96f10cd691f7 tempest-QosSpecsTestJSON-147082811 tempest-QosSpecsTestJSON-147082811-project-admin] Calling method 'delete' {{(pid=120081) _process_stack /opt/stack/cinder/cinder/api/openstack/wsgi.py:868}}
Aug 26 15:40:32.764337 dv-cinder-831247-24-smb devstack@c-api.service[120081]: /usr/local/lib/python3.8/dist-packages/oslo_context/context.py:100: DeprecationWarning: Policy enforcement is depending on the value of is_admin. This key is deprecated. Please update your policy file to use the standard policy values.
Aug 26 15:40:32.764337 dv-cinder-831247-24-smb devstack@c-api.service[120081]: warnings.warn('Policy enforcement is depending on the value of '
Aug 26 15:40:32.766103 dv-cinder-831247-24-smb devstack@c-api.service[120081]: DEBUG cinder.api.contrib.qos_specs_manage [None req-4ad6914e-78f7-429d-8e3a-96f10cd691f7 tempest-QosSpecsTestJSON-147082811 tempest-QosSpecsTestJSON-147082811-project-admin] Delete qos_spec: 2fe5155d-06f4-40f5-8638-ec6ddb1bf5f9, force: False {{(pid=120081) delete /opt/stack/cinder/cinder/api/contrib/qos_specs_manage.py:168}}
Aug 26 15:40:32.814639 dv-cinder-831247-24-smb devstack@c-api.service[120082]: DEBUG cinder.quota [None req-36c8f773-03e2-46ca-b0e4-7f4a4d8e34a0 tempest-VolumesServicesTestJSON-1910076486 tempest-VolumesServicesTestJSON-1910076486-project] Created reservations ['e1ef304c-0104-4e90-a186-c54d6e0ae2e0', 'e9cdd411-7f2f-44c2-962e-0e22bf869b64', 'ba8a4902-0ec7-48b1-9e0a-c8256d306b9b', '31510bdc-713b-4cd3-a79e-0957582bb54f'] {{(pid=120082) reserve /opt/stack/cinder/cinder/quota.py:755}}
Aug 26 15:40:32.817788 dv-cinder-831247-24-smb devstack@c-api.service[120082]: DEBUG cinder.volume.api [None req-36c8f773-03e2-46ca-b0e4-7f4a4d8e34a0 tempest-VolumesServicesTestJSON-1910076486 tempest-VolumesServicesTestJSON-1910076486-project] Task 'cinder.volume.flows.api.create_volume.QuotaReserveTask;volume:create' (845f3fc8-f906-4345-8c88-573cdccbcd9e) transitioned into state 'SUCCESS' from state 'RUNNING' with result '{'reservations': ['e1ef304c-0104-4e90-a186-c54d6e0ae2e0', 'e9cdd411-7f2f-44c2-962e-0e22bf869b64', 'ba8a4902-0ec7-48b1-9e0a-c8256d306b9b', '31510bdc-713b-4cd3-a79e-0957582bb54f']}' {{(pid=120082) _task_receiver /usr/local/lib/python3.8/dist-packages/taskflow/listeners/logging.py:178}}
Aug 26 15:40:32.822431 dv-cinder-831247-24-smb devstack@c-api.service[120082]: DEBUG cinder.volume.api [None req-36c8f773-03e2-46ca-b0e4-7f4a4d8e34a0 tempest-VolumesServicesTestJSON-1910076486 tempest-VolumesServicesTestJSON-1910076486-project] Task 'cinder.volume.flows.api.create_volume.EntryCreateTask;volume:create' (a3cff1b5-9218-48e3-9557-5df4c2f17de6) transitioned into state 'RUNNING' from state 'PENDING' {{(pid=120082) _task_receiver /usr/local/lib/python3.8/dist-packages/taskflow/listeners/logging.py:190}}
Aug 26 15:40:32.860194 dv-cinder-831247-24-smb devstack@c-api.service[120081]: INFO cinder.api.openstack.wsgi [None req-4ad6914e-78f7-429d-8e3a-96f10cd691f7 tempest-QosSpecsTestJSON-147082811 tempest-QosSpecsTestJSON-147082811-project-admin] http://10.222.0.89/volume/v3/487b36aab10546438ff3877693d52d4f/qos-specs/2fe5155d-06f4-40f5-8638-ec6ddb1bf5f9?force=False returned with HTTP 202
Aug 26 15:40:32.864467 dv-cinder-831247-24-smb devstack@c-api.service[120081]: [pid: 120081|app: 0|req: 31/48] 10.222.0.89 () {58 vars in 1357 bytes} [Fri Aug 26 15:40:32 2022] DELETE /volume/v3/487b36aab10546438ff3877693d52d4f/qos-specs/2fe5155d-06f4-40f5-8638-ec6ddb1bf5f9?force=False => generated 0 bytes in 128 msecs (HTTP/1.1 202) 6 headers in 233 bytes (2 switches on core 0)
Aug 26 15:40:32.865948 dv-cinder-831247-24-smb devstack@c-api.service[120081]: DEBUG cinder.api.middleware.request_id [None req-b466abdf-6cfd-4d9a-8e56-22afc6f8e1ad None None] RequestId filter calling following filter/app {{(pid=120081) _context_setter /opt/stack/cinder/cinder/api/middleware/request_id.py:62}}
Aug 26 15:40:32.872505 dv-cinder-831247-24-smb devstack@c-api.service[120081]: INFO cinder.api.openstack.wsgi [None req-b466abdf-6cfd-4d9a-8e56-22afc6f8e1ad tempest-QosSpecsTestJSON-147082811 tempest-QosSpecsTestJSON-147082811-project-admin] GET http://10.222.0.89/volume/v3/487b36aab10546438ff3877693d52d4f/qos-specs/2fe5155d-06f4-40f5-8638-ec6ddb1bf5f9
Aug 26 15:40:32.877873 dv-cinder-831247-24-smb devstack@c-api.service[120081]: DEBUG cinder.api.openstack.wsgi [None req-b466abdf-6cfd-4d9a-8e56-22afc6f8e1ad tempest-QosSpecsTestJSON-147082811 tempest-QosSpecsTestJSON-147082811-project-admin] Empty body provided in request {{(pid=120081) get_body /opt/stack/cinder/cinder/api/openstack/wsgi.py:715}}
Aug 26 15:40:32.878447 dv-cinder-831247-24-smb devstack@c-api.service[120081]: DEBUG cinder.api.openstack.wsgi [None req-b466abdf-6cfd-4d9a-8e56-22afc6f8e1ad tempest-QosSpecsTestJSON-147082811 tempest-QosSpecsTestJSON-147082811-project-admin] Calling method 'show' {{(pid=120081) _process_stack /opt/stack/cinder/cinder/api/openstack/wsgi.py:868}}
Aug 26 15:40:32.879212 dv-cinder-831247-24-smb devstack@c-api.service[120081]: /usr/local/lib/python3.8/dist-packages/oslo_context/context.py:100: DeprecationWarning: Policy enforcement is depending on the value of is_admin. This key is deprecated. Please update your policy file to use the standard policy values.
Aug 26 15:40:32.879212 dv-cinder-831247-24-smb devstack@c-api.service[120081]: warnings.warn('Policy enforcement is depending on the value of '
Aug 26 15:40:32.894523 dv-cinder-831247-24-smb devstack@c-api.service[120081]: INFO cinder.api.openstack.wsgi [None req-b466abdf-6cfd-4d9a-8e56-22afc6f8e1ad tempest-QosSpecsTestJSON-147082811 tempest-QosSpecsTestJSON-147082811-project-admin] http://10.222.0.89/volume/v3/487b36aab10546438ff3877693d52d4f/qos-specs/2fe5155d-06f4-40f5-8638-ec6ddb1bf5f9 returned with HTTP 404
Aug 26 15:40:32.896138 dv-cinder-831247-24-smb devstack@c-api.service[120081]: [pid: 120081|app: 0|req: 32/49] 10.222.0.89 () {58 vars in 1331 bytes} [Fri Aug 26 15:40:32 2022] GET /volume/v3/487b36aab10546438ff3877693d52d4f/qos-specs/2fe5155d-06f4-40f5-8638-ec6ddb1bf5f9 => generated 100 bytes in 31 msecs (HTTP/1.1 404) 7 headers in 292 bytes (1 switches on core 0)
Aug 26 15:40:32.904586 dv-cinder-831247-24-smb devstack@c-api.service[120082]: DEBUG cinder.volume.api [None req-36c8f773-03e2-46ca-b0e4-7f4a4d8e34a0 tempest-VolumesServicesTestJSON-1910076486 tempest-VolumesServicesTestJSON-1910076486-project] Task 'cinder.volume.flows.api.create_volume.EntryCreateTask;volume:create' (a3cff1b5-9218-48e3-9557-5df4c2f17de6) transitioned into state 'SUCCESS' from state 'RUNNING' with result '{'volume_id': '8cffcd5f-4dae-498f-a38e-13c4c58df6e2', 'volume_properties': VolumeProperties(attach_status='detached',availability_zone='nova',cgsnapshot_id=None,consistencygroup_id=None,display_description=None,display_name='tempest-VolumesServicesTestJSON-Volume-347996581',encryption_key_id=None,group_id=None,group_type_id=,metadata={},multiattach=False,project_id='3abce31bcbc346cb8c2c3f73e79db5b6',qos_specs=None,replication_status=,reservations=['e1ef304c-0104-4e90-a186-c54d6e0ae2e0','e9cdd411-7f2f-44c2-962e-0e22bf869b64','ba8a4902-0ec7-48b1-9e0a-c8256d306b9b','31510bdc-713b-4cd3-a79e-0957582bb54f'],size=1,snapshot_id=None,source_replicaid=,source_volid=None,status='creating',user_id='1a2e2879196040d4b87e30740acde4a8',volume_type_id=4c53a2d7-95e1-4852-908f-4c1d5b0a0bcb), 'volume': Volume(_name_id=None,admin_metadata=,attach_status='detached',availability_zone='nova',bootable=False,cluster=,cluster_name=None,consistencygroup=,consistencygroup_id=None,created_at=2022-08-26T15:40:32Z,deleted=False,deleted_at=None,display_description=None,display_name='tempest-VolumesServicesTestJSON-Volume-347996581',ec2_id=None,encryption_key_id=None,glance_metadata=,group=,group_id=None,host=None,id=8cffcd5f-4dae-498f-a38e-13c4c58df6e2,launched_at=None,metadata={},migration_status=None,multiattach=False,previous_status=None,project_id='3abce31bcbc346cb8c2c3f73e79db5b6',provider_auth=None,provider_geometry=None,provider_id=None,provider_location=None,replication_driver_data=None,replication_extended_status=None,replication_status=None,scheduled_at=None,service_uuid=None,shared_targets=True,size=1,snapshot_id=None,snapshots=,source_volid=None,status='creating',terminated_at=None,updated_at=None,use_quota=True,user_id='1a2e2879196040d4b87e30740acde4a8',volume_attachment=VolumeAttachmentList,volume_type=VolumeType(4c53a2d7-95e1-4852-908f-4c1d5b0a0bcb),volume_type_id=4c53a2d7-95e1-4852-908f-4c1d5b0a0bcb)}' {{(pid=120082) _task_receiver /usr/local/lib/python3.8/dist-packages/taskflow/listeners/logging.py:178}}
Aug 26 15:40:32.909041 dv-cinder-831247-24-smb devstack@c-api.service[120081]: DEBUG cinder.api.middleware.request_id [None req-810f66df-abe8-40af-9014-0fdf08716f42 None None] RequestId filter calling following filter/app {{(pid=120081) _context_setter /opt/stack/cinder/cinder/api/middleware/request_id.py:62}}
Aug 26 15:40:32.910481 dv-cinder-831247-24-smb devstack@c-api.service[120082]: DEBUG cinder.volume.api [None req-36c8f773-03e2-46ca-b0e4-7f4a4d8e34a0 tempest-VolumesServicesTestJSON-1910076486 tempest-VolumesServicesTestJSON-1910076486-project] Task 'cinder.volume.flows.api.create_volume.QuotaCommitTask;volume:create' (be4ac0e1-031a-4e5b-a5fa-c6cd423599f5) transitioned into state 'RUNNING' from state 'PENDING' {{(pid=120082) _task_receiver /usr/local/lib/python3.8/dist-packages/taskflow/listeners/logging.py:190}}
Aug 26 15:40:32.916221 dv-cinder-831247-24-smb devstack@c-api.service[120081]: INFO cinder.api.openstack.wsgi [None req-810f66df-abe8-40af-9014-0fdf08716f42 tempest-QosSpecsTestJSON-147082811 tempest-QosSpecsTestJSON-147082811-project-admin] GET http://10.222.0.89/volume/v3/487b36aab10546438ff3877693d52d4f/qos-specs
