Jul 01 19:49:49.015015 dv-cinder-831247-20-smb neutron-server[110334]: DEBUG neutron_lib.callbacks.manager [req-50484fa8-f213-44f1-b9b2-f8487563b4c9 req-53b71661-d545-44f1-8738-3d90a988bd12 tempest-AttachVolumeShelveTestJSON-774845818 tempest-AttachVolumeShelveTestJSON-774845818-project] Publish callbacks [] for port (f67fbe18-8759-4f94-852f-09439c5d2cc6), precommit_create {{(pid=110334) _notify_loop /usr/local/lib/python3.8/dist-packages/neutron_lib/callbacks/manager.py:176}}
Jul 01 19:49:49.038123 dv-cinder-831247-20-smb neutron-server[110336]: DEBUG neutron.plugins.ml2.plugin [None req-8b311738-a6f9-4334-ac61-fcecb5c43c78 None None] Current status of the port ebc53c0c-3a71-46a9-b4b1-5fd721fc08bd is: ACTIVE; New status is: ACTIVE {{(pid=110336) _update_individual_port_db_status /opt/stack/neutron/neutron/plugins/ml2/plugin.py:2292}}
Jul 01 19:49:49.133647 dv-cinder-831247-20-smb neutron-server[110334]: DEBUG dbcounter [-] [110334] Writing DB stats neutron:SELECT=84,neutron:INSERT=11,neutron:UPDATE=3,neutron:DELETE=2 {{(pid=110334) stat_writer /usr/local/lib/python3.8/dist-packages/dbcounter.py:114}}
Jul 01 19:49:49.176679 dv-cinder-831247-20-smb neutron-server[110334]: DEBUG neutron_lib.callbacks.manager [req-3e86b09a-c884-4c2d-9cf0-7407d2295236 req-b57a6ed6-be77-4ebc-b107-fef4701226bc tempest-DeleteServersTestJSON-930935018 tempest-DeleteServersTestJSON-930935018-project] Publish callbacks [] for port (f4c278ee-8713-4eea-bf95-70b41ac67b04), precommit_create {{(pid=110334) _notify_loop /usr/local/lib/python3.8/dist-packages/neutron_lib/callbacks/manager.py:176}}
Jul 01 19:49:49.225798 dv-cinder-831247-20-smb neutron-server[110335]: INFO neutron.wsgi [req-1ba27334-2d23-428e-98c9-6e714c3032a6 req-0dd6e955-2e03-4c4f-8fa6-685af2579737 service neutron] 10.222.0.64 "GET /v2.0/networks/4bce89ae-935f-4fc2-ade7-82f2874df701?fields=segments HTTP/1.1" status: 200 len: 212 time: 0.5717669
Jul 01 19:49:49.266449 dv-cinder-831247-20-smb neutron-server[110334]: INFO neutron.wsgi [req-7f677fe9-8206-4ca6-ace4-fc403f54db1b req-03ffab96-f27e-4824-904b-f63ae3b5cd82 tempest-AttachVolumeShelveTestJSON-774845818 tempest-AttachVolumeShelveTestJSON-774845818-project] 10.222.0.64 "GET /v2.0/ports?device_id=87f3bdd3-6c43-4bfb-86a8-85300f79dac5 HTTP/1.1" status: 200 len: 210 time: 0.1135769
Jul 01 19:49:49.463049 dv-cinder-831247-20-smb neutron-server[110334]: DEBUG neutron_lib.callbacks.manager [req-3e86b09a-c884-4c2d-9cf0-7407d2295236 req-b57a6ed6-be77-4ebc-b107-fef4701226bc tempest-DeleteServersTestJSON-930935018 tempest-DeleteServersTestJSON-930935018-project] Publish callbacks ['neutron.plugins.ml2.plugin.SecurityGroupServerNotifierRpcMixin._notify_sg_on_port_change-4117925', 'neutron.plugins.ml2.ovo_rpc._ObjectChangeHandler.handle_event-72525', 'neutron.api.rpc.agentnotifiers.dhcp_rpc_agent_api.DhcpAgentNotifyAPI._native_event_send_dhcp_notification-1045801', 'neutron.db.l3_dvrscheduler_db._notify_l3_agent_new_port-8741237052757'] for port (f4c278ee-8713-4eea-bf95-70b41ac67b04), after_create {{(pid=110334) _notify_loop /usr/local/lib/python3.8/dist-packages/neutron_lib/callbacks/manager.py:176}}
Jul 01 19:49:49.566102 dv-cinder-831247-20-smb neutron-server[110335]: INFO neutron.wsgi [req-1ba27334-2d23-428e-98c9-6e714c3032a6 req-656ae69a-dde6-426e-9a6a-2b33eef70a2f service neutron] 10.222.0.64 "GET /v2.0/networks/4bce89ae-935f-4fc2-ade7-82f2874df701?fields=provider%3Aphysical_network&fields=provider%3Anetwork_type HTTP/1.1" status: 200 len: 281 time: 0.3392448
Jul 01 19:49:49.750767 dv-cinder-831247-20-smb neutron-server[110334]: DEBUG neutron.scheduler.dhcp_agent_scheduler [req-3e86b09a-c884-4c2d-9cf0-7407d2295236 req-b57a6ed6-be77-4ebc-b107-fef4701226bc tempest-DeleteServersTestJSON-930935018 tempest-DeleteServersTestJSON-930935018-project] Network 7f386e24-1b71-4bb0-b443-700ac1a81c92 is already hosted by enough agents. {{(pid=110334) _get_dhcp_agents_hosting_network /opt/stack/neutron/neutron/scheduler/dhcp_agent_scheduler.py:275}}
Jul 01 19:49:49.772057 dv-cinder-831247-20-smb neutron-server[110334]: DEBUG neutron.api.rpc.handlers.resources_rpc [None req-b57a6ed6-be77-4ebc-b107-fef4701226bc tempest-DeleteServersTestJSON-930935018 tempest-DeleteServersTestJSON-930935018-project] Pushing event updated for resources: {'Port': ['ID=f4c278ee-8713-4eea-bf95-70b41ac67b04,revision_number=1']} {{(pid=110334) push /opt/stack/neutron/neutron/api/rpc/handlers/resources_rpc.py:237}}
Jul 01 19:49:49.774775 dv-cinder-831247-20-smb neutron-server[110334]: DEBUG neutron.scheduler.base_scheduler [req-3e86b09a-c884-4c2d-9cf0-7407d2295236 req-b57a6ed6-be77-4ebc-b107-fef4701226bc tempest-DeleteServersTestJSON-930935018 tempest-DeleteServersTestJSON-930935018-project] Resources bound (agent type, host, resource id): {{(pid=110334) schedule /opt/stack/neutron/neutron/scheduler/base_scheduler.py:57}}
Jul 01 19:49:49.776468 dv-cinder-831247-20-smb neutron-server[110334]: DEBUG neutron_lib.callbacks.manager [None req-bfa59864-adc7-4f6a-b4bd-708017df1b2c admin admin] Publish callbacks ['neutron.plugins.ml2.ovo_rpc._ObjectChangeHandler.handle_event-548546'] for security_group (26a98f2c-e29a-4e03-910c-eea6812cb039), after_delete {{(pid=110334) _notify_loop /usr/local/lib/python3.8/dist-packages/neutron_lib/callbacks/manager.py:176}}
Jul 01 19:49:49.779370 dv-cinder-831247-20-smb neutron-server[110334]: DEBUG neutron_lib.callbacks.manager [None req-bfa59864-adc7-4f6a-b4bd-708017df1b2c admin admin] Publish callbacks [] for security_group (None), before_response {{(pid=110334) _notify_loop /usr/local/lib/python3.8/dist-packages/neutron_lib/callbacks/manager.py:176}}
Jul 01 19:49:49.781681 dv-cinder-831247-20-smb neutron-server[110334]: INFO neutron.wsgi [None req-bfa59864-adc7-4f6a-b4bd-708017df1b2c admin admin] 10.222.0.64 "DELETE /v2.0/security-groups/26a98f2c-e29a-4e03-910c-eea6812cb039 HTTP/1.1" status: 204 len: 168 time: 2.7410536
Jul 01 19:49:49.793514 dv-cinder-831247-20-smb neutron-server[110334]: DEBUG neutron.db.l3_dvrscheduler_db [req-3e86b09a-c884-4c2d-9cf0-7407d2295236 req-b57a6ed6-be77-4ebc-b107-fef4701226bc tempest-DeleteServersTestJSON-930935018 tempest-DeleteServersTestJSON-930935018-project] Received port after_create {{(pid=110334) _notify_l3_agent_new_port /opt/stack/neutron/neutron/db/l3_dvrscheduler_db.py:542}}
Jul 01 19:49:49.829302 dv-cinder-831247-20-smb neutron-server[110334]: DEBUG neutron.pecan_wsgi.hooks.policy_enforcement [req-3e86b09a-c884-4c2d-9cf0-7407d2295236 req-b57a6ed6-be77-4ebc-b107-fef4701226bc tempest-DeleteServersTestJSON-930935018 tempest-DeleteServersTestJSON-930935018-project] Attributes excluded by policy engine: ['standard_attr_id', 'binding:profile', 'binding:host_id', 'binding:vif_type', 'binding:vif_details', 'network'] {{(pid=110334) _exclude_attributes_by_policy /opt/stack/neutron/neutron/pecan_wsgi/hooks/policy_enforcement.py:259}}
Jul 01 19:49:49.830570 dv-cinder-831247-20-smb neutron-server[110334]: DEBUG neutron_lib.callbacks.manager [req-3e86b09a-c884-4c2d-9cf0-7407d2295236 req-b57a6ed6-be77-4ebc-b107-fef4701226bc tempest-DeleteServersTestJSON-930935018 tempest-DeleteServersTestJSON-930935018-project] Publish callbacks ['neutron.notifiers.nova.Notifier._send_nova_notification-4332', 'neutron.api.rpc.agentnotifiers.dhcp_rpc_agent_api.DhcpAgentNotifyAPI._send_dhcp_notification-1045787'] for port (None), before_response {{(pid=110334) _notify_loop /usr/local/lib/python3.8/dist-packages/neutron_lib/callbacks/manager.py:176}}
Jul 01 19:49:49.879262 dv-cinder-831247-20-smb neutron-server[110336]: DEBUG neutron_lib.callbacks.manager [None req-f02acca8-e261-4123-a512-aec14242eb5d None None] Publish callbacks ['neutron.services.segments.db._update_segment_host_mapping_for_agent-8741237520460', 'neutron.plugins.ml2.plugin.Ml2Plugin._retry_binding_revived_agents-4013775'] for agent (fb91d94f-a3b0-4780-8ff3-277a90ecc37a), after_update {{(pid=110336) _notify_loop /usr/local/lib/python3.8/dist-packages/neutron_lib/callbacks/manager.py:176}}
Jul 01 19:49:49.886321 dv-cinder-831247-20-smb neutron-server[110334]: DEBUG neutron_lib.callbacks.manager [req-50484fa8-f213-44f1-b9b2-f8487563b4c9 req-53b71661-d545-44f1-8738-3d90a988bd12 tempest-AttachVolumeShelveTestJSON-774845818 tempest-AttachVolumeShelveTestJSON-774845818-project] Publish callbacks ['neutron.plugins.ml2.plugin.SecurityGroupServerNotifierRpcMixin._notify_sg_on_port_change-4117925', 'neutron.plugins.ml2.ovo_rpc._ObjectChangeHandler.handle_event-72525', 'neutron.api.rpc.agentnotifiers.dhcp_rpc_agent_api.DhcpAgentNotifyAPI._native_event_send_dhcp_notification-1045801', 'neutron.db.l3_dvrscheduler_db._notify_l3_agent_new_port-8741237052757'] for port (f67fbe18-8759-4f94-852f-09439c5d2cc6), after_create {{(pid=110334) _notify_loop /usr/local/lib/python3.8/dist-packages/neutron_lib/callbacks/manager.py:176}}
Jul 01 19:49:49.927750 dv-cinder-831247-20-smb neutron-server[110334]: DEBUG neutron.api.rpc.handlers.resources_rpc [None req-bfa59864-adc7-4f6a-b4bd-708017df1b2c admin admin] Pushing event deleted for resources: {'SecurityGroup': ['ID=26a98f2c-e29a-4e03-910c-eea6812cb039,revision_number=None']} {{(pid=110334) push /opt/stack/neutron/neutron/api/rpc/handlers/resources_rpc.py:237}}
Jul 01 19:49:49.987608 dv-cinder-831247-20-smb neutron-server[110334]: INFO neutron.wsgi [req-3e86b09a-c884-4c2d-9cf0-7407d2295236 req-b57a6ed6-be77-4ebc-b107-fef4701226bc tempest-DeleteServersTestJSON-930935018 tempest-DeleteServersTestJSON-930935018-project] 10.222.0.16 "POST /v2.0/ports HTTP/1.1" status: 201 len: 933 time: 7.3190730
Jul 01 19:49:50.006237 dv-cinder-831247-20-smb neutron-server[110334]: DEBUG neutron_lib.callbacks.manager [None req-5e622350-6233-49e0-84d7-bddfaa816d3e admin admin] Publish callbacks [] for security_group (0521d2c1-cb7a-40ed-9192-7536ec3ed0e6), precommit_create {{(pid=110334) _notify_loop /usr/local/lib/python3.8/dist-packages/neutron_lib/callbacks/manager.py:176}}
Jul 01 19:49:50.148537 dv-cinder-831247-20-smb neutron-server[110334]: DEBUG neutron.api.v2.base [req-3e86b09a-c884-4c2d-9cf0-7407d2295236 req-2589240a-8753-4ea7-8093-d806d3c6c03d service neutron] Request body: {'port': {'device_id': 'dc37b57d-c36b-4303-bedd-a45b6ee328c3', 'device_owner': 'compute:nova', 'binding:host_id': 'hv-cinder-83124'}} {{(pid=110334) prepare_request_body /opt/stack/neutron/neutron/api/v2/base.py:730}}
Jul 01 19:49:50.200286 dv-cinder-831247-20-smb neutron-server[110335]: DEBUG neutron.notifiers.nova [req-6aa4109f-f388-4a61-8326-d925b902dfc8 req-83e2fde9-f65d-4ece-89c7-7e79b63fbfc6 service neutron] Ignoring state change previous_port_status: DOWN current_port_status: DOWN port_id 7a752021-f734-4ab4-ac8f-f5f0da7060e9 {{(pid=110335) record_port_status_changed /opt/stack/neutron/neutron/notifiers/nova.py:233}}
Jul 01 19:49:50.223939 dv-cinder-831247-20-smb neutron-server[110335]: DEBUG neutron_lib.callbacks.manager [req-6aa4109f-f388-4a61-8326-d925b902dfc8 req-83e2fde9-f65d-4ece-89c7-7e79b63fbfc6 service neutron] Publish callbacks [] for port (7a752021-f734-4ab4-ac8f-f5f0da7060e9), precommit_update {{(pid=110335) _notify_loop /usr/local/lib/python3.8/dist-packages/neutron_lib/callbacks/manager.py:176}}
Jul 01 19:49:50.287340 dv-cinder-831247-20-smb neutron-server[110335]: DEBUG neutron.db.provisioning_blocks [req-6aa4109f-f388-4a61-8326-d925b902dfc8 req-83e2fde9-f65d-4ece-89c7-7e79b63fbfc6 service neutron] Transition to ACTIVE for port object 7a752021-f734-4ab4-ac8f-f5f0da7060e9 will not be triggered until provisioned by entity L2. {{(pid=110335) add_provisioning_component /opt/stack/neutron/neutron/db/provisioning_blocks.py:75}}
Jul 01 19:49:50.303861 dv-cinder-831247-20-smb neutron-server[110334]: DEBUG neutron_lib.callbacks.manager [None req-5e622350-6233-49e0-84d7-bddfaa816d3e admin admin] Publish callbacks ['neutron.plugins.ml2.ovo_rpc._ObjectChangeHandler.handle_event-548546'] for security_group (0521d2c1-cb7a-40ed-9192-7536ec3ed0e6), after_create {{(pid=110334) _notify_loop /usr/local/lib/python3.8/dist-packages/neutron_lib/callbacks/manager.py:176}}
Jul 01 19:49:50.340751 dv-cinder-831247-20-smb neutron-server[110336]: DEBUG neutron.db.provisioning_blocks [None req-165b0e0d-e86e-4074-a6e1-06292f5b3743 None None] Provisioning complete for port f4c278ee-8713-4eea-bf95-70b41ac67b04 triggered by entity DHCP. {{(pid=110336) provisioning_complete /opt/stack/neutron/neutron/db/provisioning_blocks.py:145}}
Jul 01 19:49:50.341518 dv-cinder-831247-20-smb neutron-server[110336]: DEBUG neutron_lib.callbacks.manager [None req-165b0e0d-e86e-4074-a6e1-06292f5b3743 None None] Publish callbacks ['neutron.plugins.ml2.plugin.Ml2Plugin._port_provisioned-4013585'] for port (f4c278ee-8713-4eea-bf95-70b41ac67b04), provisioning_complete {{(pid=110336) _notify_loop /usr/local/lib/python3.8/dist-packages/neutron_lib/callbacks/manager.py:176}}
Jul 01 19:49:50.360965 dv-cinder-831247-20-smb neutron-server[110335]: DEBUG dbcounter [-] [110335] Writing DB stats neutron:SELECT=96,neutron:UPDATE=4 {{(pid=110335) stat_writer /usr/local/lib/python3.8/dist-packages/dbcounter.py:114}}
Jul 01 19:49:50.383826 dv-cinder-831247-20-smb neutron-server[110335]: INFO neutron.wsgi [req-d3334994-7ce3-4785-8d44-5438c88c2879 req-7c54695a-bdd8-44c7-8955-592633d35c70 tempest-AttachVolumeTestJSON-1358973631 tempest-AttachVolumeTestJSON-1358973631-project] 10.222.0.64 "GET /v2.0/ports?device_id=b4225281-3041-453f-ad4d-85c44a3fabf6 HTTP/1.1" status: 200 len: 210 time: 0.0937984
Jul 01 19:49:50.429737 dv-cinder-831247-20-smb neutron-server[110334]: DEBUG neutron.pecan_wsgi.hooks.policy_enforcement [req-f1b7b9c4-cdc6-49e7-8411-78d4740a08c7 req-438a036c-3944-43ef-a7fc-cac3d678f1fc tempest-DeleteServersTestJSON-930935018 tempest-DeleteServersTestJSON-930935018-project] Attributes excluded by policy engine: ['standard_attr_id', 'binding:profile', 'binding:host_id', 'binding:vif_type', 'binding:vif_details'] {{(pid=110334) _exclude_attributes_by_policy /opt/stack/neutron/neutron/pecan_wsgi/hooks/policy_enforcement.py:259}}
Jul 01 19:49:50.433549 dv-cinder-831247-20-smb neutron-server[110334]: INFO neutron.wsgi [req-f1b7b9c4-cdc6-49e7-8411-78d4740a08c7 req-438a036c-3944-43ef-a7fc-cac3d678f1fc tempest-DeleteServersTestJSON-930935018 tempest-DeleteServersTestJSON-930935018-project] 10.222.0.64 "GET /v2.0/ports?device_id=dc37b57d-c36b-4303-bedd-a45b6ee328c3 HTTP/1.1" status: 200 len: 931 time: 0.9950871
Jul 01 19:49:50.496365 dv-cinder-831247-20-smb neutron-server[110336]: DEBUG neutron.plugins.ml2.plugin [None req-165b0e0d-e86e-4074-a6e1-06292f5b3743 None None] Port f4c278ee-8713-4eea-bf95-70b41ac67b04 cannot update to ACTIVE because it is not bound. {{(pid=110336) _port_provisioned /opt/stack/neutron/neutron/plugins/ml2/plugin.py:348}}
Jul 01 19:49:50.565557 dv-cinder-831247-20-smb neutron-server[110334]: DEBUG neutron.scheduler.dhcp_agent_scheduler [req-50484fa8-f213-44f1-b9b2-f8487563b4c9 req-53b71661-d545-44f1-8738-3d90a988bd12 tempest-AttachVolumeShelveTestJSON-774845818 tempest-AttachVolumeShelveTestJSON-774845818-project] Network c909bef2-6664-421b-af6d-29a8f5d1a6ff is already hosted by enough agents. {{(pid=110334) _get_dhcp_agents_hosting_network /opt/stack/neutron/neutron/scheduler/dhcp_agent_scheduler.py:275}}
Jul 01 19:49:50.602483 dv-cinder-831247-20-smb neutron-server[110334]: DEBUG neutron.scheduler.base_scheduler [req-50484fa8-f213-44f1-b9b2-f8487563b4c9 req-53b71661-d545-44f1-8738-3d90a988bd12 tempest-AttachVolumeShelveTestJSON-774845818 tempest-AttachVolumeShelveTestJSON-774845818-project] Resources bound (agent type, host, resource id): {{(pid=110334) schedule /opt/stack/neutron/neutron/scheduler/base_scheduler.py:57}}
Jul 01 19:49:50.629252 dv-cinder-831247-20-smb neutron-server[110334]: DEBUG neutron.db.l3_dvrscheduler_db [req-50484fa8-f213-44f1-b9b2-f8487563b4c9 req-53b71661-d545-44f1-8738-3d90a988bd12 tempest-AttachVolumeShelveTestJSON-774845818 tempest-AttachVolumeShelveTestJSON-774845818-project] Received port after_create {{(pid=110334) _notify_l3_agent_new_port /opt/stack/neutron/neutron/db/l3_dvrscheduler_db.py:542}}
Jul 01 19:49:50.636485 dv-cinder-831247-20-smb neutron-server[110334]: DEBUG neutron.pecan_wsgi.hooks.policy_enforcement [req-50484fa8-f213-44f1-b9b2-f8487563b4c9 req-53b71661-d545-44f1-8738-3d90a988bd12 tempest-AttachVolumeShelveTestJSON-774845818 tempest-AttachVolumeShelveTestJSON-774845818-project] Attributes excluded by policy engine: ['standard_attr_id', 'binding:profile', 'binding:host_id', 'binding:vif_type', 'binding:vif_details', 'network'] {{(pid=110334) _exclude_attributes_by_policy /opt/stack/neutron/neutron/pecan_wsgi/hooks/policy_enforcement.py:259}}
Jul 01 19:49:50.637483 dv-cinder-831247-20-smb neutron-server[110334]: DEBUG neutron_lib.callbacks.manager [req-50484fa8-f213-44f1-b9b2-f8487563b4c9 req-53b71661-d545-44f1-8738-3d90a988bd12 tempest-AttachVolumeShelveTestJSON-774845818 tempest-AttachVolumeShelveTestJSON-774845818-project] Publish callbacks ['neutron.notifiers.nova.Notifier._send_nova_notification-4332', 'neutron.api.rpc.agentnotifiers.dhcp_rpc_agent_api.DhcpAgentNotifyAPI._send_dhcp_notification-1045787'] for port (None), before_response {{(pid=110334) _notify_loop /usr/local/lib/python3.8/dist-packages/neutron_lib/callbacks/manager.py:176}}
Jul 01 19:49:50.708818 dv-cinder-831247-20-smb neutron-server[110334]: INFO neutron.wsgi [req-50484fa8-f213-44f1-b9b2-f8487563b4c9 req-53b71661-d545-44f1-8738-3d90a988bd12 tempest-AttachVolumeShelveTestJSON-774845818 tempest-AttachVolumeShelveTestJSON-774845818-project] 10.222.0.16 "POST /v2.0/ports HTTP/1.1" status: 201 len: 934 time: 5.9708421
Jul 01 19:49:50.719996 dv-cinder-831247-20-smb neutron-server[110334]: DEBUG neutron.api.rpc.handlers.resources_rpc [None req-53b71661-d545-44f1-8738-3d90a988bd12 tempest-AttachVolumeShelveTestJSON-774845818 tempest-AttachVolumeShelveTestJSON-774845818-project] Pushing event updated for resources: {'Port': ['ID=f67fbe18-8759-4f94-852f-09439c5d2cc6,revision_number=1']} {{(pid=110334) push /opt/stack/neutron/neutron/api/rpc/handlers/resources_rpc.py:237}}
Jul 01 19:49:50.731773 dv-cinder-831247-20-smb neutron-server[110334]: INFO neutron.wsgi [None req-5e622350-6233-49e0-84d7-bddfaa816d3e admin admin] 10.222.0.64 "GET /v2.0/security-groups?tenant_id=9e320197ef524929a6ff543cb3e4fea1&name=default HTTP/1.1" status: 200 len: 2996 time: 3.7280810
Jul 01 19:49:50.733262 dv-cinder-831247-20-smb neutron-server[110334]: DEBUG neutron_lib.callbacks.manager [req-3e86b09a-c884-4c2d-9cf0-7407d2295236 req-2589240a-8753-4ea7-8093-d806d3c6c03d service neutron] Publish callbacks ['neutron.plugins.ml2.plugin.SecurityGroupDbMixin._ensure_default_security_group_handler-4117994'] for port (f4c278ee-8713-4eea-bf95-70b41ac67b04), before_update {{(pid=110334) _notify_loop /usr/local/lib/python3.8/dist-packages/neutron_lib/callbacks/manager.py:176}}
Jul 01 19:49:50.767680 dv-cinder-831247-20-smb neutron-server[110334]: DEBUG neutron.api.v2.base [req-50484fa8-f213-44f1-b9b2-f8487563b4c9 req-9737c873-db52-4d74-bffc-2d44755ffbb6 service neutron] Request body: {'port': {'device_id': '87f3bdd3-6c43-4bfb-86a8-85300f79dac5', 'device_owner': 'compute:nova', 'binding:host_id': 'hv-cinder-83124'}} {{(pid=110334) prepare_request_body /opt/stack/neutron/neutron/api/v2/base.py:730}}
Jul 01 19:49:50.773864 dv-cinder-831247-20-smb neutron-server[110334]: DEBUG neutron.wsgi [-] (110334) accepted ('10.222.0.64', 54388) {{(pid=110334) server /usr/local/lib/python3.8/dist-packages/eventlet/wsgi.py:1004}}
Jul 01 19:49:50.774972 dv-cinder-831247-20-smb neutron-server[110335]: DEBUG neutron.notifiers.nova [req-5b047591-6095-433e-8651-0e5d2a610ac8 req-31e16abf-9324-442d-8c50-275a74a59ff7 service neutron] Ignoring state change previous_port_status: DOWN current_port_status: DOWN port_id 2e76e9f7-25dd-4009-8c79-0a5443729c24 {{(pid=110335) record_port_status_changed /opt/stack/neutron/neutron/notifiers/nova.py:233}}
Jul 01 19:49:50.791259 dv-cinder-831247-20-smb neutron-server[110334]: DEBUG neutron.api.rpc.handlers.resources_rpc [None req-5e622350-6233-49e0-84d7-bddfaa816d3e admin admin] Pushing event updated for resources: {'SecurityGroup': ['ID=0521d2c1-cb7a-40ed-9192-7536ec3ed0e6,revision_number=1']} {{(pid=110334) push /opt/stack/neutron/neutron/api/rpc/handlers/resources_rpc.py:237}}
Jul 01 19:49:50.837870 dv-cinder-831247-20-smb neutron-server[110335]: DEBUG neutron_lib.callbacks.manager [req-5b047591-6095-433e-8651-0e5d2a610ac8 req-31e16abf-9324-442d-8c50-275a74a59ff7 service neutron] Publish callbacks [] for port (2e76e9f7-25dd-4009-8c79-0a5443729c24), precommit_update {{(pid=110335) _notify_loop /usr/local/lib/python3.8/dist-packages/neutron_lib/callbacks/manager.py:176}}
Jul 01 19:49:50.851195 dv-cinder-831247-20-smb neutron-server[110334]: DEBUG dbcounter [-] [110334] Writing DB stats neutron:SELECT=93,neutron:INSERT=5,neutron:DELETE=2 {{(pid=110334) stat_writer /usr/local/lib/python3.8/dist-packages/dbcounter.py:114}}
Jul 01 19:49:50.886353 dv-cinder-831247-20-smb neutron-server[110335]: DEBUG neutron.db.provisioning_blocks [req-5b047591-6095-433e-8651-0e5d2a610ac8 req-31e16abf-9324-442d-8c50-275a74a59ff7 service neutron] Transition to ACTIVE for port object 2e76e9f7-25dd-4009-8c79-0a5443729c24 will not be triggered until provisioned by entity L2. {{(pid=110335) add_provisioning_component /opt/stack/neutron/neutron/db/provisioning_blocks.py:75}}
Jul 01 19:49:50.889877 dv-cinder-831247-20-smb neutron-server[110335]: DEBUG dbcounter [-] [110335] Writing DB stats neutron:SELECT=92,neutron:UPDATE=6,neutron:INSERT=2 {{(pid=110335) stat_writer /usr/local/lib/python3.8/dist-packages/dbcounter.py:114}}
Jul 01 19:49:50.895026 dv-cinder-831247-20-smb neutron-server[110334]: INFO neutron.wsgi [req-f1b7b9c4-cdc6-49e7-8411-78d4740a08c7 req-6d7ee0c3-7094-4f7a-858e-45c2921e633d tempest-DeleteServersTestJSON-930935018 tempest-DeleteServersTestJSON-930935018-project] 10.222.0.64 "GET /v2.0/security-groups?id=7aa24383-a4b7-4659-b4b7-be2817fe0331&fields=id&fields=name HTTP/1.1" status: 200 len: 286 time: 0.4108219
Jul 01 19:49:50.965266 dv-cinder-831247-20-smb neutron-server[110335]: DEBUG neutron_lib.callbacks.manager [req-6aa4109f-f388-4a61-8326-d925b902dfc8 req-83e2fde9-f65d-4ece-89c7-7e79b63fbfc6 service neutron] Publish callbacks ['neutron.plugins.ml2.plugin.SecurityGroupServerNotifierRpcMixin._notify_sg_on_port_change-4117925', 'neutron.plugins.ml2.ovo_rpc._ObjectChangeHandler.handle_event-72525', 'neutron.api.rpc.agentnotifiers.dhcp_rpc_agent_api.DhcpAgentNotifyAPI._native_event_send_dhcp_notification-1045801', 'neutron.db.l3_db.L3RpcNotifierMixin._notify_gateway_port_ip_changed-8741237416650', 'neutron.db.l3_dvrscheduler_db._notify_l3_agent_port_update-8741237052775', 'neutron.db.l3_hascheduler_db._notify_l3_agent_ha_port_update-8741237052793', 'neutron.services.segments.plugin.NovaSegmentNotifier._notify_port_updated-62676194'] for port (7a752021-f734-4ab4-ac8f-f5f0da7060e9), after_update {{(pid=110335) _notify_loop /usr/local/lib/python3.8/dist-packages/neutron_lib/callbacks/manager.py:176}}
Jul 01 19:49:51.089256 dv-cinder-831247-20-smb neutron-server[110335]: DEBUG neutron_lib.callbacks.manager [req-5b047591-6095-433e-8651-0e5d2a610ac8 req-31e16abf-9324-442d-8c50-275a74a59ff7 service neutron] Publish callbacks ['neutron.plugins.ml2.plugin.SecurityGroupServerNotifierRpcMixin._notify_sg_on_port_change-4117925', 'neutron.plugins.ml2.ovo_rpc._ObjectChangeHandler.handle_event-72525', 'neutron.api.rpc.agentnotifiers.dhcp_rpc_agent_api.DhcpAgentNotifyAPI._native_event_send_dhcp_notification-1045801', 'neutron.db.l3_db.L3RpcNotifierMixin._notify_gateway_port_ip_changed-8741237416650', 'neutron.db.l3_dvrscheduler_db._notify_l3_agent_port_update-8741237052775', 'neutron.db.l3_hascheduler_db._notify_l3_agent_ha_port_update-8741237052793', 'neutron.services.segments.plugin.NovaSegmentNotifier._notify_port_updated-62676194'] for port (2e76e9f7-25dd-4009-8c79-0a5443729c24), after_update {{(pid=110335) _notify_loop /usr/local/lib/python3.8/dist-packages/neutron_lib/callbacks/manager.py:176}}
Jul 01 19:49:51.239289 dv-cinder-831247-20-smb neutron-server[110335]: DEBUG neutron.pecan_wsgi.hooks.policy_enforcement [req-d0d3f304-2f35-43e8-996d-7f8d7e2f2a11 req-29549ba5-35c4-4de3-a6dc-a5324bebe26f tempest-ServerRescueNegativeTestJSON-1671930501 tempest-ServerRescueNegativeTestJSON-1671930501-project] Attributes excluded by policy engine: ['standard_attr_id', 'binding:profile', 'binding:host_id', 'binding:vif_type', 'binding:vif_details'] {{(pid=110335) _exclude_attributes_by_policy /opt/stack/neutron/neutron/pecan_wsgi/hooks/policy_enforcement.py:259}}
Jul 01 19:49:51.244839 dv-cinder-831247-20-smb neutron-server[110335]: INFO neutron.wsgi [req-d0d3f304-2f35-43e8-996d-7f8d7e2f2a11 req-29549ba5-35c4-4de3-a6dc-a5324bebe26f tempest-ServerRescueNegativeTestJSON-1671930501 tempest-ServerRescueNegativeTestJSON-1671930501-project] 10.222.0.64 "GET /v2.0/ports?device_id=ea9a5886-a3cb-4659-954e-9f43a3543b96 HTTP/1.1" status: 200 len: 943 time: 0.3492143
Jul 01 19:49:51.266396 dv-cinder-831247-20-smb neutron-server[110335]: DEBUG neutron.api.rpc.handlers.resources_rpc [None req-83e2fde9-f65d-4ece-89c7-7e79b63fbfc6 service neutron] Pushing event updated for resources: {'Port': ['ID=7a752021-f734-4ab4-ac8f-f5f0da7060e9,revision_number=2']} {{(pid=110335) push /opt/stack/neutron/neutron/api/rpc/handlers/resources_rpc.py:237}}
Jul 01 19:49:51.290420 dv-cinder-831247-20-smb neutron-server[110336]: DEBUG neutron.db.provisioning_blocks [None req-d7139450-d24c-4117-ab2d-4cd4f6a529c3 None None] Provisioning complete for port f67fbe18-8759-4f94-852f-09439c5d2cc6 triggered by entity DHCP. {{(pid=110336) provisioning_complete /opt/stack/neutron/neutron/db/provisioning_blocks.py:145}}
Jul 01 19:49:51.292008 dv-cinder-831247-20-smb neutron-server[110336]: DEBUG neutron_lib.callbacks.manager [None req-d7139450-d24c-4117-ab2d-4cd4f6a529c3 None None] Publish callbacks ['neutron.plugins.ml2.plugin.Ml2Plugin._port_provisioned-4013585'] for port (f67fbe18-8759-4f94-852f-09439c5d2cc6), provisioning_complete {{(pid=110336) _notify_loop /usr/local/lib/python3.8/dist-packages/neutron_lib/callbacks/manager.py:176}}
Jul 01 19:49:51.352839 dv-cinder-831247-20-smb neutron-server[110334]: DEBUG neutron_lib.callbacks.manager [req-50484fa8-f213-44f1-b9b2-f8487563b4c9 req-9737c873-db52-4d74-bffc-2d44755ffbb6 service neutron] Publish callbacks ['neutron.plugins.ml2.plugin.SecurityGroupDbMixin._ensure_default_security_group_handler-4117994'] for port (f67fbe18-8759-4f94-852f-09439c5d2cc6), before_update {{(pid=110334) _notify_loop /usr/local/lib/python3.8/dist-packages/neutron_lib/callbacks/manager.py:176}}
Jul 01 19:49:51.363969 dv-cinder-831247-20-smb neutron-server[110334]: DEBUG neutron.pecan_wsgi.hooks.policy_enforcement [req-224fec3e-133b-432b-b4c2-e40b2f01c03f req-ea1de006-12a3-44ba-90cd-a3a89e31654b tempest-AttachVolumeShelveTestJSON-774845818 tempest-AttachVolumeShelveTestJSON-774845818-project] Attributes excluded by policy engine: ['standard_attr_id', 'binding:profile', 'binding:host_id', 'binding:vif_type', 'binding:vif_details'] {{(pid=110334) _exclude_attributes_by_policy /opt/stack/neutron/neutron/pecan_wsgi/hooks/policy_enforcement.py:259}}
Jul 01 19:49:51.365943 dv-cinder-831247-20-smb neutron-server[110334]: INFO neutron.wsgi [req-224fec3e-133b-432b-b4c2-e40b2f01c03f req-ea1de006-12a3-44ba-90cd-a3a89e31654b tempest-AttachVolumeShelveTestJSON-774845818 tempest-AttachVolumeShelveTestJSON-774845818-project] 10.222.0.64 "GET /v2.0/ports?device_id=87f3bdd3-6c43-4bfb-86a8-85300f79dac5 HTTP/1.1" status: 200 len: 932 time: 0.1751597
Jul 01 19:49:51.423811 dv-cinder-831247-20-smb neutron-server[110336]: DEBUG neutron.plugins.ml2.plugin [None req-d7139450-d24c-4117-ab2d-4cd4f6a529c3 None None] Port f67fbe18-8759-4f94-852f-09439c5d2cc6 cannot update to ACTIVE because it is not bound. {{(pid=110336) _port_provisioned /opt/stack/neutron/neutron/plugins/ml2/plugin.py:348}}
Jul 01 19:49:51.578527 dv-cinder-831247-20-smb neutron-server[110335]: DEBUG neutron.api.rpc.handlers.resources_rpc [None req-31e16abf-9324-442d-8c50-275a74a59ff7 service neutron] Pushing event updated for resources: {'Port': ['ID=2e76e9f7-25dd-4009-8c79-0a5443729c24,revision_number=2']} {{(pid=110335) push /opt/stack/neutron/neutron/api/rpc/handlers/resources_rpc.py:237}}
Jul 01 19:49:51.712008 dv-cinder-831247-20-smb neutron-server[110335]: INFO neutron.wsgi [req-d0d3f304-2f35-43e8-996d-7f8d7e2f2a11 req-00eea811-443c-46aa-9f23-7628e9d45521 tempest-ServerRescueNegativeTestJSON-1671930501 tempest-ServerRescueNegativeTestJSON-1671930501-project] 10.222.0.64 "GET /v2.0/security-groups?id=4e6c8c3b-b2a8-4a49-a942-08bf3573b1fb&fields=id&fields=name HTTP/1.1" status: 200 len: 286 time: 0.4480875
Jul 01 19:49:51.828446 dv-cinder-831247-20-smb neutron-server[110334]: DEBUG neutron_lib.callbacks.manager [None req-5f4a3dcb-dfec-4a00-9ccd-645c49cf2d45 admin admin] Publish callbacks [] for security_group (0521d2c1-cb7a-40ed-9192-7536ec3ed0e6), before_delete {{(pid=110334) _notify_loop /usr/local/lib/python3.8/dist-packages/neutron_lib/callbacks/manager.py:176}}
Jul 01 19:49:51.870320 dv-cinder-831247-20-smb neutron-server[110334]: DEBUG dbcounter [-] [110334] Writing DB stats neutron:SELECT=94,neutron:DELETE=4,neutron:UPDATE=2 {{(pid=110334) stat_writer /usr/local/lib/python3.8/dist-packages/dbcounter.py:114}}
Jul 01 19:49:51.929305 dv-cinder-831247-20-smb neutron-server[110335]: DEBUG neutron.plugins.ml2.managers [req-5b047591-6095-433e-8651-0e5d2a610ac8 req-31e16abf-9324-442d-8c50-275a74a59ff7 service neutron] Attempting to bind port 2e76e9f7-25dd-4009-8c79-0a5443729c24 on host hv-cinder-83124 for vnic_type normal with profile {{(pid=110335) bind_port /opt/stack/neutron/neutron/plugins/ml2/managers.py:811}}
Jul 01 19:49:51.929656 dv-cinder-831247-20-smb neutron-server[110335]: DEBUG neutron.plugins.ml2.managers [req-5b047591-6095-433e-8651-0e5d2a610ac8 req-31e16abf-9324-442d-8c50-275a74a59ff7 service neutron] Attempting to bind port 2e76e9f7-25dd-4009-8c79-0a5443729c24 by drivers openvswitch,hyperv on host hv-cinder-83124 at level 0 using segments [{'id': 'b89cd0d5-ee41-42ca-afe3-956de9518268', 'network_type': 'vlan', 'physical_network': 'physnet1', 'segmentation_id': 398, 'network_id': '75a6a5d1-8aa2-45b3-82f4-a3854a0389d2'}] {{(pid=110335) _bind_port_level /opt/stack/neutron/neutron/plugins/ml2/managers.py:836}}
Jul 01 19:49:51.929979 dv-cinder-831247-20-smb neutron-server[110335]: DEBUG neutron.plugins.ml2.drivers.mech_agent [req-5b047591-6095-433e-8651-0e5d2a610ac8 req-31e16abf-9324-442d-8c50-275a74a59ff7 service neutron] Attempting to bind port 2e76e9f7-25dd-4009-8c79-0a5443729c24 on network 75a6a5d1-8aa2-45b3-82f4-a3854a0389d2 {{(pid=110335) bind_port /opt/stack/neutron/neutron/plugins/ml2/drivers/mech_agent.py:91}}
Jul 01 19:49:51.969323 dv-cinder-831247-20-smb neutron-server[110335]: DEBUG neutron.plugins.ml2.drivers.mech_agent [req-5b047591-6095-433e-8651-0e5d2a610ac8 req-31e16abf-9324-442d-8c50-275a74a59ff7 service neutron] Port 2e76e9f7-25dd-4009-8c79-0a5443729c24 on network 75a6a5d1-8aa2-45b3-82f4-a3854a0389d2 not bound, no agent of type Open vSwitch agent registered on host hv-cinder-83124 {{(pid=110335) bind_port /opt/stack/neutron/neutron/plugins/ml2/drivers/mech_agent.py:103}}
Jul 01 19:49:51.969654 dv-cinder-831247-20-smb neutron-server[110335]: DEBUG neutron.plugins.ml2.drivers.mech_agent [req-5b047591-6095-433e-8651-0e5d2a610ac8 req-31e16abf-9324-442d-8c50-275a74a59ff7 service neutron] Attempting to bind port 2e76e9f7-25dd-4009-8c79-0a5443729c24 on network 75a6a5d1-8aa2-45b3-82f4-a3854a0389d2 {{(pid=110335) bind_port /opt/stack/neutron/neutron/plugins/ml2/drivers/mech_agent.py:91}}
Jul 01 19:49:51.977401 dv-cinder-831247-20-smb neutron-server[110335]: DEBUG neutron.plugins.ml2.drivers.mech_agent [req-5b047591-6095-433e-8651-0e5d2a610ac8 req-31e16abf-9324-442d-8c50-275a74a59ff7 service neutron] Checking agent: {'id': 'fb91d94f-a3b0-4780-8ff3-277a90ecc37a', 'agent_type': 'HyperV agent', 'binary': 'neutron-hyperv-agent', 'topic': 'N/A', 'host': 'hv-cinder-83124', 'admin_state_up': True, 'created_at': datetime.datetime(2022, 7, 1, 19, 47, 20), 'started_at': datetime.datetime(2022, 7, 1, 19, 47, 20), 'heartbeat_timestamp': datetime.datetime(2022, 7, 1, 19, 49, 50), 'description': None, 'resources_synced': None, 'availability_zone': None, 'alive': True, 'configurations': {'vswitch_mappings': {'physnet1$': 'br-data'}}, 'resource_versions': {}} {{(pid=110335) bind_port /opt/stack/neutron/neutron/plugins/ml2/drivers/mech_agent.py:110}}
Jul 01 19:49:51.977820 dv-cinder-831247-20-smb neutron-server[110335]: DEBUG neutron.plugins.ml2.drivers.mech_agent [req-5b047591-6095-433e-8651-0e5d2a610ac8 req-31e16abf-9324-442d-8c50-275a74a59ff7 service neutron] Checking segment: {'id': 'b89cd0d5-ee41-42ca-afe3-956de9518268', 'network_type': 'vlan', 'physical_network': 'physnet1', 'segmentation_id': 398, 'network_id': '75a6a5d1-8aa2-45b3-82f4-a3854a0389d2'} for mappings: {'physnet1$': 'br-data'} with network types: ['local', 'flat', 'vlan'] {{(pid=110335) check_segment_for_agent /opt/stack/neutron/neutron/plugins/ml2/drivers/mech_agent.py:373}}
Jul 01 19:49:51.978296 dv-cinder-831247-20-smb neutron-server[110335]: DEBUG neutron.plugins.ml2.drivers.mech_agent [req-5b047591-6095-433e-8651-0e5d2a610ac8 req-31e16abf-9324-442d-8c50-275a74a59ff7 service neutron] Bound using segment: {'id': 'b89cd0d5-ee41-42ca-afe3-956de9518268', 'network_type': 'vlan', 'physical_network': 'physnet1', 'segmentation_id': 398, 'network_id': '75a6a5d1-8aa2-45b3-82f4-a3854a0389d2'} {{(pid=110335) bind_port /opt/stack/neutron/neutron/plugins/ml2/drivers/mech_agent.py:120}}
Jul 01 19:49:51.979289 dv-cinder-831247-20-smb neutron-server[110335]: DEBUG neutron.plugins.ml2.managers [req-5b047591-6095-433e-8651-0e5d2a610ac8 req-31e16abf-9324-442d-8c50-275a74a59ff7 service neutron] Bound port: 2e76e9f7-25dd-4009-8c79-0a5443729c24, host: hv-cinder-83124, vif_type: hyperv, vif_details: {"connectivity": "legacy", "port_filter": false}, binding_levels: [{'bound_driver': 'hyperv', 'bound_segment': {'id': 'b89cd0d5-ee41-42ca-afe3-956de9518268', 'network_type': 'vlan', 'physical_network': 'physnet1', 'segmentation_id': 398, 'network_id': '75a6a5d1-8aa2-45b3-82f4-a3854a0389d2'}}] {{(pid=110335) _bind_port_level /opt/stack/neutron/neutron/plugins/ml2/managers.py:948}}
Jul 01 19:49:51.979654 dv-cinder-831247-20-smb neutron-server[110335]: DEBUG neutron_lib.callbacks.manager [req-5b047591-6095-433e-8651-0e5d2a610ac8 req-31e16abf-9324-442d-8c50-275a74a59ff7 service neutron] Publish callbacks ['neutron.plugins.ml2.plugin.SecurityGroupDbMixin._ensure_default_security_group_handler-4117994'] for port (2e76e9f7-25dd-4009-8c79-0a5443729c24), before_update {{(pid=110335) _notify_loop /usr/local/lib/python3.8/dist-packages/neutron_lib/callbacks/manager.py:176}}
Jul 01 19:49:52.005477 dv-cinder-831247-20-smb neutron-server[110335]: INFO neutron.wsgi [req-6e2b03ce-026f-4cf9-8597-2f5dc7292bca req-e021e97d-b8cf-434e-896e-9bec2c9db3f7 tempest-AttachVolumeTestJSON-1358973631 tempest-AttachVolumeTestJSON-1358973631-project] 10.222.0.64 "GET /v2.0/ports?device_id=b4225281-3041-453f-ad4d-85c44a3fabf6 HTTP/1.1" status: 200 len: 210 time: 0.0956717
Jul 01 19:49:52.042065 dv-cinder-831247-20-smb neutron-server[110334]: DEBUG neutron_lib.callbacks.manager [None req-5f4a3dcb-dfec-4a00-9ccd-645c49cf2d45 admin admin] Publish callbacks [] for security_group (0521d2c1-cb7a-40ed-9192-7536ec3ed0e6), precommit_delete {{(pid=110334) _notify_loop /usr/local/lib/python3.8/dist-packages/neutron_lib/callbacks/manager.py:176}}
Jul 01 19:49:52.234714 dv-cinder-831247-20-smb neutron-server[110334]: INFO neutron.wsgi [req-224fec3e-133b-432b-b4c2-e40b2f01c03f req-599e376a-2250-4128-99ce-52773f6494dc tempest-AttachVolumeShelveTestJSON-774845818 tempest-AttachVolumeShelveTestJSON-774845818-project] 10.222.0.64 "GET /v2.0/security-groups?id=94dce384-6980-4773-af26-ac8c98d86cb1&fields=id&fields=name HTTP/1.1" status: 200 len: 313 time: 0.8456249
Jul 01 19:49:52.256619 dv-cinder-831247-20-smb neutron-server[110335]: DEBUG neutron.plugins.ml2.managers [req-6aa4109f-f388-4a61-8326-d925b902dfc8 req-83e2fde9-f65d-4ece-89c7-7e79b63fbfc6 service neutron] Attempting to bind port 7a752021-f734-4ab4-ac8f-f5f0da7060e9 on host hv-cinder-83124 for vnic_type normal with profile {{(pid=110335) bind_port /opt/stack/neutron/neutron/plugins/ml2/managers.py:811}}
Jul 01 19:49:52.257636 dv-cinder-831247-20-smb neutron-server[110335]: DEBUG neutron.plugins.ml2.managers [req-6aa4109f-f388-4a61-8326-d925b902dfc8 req-83e2fde9-f65d-4ece-89c7-7e79b63fbfc6 service neutron] Attempting to bind port 7a752021-f734-4ab4-ac8f-f5f0da7060e9 by drivers openvswitch,hyperv on host hv-cinder-83124 at level 0 using segments [{'id': 'b89cd0d5-ee41-42ca-afe3-956de9518268', 'network_type': 'vlan', 'physical_network': 'physnet1', 'segmentation_id': 398, 'network_id': '75a6a5d1-8aa2-45b3-82f4-a3854a0389d2'}] {{(pid=110335) _bind_port_level /opt/stack/neutron/neutron/plugins/ml2/managers.py:836}}
Jul 01 19:49:52.258244 dv-cinder-831247-20-smb neutron-server[110335]: DEBUG neutron.plugins.ml2.drivers.mech_agent [req-6aa4109f-f388-4a61-8326-d925b902dfc8 req-83e2fde9-f65d-4ece-89c7-7e79b63fbfc6 service neutron] Attempting to bind port 7a752021-f734-4ab4-ac8f-f5f0da7060e9 on network 75a6a5d1-8aa2-45b3-82f4-a3854a0389d2 {{(pid=110335) bind_port /opt/stack/neutron/neutron/plugins/ml2/drivers/mech_agent.py:91}}
Jul 01 19:49:52.274641 dv-cinder-831247-20-smb neutron-server[110335]: DEBUG neutron.plugins.ml2.drivers.mech_agent [req-6aa4109f-f388-4a61-8326-d925b902dfc8 req-83e2fde9-f65d-4ece-89c7-7e79b63fbfc6 service neutron] Port 7a752021-f734-4ab4-ac8f-f5f0da7060e9 on network 75a6a5d1-8aa2-45b3-82f4-a3854a0389d2 not bound, no agent of type Open vSwitch agent registered on host hv-cinder-83124 {{(pid=110335) bind_port /opt/stack/neutron/neutron/plugins/ml2/drivers/mech_agent.py:103}}
Jul 01 19:49:52.274988 dv-cinder-831247-20-smb neutron-server[110335]: DEBUG neutron.plugins.ml2.drivers.mech_agent [req-6aa4109f-f388-4a61-8326-d925b902dfc8 req-83e2fde9-f65d-4ece-89c7-7e79b63fbfc6 service neutron] Attempting to bind port 7a752021-f734-4ab4-ac8f-f5f0da7060e9 on network 75a6a5d1-8aa2-45b3-82f4-a3854a0389d2 {{(pid=110335) bind_port /opt/stack/neutron/neutron/plugins/ml2/drivers/mech_agent.py:91}}
Jul 01 19:49:52.302773 dv-cinder-831247-20-smb neutron-server[110335]: DEBUG neutron.pecan_wsgi.hooks.policy_enforcement [req-6c28b717-7d8f-4bd4-8126-9b02baa4e52a req-e3869f24-5365-49ec-9c1a-7a5c870910bf tempest-DeleteServersTestJSON-930935018 tempest-DeleteServersTestJSON-930935018-project] Attributes excluded by policy engine: ['standard_attr_id', 'binding:profile', 'binding:host_id', 'binding:vif_type', 'binding:vif_details'] {{(pid=110335) _exclude_attributes_by_policy /opt/stack/neutron/neutron/pecan_wsgi/hooks/policy_enforcement.py:259}}
Jul 01 19:49:52.312421 dv-cinder-831247-20-smb neutron-server[110335]: INFO neutron.wsgi [req-6c28b717-7d8f-4bd4-8126-9b02baa4e52a req-e3869f24-5365-49ec-9c1a-7a5c870910bf tempest-DeleteServersTestJSON-930935018 tempest-DeleteServersTestJSON-930935018-project] 10.222.0.64 "GET /v2.0/ports?device_id=dc37b57d-c36b-4303-bedd-a45b6ee328c3 HTTP/1.1" status: 200 len: 931 time: 0.1889312
Jul 01 19:49:52.342828 dv-cinder-831247-20-smb neutron-server[110335]: DEBUG neutron.plugins.ml2.drivers.mech_agent [req-6aa4109f-f388-4a61-8326-d925b902dfc8 req-83e2fde9-f65d-4ece-89c7-7e79b63fbfc6 service neutron] Checking agent: {'id': 'fb91d94f-a3b0-4780-8ff3-277a90ecc37a', 'agent_type': 'HyperV agent', 'binary': 'neutron-hyperv-agent', 'topic': 'N/A', 'host': 'hv-cinder-83124', 'admin_state_up': True, 'created_at': datetime.datetime(2022, 7, 1, 19, 47, 20), 'started_at': datetime.datetime(2022, 7, 1, 19, 47, 20), 'heartbeat_timestamp': datetime.datetime(2022, 7, 1, 19, 49, 50), 'description': None, 'resources_synced': None, 'availability_zone': None, 'alive': True, 'configurations': {'vswitch_mappings': {'physnet1$': 'br-data'}}, 'resource_versions': {}} {{(pid=110335) bind_port /opt/stack/neutron/neutron/plugins/ml2/drivers/mech_agent.py:110}}
Jul 01 19:49:52.342828 dv-cinder-831247-20-smb neutron-server[110335]: DEBUG neutron.plugins.ml2.drivers.mech_agent [req-6aa4109f-f388-4a61-8326-d925b902dfc8 req-83e2fde9-f65d-4ece-89c7-7e79b63fbfc6 service neutron] Checking segment: {'id': 'b89cd0d5-ee41-42ca-afe3-956de9518268', 'network_type': 'vlan', 'physical_network': 'physnet1', 'segmentation_id': 398, 'network_id': '75a6a5d1-8aa2-45b3-82f4-a3854a0389d2'} for mappings: {'physnet1$': 'br-data'} with network types: ['local', 'flat', 'vlan'] {{(pid=110335) check_segment_for_agent /opt/stack/neutron/neutron/plugins/ml2/drivers/mech_agent.py:373}}
Jul 01 19:49:52.342828 dv-cinder-831247-20-smb neutron-server[110335]: DEBUG neutron.plugins.ml2.drivers.mech_agent [req-6aa4109f-f388-4a61-8326-d925b902dfc8 req-83e2fde9-f65d-4ece-89c7-7e79b63fbfc6 service neutron] Bound using segment: {'id': 'b89cd0d5-ee41-42ca-afe3-956de9518268', 'network_type': 'vlan', 'physical_network': 'physnet1', 'segmentation_id': 398, 'network_id': '75a6a5d1-8aa2-45b3-82f4-a3854a0389d2'} {{(pid=110335) bind_port /opt/stack/neutron/neutron/plugins/ml2/drivers/mech_agent.py:120}}
Jul 01 19:49:52.342828 dv-cinder-831247-20-smb neutron-server[110335]: DEBUG neutron.plugins.ml2.managers [req-6aa4109f-f388-4a61-8326-d925b902dfc8 req-83e2fde9-f65d-4ece-89c7-7e79b63fbfc6 service neutron] Bound port: 7a752021-f734-4ab4-ac8f-f5f0da7060e9, host: hv-cinder-83124, vif_type: hyperv, vif_details: {"connectivity": "legacy", "port_filter": false}, binding_levels: [{'bound_driver': 'hyperv', 'bound_segment': {'id': 'b89cd0d5-ee41-42ca-afe3-956de9518268', 'network_type': 'vlan', 'physical_network': 'physnet1', 'segmentation_id': 398, 'network_id': '75a6a5d1-8aa2-45b3-82f4-a3854a0389d2'}}] {{(pid=110335) _bind_port_level /opt/stack/neutron/neutron/plugins/ml2/managers.py:948}}
Jul 01 19:49:52.343276 dv-cinder-831247-20-smb neutron-server[110335]: DEBUG neutron_lib.callbacks.manager [req-6aa4109f-f388-4a61-8326-d925b902dfc8 req-83e2fde9-f65d-4ece-89c7-7e79b63fbfc6 service neutron] Publish callbacks ['neutron.plugins.ml2.plugin.SecurityGroupDbMixin._ensure_default_security_group_handler-4117994'] for port (7a752021-f734-4ab4-ac8f-f5f0da7060e9), before_update {{(pid=110335) _notify_loop /usr/local/lib/python3.8/dist-packages/neutron_lib/callbacks/manager.py:176}}
Jul 01 19:49:52.372605 dv-cinder-831247-20-smb neutron-server[110335]: DEBUG neutron.plugins.ml2.db [req-5b047591-6095-433e-8651-0e5d2a610ac8 req-31e16abf-9324-442d-8c50-275a74a59ff7 service neutron] For port 2e76e9f7-25dd-4009-8c79-0a5443729c24, host hv-cinder-83124, cleared binding levels {{(pid=110335) clear_binding_levels /opt/stack/neutron/neutron/plugins/ml2/db.py:87}}
Jul 01 19:49:52.529767 dv-cinder-831247-20-smb neutron-server[110334]: DEBUG neutron_lib.callbacks.manager [None req-5f4a3dcb-dfec-4a00-9ccd-645c49cf2d45 admin admin] Publish callbacks ['neutron.plugins.ml2.ovo_rpc._ObjectChangeHandler.handle_event-548546'] for security_group (0521d2c1-cb7a-40ed-9192-7536ec3ed0e6), after_delete {{(pid=110334) _notify_loop /usr/local/lib/python3.8/dist-packages/neutron_lib/callbacks/manager.py:176}}
Jul 01 19:49:52.531700 dv-cinder-831247-20-smb neutron-server[110334]: DEBUG neutron_lib.callbacks.manager [None req-5f4a3dcb-dfec-4a00-9ccd-645c49cf2d45 admin admin] Publish callbacks [] for security_group (None), before_response {{(pid=110334) _notify_loop /usr/local/lib/python3.8/dist-packages/neutron_lib/callbacks/manager.py:176}}
Jul 01 19:49:52.533032 dv-cinder-831247-20-smb neutron-server[110334]: INFO neutron.wsgi [None req-5f4a3dcb-dfec-4a00-9ccd-645c49cf2d45 admin admin] 10.222.0.64 "DELETE /v2.0/security-groups/0521d2c1-cb7a-40ed-9192-7536ec3ed0e6 HTTP/1.1" status: 204 len: 168 time: 1.7552226
Jul 01 19:49:52.555061 dv-cinder-831247-20-smb neutron-server[110335]: DEBUG neutron.plugins.ml2.db [req-5b047591-6095-433e-8651-0e5d2a610ac8 req-31e16abf-9324-442d-8c50-275a74a59ff7 service neutron] For port 2e76e9f7-25dd-4009-8c79-0a5443729c24, host hv-cinder-83124, set binding levels [PortBindingLevel(driver='hyperv',host='hv-cinder-83124',level=0,port_id=2e76e9f7-25dd-4009-8c79-0a5443729c24,segment=NetworkSegment(b89cd0d5-ee41-42ca-afe3-956de9518268),segment_id=b89cd0d5-ee41-42ca-afe3-956de9518268)] {{(pid=110335) set_binding_levels /opt/stack/neutron/neutron/plugins/ml2/db.py:59}}
Jul 01 19:49:52.573098 dv-cinder-831247-20-smb neutron-server[110334]: DEBUG neutron.notifiers.nova [req-50484fa8-f213-44f1-b9b2-f8487563b4c9 req-9737c873-db52-4d74-bffc-2d44755ffbb6 service neutron] Ignoring state change previous_port_status: DOWN current_port_status: DOWN port_id f67fbe18-8759-4f94-852f-09439c5d2cc6 {{(pid=110334) record_port_status_changed /opt/stack/neutron/neutron/notifiers/nova.py:233}}
Jul 01 19:49:52.580829 dv-cinder-831247-20-smb neutron-server[110334]: DEBUG neutron.api.rpc.handlers.resources_rpc [None req-5f4a3dcb-dfec-4a00-9ccd-645c49cf2d45 admin admin] Pushing event deleted for resources: {'SecurityGroup': ['ID=0521d2c1-cb7a-40ed-9192-7536ec3ed0e6,revision_number=None']} {{(pid=110334) push /opt/stack/neutron/neutron/api/rpc/handlers/resources_rpc.py:237}}
Jul 01 19:49:52.585587 dv-cinder-831247-20-smb neutron-server[110335]: DEBUG dbcounter [-] [110335] Writing DB stats neutron:SELECT=99,neutron:UPDATE=1 {{(pid=110335) stat_writer /usr/local/lib/python3.8/dist-packages/dbcounter.py:114}}
Jul 01 19:49:52.594676 dv-cinder-831247-20-smb neutron-server[110334]: DEBUG neutron_lib.callbacks.manager [req-50484fa8-f213-44f1-b9b2-f8487563b4c9 req-9737c873-db52-4d74-bffc-2d44755ffbb6 service neutron] Publish callbacks [] for port (f67fbe18-8759-4f94-852f-09439c5d2cc6), precommit_update {{(pid=110334) _notify_loop /usr/local/lib/python3.8/dist-packages/neutron_lib/callbacks/manager.py:176}}
Jul 01 19:49:52.604549 dv-cinder-831247-20-smb neutron-server[110334]: DEBUG neutron.notifiers.nova [req-3e86b09a-c884-4c2d-9cf0-7407d2295236 req-2589240a-8753-4ea7-8093-d806d3c6c03d service neutron] Ignoring state change previous_port_status: DOWN current_port_status: DOWN port_id f4c278ee-8713-4eea-bf95-70b41ac67b04 {{(pid=110334) record_port_status_changed /opt/stack/neutron/neutron/notifiers/nova.py:233}}
Jul 01 19:49:52.616090 dv-cinder-831247-20-smb neutron-server[110335]: INFO neutron.wsgi [req-6c28b717-7d8f-4bd4-8126-9b02baa4e52a req-e35383ce-ca7e-42ec-98fa-e4e76678cbc0 tempest-DeleteServersTestJSON-930935018 tempest-DeleteServersTestJSON-930935018-project] 10.222.0.64 "GET /v2.0/security-groups?id=7aa24383-a4b7-4659-b4b7-be2817fe0331&fields=id&fields=name HTTP/1.1" status: 200 len: 286 time: 0.3024268
Jul 01 19:49:52.629394 dv-cinder-831247-20-smb neutron-server[110334]: DEBUG dbcounter [-] [110334] Writing DB stats neutron:SELECT=91,neutron:UPDATE=7,neutron:DELETE=2 {{(pid=110334) stat_writer /usr/local/lib/python3.8/dist-packages/dbcounter.py:114}}
Jul 01 19:49:52.629848 dv-cinder-831247-20-smb neutron-server[110335]: DEBUG neutron_lib.callbacks.manager [req-5b047591-6095-433e-8651-0e5d2a610ac8 req-31e16abf-9324-442d-8c50-275a74a59ff7 service neutron] Publish callbacks ['neutron.plugins.ml2.plugin.SecurityGroupServerNotifierRpcMixin._notify_sg_on_port_change-4117925', 'neutron.plugins.ml2.ovo_rpc._ObjectChangeHandler.handle_event-72525', 'neutron.api.rpc.agentnotifiers.dhcp_rpc_agent_api.DhcpAgentNotifyAPI._native_event_send_dhcp_notification-1045801', 'neutron.db.l3_db.L3RpcNotifierMixin._notify_gateway_port_ip_changed-8741237416650', 'neutron.db.l3_dvrscheduler_db._notify_l3_agent_port_update-8741237052775', 'neutron.db.l3_hascheduler_db._notify_l3_agent_ha_port_update-8741237052793', 'neutron.services.segments.plugin.NovaSegmentNotifier._notify_port_updated-62676194'] for port (2e76e9f7-25dd-4009-8c79-0a5443729c24), after_update {{(pid=110335) _notify_loop /usr/local/lib/python3.8/dist-packages/neutron_lib/callbacks/manager.py:176}}
Jul 01 19:49:52.632494 dv-cinder-831247-20-smb neutron-server[110334]: DEBUG neutron_lib.callbacks.manager [req-3e86b09a-c884-4c2d-9cf0-7407d2295236 req-2589240a-8753-4ea7-8093-d806d3c6c03d service neutron] Publish callbacks [] for port (f4c278ee-8713-4eea-bf95-70b41ac67b04), precommit_update {{(pid=110334) _notify_loop /usr/local/lib/python3.8/dist-packages/neutron_lib/callbacks/manager.py:176}}
Jul 01 19:49:52.643335 dv-cinder-831247-20-smb neutron-server[110335]: DEBUG neutron.wsgi [-] (110335) accepted ('10.222.0.16', 64652) {{(pid=110335) server /usr/local/lib/python3.8/dist-packages/eventlet/wsgi.py:1004}}
Jul 01 19:49:52.736714 dv-cinder-831247-20-smb neutron-server[110334]: DEBUG neutron.db.provisioning_blocks [req-50484fa8-f213-44f1-b9b2-f8487563b4c9 req-9737c873-db52-4d74-bffc-2d44755ffbb6 service neutron] Transition to ACTIVE for port object f67fbe18-8759-4f94-852f-09439c5d2cc6 will not be triggered until provisioned by entity L2. {{(pid=110334) add_provisioning_component /opt/stack/neutron/neutron/db/provisioning_blocks.py:75}}
Jul 01 19:49:52.742444 dv-cinder-831247-20-smb neutron-server[110335]: DEBUG neutron.pecan_wsgi.hooks.policy_enforcement [req-5b047591-6095-433e-8651-0e5d2a610ac8 req-31e16abf-9324-442d-8c50-275a74a59ff7 service neutron] Attributes excluded by policy engine: ['standard_attr_id'] {{(pid=110335) _exclude_attributes_by_policy /opt/stack/neutron/neutron/pecan_wsgi/hooks/policy_enforcement.py:259}}
Jul 01 19:49:52.750873 dv-cinder-831247-20-smb neutron-server[110334]: DEBUG neutron.db.provisioning_blocks [req-3e86b09a-c884-4c2d-9cf0-7407d2295236 req-2589240a-8753-4ea7-8093-d806d3c6c03d service neutron] Transition to ACTIVE for port object f4c278ee-8713-4eea-bf95-70b41ac67b04 will not be triggered until provisioned by entity L2. {{(pid=110334) add_provisioning_component /opt/stack/neutron/neutron/db/provisioning_blocks.py:75}}
