Jul 01 19:39:43.989248 dv-cinder-831247-20-iscsi devstack@c-api.service[117472]: DEBUG cinder.api.middleware.request_id [None req-8a5b56c4-3105-4dc2-9e1c-04a1509dc730 None None] RequestId filter calling following filter/app {{(pid=117472) _context_setter /opt/stack/cinder/cinder/api/middleware/request_id.py:62}}
Jul 01 19:39:43.993352 dv-cinder-831247-20-iscsi devstack@c-api.service[117472]: INFO cinder.api.openstack.wsgi [None req-8a5b56c4-3105-4dc2-9e1c-04a1509dc730 tempest-VolumeSnapshotQuotasNegativeTestJSON-744788890 tempest-VolumeSnapshotQuotasNegativeTestJSON-744788890-project] GET http://10.222.0.61/volume/v3/9e63c1e8dd31498697cb1d027191af39/snapshots/69a4615d-f50a-421f-988e-86cd2aaa927f
Jul 01 19:39:43.993792 dv-cinder-831247-20-iscsi devstack@c-api.service[117472]: DEBUG cinder.api.openstack.wsgi [None req-8a5b56c4-3105-4dc2-9e1c-04a1509dc730 tempest-VolumeSnapshotQuotasNegativeTestJSON-744788890 tempest-VolumeSnapshotQuotasNegativeTestJSON-744788890-project] Empty body provided in request {{(pid=117472) get_body /opt/stack/cinder/cinder/api/openstack/wsgi.py:715}}
Jul 01 19:39:43.994299 dv-cinder-831247-20-iscsi devstack@c-api.service[117472]: DEBUG cinder.api.openstack.wsgi [None req-8a5b56c4-3105-4dc2-9e1c-04a1509dc730 tempest-VolumeSnapshotQuotasNegativeTestJSON-744788890 tempest-VolumeSnapshotQuotasNegativeTestJSON-744788890-project] Calling method 'show' {{(pid=117472) _process_stack /opt/stack/cinder/cinder/api/openstack/wsgi.py:868}}
Jul 01 19:39:44.004494 dv-cinder-831247-20-iscsi devstack@c-api.service[117472]: /usr/local/lib/python3.8/dist-packages/oslo_context/context.py:100: DeprecationWarning: Policy enforcement is depending on the value of is_admin. This key is deprecated. Please update your policy file to use the standard policy values.
Jul 01 19:39:44.004494 dv-cinder-831247-20-iscsi devstack@c-api.service[117472]: warnings.warn('Policy enforcement is depending on the value of '
Jul 01 19:39:44.005792 dv-cinder-831247-20-iscsi devstack@c-api.service[117472]: INFO cinder.volume.api [None req-8a5b56c4-3105-4dc2-9e1c-04a1509dc730 tempest-VolumeSnapshotQuotasNegativeTestJSON-744788890 tempest-VolumeSnapshotQuotasNegativeTestJSON-744788890-project] Snapshot retrieved successfully.
Jul 01 19:39:44.007655 dv-cinder-831247-20-iscsi devstack@c-api.service[117472]: INFO cinder.api.openstack.wsgi [None req-8a5b56c4-3105-4dc2-9e1c-04a1509dc730 tempest-VolumeSnapshotQuotasNegativeTestJSON-744788890 tempest-VolumeSnapshotQuotasNegativeTestJSON-744788890-project] http://10.222.0.61/volume/v3/9e63c1e8dd31498697cb1d027191af39/snapshots/69a4615d-f50a-421f-988e-86cd2aaa927f returned with HTTP 200
Jul 01 19:39:44.008270 dv-cinder-831247-20-iscsi devstack@c-api.service[117472]: [pid: 117472|app: 0|req: 184/358] 10.222.0.61 () {58 vars in 1330 bytes} [Fri Jul 1 19:39:43 2022] GET /volume/v3/9e63c1e8dd31498697cb1d027191af39/snapshots/69a4615d-f50a-421f-988e-86cd2aaa927f => generated 482 bytes in 20 msecs (HTTP/1.1 200) 7 headers in 285 bytes (1 switches on core 0)
Jul 01 19:39:44.015892 dv-cinder-831247-20-iscsi devstack@c-api.service[117473]: DEBUG cinder.api.middleware.request_id [None req-37c4bc31-7c13-4166-8f2e-88ec13cf124d None None] RequestId filter calling following filter/app {{(pid=117473) _context_setter /opt/stack/cinder/cinder/api/middleware/request_id.py:62}}
Jul 01 19:39:44.020888 dv-cinder-831247-20-iscsi devstack@c-api.service[117473]: INFO cinder.api.openstack.wsgi [None req-37c4bc31-7c13-4166-8f2e-88ec13cf124d tempest-VolumeSnapshotQuotasNegativeTestJSON-2111764965 tempest-VolumeSnapshotQuotasNegativeTestJSON-2111764965-project-admin] PUT http://10.222.0.61/volume/v3/5249a5166a574be7b004f9dd373f34c0/os-quota-sets/9e63c1e8dd31498697cb1d027191af39
Jul 01 19:39:44.021609 dv-cinder-831247-20-iscsi devstack@c-api.service[117473]: DEBUG cinder.api.openstack.wsgi [None req-37c4bc31-7c13-4166-8f2e-88ec13cf124d tempest-VolumeSnapshotQuotasNegativeTestJSON-2111764965 tempest-VolumeSnapshotQuotasNegativeTestJSON-2111764965-project-admin] Action: 'update', calling method: update, body: {"quota_set": {"gigabytes": 2, "volumes": 1, "snapshots": 2}} {{(pid=117473) _process_stack /opt/stack/cinder/cinder/api/openstack/wsgi.py:866}}
Jul 01 19:39:44.113571 dv-cinder-831247-20-iscsi devstack@c-api.service[117473]: INFO cinder.api.openstack.wsgi [None req-37c4bc31-7c13-4166-8f2e-88ec13cf124d tempest-VolumeSnapshotQuotasNegativeTestJSON-2111764965 tempest-VolumeSnapshotQuotasNegativeTestJSON-2111764965-project-admin] http://10.222.0.61/volume/v3/5249a5166a574be7b004f9dd373f34c0/os-quota-sets/9e63c1e8dd31498697cb1d027191af39 returned with HTTP 200
Jul 01 19:39:44.119128 dv-cinder-831247-20-iscsi devstack@c-api.service[117473]: [pid: 117473|app: 0|req: 175/359] 10.222.0.61 () {60 vars in 1350 bytes} [Fri Jul 1 19:39:44 2022] PUT /volume/v3/5249a5166a574be7b004f9dd373f34c0/os-quota-sets/9e63c1e8dd31498697cb1d027191af39 => generated 314 bytes in 100 msecs (HTTP/1.1 200) 7 headers in 285 bytes (2 switches on core 0)
Jul 01 19:39:44.120847 dv-cinder-831247-20-iscsi devstack@c-api.service[117472]: DEBUG cinder.api.middleware.request_id [None req-74b56585-ec6a-4b54-8b79-12b517ad223c None None] RequestId filter calling following filter/app {{(pid=117472) _context_setter /opt/stack/cinder/cinder/api/middleware/request_id.py:62}}
Jul 01 19:39:44.124825 dv-cinder-831247-20-iscsi devstack@c-api.service[117472]: INFO cinder.api.openstack.wsgi [None req-74b56585-ec6a-4b54-8b79-12b517ad223c tempest-VolumeSnapshotQuotasNegativeTestJSON-744788890 tempest-VolumeSnapshotQuotasNegativeTestJSON-744788890-project] POST http://10.222.0.61/volume/v3/9e63c1e8dd31498697cb1d027191af39/snapshots
Jul 01 19:39:44.125608 dv-cinder-831247-20-iscsi devstack@c-api.service[117472]: DEBUG cinder.api.openstack.wsgi [None req-74b56585-ec6a-4b54-8b79-12b517ad223c tempest-VolumeSnapshotQuotasNegativeTestJSON-744788890 tempest-VolumeSnapshotQuotasNegativeTestJSON-744788890-project] Action: 'create', calling method: create, body: {"snapshot": {"volume_id": "6a32a74a-0f6b-4b66-bf5e-de6013916a50"}} {{(pid=117472) _process_stack /opt/stack/cinder/cinder/api/openstack/wsgi.py:866}}
Jul 01 19:39:44.141822 dv-cinder-831247-20-iscsi devstack@c-api.service[117472]: /usr/local/lib/python3.8/dist-packages/oslo_context/context.py:100: DeprecationWarning: Policy enforcement is depending on the value of is_admin. This key is deprecated. Please update your policy file to use the standard policy values.
Jul 01 19:39:44.141822 dv-cinder-831247-20-iscsi devstack@c-api.service[117472]: warnings.warn('Policy enforcement is depending on the value of '
Jul 01 19:39:44.142884 dv-cinder-831247-20-iscsi devstack@c-api.service[117472]: INFO cinder.volume.api [None req-74b56585-ec6a-4b54-8b79-12b517ad223c tempest-VolumeSnapshotQuotasNegativeTestJSON-744788890 tempest-VolumeSnapshotQuotasNegativeTestJSON-744788890-project] Volume info retrieved successfully.
Jul 01 19:39:44.143187 dv-cinder-831247-20-iscsi devstack@c-api.service[117472]: INFO cinder.api.v3.snapshots [None req-74b56585-ec6a-4b54-8b79-12b517ad223c tempest-VolumeSnapshotQuotasNegativeTestJSON-744788890 tempest-VolumeSnapshotQuotasNegativeTestJSON-744788890-project] Create snapshot from volume 6a32a74a-0f6b-4b66-bf5e-de6013916a50
Jul 01 19:39:44.180819 dv-cinder-831247-20-iscsi devstack@c-api.service[117472]: WARNING cinder.quota_utils [None req-74b56585-ec6a-4b54-8b79-12b517ad223c tempest-VolumeSnapshotQuotasNegativeTestJSON-744788890 tempest-VolumeSnapshotQuotasNegativeTestJSON-744788890-project] Quota exceeded for 9e63c1e8dd31498697cb1d027191af39, tried to create 1G snapshot (2G of 2G already consumed).: cinder.exception.OverQuota: Quota exceeded for resources: ['gigabytes']
Jul 01 19:39:44.181484 dv-cinder-831247-20-iscsi devstack@c-api.service[117472]: INFO cinder.api.middleware.fault [None req-74b56585-ec6a-4b54-8b79-12b517ad223c tempest-VolumeSnapshotQuotasNegativeTestJSON-744788890 tempest-VolumeSnapshotQuotasNegativeTestJSON-744788890-project] http://10.222.0.61/volume/v3/9e63c1e8dd31498697cb1d027191af39/snapshots returned with HTTP 413
Jul 01 19:39:44.186679 dv-cinder-831247-20-iscsi devstack@c-api.service[117472]: [pid: 117472|app: 0|req: 185/360] 10.222.0.61 () {60 vars in 1240 bytes} [Fri Jul 1 19:39:44 2022] POST /volume/v3/9e63c1e8dd31498697cb1d027191af39/snapshots => generated 208 bytes in 67 msecs (HTTP/1.1 413) 8 headers in 323 bytes (1 switches on core 0)
Jul 01 19:39:44.188288 dv-cinder-831247-20-iscsi devstack@c-api.service[117473]: DEBUG cinder.api.middleware.request_id [None req-3f7af8ee-be43-4e48-bbd0-ed7e062c9084 None None] RequestId filter calling following filter/app {{(pid=117473) _context_setter /opt/stack/cinder/cinder/api/middleware/request_id.py:62}}
Jul 01 19:39:44.193558 dv-cinder-831247-20-iscsi devstack@c-api.service[117473]: INFO cinder.api.openstack.wsgi [None req-3f7af8ee-be43-4e48-bbd0-ed7e062c9084 tempest-VolumeSnapshotQuotasNegativeTestJSON-2111764965 tempest-VolumeSnapshotQuotasNegativeTestJSON-2111764965-project-admin] PUT http://10.222.0.61/volume/v3/5249a5166a574be7b004f9dd373f34c0/os-quota-sets/9e63c1e8dd31498697cb1d027191af39
Jul 01 19:39:44.194193 dv-cinder-831247-20-iscsi devstack@c-api.service[117473]: DEBUG cinder.api.openstack.wsgi [None req-3f7af8ee-be43-4e48-bbd0-ed7e062c9084 tempest-VolumeSnapshotQuotasNegativeTestJSON-2111764965 tempest-VolumeSnapshotQuotasNegativeTestJSON-2111764965-project-admin] Action: 'update', calling method: update, body: {"quota_set": {"gigabytes": 3, "volumes": 1, "snapshots": 1}} {{(pid=117473) _process_stack /opt/stack/cinder/cinder/api/openstack/wsgi.py:866}}
Jul 01 19:39:44.292407 dv-cinder-831247-20-iscsi devstack@c-api.service[117473]: DEBUG dbcounter [-] [117473] Writing DB stats cinder:SELECT=96,cinder:UPDATE=4 {{(pid=117473) stat_writer /usr/local/lib/python3.8/dist-packages/dbcounter.py:114}}
Jul 01 19:39:44.308450 dv-cinder-831247-20-iscsi devstack@c-api.service[117473]: INFO cinder.api.openstack.wsgi [None req-3f7af8ee-be43-4e48-bbd0-ed7e062c9084 tempest-VolumeSnapshotQuotasNegativeTestJSON-2111764965 tempest-VolumeSnapshotQuotasNegativeTestJSON-2111764965-project-admin] http://10.222.0.61/volume/v3/5249a5166a574be7b004f9dd373f34c0/os-quota-sets/9e63c1e8dd31498697cb1d027191af39 returned with HTTP 200
Jul 01 19:39:44.309551 dv-cinder-831247-20-iscsi devstack@c-api.service[117473]: [pid: 117473|app: 0|req: 176/361] 10.222.0.61 () {60 vars in 1350 bytes} [Fri Jul 1 19:39:44 2022] PUT /volume/v3/5249a5166a574be7b004f9dd373f34c0/os-quota-sets/9e63c1e8dd31498697cb1d027191af39 => generated 314 bytes in 122 msecs (HTTP/1.1 200) 7 headers in 285 bytes (1 switches on core 0)
Jul 01 19:39:44.319186 dv-cinder-831247-20-iscsi devstack@c-api.service[117472]: DEBUG cinder.api.middleware.request_id [None req-2956777d-f8a5-4931-8a8c-8aa14afb4dba None None] RequestId filter calling following filter/app {{(pid=117472) _context_setter /opt/stack/cinder/cinder/api/middleware/request_id.py:62}}
Jul 01 19:39:44.323415 dv-cinder-831247-20-iscsi devstack@c-api.service[117472]: INFO cinder.api.openstack.wsgi [None req-2956777d-f8a5-4931-8a8c-8aa14afb4dba tempest-VolumeSnapshotQuotasNegativeTestJSON-744788890 tempest-VolumeSnapshotQuotasNegativeTestJSON-744788890-project] POST http://10.222.0.61/volume/v3/9e63c1e8dd31498697cb1d027191af39/snapshots
Jul 01 19:39:44.324442 dv-cinder-831247-20-iscsi devstack@c-api.service[117472]: DEBUG cinder.api.openstack.wsgi [None req-2956777d-f8a5-4931-8a8c-8aa14afb4dba tempest-VolumeSnapshotQuotasNegativeTestJSON-744788890 tempest-VolumeSnapshotQuotasNegativeTestJSON-744788890-project] Action: 'create', calling method: create, body: {"snapshot": {"volume_id": "6a32a74a-0f6b-4b66-bf5e-de6013916a50"}} {{(pid=117472) _process_stack /opt/stack/cinder/cinder/api/openstack/wsgi.py:866}}
Jul 01 19:39:44.329559 dv-cinder-831247-20-iscsi devstack@c-api.service[117472]: DEBUG dbcounter [-] [117472] Writing DB stats cinder:SELECT=77,cinder:INSERT=11,cinder:UPDATE=12 {{(pid=117472) stat_writer /usr/local/lib/python3.8/dist-packages/dbcounter.py:114}}
Jul 01 19:39:44.346245 dv-cinder-831247-20-iscsi devstack@c-api.service[117472]: /usr/local/lib/python3.8/dist-packages/oslo_context/context.py:100: DeprecationWarning: Policy enforcement is depending on the value of is_admin. This key is deprecated. Please update your policy file to use the standard policy values.
Jul 01 19:39:44.346245 dv-cinder-831247-20-iscsi devstack@c-api.service[117472]: warnings.warn('Policy enforcement is depending on the value of '
Jul 01 19:39:44.348238 dv-cinder-831247-20-iscsi devstack@c-api.service[117472]: INFO cinder.volume.api [None req-2956777d-f8a5-4931-8a8c-8aa14afb4dba tempest-VolumeSnapshotQuotasNegativeTestJSON-744788890 tempest-VolumeSnapshotQuotasNegativeTestJSON-744788890-project] Volume info retrieved successfully.
Jul 01 19:39:44.348238 dv-cinder-831247-20-iscsi devstack@c-api.service[117472]: INFO cinder.api.v3.snapshots [None req-2956777d-f8a5-4931-8a8c-8aa14afb4dba tempest-VolumeSnapshotQuotasNegativeTestJSON-744788890 tempest-VolumeSnapshotQuotasNegativeTestJSON-744788890-project] Create snapshot from volume 6a32a74a-0f6b-4b66-bf5e-de6013916a50
Jul 01 19:39:44.383466 dv-cinder-831247-20-iscsi devstack@c-api.service[117472]: WARNING cinder.quota_utils [None req-2956777d-f8a5-4931-8a8c-8aa14afb4dba tempest-VolumeSnapshotQuotasNegativeTestJSON-744788890 tempest-VolumeSnapshotQuotasNegativeTestJSON-744788890-project] Quota exceeded for 9e63c1e8dd31498697cb1d027191af39, tried to create snapshot (1 snapshots already consumed).: cinder.exception.OverQuota: Quota exceeded for resources: ['snapshots']
Jul 01 19:39:44.383937 dv-cinder-831247-20-iscsi devstack@c-api.service[117472]: INFO cinder.api.middleware.fault [None req-2956777d-f8a5-4931-8a8c-8aa14afb4dba tempest-VolumeSnapshotQuotasNegativeTestJSON-744788890 tempest-VolumeSnapshotQuotasNegativeTestJSON-744788890-project] http://10.222.0.61/volume/v3/9e63c1e8dd31498697cb1d027191af39/snapshots returned with HTTP 413
Jul 01 19:39:44.389540 dv-cinder-831247-20-iscsi devstack@c-api.service[117472]: [pid: 117472|app: 0|req: 186/362] 10.222.0.61 () {60 vars in 1240 bytes} [Fri Jul 1 19:39:44 2022] POST /volume/v3/9e63c1e8dd31498697cb1d027191af39/snapshots => generated 133 bytes in 68 msecs (HTTP/1.1 413) 8 headers in 323 bytes (1 switches on core 0)
Jul 01 19:39:44.391924 dv-cinder-831247-20-iscsi devstack@c-api.service[117473]: DEBUG cinder.api.middleware.request_id [None req-3f17b506-78b5-483b-8408-17ebab21c8a7 None None] RequestId filter calling following filter/app {{(pid=117473) _context_setter /opt/stack/cinder/cinder/api/middleware/request_id.py:62}}
Jul 01 19:39:44.397213 dv-cinder-831247-20-iscsi devstack@c-api.service[117473]: INFO cinder.api.openstack.wsgi [None req-3f17b506-78b5-483b-8408-17ebab21c8a7 tempest-VolumeSnapshotQuotasNegativeTestJSON-744788890 tempest-VolumeSnapshotQuotasNegativeTestJSON-744788890-project] DELETE http://10.222.0.61/volume/v3/9e63c1e8dd31498697cb1d027191af39/snapshots/69a4615d-f50a-421f-988e-86cd2aaa927f
Jul 01 19:39:44.397998 dv-cinder-831247-20-iscsi devstack@c-api.service[117473]: DEBUG cinder.api.openstack.wsgi [None req-3f17b506-78b5-483b-8408-17ebab21c8a7 tempest-VolumeSnapshotQuotasNegativeTestJSON-744788890 tempest-VolumeSnapshotQuotasNegativeTestJSON-744788890-project] Empty body provided in request {{(pid=117473) get_body /opt/stack/cinder/cinder/api/openstack/wsgi.py:715}}
Jul 01 19:39:44.398647 dv-cinder-831247-20-iscsi devstack@c-api.service[117473]: DEBUG cinder.api.openstack.wsgi [None req-3f17b506-78b5-483b-8408-17ebab21c8a7 tempest-VolumeSnapshotQuotasNegativeTestJSON-744788890 tempest-VolumeSnapshotQuotasNegativeTestJSON-744788890-project] Calling method 'delete' {{(pid=117473) _process_stack /opt/stack/cinder/cinder/api/openstack/wsgi.py:868}}
Jul 01 19:39:44.399378 dv-cinder-831247-20-iscsi devstack@c-api.service[117473]: INFO cinder.api.v2.snapshots [None req-3f17b506-78b5-483b-8408-17ebab21c8a7 tempest-VolumeSnapshotQuotasNegativeTestJSON-744788890 tempest-VolumeSnapshotQuotasNegativeTestJSON-744788890-project] Delete snapshot with id: 69a4615d-f50a-421f-988e-86cd2aaa927f
Jul 01 19:39:44.411201 dv-cinder-831247-20-iscsi devstack@c-api.service[117473]: /usr/local/lib/python3.8/dist-packages/oslo_context/context.py:100: DeprecationWarning: Policy enforcement is depending on the value of is_admin. This key is deprecated. Please update your policy file to use the standard policy values.
Jul 01 19:39:44.411201 dv-cinder-831247-20-iscsi devstack@c-api.service[117473]: warnings.warn('Policy enforcement is depending on the value of '
Jul 01 19:39:44.412557 dv-cinder-831247-20-iscsi devstack@c-api.service[117473]: INFO cinder.volume.api [None req-3f17b506-78b5-483b-8408-17ebab21c8a7 tempest-VolumeSnapshotQuotasNegativeTestJSON-744788890 tempest-VolumeSnapshotQuotasNegativeTestJSON-744788890-project] Snapshot retrieved successfully.
Jul 01 19:39:44.422608 dv-cinder-831247-20-iscsi devstack@c-api.service[117472]: DEBUG cinder.api.middleware.request_id [None req-fb87f048-833d-429f-8d14-228c978ac875 None None] RequestId filter calling following filter/app {{(pid=117472) _context_setter /opt/stack/cinder/cinder/api/middleware/request_id.py:62}}
Jul 01 19:39:44.428406 dv-cinder-831247-20-iscsi devstack@c-api.service[117472]: INFO cinder.api.openstack.wsgi [None req-fb87f048-833d-429f-8d14-228c978ac875 tempest-VolumesGetTest-1087542813 tempest-VolumesGetTest-1087542813-project] GET http://10.222.0.61/volume/v3/e89c3dc90f8946a88f461092e452711d/volumes/3dd9ad39-d760-45f8-b21b-c96ff8cda7e4
Jul 01 19:39:44.429358 dv-cinder-831247-20-iscsi devstack@c-api.service[117472]: DEBUG cinder.api.openstack.wsgi [None req-fb87f048-833d-429f-8d14-228c978ac875 tempest-VolumesGetTest-1087542813 tempest-VolumesGetTest-1087542813-project] Empty body provided in request {{(pid=117472) get_body /opt/stack/cinder/cinder/api/openstack/wsgi.py:715}}
Jul 01 19:39:44.430173 dv-cinder-831247-20-iscsi devstack@c-api.service[117472]: DEBUG cinder.api.openstack.wsgi [None req-fb87f048-833d-429f-8d14-228c978ac875 tempest-VolumesGetTest-1087542813 tempest-VolumesGetTest-1087542813-project] Calling method 'show' {{(pid=117472) _process_stack /opt/stack/cinder/cinder/api/openstack/wsgi.py:868}}
Jul 01 19:39:44.452087 dv-cinder-831247-20-iscsi devstack@c-api.service[117473]: INFO cinder.volume.api [None req-3f17b506-78b5-483b-8408-17ebab21c8a7 tempest-VolumeSnapshotQuotasNegativeTestJSON-744788890 tempest-VolumeSnapshotQuotasNegativeTestJSON-744788890-project] Snapshot delete request issued successfully.
Jul 01 19:39:44.453356 dv-cinder-831247-20-iscsi devstack@c-api.service[117473]: INFO cinder.api.openstack.wsgi [None req-3f17b506-78b5-483b-8408-17ebab21c8a7 tempest-VolumeSnapshotQuotasNegativeTestJSON-744788890 tempest-VolumeSnapshotQuotasNegativeTestJSON-744788890-project] http://10.222.0.61/volume/v3/9e63c1e8dd31498697cb1d027191af39/snapshots/69a4615d-f50a-421f-988e-86cd2aaa927f returned with HTTP 202
Jul 01 19:39:44.457412 dv-cinder-831247-20-iscsi devstack@c-api.service[117473]: [pid: 117473|app: 0|req: 177/363] 10.222.0.61 () {58 vars in 1333 bytes} [Fri Jul 1 19:39:44 2022] DELETE /volume/v3/9e63c1e8dd31498697cb1d027191af39/snapshots/69a4615d-f50a-421f-988e-86cd2aaa927f => generated 0 bytes in 67 msecs (HTTP/1.1 202) 6 headers in 233 bytes (1 switches on core 0)
Jul 01 19:39:44.459245 dv-cinder-831247-20-iscsi devstack@c-api.service[117473]: DEBUG cinder.api.middleware.request_id [None req-b1703e2d-cf34-45c7-8383-685ab95973d6 None None] RequestId filter calling following filter/app {{(pid=117473) _context_setter /opt/stack/cinder/cinder/api/middleware/request_id.py:62}}
Jul 01 19:39:44.463503 dv-cinder-831247-20-iscsi devstack@c-api.service[117473]: INFO cinder.api.openstack.wsgi [None req-b1703e2d-cf34-45c7-8383-685ab95973d6 tempest-VolumeSnapshotQuotasNegativeTestJSON-744788890 tempest-VolumeSnapshotQuotasNegativeTestJSON-744788890-project] GET http://10.222.0.61/volume/v3/9e63c1e8dd31498697cb1d027191af39/snapshots/69a4615d-f50a-421f-988e-86cd2aaa927f
Jul 01 19:39:44.463956 dv-cinder-831247-20-iscsi devstack@c-api.service[117473]: DEBUG cinder.api.openstack.wsgi [None req-b1703e2d-cf34-45c7-8383-685ab95973d6 tempest-VolumeSnapshotQuotasNegativeTestJSON-744788890 tempest-VolumeSnapshotQuotasNegativeTestJSON-744788890-project] Empty body provided in request {{(pid=117473) get_body /opt/stack/cinder/cinder/api/openstack/wsgi.py:715}}
Jul 01 19:39:44.464403 dv-cinder-831247-20-iscsi devstack@c-api.service[117473]: DEBUG cinder.api.openstack.wsgi [None req-b1703e2d-cf34-45c7-8383-685ab95973d6 tempest-VolumeSnapshotQuotasNegativeTestJSON-744788890 tempest-VolumeSnapshotQuotasNegativeTestJSON-744788890-project] Calling method 'show' {{(pid=117473) _process_stack /opt/stack/cinder/cinder/api/openstack/wsgi.py:868}}
Jul 01 19:39:44.466456 dv-cinder-831247-20-iscsi devstack@c-api.service[117472]: /usr/local/lib/python3.8/dist-packages/oslo_context/context.py:100: DeprecationWarning: Policy enforcement is depending on the value of is_admin. This key is deprecated. Please update your policy file to use the standard policy values.
Jul 01 19:39:44.466456 dv-cinder-831247-20-iscsi devstack@c-api.service[117472]: warnings.warn('Policy enforcement is depending on the value of '
Jul 01 19:39:44.475006 dv-cinder-831247-20-iscsi devstack@c-api.service[117472]: INFO cinder.volume.api [None req-fb87f048-833d-429f-8d14-228c978ac875 tempest-VolumesGetTest-1087542813 tempest-VolumesGetTest-1087542813-project] Volume info retrieved successfully.
Jul 01 19:39:44.476501 dv-cinder-831247-20-iscsi devstack@c-api.service[117473]: /usr/local/lib/python3.8/dist-packages/oslo_context/context.py:100: DeprecationWarning: Policy enforcement is depending on the value of is_admin. This key is deprecated. Please update your policy file to use the standard policy values.
Jul 01 19:39:44.476501 dv-cinder-831247-20-iscsi devstack@c-api.service[117473]: warnings.warn('Policy enforcement is depending on the value of '
Jul 01 19:39:44.477474 dv-cinder-831247-20-iscsi devstack@c-api.service[117473]: INFO cinder.volume.api [None req-b1703e2d-cf34-45c7-8383-685ab95973d6 tempest-VolumeSnapshotQuotasNegativeTestJSON-744788890 tempest-VolumeSnapshotQuotasNegativeTestJSON-744788890-project] Snapshot retrieved successfully.
Jul 01 19:39:44.479392 dv-cinder-831247-20-iscsi devstack@c-api.service[117473]: INFO cinder.api.openstack.wsgi [None req-b1703e2d-cf34-45c7-8383-685ab95973d6 tempest-VolumeSnapshotQuotasNegativeTestJSON-744788890 tempest-VolumeSnapshotQuotasNegativeTestJSON-744788890-project] http://10.222.0.61/volume/v3/9e63c1e8dd31498697cb1d027191af39/snapshots/69a4615d-f50a-421f-988e-86cd2aaa927f returned with HTTP 200
Jul 01 19:39:44.482198 dv-cinder-831247-20-iscsi devstack@c-api.service[117473]: [pid: 117473|app: 0|req: 178/364] 10.222.0.61 () {58 vars in 1330 bytes} [Fri Jul 1 19:39:44 2022] GET /volume/v3/9e63c1e8dd31498697cb1d027191af39/snapshots/69a4615d-f50a-421f-988e-86cd2aaa927f => generated 481 bytes in 24 msecs (HTTP/1.1 200) 7 headers in 285 bytes (1 switches on core 0)
Jul 01 19:39:44.490320 dv-cinder-831247-20-iscsi devstack@c-api.service[117472]: INFO cinder.api.openstack.wsgi [None req-fb87f048-833d-429f-8d14-228c978ac875 tempest-VolumesGetTest-1087542813 tempest-VolumesGetTest-1087542813-project] http://10.222.0.61/volume/v3/e89c3dc90f8946a88f461092e452711d/volumes/3dd9ad39-d760-45f8-b21b-c96ff8cda7e4 returned with HTTP 200
Jul 01 19:39:44.491342 dv-cinder-831247-20-iscsi devstack@c-api.service[117472]: [pid: 117472|app: 0|req: 187/365] 10.222.0.61 () {58 vars in 1324 bytes} [Fri Jul 1 19:39:44 2022] GET /volume/v3/e89c3dc90f8946a88f461092e452711d/volumes/3dd9ad39-d760-45f8-b21b-c96ff8cda7e4 => generated 918 bytes in 71 msecs (HTTP/1.1 200) 7 headers in 285 bytes (1 switches on core 0)
Jul 01 19:39:45.488666 dv-cinder-831247-20-iscsi devstack@c-api.service[117473]: DEBUG cinder.api.middleware.request_id [None req-e86412c8-a1f8-4bd3-abeb-be596e3f473e None None] RequestId filter calling following filter/app {{(pid=117473) _context_setter /opt/stack/cinder/cinder/api/middleware/request_id.py:62}}
Jul 01 19:39:45.493537 dv-cinder-831247-20-iscsi devstack@c-api.service[117473]: INFO cinder.api.openstack.wsgi [None req-e86412c8-a1f8-4bd3-abeb-be596e3f473e tempest-VolumeSnapshotQuotasNegativeTestJSON-744788890 tempest-VolumeSnapshotQuotasNegativeTestJSON-744788890-project] GET http://10.222.0.61/volume/v3/9e63c1e8dd31498697cb1d027191af39/snapshots/69a4615d-f50a-421f-988e-86cd2aaa927f
Jul 01 19:39:45.494142 dv-cinder-831247-20-iscsi devstack@c-api.service[117473]: DEBUG cinder.api.openstack.wsgi [None req-e86412c8-a1f8-4bd3-abeb-be596e3f473e tempest-VolumeSnapshotQuotasNegativeTestJSON-744788890 tempest-VolumeSnapshotQuotasNegativeTestJSON-744788890-project] Empty body provided in request {{(pid=117473) get_body /opt/stack/cinder/cinder/api/openstack/wsgi.py:715}}
Jul 01 19:39:45.494695 dv-cinder-831247-20-iscsi devstack@c-api.service[117473]: DEBUG cinder.api.openstack.wsgi [None req-e86412c8-a1f8-4bd3-abeb-be596e3f473e tempest-VolumeSnapshotQuotasNegativeTestJSON-744788890 tempest-VolumeSnapshotQuotasNegativeTestJSON-744788890-project] Calling method 'show' {{(pid=117473) _process_stack /opt/stack/cinder/cinder/api/openstack/wsgi.py:868}}
Jul 01 19:39:45.503677 dv-cinder-831247-20-iscsi devstack@c-api.service[117472]: DEBUG cinder.api.middleware.request_id [None req-ac83a7ac-c4e4-47f8-8bc8-492f4b4d93c8 None None] RequestId filter calling following filter/app {{(pid=117472) _context_setter /opt/stack/cinder/cinder/api/middleware/request_id.py:62}}
Jul 01 19:39:45.505010 dv-cinder-831247-20-iscsi devstack@c-api.service[117473]: INFO cinder.api.openstack.wsgi [None req-e86412c8-a1f8-4bd3-abeb-be596e3f473e tempest-VolumeSnapshotQuotasNegativeTestJSON-744788890 tempest-VolumeSnapshotQuotasNegativeTestJSON-744788890-project] http://10.222.0.61/volume/v3/9e63c1e8dd31498697cb1d027191af39/snapshots/69a4615d-f50a-421f-988e-86cd2aaa927f returned with HTTP 404
Jul 01 19:39:45.506601 dv-cinder-831247-20-iscsi devstack@c-api.service[117473]: [pid: 117473|app: 0|req: 179/366] 10.222.0.61 () {58 vars in 1330 bytes} [Fri Jul 1 19:39:45 2022] GET /volume/v3/9e63c1e8dd31498697cb1d027191af39/snapshots/69a4615d-f50a-421f-988e-86cd2aaa927f => generated 111 bytes in 19 msecs (HTTP/1.1 404) 7 headers in 292 bytes (1 switches on core 0)
Jul 01 19:39:45.511071 dv-cinder-831247-20-iscsi devstack@c-api.service[117473]: DEBUG cinder.api.middleware.request_id [None req-911ed741-4526-4509-8249-4875e692e00f None None] RequestId filter calling following filter/app {{(pid=117473) _context_setter /opt/stack/cinder/cinder/api/middleware/request_id.py:62}}
Jul 01 19:39:45.513187 dv-cinder-831247-20-iscsi devstack@c-api.service[117472]: INFO cinder.api.openstack.wsgi [None req-ac83a7ac-c4e4-47f8-8bc8-492f4b4d93c8 tempest-VolumesGetTest-1087542813 tempest-VolumesGetTest-1087542813-project] GET http://10.222.0.61/volume/v3/e89c3dc90f8946a88f461092e452711d/volumes/3dd9ad39-d760-45f8-b21b-c96ff8cda7e4
Jul 01 19:39:45.513809 dv-cinder-831247-20-iscsi devstack@c-api.service[117472]: DEBUG cinder.api.openstack.wsgi [None req-ac83a7ac-c4e4-47f8-8bc8-492f4b4d93c8 tempest-VolumesGetTest-1087542813 tempest-VolumesGetTest-1087542813-project] Empty body provided in request {{(pid=117472) get_body /opt/stack/cinder/cinder/api/openstack/wsgi.py:715}}
Jul 01 19:39:45.514698 dv-cinder-831247-20-iscsi devstack@c-api.service[117472]: DEBUG cinder.api.openstack.wsgi [None req-ac83a7ac-c4e4-47f8-8bc8-492f4b4d93c8 tempest-VolumesGetTest-1087542813 tempest-VolumesGetTest-1087542813-project] Calling method 'show' {{(pid=117472) _process_stack /opt/stack/cinder/cinder/api/openstack/wsgi.py:868}}
Jul 01 19:39:45.515297 dv-cinder-831247-20-iscsi devstack@c-api.service[117473]: INFO cinder.api.openstack.wsgi [None req-911ed741-4526-4509-8249-4875e692e00f tempest-VolumeSnapshotQuotasNegativeTestJSON-744788890 tempest-VolumeSnapshotQuotasNegativeTestJSON-744788890-project] DELETE http://10.222.0.61/volume/v3/9e63c1e8dd31498697cb1d027191af39/volumes/6a32a74a-0f6b-4b66-bf5e-de6013916a50
Jul 01 19:39:45.515836 dv-cinder-831247-20-iscsi devstack@c-api.service[117473]: DEBUG cinder.api.openstack.wsgi [None req-911ed741-4526-4509-8249-4875e692e00f tempest-VolumeSnapshotQuotasNegativeTestJSON-744788890 tempest-VolumeSnapshotQuotasNegativeTestJSON-744788890-project] Empty body provided in request {{(pid=117473) get_body /opt/stack/cinder/cinder/api/openstack/wsgi.py:715}}
Jul 01 19:39:45.516448 dv-cinder-831247-20-iscsi devstack@c-api.service[117473]: DEBUG cinder.api.openstack.wsgi [None req-911ed741-4526-4509-8249-4875e692e00f tempest-VolumeSnapshotQuotasNegativeTestJSON-744788890 tempest-VolumeSnapshotQuotasNegativeTestJSON-744788890-project] Calling method 'delete' {{(pid=117473) _process_stack /opt/stack/cinder/cinder/api/openstack/wsgi.py:868}}
Jul 01 19:39:45.516969 dv-cinder-831247-20-iscsi devstack@c-api.service[117473]: INFO cinder.api.v3.volumes [None req-911ed741-4526-4509-8249-4875e692e00f tempest-VolumeSnapshotQuotasNegativeTestJSON-744788890 tempest-VolumeSnapshotQuotasNegativeTestJSON-744788890-project] Delete volume with id: 6a32a74a-0f6b-4b66-bf5e-de6013916a50
Jul 01 19:39:45.534255 dv-cinder-831247-20-iscsi devstack@c-api.service[117473]: /usr/local/lib/python3.8/dist-packages/oslo_context/context.py:100: DeprecationWarning: Policy enforcement is depending on the value of is_admin. This key is deprecated. Please update your policy file to use the standard policy values.
Jul 01 19:39:45.534255 dv-cinder-831247-20-iscsi devstack@c-api.service[117473]: warnings.warn('Policy enforcement is depending on the value of '
Jul 01 19:39:45.536955 dv-cinder-831247-20-iscsi devstack@c-api.service[117473]: INFO cinder.volume.api [None req-911ed741-4526-4509-8249-4875e692e00f tempest-VolumeSnapshotQuotasNegativeTestJSON-744788890 tempest-VolumeSnapshotQuotasNegativeTestJSON-744788890-project] Volume info retrieved successfully.
Jul 01 19:39:45.538725 dv-cinder-831247-20-iscsi devstack@c-api.service[117472]: /usr/local/lib/python3.8/dist-packages/oslo_context/context.py:100: DeprecationWarning: Policy enforcement is depending on the value of is_admin. This key is deprecated. Please update your policy file to use the standard policy values.
Jul 01 19:39:45.538725 dv-cinder-831247-20-iscsi devstack@c-api.service[117472]: warnings.warn('Policy enforcement is depending on the value of '
Jul 01 19:39:45.548843 dv-cinder-831247-20-iscsi devstack@c-api.service[117472]: INFO cinder.volume.api [None req-ac83a7ac-c4e4-47f8-8bc8-492f4b4d93c8 tempest-VolumesGetTest-1087542813 tempest-VolumesGetTest-1087542813-project] Volume info retrieved successfully.
Jul 01 19:39:45.562109 dv-cinder-831247-20-iscsi devstack@c-api.service[117472]: INFO cinder.api.openstack.wsgi [None req-ac83a7ac-c4e4-47f8-8bc8-492f4b4d93c8 tempest-VolumesGetTest-1087542813 tempest-VolumesGetTest-1087542813-project] http://10.222.0.61/volume/v3/e89c3dc90f8946a88f461092e452711d/volumes/3dd9ad39-d760-45f8-b21b-c96ff8cda7e4 returned with HTTP 200
Jul 01 19:39:45.564442 dv-cinder-831247-20-iscsi devstack@c-api.service[117472]: [pid: 117472|app: 0|req: 188/367] 10.222.0.61 () {58 vars in 1324 bytes} [Fri Jul 1 19:39:45 2022] GET /volume/v3/e89c3dc90f8946a88f461092e452711d/volumes/3dd9ad39-d760-45f8-b21b-c96ff8cda7e4 => generated 919 bytes in 62 msecs (HTTP/1.1 200) 7 headers in 285 bytes (2 switches on core 0)
Jul 01 19:39:45.585101 dv-cinder-831247-20-iscsi devstack@c-api.service[117472]: DEBUG cinder.api.middleware.request_id [None req-4d4f298f-704c-45fd-a8de-5e0241d32c4a None None] RequestId filter calling following filter/app {{(pid=117472) _context_setter /opt/stack/cinder/cinder/api/middleware/request_id.py:62}}
Jul 01 19:39:45.592102 dv-cinder-831247-20-iscsi devstack@c-api.service[117472]: INFO cinder.api.openstack.wsgi [None req-4d4f298f-704c-45fd-a8de-5e0241d32c4a tempest-VolumesGetTest-1087542813 tempest-VolumesGetTest-1087542813-project] GET http://10.222.0.61/volume/v3/e89c3dc90f8946a88f461092e452711d/volumes/3dd9ad39-d760-45f8-b21b-c96ff8cda7e4
Jul 01 19:39:45.593651 dv-cinder-831247-20-iscsi devstack@c-api.service[117473]: INFO cinder.volume.api [None req-911ed741-4526-4509-8249-4875e692e00f tempest-VolumeSnapshotQuotasNegativeTestJSON-744788890 tempest-VolumeSnapshotQuotasNegativeTestJSON-744788890-project] Delete volume request issued successfully.
Jul 01 19:39:45.594488 dv-cinder-831247-20-iscsi devstack@c-api.service[117473]: INFO cinder.api.openstack.wsgi [None req-911ed741-4526-4509-8249-4875e692e00f tempest-VolumeSnapshotQuotasNegativeTestJSON-744788890 tempest-VolumeSnapshotQuotasNegativeTestJSON-744788890-project] http://10.222.0.61/volume/v3/9e63c1e8dd31498697cb1d027191af39/volumes/6a32a74a-0f6b-4b66-bf5e-de6013916a50 returned with HTTP 202
Jul 01 19:39:45.594745 dv-cinder-831247-20-iscsi devstack@c-api.service[117472]: DEBUG cinder.api.openstack.wsgi [None req-4d4f298f-704c-45fd-a8de-5e0241d32c4a tempest-VolumesGetTest-1087542813 tempest-VolumesGetTest-1087542813-project] Empty body provided in request {{(pid=117472) get_body /opt/stack/cinder/cinder/api/openstack/wsgi.py:715}}
Jul 01 19:39:45.596947 dv-cinder-831247-20-iscsi devstack@c-api.service[117472]: DEBUG cinder.api.openstack.wsgi [None req-4d4f298f-704c-45fd-a8de-5e0241d32c4a tempest-VolumesGetTest-1087542813 tempest-VolumesGetTest-1087542813-project] Calling method 'show' {{(pid=117472) _process_stack /opt/stack/cinder/cinder/api/openstack/wsgi.py:868}}
Jul 01 19:39:45.602160 dv-cinder-831247-20-iscsi devstack@c-api.service[117473]: [pid: 117473|app: 0|req: 180/368] 10.222.0.61 () {58 vars in 1327 bytes} [Fri Jul 1 19:39:45 2022] DELETE /volume/v3/9e63c1e8dd31498697cb1d027191af39/volumes/6a32a74a-0f6b-4b66-bf5e-de6013916a50 => generated 0 bytes in 92 msecs (HTTP/1.1 202) 6 headers in 233 bytes (1 switches on core 0)
Jul 01 19:39:45.604318 dv-cinder-831247-20-iscsi devstack@c-api.service[117473]: DEBUG cinder.api.middleware.request_id [None req-32b1a238-cee4-4342-8844-d2cfa9e005da None None] RequestId filter calling following filter/app {{(pid=117473) _context_setter /opt/stack/cinder/cinder/api/middleware/request_id.py:62}}
Jul 01 19:39:45.610581 dv-cinder-831247-20-iscsi devstack@c-api.service[117473]: INFO cinder.api.openstack.wsgi [None req-32b1a238-cee4-4342-8844-d2cfa9e005da tempest-VolumeSnapshotQuotasNegativeTestJSON-744788890 tempest-VolumeSnapshotQuotasNegativeTestJSON-744788890-project] GET http://10.222.0.61/volume/v3/9e63c1e8dd31498697cb1d027191af39/volumes/6a32a74a-0f6b-4b66-bf5e-de6013916a50
Jul 01 19:39:45.611592 dv-cinder-831247-20-iscsi devstack@c-api.service[117473]: DEBUG cinder.api.openstack.wsgi [None req-32b1a238-cee4-4342-8844-d2cfa9e005da tempest-VolumeSnapshotQuotasNegativeTestJSON-744788890 tempest-VolumeSnapshotQuotasNegativeTestJSON-744788890-project] Empty body provided in request {{(pid=117473) get_body /opt/stack/cinder/cinder/api/openstack/wsgi.py:715}}
Jul 01 19:39:45.612067 dv-cinder-831247-20-iscsi devstack@c-api.service[117473]: DEBUG cinder.api.openstack.wsgi [None req-32b1a238-cee4-4342-8844-d2cfa9e005da tempest-VolumeSnapshotQuotasNegativeTestJSON-744788890 tempest-VolumeSnapshotQuotasNegativeTestJSON-744788890-project] Calling method 'show' {{(pid=117473) _process_stack /opt/stack/cinder/cinder/api/openstack/wsgi.py:868}}
Jul 01 19:39:45.632476 dv-cinder-831247-20-iscsi devstack@c-api.service[117472]: /usr/local/lib/python3.8/dist-packages/oslo_context/context.py:100: DeprecationWarning: Policy enforcement is depending on the value of is_admin. This key is deprecated. Please update your policy file to use the standard policy values.
Jul 01 19:39:45.632476 dv-cinder-831247-20-iscsi devstack@c-api.service[117472]: warnings.warn('Policy enforcement is depending on the value of '
Jul 01 19:39:45.649485 dv-cinder-831247-20-iscsi devstack@c-api.service[117472]: INFO cinder.volume.api [None req-4d4f298f-704c-45fd-a8de-5e0241d32c4a tempest-VolumesGetTest-1087542813 tempest-VolumesGetTest-1087542813-project] Volume info retrieved successfully.
Jul 01 19:39:45.652278 dv-cinder-831247-20-iscsi devstack@c-api.service[117473]: /usr/local/lib/python3.8/dist-packages/oslo_context/context.py:100: DeprecationWarning: Policy enforcement is depending on the value of is_admin. This key is deprecated. Please update your policy file to use the standard policy values.
Jul 01 19:39:45.652278 dv-cinder-831247-20-iscsi devstack@c-api.service[117473]: warnings.warn('Policy enforcement is depending on the value of '
Jul 01 19:39:45.669245 dv-cinder-831247-20-iscsi devstack@c-api.service[117473]: INFO cinder.volume.api [None req-32b1a238-cee4-4342-8844-d2cfa9e005da tempest-VolumeSnapshotQuotasNegativeTestJSON-744788890 tempest-VolumeSnapshotQuotasNegativeTestJSON-744788890-project] Volume info retrieved successfully.
Jul 01 19:39:45.674287 dv-cinder-831247-20-iscsi devstack@c-api.service[117472]: INFO cinder.api.openstack.wsgi [None req-4d4f298f-704c-45fd-a8de-5e0241d32c4a tempest-VolumesGetTest-1087542813 tempest-VolumesGetTest-1087542813-project] http://10.222.0.61/volume/v3/e89c3dc90f8946a88f461092e452711d/volumes/3dd9ad39-d760-45f8-b21b-c96ff8cda7e4 returned with HTTP 200
Jul 01 19:39:45.679879 dv-cinder-831247-20-iscsi devstack@c-api.service[117472]: [pid: 117472|app: 0|req: 189/369] 10.222.0.61 () {58 vars in 1324 bytes} [Fri Jul 1 19:39:45 2022] GET /volume/v3/e89c3dc90f8946a88f461092e452711d/volumes/3dd9ad39-d760-45f8-b21b-c96ff8cda7e4 => generated 919 bytes in 96 msecs (HTTP/1.1 200) 7 headers in 285 bytes (1 switches on core 0)
Jul 01 19:39:45.686468 dv-cinder-831247-20-iscsi devstack@c-api.service[117472]: DEBUG cinder.api.middleware.request_id [None req-d052ab6a-2085-4ad7-8ce0-0b2a3804e585 None None] RequestId filter calling following filter/app {{(pid=117472) _context_setter /opt/stack/cinder/cinder/api/middleware/request_id.py:62}}
Jul 01 19:39:45.690400 dv-cinder-831247-20-iscsi devstack@c-api.service[117472]: INFO cinder.api.openstack.wsgi [None req-d052ab6a-2085-4ad7-8ce0-0b2a3804e585 tempest-VolumesGetTest-1087542813 tempest-VolumesGetTest-1087542813-project] PUT http://10.222.0.61/volume/v3/e89c3dc90f8946a88f461092e452711d/volumes/3dd9ad39-d760-45f8-b21b-c96ff8cda7e4
Jul 01 19:39:45.691345 dv-cinder-831247-20-iscsi devstack@c-api.service[117472]: DEBUG cinder.api.openstack.wsgi [None req-d052ab6a-2085-4ad7-8ce0-0b2a3804e585 tempest-VolumesGetTest-1087542813 tempest-VolumesGetTest-1087542813-project] Action: 'update', calling method: update, body: {"volume": {"name": "tempest-VolumesGetTest-Volume-35895395"}} {{(pid=117472) _process_stack /opt/stack/cinder/cinder/api/openstack/wsgi.py:866}}
Jul 01 19:39:45.697162 dv-cinder-831247-20-iscsi devstack@c-api.service[117473]: INFO cinder.api.openstack.wsgi [None req-32b1a238-cee4-4342-8844-d2cfa9e005da tempest-VolumeSnapshotQuotasNegativeTestJSON-744788890 tempest-VolumeSnapshotQuotasNegativeTestJSON-744788890-project] http://10.222.0.61/volume/v3/9e63c1e8dd31498697cb1d027191af39/volumes/6a32a74a-0f6b-4b66-bf5e-de6013916a50 returned with HTTP 200
Jul 01 19:39:45.698454 dv-cinder-831247-20-iscsi devstack@c-api.service[117473]: [pid: 117473|app: 0|req: 181/370] 10.222.0.61 () {58 vars in 1324 bytes} [Fri Jul 1 19:39:45 2022] GET /volume/v3/9e63c1e8dd31498697cb1d027191af39/volumes/6a32a74a-0f6b-4b66-bf5e-de6013916a50 => generated 928 bytes in 96 msecs (HTTP/1.1 200) 7 headers in 285 bytes (1 switches on core 0)
Jul 01 19:39:45.709131 dv-cinder-831247-20-iscsi devstack@c-api.service[117472]: /usr/local/lib/python3.8/dist-packages/oslo_context/context.py:100: DeprecationWarning: Policy enforcement is depending on the value of is_admin. This key is deprecated. Please update your policy file to use the standard policy values.
Jul 01 19:39:45.709131 dv-cinder-831247-20-iscsi devstack@c-api.service[117472]: warnings.warn('Policy enforcement is depending on the value of '
Jul 01 19:39:45.717783 dv-cinder-831247-20-iscsi devstack@c-api.service[117472]: INFO cinder.volume.api [None req-d052ab6a-2085-4ad7-8ce0-0b2a3804e585 tempest-VolumesGetTest-1087542813 tempest-VolumesGetTest-1087542813-project] Volume info retrieved successfully.
Jul 01 19:39:45.734643 dv-cinder-831247-20-iscsi devstack@c-api.service[117472]: INFO cinder.volume.api [None req-d052ab6a-2085-4ad7-8ce0-0b2a3804e585 tempest-VolumesGetTest-1087542813 tempest-VolumesGetTest-1087542813-project] Volume updated successfully.
Jul 01 19:39:45.736131 dv-cinder-831247-20-iscsi devstack@c-api.service[117472]: INFO cinder.api.openstack.wsgi [None req-d052ab6a-2085-4ad7-8ce0-0b2a3804e585 tempest-VolumesGetTest-1087542813 tempest-VolumesGetTest-1087542813-project] http://10.222.0.61/volume/v3/e89c3dc90f8946a88f461092e452711d/volumes/3dd9ad39-d760-45f8-b21b-c96ff8cda7e4 returned with HTTP 200
Jul 01 19:39:45.737371 dv-cinder-831247-20-iscsi devstack@c-api.service[117472]: [pid: 117472|app: 0|req: 190/371] 10.222.0.61 () {60 vars in 1344 bytes} [Fri Jul 1 19:39:45 2022] PUT /volume/v3/e89c3dc90f8946a88f461092e452711d/volumes/3dd9ad39-d760-45f8-b21b-c96ff8cda7e4 => generated 851 bytes in 52 msecs (HTTP/1.1 200) 7 headers in 285 bytes (2 switches on core 0)
Jul 01 19:39:45.748605 dv-cinder-831247-20-iscsi devstack@c-api.service[117473]: DEBUG cinder.api.middleware.request_id [None req-497ccdf1-a13f-4e58-bb03-d1221eee6761 None None] RequestId filter calling following filter/app {{(pid=117473) _context_setter /opt/stack/cinder/cinder/api/middleware/request_id.py:62}}
Jul 01 19:39:45.752266 dv-cinder-831247-20-iscsi devstack@c-api.service[117473]: INFO cinder.api.openstack.wsgi [None req-497ccdf1-a13f-4e58-bb03-d1221eee6761 tempest-VolumesGetTest-1087542813 tempest-VolumesGetTest-1087542813-project] PUT http://10.222.0.61/volume/v3/e89c3dc90f8946a88f461092e452711d/volumes/3dd9ad39-d760-45f8-b21b-c96ff8cda7e4
Jul 01 19:39:45.752981 dv-cinder-831247-20-iscsi devstack@c-api.service[117473]: DEBUG cinder.api.openstack.wsgi [None req-497ccdf1-a13f-4e58-bb03-d1221eee6761 tempest-VolumesGetTest-1087542813 tempest-VolumesGetTest-1087542813-project] Action: 'update', calling method: update, body: {"volume": {"name": "tempest-VolumesGetTest-new-Volume-530976347", "description": "This is the new description of volume"}} {{(pid=117473) _process_stack /opt/stack/cinder/cinder/api/openstack/wsgi.py:866}}
Jul 01 19:39:45.773888 dv-cinder-831247-20-iscsi devstack@c-api.service[117473]: /usr/local/lib/python3.8/dist-packages/oslo_context/context.py:100: DeprecationWarning: Policy enforcement is depending on the value of is_admin. This key is deprecated. Please update your policy file to use the standard policy values.
Jul 01 19:39:45.773888 dv-cinder-831247-20-iscsi devstack@c-api.service[117473]: warnings.warn('Policy enforcement is depending on the value of '
Jul 01 19:39:45.784829 dv-cinder-831247-20-iscsi devstack@c-api.service[117473]: INFO cinder.volume.api [None req-497ccdf1-a13f-4e58-bb03-d1221eee6761 tempest-VolumesGetTest-1087542813 tempest-VolumesGetTest-1087542813-project] Volume info retrieved successfully.
Jul 01 19:39:45.803877 dv-cinder-831247-20-iscsi devstack@c-api.service[117473]: INFO cinder.volume.api [None req-497ccdf1-a13f-4e58-bb03-d1221eee6761 tempest-VolumesGetTest-1087542813 tempest-VolumesGetTest-1087542813-project] Volume updated successfully.
Jul 01 19:39:45.805804 dv-cinder-831247-20-iscsi devstack@c-api.service[117473]: INFO cinder.api.openstack.wsgi [None req-497ccdf1-a13f-4e58-bb03-d1221eee6761 tempest-VolumesGetTest-1087542813 tempest-VolumesGetTest-1087542813-project] http://10.222.0.61/volume/v3/e89c3dc90f8946a88f461092e452711d/volumes/3dd9ad39-d760-45f8-b21b-c96ff8cda7e4 returned with HTTP 200
Jul 01 19:39:45.808585 dv-cinder-831247-20-iscsi devstack@c-api.service[117473]: [pid: 117473|app: 0|req: 182/372] 10.222.0.61 () {60 vars in 1345 bytes} [Fri Jul 1 19:39:45 2022] PUT /volume/v3/e89c3dc90f8946a88f461092e452711d/volumes/3dd9ad39-d760-45f8-b21b-c96ff8cda7e4 => generated 891 bytes in 61 msecs (HTTP/1.1 200) 7 headers in 285 bytes (1 switches on core 0)
Jul 01 19:39:45.819133 dv-cinder-831247-20-iscsi devstack@c-api.service[117472]: DEBUG cinder.api.middleware.request_id [None req-9a782faa-3f88-4d55-be55-8d5f1f551a29 None None] RequestId filter calling following filter/app {{(pid=117472) _context_setter /opt/stack/cinder/cinder/api/middleware/request_id.py:62}}
Jul 01 19:39:45.823851 dv-cinder-831247-20-iscsi devstack@c-api.service[117472]: INFO cinder.api.openstack.wsgi [None req-9a782faa-3f88-4d55-be55-8d5f1f551a29 tempest-VolumesGetTest-1087542813 tempest-VolumesGetTest-1087542813-project] GET http://10.222.0.61/volume/v3/e89c3dc90f8946a88f461092e452711d/volumes/3dd9ad39-d760-45f8-b21b-c96ff8cda7e4
Jul 01 19:39:45.824509 dv-cinder-831247-20-iscsi devstack@c-api.service[117472]: DEBUG cinder.api.openstack.wsgi [None req-9a782faa-3f88-4d55-be55-8d5f1f551a29 tempest-VolumesGetTest-1087542813 tempest-VolumesGetTest-1087542813-project] Empty body provided in request {{(pid=117472) get_body /opt/stack/cinder/cinder/api/openstack/wsgi.py:715}}
Jul 01 19:39:45.825003 dv-cinder-831247-20-iscsi devstack@c-api.service[117472]: DEBUG cinder.api.openstack.wsgi [None req-9a782faa-3f88-4d55-be55-8d5f1f551a29 tempest-VolumesGetTest-1087542813 tempest-VolumesGetTest-1087542813-project] Calling method 'show' {{(pid=117472) _process_stack /opt/stack/cinder/cinder/api/openstack/wsgi.py:868}}
Jul 01 19:39:45.849141 dv-cinder-831247-20-iscsi devstack@c-api.service[117472]: /usr/local/lib/python3.8/dist-packages/oslo_context/context.py:100: DeprecationWarning: Policy enforcement is depending on the value of is_admin. This key is deprecated. Please update your policy file to use the standard policy values.
Jul 01 19:39:45.849141 dv-cinder-831247-20-iscsi devstack@c-api.service[117472]: warnings.warn('Policy enforcement is depending on the value of '
Jul 01 19:39:45.857775 dv-cinder-831247-20-iscsi devstack@c-api.service[117472]: INFO cinder.volume.api [None req-9a782faa-3f88-4d55-be55-8d5f1f551a29 tempest-VolumesGetTest-1087542813 tempest-VolumesGetTest-1087542813-project] Volume info retrieved successfully.
Jul 01 19:39:45.869371 dv-cinder-831247-20-iscsi devstack@c-api.service[117472]: INFO cinder.api.openstack.wsgi [None req-9a782faa-3f88-4d55-be55-8d5f1f551a29 tempest-VolumesGetTest-1087542813 tempest-VolumesGetTest-1087542813-project] http://10.222.0.61/volume/v3/e89c3dc90f8946a88f461092e452711d/volumes/3dd9ad39-d760-45f8-b21b-c96ff8cda7e4 returned with HTTP 200
Jul 01 19:39:45.874004 dv-cinder-831247-20-iscsi devstack@c-api.service[117472]: [pid: 117472|app: 0|req: 191/373] 10.222.0.61 () {58 vars in 1324 bytes} [Fri Jul 1 19:39:45 2022] GET /volume/v3/e89c3dc90f8946a88f461092e452711d/volumes/3dd9ad39-d760-45f8-b21b-c96ff8cda7e4 => generated 959 bytes in 52 msecs (HTTP/1.1 200) 7 headers in 285 bytes (1 switches on core 0)
Jul 01 19:39:45.884144 dv-cinder-831247-20-iscsi devstack@c-api.service[117473]: DEBUG cinder.api.middleware.request_id [None req-bf606706-7741-4c33-806e-6cce37800b11 None None] RequestId filter calling following filter/app {{(pid=117473) _context_setter /opt/stack/cinder/cinder/api/middleware/request_id.py:62}}
Jul 01 19:39:45.887683 dv-cinder-831247-20-iscsi devstack@c-api.service[117473]: INFO cinder.api.openstack.wsgi [None req-bf606706-7741-4c33-806e-6cce37800b11 tempest-VolumesGetTest-1087542813 tempest-VolumesGetTest-1087542813-project] POST http://10.222.0.61/volume/v3/e89c3dc90f8946a88f461092e452711d/volumes
Jul 01 19:39:45.888403 dv-cinder-831247-20-iscsi devstack@c-api.service[117473]: DEBUG cinder.api.openstack.wsgi [None req-bf606706-7741-4c33-806e-6cce37800b11 tempest-VolumesGetTest-1087542813 tempest-VolumesGetTest-1087542813-project] Action: 'create', calling method: create, body: {"volume": {"description": "tempest-@#$%^* description-1846994997", "availability_zone": "nova", "size": 1}} {{(pid=117473) _process_stack /opt/stack/cinder/cinder/api/openstack/wsgi.py:866}}
Jul 01 19:39:45.889390 dv-cinder-831247-20-iscsi devstack@c-api.service[117473]: DEBUG cinder.api.v3.volumes [None req-bf606706-7741-4c33-806e-6cce37800b11 tempest-VolumesGetTest-1087542813 tempest-VolumesGetTest-1087542813-project] Create volume request body: {'volume': {'description': 'tempest-@#$%^* description-1846994997', 'availability_zone': 'nova', 'size': 1}} {{(pid=117473) create /opt/stack/cinder/cinder/api/v3/volumes.py:298}}
Jul 01 19:39:45.889696 dv-cinder-831247-20-iscsi devstack@c-api.service[117473]: INFO cinder.api.v3.volumes [None req-bf606706-7741-4c33-806e-6cce37800b11 tempest-VolumesGetTest-1087542813 tempest-VolumesGetTest-1087542813-project] Create volume of 1 GB
Jul 01 19:39:45.898328 dv-cinder-831247-20-iscsi devstack@c-api.service[117473]: INFO cinder.volume.api [None req-bf606706-7741-4c33-806e-6cce37800b11 tempest-VolumesGetTest-1087542813 tempest-VolumesGetTest-1087542813-project] Availability Zones retrieved successfully.
Jul 01 19:39:45.915179 dv-cinder-831247-20-iscsi devstack@c-api.service[117473]: DEBUG cinder.volume.api [None req-bf606706-7741-4c33-806e-6cce37800b11 tempest-VolumesGetTest-1087542813 tempest-VolumesGetTest-1087542813-project] Flow 'volume_create_api' (92a433b8-667f-4b2b-b74d-586d25c40ff4) transitioned into state 'RUNNING' from state 'PENDING' {{(pid=117473) _flow_receiver /usr/local/lib/python3.8/dist-packages/taskflow/listeners/logging.py:141}}
Jul 01 19:39:45.917930 dv-cinder-831247-20-iscsi devstack@c-api.service[117473]: DEBUG cinder.volume.api [None req-bf606706-7741-4c33-806e-6cce37800b11 tempest-VolumesGetTest-1087542813 tempest-VolumesGetTest-1087542813-project] Task 'cinder.volume.flows.api.create_volume.ExtractVolumeRequestTask;volume:create' (829c9a2a-0edf-4ef8-a518-b13b838e055e) transitioned into state 'RUNNING' from state 'PENDING' {{(pid=117473) _task_receiver /usr/local/lib/python3.8/dist-packages/taskflow/listeners/logging.py:190}}
