Mar 10 15:28:00.074066 dv-cinder-831247-10-iscsi devstack@c-api.service[110553]: INFO cinder.volume.api [None req-46565447-05ba-43b5-8683-03da48aa749d tempest-SnapshotsActionsTest-1480003012 tempest-SnapshotsActionsTest-1480003012-project] Create volume request issued successfully.
Mar 10 15:28:00.081681 dv-cinder-831247-10-iscsi devstack@c-api.service[110553]: INFO cinder.api.openstack.wsgi [None req-46565447-05ba-43b5-8683-03da48aa749d tempest-SnapshotsActionsTest-1480003012 tempest-SnapshotsActionsTest-1480003012-project] http://10.222.0.44/volume/v3/80393fde42ab44f0bd746f0952f6b4f5/volumes returned with HTTP 202
Mar 10 15:28:00.087862 dv-cinder-831247-10-iscsi devstack@c-api.service[110553]: [pid: 110553|app: 0|req: 5/10] 10.222.0.44 () {60 vars in 1234 bytes} [Thu Mar 10 15:27:58 2022] POST /volume/v3/80393fde42ab44f0bd746f0952f6b4f5/volumes => generated 820 bytes in 1972 msecs (HTTP/1.1 202) 7 headers in 291 bytes (1 switches on core 0)
Mar 10 15:28:00.112471 dv-cinder-831247-10-iscsi devstack@c-api.service[110553]: DEBUG cinder.api.middleware.request_id [None req-82b04b03-f9e7-40be-8fde-c5854b60f8d7 None None] RequestId filter calling following filter/app {{(pid=110553) _context_setter /opt/stack/cinder/cinder/api/middleware/request_id.py:62}}
Mar 10 15:28:00.127139 dv-cinder-831247-10-iscsi devstack@c-api.service[110553]: INFO cinder.api.openstack.wsgi [None req-82b04b03-f9e7-40be-8fde-c5854b60f8d7 tempest-SnapshotsActionsTest-1480003012 tempest-SnapshotsActionsTest-1480003012-project] GET http://10.222.0.44/volume/v3/80393fde42ab44f0bd746f0952f6b4f5/volumes/6ca9ba28-e087-490e-9439-74f96f325903
Mar 10 15:28:00.127139 dv-cinder-831247-10-iscsi devstack@c-api.service[110553]: DEBUG cinder.api.openstack.wsgi [None req-82b04b03-f9e7-40be-8fde-c5854b60f8d7 tempest-SnapshotsActionsTest-1480003012 tempest-SnapshotsActionsTest-1480003012-project] Empty body provided in request {{(pid=110553) get_body /opt/stack/cinder/cinder/api/openstack/wsgi.py:715}}
Mar 10 15:28:00.129242 dv-cinder-831247-10-iscsi devstack@c-api.service[110553]: DEBUG cinder.api.openstack.wsgi [None req-82b04b03-f9e7-40be-8fde-c5854b60f8d7 tempest-SnapshotsActionsTest-1480003012 tempest-SnapshotsActionsTest-1480003012-project] Calling method 'show' {{(pid=110553) _process_stack /opt/stack/cinder/cinder/api/openstack/wsgi.py:868}}
Mar 10 15:28:00.204223 dv-cinder-831247-10-iscsi devstack@c-api.service[110553]: /usr/local/lib/python3.8/dist-packages/oslo_context/context.py:100: DeprecationWarning: Policy enforcement is depending on the value of is_admin. This key is deprecated. Please update your policy file to use the standard policy values.
Mar 10 15:28:00.204223 dv-cinder-831247-10-iscsi devstack@c-api.service[110553]: warnings.warn('Policy enforcement is depending on the value of '
Mar 10 15:28:00.234552 dv-cinder-831247-10-iscsi devstack@c-api.service[110554]: DEBUG cinder.volume.api [None req-b0c903a5-2813-4a3a-9cd4-ea101671869f tempest-UserMessagesTest-1546398818 tempest-UserMessagesTest-1546398818-project] Task 'cinder.volume.flows.api.create_volume.VolumeCastTask;volume:create' (bf56a60d-0863-4639-8461-e2b96400c87d) transitioned into state 'SUCCESS' from state 'RUNNING' with result 'None' {{(pid=110554) _task_receiver /usr/local/lib/python3.8/dist-packages/taskflow/listeners/logging.py:178}}
Mar 10 15:28:00.237082 dv-cinder-831247-10-iscsi devstack@c-api.service[110554]: DEBUG cinder.volume.api [None req-b0c903a5-2813-4a3a-9cd4-ea101671869f tempest-UserMessagesTest-1546398818 tempest-UserMessagesTest-1546398818-project] Flow 'volume_create_api' (ed7de907-d773-4365-ae91-51afb583c6de) transitioned into state 'SUCCESS' from state 'RUNNING' {{(pid=110554) _flow_receiver /usr/local/lib/python3.8/dist-packages/taskflow/listeners/logging.py:141}}
Mar 10 15:28:00.238518 dv-cinder-831247-10-iscsi devstack@c-api.service[110554]: INFO cinder.volume.api [None req-b0c903a5-2813-4a3a-9cd4-ea101671869f tempest-UserMessagesTest-1546398818 tempest-UserMessagesTest-1546398818-project] Create volume request issued successfully.
Mar 10 15:28:00.239620 dv-cinder-831247-10-iscsi devstack@c-api.service[110554]: INFO cinder.api.openstack.wsgi [None req-b0c903a5-2813-4a3a-9cd4-ea101671869f tempest-UserMessagesTest-1546398818 tempest-UserMessagesTest-1546398818-project] http://10.222.0.44/volume/v3/cf4d8f3b85214c5b8f0a71f547c934c5/volumes returned with HTTP 202
Mar 10 15:28:00.252353 dv-cinder-831247-10-iscsi devstack@c-api.service[110554]: [pid: 110554|app: 0|req: 6/11] 10.222.0.44 () {62 vars in 1275 bytes} [Thu Mar 10 15:27:58 2022] POST /volume/v3/cf4d8f3b85214c5b8f0a71f547c934c5/volumes => generated 851 bytes in 1553 msecs (HTTP/1.1 202) 7 headers in 291 bytes (2 switches on core 0)
Mar 10 15:28:00.256341 dv-cinder-831247-10-iscsi devstack@c-api.service[110554]: DEBUG cinder.api.middleware.request_id [None req-fc10c846-a310-41a6-a074-b547caa2394d None None] RequestId filter calling following filter/app {{(pid=110554) _context_setter /opt/stack/cinder/cinder/api/middleware/request_id.py:62}}
Mar 10 15:28:00.273544 dv-cinder-831247-10-iscsi devstack@c-api.service[110554]: INFO cinder.api.openstack.wsgi [None req-fc10c846-a310-41a6-a074-b547caa2394d tempest-UserMessagesTest-1546398818 tempest-UserMessagesTest-1546398818-project] GET http://10.222.0.44/volume/v3/cf4d8f3b85214c5b8f0a71f547c934c5/volumes/8e859d3c-03c6-4d30-9373-694bb96b5612
Mar 10 15:28:00.275238 dv-cinder-831247-10-iscsi devstack@c-api.service[110553]: INFO cinder.volume.api [None req-82b04b03-f9e7-40be-8fde-c5854b60f8d7 tempest-SnapshotsActionsTest-1480003012 tempest-SnapshotsActionsTest-1480003012-project] Volume info retrieved successfully.
Mar 10 15:28:00.276025 dv-cinder-831247-10-iscsi devstack@c-api.service[110554]: DEBUG cinder.api.openstack.wsgi [None req-fc10c846-a310-41a6-a074-b547caa2394d tempest-UserMessagesTest-1546398818 tempest-UserMessagesTest-1546398818-project] Empty body provided in request {{(pid=110554) get_body /opt/stack/cinder/cinder/api/openstack/wsgi.py:715}}
Mar 10 15:28:00.278613 dv-cinder-831247-10-iscsi devstack@c-api.service[110554]: DEBUG cinder.api.openstack.wsgi [None req-fc10c846-a310-41a6-a074-b547caa2394d tempest-UserMessagesTest-1546398818 tempest-UserMessagesTest-1546398818-project] Calling method 'show' {{(pid=110554) _process_stack /opt/stack/cinder/cinder/api/openstack/wsgi.py:868}}
Mar 10 15:28:00.323738 dv-cinder-831247-10-iscsi devstack@c-api.service[110554]: /usr/local/lib/python3.8/dist-packages/oslo_context/context.py:100: DeprecationWarning: Policy enforcement is depending on the value of is_admin. This key is deprecated. Please update your policy file to use the standard policy values.
Mar 10 15:28:00.323738 dv-cinder-831247-10-iscsi devstack@c-api.service[110554]: warnings.warn('Policy enforcement is depending on the value of '
Mar 10 15:28:00.324801 dv-cinder-831247-10-iscsi devstack@c-api.service[110553]: INFO cinder.api.openstack.wsgi [None req-82b04b03-f9e7-40be-8fde-c5854b60f8d7 tempest-SnapshotsActionsTest-1480003012 tempest-SnapshotsActionsTest-1480003012-project] http://10.222.0.44/volume/v3/80393fde42ab44f0bd746f0952f6b4f5/volumes/6ca9ba28-e087-490e-9439-74f96f325903 returned with HTTP 200
Mar 10 15:28:00.328028 dv-cinder-831247-10-iscsi devstack@c-api.service[110553]: [pid: 110553|app: 0|req: 6/12] 10.222.0.44 () {58 vars in 1324 bytes} [Thu Mar 10 15:28:00 2022] GET /volume/v3/80393fde42ab44f0bd746f0952f6b4f5/volumes/6ca9ba28-e087-490e-9439-74f96f325903 => generated 888 bytes in 222 msecs (HTTP/1.1 200) 7 headers in 285 bytes (2 switches on core 0)
Mar 10 15:28:00.343994 dv-cinder-831247-10-iscsi devstack@c-api.service[110554]: INFO cinder.volume.api [None req-fc10c846-a310-41a6-a074-b547caa2394d tempest-UserMessagesTest-1546398818 tempest-UserMessagesTest-1546398818-project] Volume info retrieved successfully.
Mar 10 15:28:00.370776 dv-cinder-831247-10-iscsi devstack@c-api.service[110554]: INFO cinder.api.openstack.wsgi [None req-fc10c846-a310-41a6-a074-b547caa2394d tempest-UserMessagesTest-1546398818 tempest-UserMessagesTest-1546398818-project] http://10.222.0.44/volume/v3/cf4d8f3b85214c5b8f0a71f547c934c5/volumes/8e859d3c-03c6-4d30-9373-694bb96b5612 returned with HTTP 200
Mar 10 15:28:00.386814 dv-cinder-831247-10-iscsi devstack@c-api.service[110554]: [pid: 110554|app: 0|req: 7/13] 10.222.0.44 () {60 vars in 1364 bytes} [Thu Mar 10 15:28:00 2022] GET /volume/v3/cf4d8f3b85214c5b8f0a71f547c934c5/volumes/8e859d3c-03c6-4d30-9373-694bb96b5612 => generated 919 bytes in 134 msecs (HTTP/1.1 200) 7 headers in 285 bytes (1 switches on core 0)
Mar 10 15:28:01.350062 dv-cinder-831247-10-iscsi devstack@c-api.service[110553]: DEBUG cinder.api.middleware.request_id [None req-34138a5e-4b23-4e8e-9d3e-bca2661dcb1b None None] RequestId filter calling following filter/app {{(pid=110553) _context_setter /opt/stack/cinder/cinder/api/middleware/request_id.py:62}}
Mar 10 15:28:01.358671 dv-cinder-831247-10-iscsi devstack@c-api.service[110553]: INFO cinder.api.openstack.wsgi [None req-34138a5e-4b23-4e8e-9d3e-bca2661dcb1b tempest-SnapshotsActionsTest-1480003012 tempest-SnapshotsActionsTest-1480003012-project] GET http://10.222.0.44/volume/v3/80393fde42ab44f0bd746f0952f6b4f5/volumes/6ca9ba28-e087-490e-9439-74f96f325903
Mar 10 15:28:01.359403 dv-cinder-831247-10-iscsi devstack@c-api.service[110553]: DEBUG cinder.api.openstack.wsgi [None req-34138a5e-4b23-4e8e-9d3e-bca2661dcb1b tempest-SnapshotsActionsTest-1480003012 tempest-SnapshotsActionsTest-1480003012-project] Empty body provided in request {{(pid=110553) get_body /opt/stack/cinder/cinder/api/openstack/wsgi.py:715}}
Mar 10 15:28:01.360074 dv-cinder-831247-10-iscsi devstack@c-api.service[110553]: DEBUG cinder.api.openstack.wsgi [None req-34138a5e-4b23-4e8e-9d3e-bca2661dcb1b tempest-SnapshotsActionsTest-1480003012 tempest-SnapshotsActionsTest-1480003012-project] Calling method 'show' {{(pid=110553) _process_stack /opt/stack/cinder/cinder/api/openstack/wsgi.py:868}}
Mar 10 15:28:01.391156 dv-cinder-831247-10-iscsi devstack@c-api.service[110554]: DEBUG cinder.api.middleware.request_id [None req-96507bf1-eaff-4a98-afcb-431bfdae016f None None] RequestId filter calling following filter/app {{(pid=110554) _context_setter /opt/stack/cinder/cinder/api/middleware/request_id.py:62}}
Mar 10 15:28:01.396432 dv-cinder-831247-10-iscsi devstack@c-api.service[110554]: INFO cinder.api.openstack.wsgi [None req-96507bf1-eaff-4a98-afcb-431bfdae016f tempest-UserMessagesTest-1546398818 tempest-UserMessagesTest-1546398818-project] GET http://10.222.0.44/volume/v3/cf4d8f3b85214c5b8f0a71f547c934c5/volumes/8e859d3c-03c6-4d30-9373-694bb96b5612
Mar 10 15:28:01.396876 dv-cinder-831247-10-iscsi devstack@c-api.service[110553]: /usr/local/lib/python3.8/dist-packages/oslo_context/context.py:100: DeprecationWarning: Policy enforcement is depending on the value of is_admin. This key is deprecated. Please update your policy file to use the standard policy values.
Mar 10 15:28:01.396876 dv-cinder-831247-10-iscsi devstack@c-api.service[110553]: warnings.warn('Policy enforcement is depending on the value of '
Mar 10 15:28:01.398920 dv-cinder-831247-10-iscsi devstack@c-api.service[110554]: DEBUG cinder.api.openstack.wsgi [None req-96507bf1-eaff-4a98-afcb-431bfdae016f tempest-UserMessagesTest-1546398818 tempest-UserMessagesTest-1546398818-project] Empty body provided in request {{(pid=110554) get_body /opt/stack/cinder/cinder/api/openstack/wsgi.py:715}}
Mar 10 15:28:01.398920 dv-cinder-831247-10-iscsi devstack@c-api.service[110554]: DEBUG cinder.api.openstack.wsgi [None req-96507bf1-eaff-4a98-afcb-431bfdae016f tempest-UserMessagesTest-1546398818 tempest-UserMessagesTest-1546398818-project] Calling method 'show' {{(pid=110554) _process_stack /opt/stack/cinder/cinder/api/openstack/wsgi.py:868}}
Mar 10 15:28:01.419512 dv-cinder-831247-10-iscsi devstack@c-api.service[110553]: INFO cinder.volume.api [None req-34138a5e-4b23-4e8e-9d3e-bca2661dcb1b tempest-SnapshotsActionsTest-1480003012 tempest-SnapshotsActionsTest-1480003012-project] Volume info retrieved successfully.
Mar 10 15:28:01.440559 dv-cinder-831247-10-iscsi devstack@c-api.service[110553]: INFO cinder.api.openstack.wsgi [None req-34138a5e-4b23-4e8e-9d3e-bca2661dcb1b tempest-SnapshotsActionsTest-1480003012 tempest-SnapshotsActionsTest-1480003012-project] http://10.222.0.44/volume/v3/80393fde42ab44f0bd746f0952f6b4f5/volumes/6ca9ba28-e087-490e-9439-74f96f325903 returned with HTTP 200
Mar 10 15:28:01.442106 dv-cinder-831247-10-iscsi devstack@c-api.service[110554]: /usr/local/lib/python3.8/dist-packages/oslo_context/context.py:100: DeprecationWarning: Policy enforcement is depending on the value of is_admin. This key is deprecated. Please update your policy file to use the standard policy values.
Mar 10 15:28:01.442106 dv-cinder-831247-10-iscsi devstack@c-api.service[110554]: warnings.warn('Policy enforcement is depending on the value of '
Mar 10 15:28:01.451375 dv-cinder-831247-10-iscsi devstack@c-api.service[110553]: [pid: 110553|app: 0|req: 7/14] 10.222.0.44 () {58 vars in 1324 bytes} [Thu Mar 10 15:28:01 2022] GET /volume/v3/80393fde42ab44f0bd746f0952f6b4f5/volumes/6ca9ba28-e087-490e-9439-74f96f325903 => generated 912 bytes in 102 msecs (HTTP/1.1 200) 7 headers in 285 bytes (1 switches on core 0)
Mar 10 15:28:01.489906 dv-cinder-831247-10-iscsi devstack@c-api.service[110554]: INFO cinder.volume.api [None req-96507bf1-eaff-4a98-afcb-431bfdae016f tempest-UserMessagesTest-1546398818 tempest-UserMessagesTest-1546398818-project] Volume info retrieved successfully.
Mar 10 15:28:01.524621 dv-cinder-831247-10-iscsi devstack@c-api.service[110554]: INFO cinder.api.openstack.wsgi [None req-96507bf1-eaff-4a98-afcb-431bfdae016f tempest-UserMessagesTest-1546398818 tempest-UserMessagesTest-1546398818-project] http://10.222.0.44/volume/v3/cf4d8f3b85214c5b8f0a71f547c934c5/volumes/8e859d3c-03c6-4d30-9373-694bb96b5612 returned with HTTP 200
Mar 10 15:28:01.538412 dv-cinder-831247-10-iscsi devstack@c-api.service[110554]: [pid: 110554|app: 0|req: 8/15] 10.222.0.44 () {60 vars in 1364 bytes} [Thu Mar 10 15:28:01 2022] GET /volume/v3/cf4d8f3b85214c5b8f0a71f547c934c5/volumes/8e859d3c-03c6-4d30-9373-694bb96b5612 => generated 940 bytes in 146 msecs (HTTP/1.1 200) 7 headers in 285 bytes (1 switches on core 0)
Mar 10 15:28:01.546630 dv-cinder-831247-10-iscsi devstack@c-api.service[110553]: DEBUG cinder.api.middleware.request_id [None req-66628fdd-9355-4b4d-868e-0ddd99a1e194 None None] RequestId filter calling following filter/app {{(pid=110553) _context_setter /opt/stack/cinder/cinder/api/middleware/request_id.py:62}}
Mar 10 15:28:01.552946 dv-cinder-831247-10-iscsi devstack@c-api.service[110553]: INFO cinder.api.openstack.wsgi [None req-66628fdd-9355-4b4d-868e-0ddd99a1e194 tempest-UserMessagesTest-1546398818 tempest-UserMessagesTest-1546398818-project] GET http://10.222.0.44/volume/v3/cf4d8f3b85214c5b8f0a71f547c934c5/messages
Mar 10 15:28:01.552946 dv-cinder-831247-10-iscsi devstack@c-api.service[110553]: DEBUG cinder.api.openstack.wsgi [None req-66628fdd-9355-4b4d-868e-0ddd99a1e194 tempest-UserMessagesTest-1546398818 tempest-UserMessagesTest-1546398818-project] Empty body provided in request {{(pid=110553) get_body /opt/stack/cinder/cinder/api/openstack/wsgi.py:715}}
Mar 10 15:28:01.552946 dv-cinder-831247-10-iscsi devstack@c-api.service[110553]: DEBUG cinder.api.openstack.wsgi [None req-66628fdd-9355-4b4d-868e-0ddd99a1e194 tempest-UserMessagesTest-1546398818 tempest-UserMessagesTest-1546398818-project] Calling method 'version_select' {{(pid=110553) _process_stack /opt/stack/cinder/cinder/api/openstack/wsgi.py:868}}
Mar 10 15:28:01.574820 dv-cinder-831247-10-iscsi devstack@c-api.service[110553]: INFO cinder.api.openstack.wsgi [None req-66628fdd-9355-4b4d-868e-0ddd99a1e194 tempest-UserMessagesTest-1546398818 tempest-UserMessagesTest-1546398818-project] http://10.222.0.44/volume/v3/cf4d8f3b85214c5b8f0a71f547c934c5/messages returned with HTTP 200
Mar 10 15:28:01.584977 dv-cinder-831247-10-iscsi devstack@c-api.service[110554]: DEBUG cinder.api.middleware.request_id [None req-7fbd9aad-1fbc-478d-91cd-e54ab15d972d None None] RequestId filter calling following filter/app {{(pid=110554) _context_setter /opt/stack/cinder/cinder/api/middleware/request_id.py:62}}
Mar 10 15:28:01.595686 dv-cinder-831247-10-iscsi devstack@c-api.service[110554]: INFO cinder.api.openstack.wsgi [None req-7fbd9aad-1fbc-478d-91cd-e54ab15d972d tempest-UserMessagesTest-1546398818 tempest-UserMessagesTest-1546398818-project] DELETE http://10.222.0.44/volume/v3/cf4d8f3b85214c5b8f0a71f547c934c5/messages/667bafad-d1c4-45e5-9663-67888b80ddf0
Mar 10 15:28:01.604413 dv-cinder-831247-10-iscsi devstack@c-api.service[110554]: DEBUG cinder.api.openstack.wsgi [None req-7fbd9aad-1fbc-478d-91cd-e54ab15d972d tempest-UserMessagesTest-1546398818 tempest-UserMessagesTest-1546398818-project] Empty body provided in request {{(pid=110554) get_body /opt/stack/cinder/cinder/api/openstack/wsgi.py:715}}
Mar 10 15:28:01.606712 dv-cinder-831247-10-iscsi devstack@c-api.service[110554]: DEBUG cinder.api.openstack.wsgi [None req-7fbd9aad-1fbc-478d-91cd-e54ab15d972d tempest-UserMessagesTest-1546398818 tempest-UserMessagesTest-1546398818-project] Calling method 'version_select' {{(pid=110554) _process_stack /opt/stack/cinder/cinder/api/openstack/wsgi.py:868}}
Mar 10 15:28:01.985819 dv-cinder-831247-10-iscsi devstack@c-api.service[110553]: [pid: 110553|app: 0|req: 8/16] 10.222.0.44 () {60 vars in 1256 bytes} [Thu Mar 10 15:28:01 2022] GET /volume/v3/cf4d8f3b85214c5b8f0a71f547c934c5/messages => generated 736 bytes in 63 msecs (HTTP/1.1 200) 7 headers in 285 bytes (1 switches on core 0)
Mar 10 15:28:02.038181 dv-cinder-831247-10-iscsi devstack@c-api.service[110554]: INFO cinder.api.openstack.wsgi [None req-7fbd9aad-1fbc-478d-91cd-e54ab15d972d tempest-UserMessagesTest-1546398818 tempest-UserMessagesTest-1546398818-project] http://10.222.0.44/volume/v3/cf4d8f3b85214c5b8f0a71f547c934c5/messages/667bafad-d1c4-45e5-9663-67888b80ddf0 returned with HTTP 204
Mar 10 15:28:02.038181 dv-cinder-831247-10-iscsi devstack@c-api.service[110554]: [pid: 110554|app: 0|req: 9/17] 10.222.0.44 () {60 vars in 1370 bytes} [Thu Mar 10 15:28:01 2022] DELETE /volume/v3/cf4d8f3b85214c5b8f0a71f547c934c5/messages/667bafad-d1c4-45e5-9663-67888b80ddf0 => generated 0 bytes in 168 msecs (HTTP/1.1 204) 6 headers in 235 bytes (1 switches on core 0)
Mar 10 15:28:02.040436 dv-cinder-831247-10-iscsi devstack@c-api.service[110553]: DEBUG cinder.api.middleware.request_id [None req-44c28701-30cc-4472-a875-d7d1e7b1bfa9 None None] RequestId filter calling following filter/app {{(pid=110553) _context_setter /opt/stack/cinder/cinder/api/middleware/request_id.py:62}}
Mar 10 15:28:02.040436 dv-cinder-831247-10-iscsi devstack@c-api.service[110553]: INFO cinder.api.openstack.wsgi [None req-44c28701-30cc-4472-a875-d7d1e7b1bfa9 tempest-UserMessagesTest-1546398818 tempest-UserMessagesTest-1546398818-project] GET http://10.222.0.44/volume/v3/cf4d8f3b85214c5b8f0a71f547c934c5/messages/667bafad-d1c4-45e5-9663-67888b80ddf0
Mar 10 15:28:02.040436 dv-cinder-831247-10-iscsi devstack@c-api.service[110553]: DEBUG cinder.api.openstack.wsgi [None req-44c28701-30cc-4472-a875-d7d1e7b1bfa9 tempest-UserMessagesTest-1546398818 tempest-UserMessagesTest-1546398818-project] Empty body provided in request {{(pid=110553) get_body /opt/stack/cinder/cinder/api/openstack/wsgi.py:715}}
Mar 10 15:28:02.040436 dv-cinder-831247-10-iscsi devstack@c-api.service[110553]: DEBUG cinder.api.openstack.wsgi [None req-44c28701-30cc-4472-a875-d7d1e7b1bfa9 tempest-UserMessagesTest-1546398818 tempest-UserMessagesTest-1546398818-project] Calling method 'version_select' {{(pid=110553) _process_stack /opt/stack/cinder/cinder/api/openstack/wsgi.py:868}}
Mar 10 15:28:02.040436 dv-cinder-831247-10-iscsi devstack@c-api.service[110553]: INFO cinder.api.openstack.wsgi [None req-44c28701-30cc-4472-a875-d7d1e7b1bfa9 tempest-UserMessagesTest-1546398818 tempest-UserMessagesTest-1546398818-project] http://10.222.0.44/volume/v3/cf4d8f3b85214c5b8f0a71f547c934c5/messages/667bafad-d1c4-45e5-9663-67888b80ddf0 returned with HTTP 404
Mar 10 15:28:02.040830 dv-cinder-831247-10-iscsi devstack@c-api.service[110554]: DEBUG cinder.api.middleware.request_id [None req-3fe71603-a5cc-456d-9783-f53bae852a13 None None] RequestId filter calling following filter/app {{(pid=110554) _context_setter /opt/stack/cinder/cinder/api/middleware/request_id.py:62}}
Mar 10 15:28:02.040830 dv-cinder-831247-10-iscsi devstack@c-api.service[110554]: INFO cinder.api.openstack.wsgi [None req-3fe71603-a5cc-456d-9783-f53bae852a13 tempest-UserMessagesTest-1006201382 tempest-UserMessagesTest-1006201382-project-admin] POST http://10.222.0.44/volume/v3/3aaa5f4981654dcfa1f626d66fb2d3f3/types
Mar 10 15:28:02.040830 dv-cinder-831247-10-iscsi devstack@c-api.service[110554]: DEBUG cinder.api.openstack.wsgi [None req-3fe71603-a5cc-456d-9783-f53bae852a13 tempest-UserMessagesTest-1006201382 tempest-UserMessagesTest-1006201382-project-admin] Action: 'create', calling method: _create, body: {"volume_type": {"name": "tempest-UserMessagesTest-volume-type-477499415", "extra_specs": {"storage_protocol": "tempest-storage_protocol-1625780859", "vendor_name": "tempest-vendor_name-1255560707"}}} {{(pid=110554) _process_stack /opt/stack/cinder/cinder/api/openstack/wsgi.py:866}}
Mar 10 15:28:02.041424 dv-cinder-831247-10-iscsi devstack@c-api.service[110553]: [pid: 110553|app: 0|req: 9/18] 10.222.0.44 () {60 vars in 1367 bytes} [Thu Mar 10 15:28:01 2022] GET /volume/v3/cf4d8f3b85214c5b8f0a71f547c934c5/messages/667bafad-d1c4-45e5-9663-67888b80ddf0 => generated 110 bytes in 38 msecs (HTTP/1.1 404) 7 headers in 292 bytes (1 switches on core 0)
Mar 10 15:28:02.118136 dv-cinder-831247-10-iscsi devstack@c-api.service[110554]: INFO cinder.api.openstack.wsgi [None req-3fe71603-a5cc-456d-9783-f53bae852a13 tempest-UserMessagesTest-1006201382 tempest-UserMessagesTest-1006201382-project-admin] http://10.222.0.44/volume/v3/3aaa5f4981654dcfa1f626d66fb2d3f3/types returned with HTTP 200
Mar 10 15:28:02.123535 dv-cinder-831247-10-iscsi devstack@c-api.service[110554]: [pid: 110554|app: 0|req: 10/19] 10.222.0.44 () {60 vars in 1229 bytes} [Thu Mar 10 15:28:01 2022] POST /volume/v3/3aaa5f4981654dcfa1f626d66fb2d3f3/types => generated 327 bytes in 337 msecs (HTTP/1.1 200) 7 headers in 285 bytes (1 switches on core 0)
Mar 10 15:28:02.128746 dv-cinder-831247-10-iscsi devstack@c-api.service[110553]: DEBUG cinder.api.middleware.request_id [None req-85d96add-fe40-46ff-8cb4-8def3bff7ee6 None None] RequestId filter calling following filter/app {{(pid=110553) _context_setter /opt/stack/cinder/cinder/api/middleware/request_id.py:62}}
Mar 10 15:28:02.140265 dv-cinder-831247-10-iscsi devstack@c-api.service[110553]: INFO cinder.api.openstack.wsgi [None req-85d96add-fe40-46ff-8cb4-8def3bff7ee6 tempest-UserMessagesTest-1546398818 tempest-UserMessagesTest-1546398818-project] POST http://10.222.0.44/volume/v3/cf4d8f3b85214c5b8f0a71f547c934c5/volumes
Mar 10 15:28:02.141226 dv-cinder-831247-10-iscsi devstack@c-api.service[110553]: DEBUG cinder.api.openstack.wsgi [None req-85d96add-fe40-46ff-8cb4-8def3bff7ee6 tempest-UserMessagesTest-1546398818 tempest-UserMessagesTest-1546398818-project] Action: 'create', calling method: create, body: {"volume": {"volume_type": "4abc62d1-b06a-4d1c-9f78-c23cf31a768e", "size": 1, "name": "tempest-UserMessagesTest-Volume-965024631"}} {{(pid=110553) _process_stack /opt/stack/cinder/cinder/api/openstack/wsgi.py:866}}
Mar 10 15:28:02.142202 dv-cinder-831247-10-iscsi devstack@c-api.service[110553]: DEBUG cinder.api.v3.volumes [None req-85d96add-fe40-46ff-8cb4-8def3bff7ee6 tempest-UserMessagesTest-1546398818 tempest-UserMessagesTest-1546398818-project] Create volume request body: {'volume': {'volume_type': '4abc62d1-b06a-4d1c-9f78-c23cf31a768e', 'size': 1, 'name': 'tempest-UserMessagesTest-Volume-965024631'}} {{(pid=110553) create /opt/stack/cinder/cinder/api/v3/volumes.py:298}}
Mar 10 15:28:02.156288 dv-cinder-831247-10-iscsi devstack@c-api.service[110553]: INFO cinder.api.v3.volumes [None req-85d96add-fe40-46ff-8cb4-8def3bff7ee6 tempest-UserMessagesTest-1546398818 tempest-UserMessagesTest-1546398818-project] Create volume of 1 GB
Mar 10 15:28:02.157341 dv-cinder-831247-10-iscsi devstack@c-api.service[110553]: /usr/local/lib/python3.8/dist-packages/oslo_context/context.py:100: DeprecationWarning: Policy enforcement is depending on the value of is_admin. This key is deprecated. Please update your policy file to use the standard policy values.
Mar 10 15:28:02.157341 dv-cinder-831247-10-iscsi devstack@c-api.service[110553]: warnings.warn('Policy enforcement is depending on the value of '
Mar 10 15:28:02.159268 dv-cinder-831247-10-iscsi devstack@c-api.service[110553]: INFO cinder.volume.api [None req-85d96add-fe40-46ff-8cb4-8def3bff7ee6 tempest-UserMessagesTest-1546398818 tempest-UserMessagesTest-1546398818-project] Availability Zones retrieved successfully.
Mar 10 15:28:02.177099 dv-cinder-831247-10-iscsi devstack@c-api.service[110553]: DEBUG cinder.volume.api [None req-85d96add-fe40-46ff-8cb4-8def3bff7ee6 tempest-UserMessagesTest-1546398818 tempest-UserMessagesTest-1546398818-project] Flow 'volume_create_api' (7047c521-693f-47c0-98a2-277bf44a46a6) transitioned into state 'RUNNING' from state 'PENDING' {{(pid=110553) _flow_receiver /usr/local/lib/python3.8/dist-packages/taskflow/listeners/logging.py:141}}
Mar 10 15:28:02.183017 dv-cinder-831247-10-iscsi devstack@c-api.service[110553]: DEBUG cinder.volume.api [None req-85d96add-fe40-46ff-8cb4-8def3bff7ee6 tempest-UserMessagesTest-1546398818 tempest-UserMessagesTest-1546398818-project] Task 'cinder.volume.flows.api.create_volume.ExtractVolumeRequestTask;volume:create' (b1c58f23-de5d-4c39-aec8-1e7020e8dc03) transitioned into state 'RUNNING' from state 'PENDING' {{(pid=110553) _task_receiver /usr/local/lib/python3.8/dist-packages/taskflow/listeners/logging.py:190}}
Mar 10 15:28:02.189367 dv-cinder-831247-10-iscsi devstack@c-api.service[110553]: DEBUG cinder.volume.flows.api.create_volume [None req-85d96add-fe40-46ff-8cb4-8def3bff7ee6 tempest-UserMessagesTest-1546398818 tempest-UserMessagesTest-1546398818-project] Validating volume size '1' using validate_int {{(pid=110553) _extract_size /opt/stack/cinder/cinder/volume/flows/api/create_volume.py:225}}
Mar 10 15:28:02.226732 dv-cinder-831247-10-iscsi devstack@c-api.service[110553]: DEBUG cinder.volume.api [None req-85d96add-fe40-46ff-8cb4-8def3bff7ee6 tempest-UserMessagesTest-1546398818 tempest-UserMessagesTest-1546398818-project] Task 'cinder.volume.flows.api.create_volume.ExtractVolumeRequestTask;volume:create' (b1c58f23-de5d-4c39-aec8-1e7020e8dc03) transitioned into state 'SUCCESS' from state 'RUNNING' with result '{'size': 1, 'snapshot_id': None, 'source_volid': None, 'volume_type': VolumeType(created_at=2022-03-10T15:28:02Z,deleted=False,deleted_at=None,description=None,extra_specs={storage_protocol='tempest-storage_protocol-1625780859',vendor_name='tempest-vendor_name-1255560707'},id=4abc62d1-b06a-4d1c-9f78-c23cf31a768e,is_public=True,name='tempest-UserMessagesTest-volume-type-477499415',projects=[],qos_specs=,qos_specs_id=None,updated_at=None), 'volume_type_id': '4abc62d1-b06a-4d1c-9f78-c23cf31a768e', 'encryption_key_id': None, 'qos_specs': None, 'consistencygroup_id': None, 'cgsnapshot_id': None, 'group_id': None, 'replication_status': 'disabled', 'refresh_az': False, 'backup_id': None, 'multiattach': False, 'availability_zones': ['nova']}' {{(pid=110553) _task_receiver /usr/local/lib/python3.8/dist-packages/taskflow/listeners/logging.py:178}}
Mar 10 15:28:02.230052 dv-cinder-831247-10-iscsi devstack@c-api.service[110553]: DEBUG cinder.volume.api [None req-85d96add-fe40-46ff-8cb4-8def3bff7ee6 tempest-UserMessagesTest-1546398818 tempest-UserMessagesTest-1546398818-project] Task 'cinder.volume.flows.api.create_volume.QuotaReserveTask;volume:create' (c8c57050-832b-45c8-a5c5-b4859bd876b4) transitioned into state 'RUNNING' from state 'PENDING' {{(pid=110553) _task_receiver /usr/local/lib/python3.8/dist-packages/taskflow/listeners/logging.py:190}}
Mar 10 15:28:02.315624 dv-cinder-831247-10-iscsi devstack@c-api.service[110553]: WARNING cinder.quota [None req-85d96add-fe40-46ff-8cb4-8def3bff7ee6 tempest-UserMessagesTest-1546398818 tempest-UserMessagesTest-1546398818-project] Deprecated: Default quota for resource: volumes_tempest-UserMessagesTest-volume-type-477499415 is set by the default quota flag: quota_volumes_tempest-UserMessagesTest-volume-type-477499415, it is now deprecated. Please use the default quota class for default quota.
Mar 10 15:28:02.321788 dv-cinder-831247-10-iscsi devstack@c-api.service[110553]: WARNING cinder.quota [None req-85d96add-fe40-46ff-8cb4-8def3bff7ee6 tempest-UserMessagesTest-1546398818 tempest-UserMessagesTest-1546398818-project] Deprecated: Default quota for resource: gigabytes_tempest-UserMessagesTest-volume-type-477499415 is set by the default quota flag: quota_gigabytes_tempest-UserMessagesTest-volume-type-477499415, it is now deprecated. Please use the default quota class for default quota.
Mar 10 15:28:02.473353 dv-cinder-831247-10-iscsi devstack@c-api.service[110554]: DEBUG cinder.api.middleware.request_id [None req-178ef19a-335e-4564-a65a-9ca5fa2c8016 None None] RequestId filter calling following filter/app {{(pid=110554) _context_setter /opt/stack/cinder/cinder/api/middleware/request_id.py:62}}
Mar 10 15:28:02.502800 dv-cinder-831247-10-iscsi devstack@c-api.service[110554]: INFO cinder.api.openstack.wsgi [None req-178ef19a-335e-4564-a65a-9ca5fa2c8016 tempest-SnapshotsActionsTest-1480003012 tempest-SnapshotsActionsTest-1480003012-project] GET http://10.222.0.44/volume/v3/80393fde42ab44f0bd746f0952f6b4f5/volumes/6ca9ba28-e087-490e-9439-74f96f325903
Mar 10 15:28:02.507072 dv-cinder-831247-10-iscsi devstack@c-api.service[110554]: DEBUG cinder.api.openstack.wsgi [None req-178ef19a-335e-4564-a65a-9ca5fa2c8016 tempest-SnapshotsActionsTest-1480003012 tempest-SnapshotsActionsTest-1480003012-project] Empty body provided in request {{(pid=110554) get_body /opt/stack/cinder/cinder/api/openstack/wsgi.py:715}}
Mar 10 15:28:02.521638 dv-cinder-831247-10-iscsi devstack@c-api.service[110554]: DEBUG cinder.api.openstack.wsgi [None req-178ef19a-335e-4564-a65a-9ca5fa2c8016 tempest-SnapshotsActionsTest-1480003012 tempest-SnapshotsActionsTest-1480003012-project] Calling method 'show' {{(pid=110554) _process_stack /opt/stack/cinder/cinder/api/openstack/wsgi.py:868}}
Mar 10 15:28:02.641236 dv-cinder-831247-10-iscsi devstack@c-api.service[110554]: /usr/local/lib/python3.8/dist-packages/oslo_context/context.py:100: DeprecationWarning: Policy enforcement is depending on the value of is_admin. This key is deprecated. Please update your policy file to use the standard policy values.
Mar 10 15:28:02.641236 dv-cinder-831247-10-iscsi devstack@c-api.service[110554]: warnings.warn('Policy enforcement is depending on the value of '
Mar 10 15:28:02.700796 dv-cinder-831247-10-iscsi devstack@c-api.service[110554]: INFO cinder.volume.api [None req-178ef19a-335e-4564-a65a-9ca5fa2c8016 tempest-SnapshotsActionsTest-1480003012 tempest-SnapshotsActionsTest-1480003012-project] Volume info retrieved successfully.
Mar 10 15:28:02.705967 dv-cinder-831247-10-iscsi devstack@c-api.service[110553]: DEBUG cinder.quota [None req-85d96add-fe40-46ff-8cb4-8def3bff7ee6 tempest-UserMessagesTest-1546398818 tempest-UserMessagesTest-1546398818-project] Created reservations ['570b9043-cb2d-494e-ba8f-9af0faf75cb5', '4b4cb264-d633-4015-ba4e-5b39a340ae38', '2f8ad9b6-6393-4c5a-a783-3faf8e9854a5', '5e96ac21-3699-4217-a4e4-2f68b1dcdec6'] {{(pid=110553) reserve /opt/stack/cinder/cinder/quota.py:755}}
Mar 10 15:28:02.708942 dv-cinder-831247-10-iscsi devstack@c-api.service[110553]: DEBUG cinder.volume.api [None req-85d96add-fe40-46ff-8cb4-8def3bff7ee6 tempest-UserMessagesTest-1546398818 tempest-UserMessagesTest-1546398818-project] Task 'cinder.volume.flows.api.create_volume.QuotaReserveTask;volume:create' (c8c57050-832b-45c8-a5c5-b4859bd876b4) transitioned into state 'SUCCESS' from state 'RUNNING' with result '{'reservations': ['570b9043-cb2d-494e-ba8f-9af0faf75cb5', '4b4cb264-d633-4015-ba4e-5b39a340ae38', '2f8ad9b6-6393-4c5a-a783-3faf8e9854a5', '5e96ac21-3699-4217-a4e4-2f68b1dcdec6']}' {{(pid=110553) _task_receiver /usr/local/lib/python3.8/dist-packages/taskflow/listeners/logging.py:178}}
Mar 10 15:28:02.712828 dv-cinder-831247-10-iscsi devstack@c-api.service[110553]: DEBUG cinder.volume.api [None req-85d96add-fe40-46ff-8cb4-8def3bff7ee6 tempest-UserMessagesTest-1546398818 tempest-UserMessagesTest-1546398818-project] Task 'cinder.volume.flows.api.create_volume.EntryCreateTask;volume:create' (3c7bc0b8-c005-4a33-8e10-573943450407) transitioned into state 'RUNNING' from state 'PENDING' {{(pid=110553) _task_receiver /usr/local/lib/python3.8/dist-packages/taskflow/listeners/logging.py:190}}
Mar 10 15:28:02.747367 dv-cinder-831247-10-iscsi devstack@c-api.service[110554]: INFO cinder.api.openstack.wsgi [None req-178ef19a-335e-4564-a65a-9ca5fa2c8016 tempest-SnapshotsActionsTest-1480003012 tempest-SnapshotsActionsTest-1480003012-project] http://10.222.0.44/volume/v3/80393fde42ab44f0bd746f0952f6b4f5/volumes/6ca9ba28-e087-490e-9439-74f96f325903 returned with HTTP 200
Mar 10 15:28:02.748869 dv-cinder-831247-10-iscsi devstack@c-api.service[110554]: [pid: 110554|app: 0|req: 11/20] 10.222.0.44 () {58 vars in 1324 bytes} [Thu Mar 10 15:28:02 2022] GET /volume/v3/80393fde42ab44f0bd746f0952f6b4f5/volumes/6ca9ba28-e087-490e-9439-74f96f325903 => generated 913 bytes in 278 msecs (HTTP/1.1 200) 7 headers in 285 bytes (1 switches on core 0)
Mar 10 15:28:02.760720 dv-cinder-831247-10-iscsi devstack@c-api.service[110554]: DEBUG cinder.api.middleware.request_id [None req-f8cb980a-c0c7-46ee-8427-1b802acc895d None None] RequestId filter calling following filter/app {{(pid=110554) _context_setter /opt/stack/cinder/cinder/api/middleware/request_id.py:62}}
Mar 10 15:28:02.766100 dv-cinder-831247-10-iscsi devstack@c-api.service[110554]: INFO cinder.api.openstack.wsgi [None req-f8cb980a-c0c7-46ee-8427-1b802acc895d tempest-SnapshotsActionsTest-1480003012 tempest-SnapshotsActionsTest-1480003012-project] POST http://10.222.0.44/volume/v3/80393fde42ab44f0bd746f0952f6b4f5/snapshots
Mar 10 15:28:02.767136 dv-cinder-831247-10-iscsi devstack@c-api.service[110554]: DEBUG cinder.api.openstack.wsgi [None req-f8cb980a-c0c7-46ee-8427-1b802acc895d tempest-SnapshotsActionsTest-1480003012 tempest-SnapshotsActionsTest-1480003012-project] Action: 'create', calling method: create, body: {"snapshot": {"volume_id": "6ca9ba28-e087-490e-9439-74f96f325903", "name": "tempest-SnapshotsActionsTest-Snapshot-1829807553"}} {{(pid=110554) _process_stack /opt/stack/cinder/cinder/api/openstack/wsgi.py:866}}
Mar 10 15:28:02.819587 dv-cinder-831247-10-iscsi devstack@c-api.service[110554]: /usr/local/lib/python3.8/dist-packages/oslo_context/context.py:100: DeprecationWarning: Policy enforcement is depending on the value of is_admin. This key is deprecated. Please update your policy file to use the standard policy values.
Mar 10 15:28:02.819587 dv-cinder-831247-10-iscsi devstack@c-api.service[110554]: warnings.warn('Policy enforcement is depending on the value of '
Mar 10 15:28:02.823246 dv-cinder-831247-10-iscsi devstack@c-api.service[110554]: INFO cinder.volume.api [None req-f8cb980a-c0c7-46ee-8427-1b802acc895d tempest-SnapshotsActionsTest-1480003012 tempest-SnapshotsActionsTest-1480003012-project] Volume info retrieved successfully.
Mar 10 15:28:02.823246 dv-cinder-831247-10-iscsi devstack@c-api.service[110554]: INFO cinder.api.v3.snapshots [None req-f8cb980a-c0c7-46ee-8427-1b802acc895d tempest-SnapshotsActionsTest-1480003012 tempest-SnapshotsActionsTest-1480003012-project] Create snapshot from volume 6ca9ba28-e087-490e-9439-74f96f325903
Mar 10 15:28:02.869539 dv-cinder-831247-10-iscsi devstack@c-api.service[110553]: DEBUG cinder.volume.api [None req-85d96add-fe40-46ff-8cb4-8def3bff7ee6 tempest-UserMessagesTest-1546398818 tempest-UserMessagesTest-1546398818-project] Task 'cinder.volume.flows.api.create_volume.EntryCreateTask;volume:create' (3c7bc0b8-c005-4a33-8e10-573943450407) transitioned into state 'SUCCESS' from state 'RUNNING' with result '{'volume_id': 'a01733b2-0e2a-4781-a869-d0922ba722eb', 'volume_properties': VolumeProperties(attach_status='detached',availability_zone='nova',cgsnapshot_id=None,consistencygroup_id=None,display_description=None,display_name='tempest-UserMessagesTest-Volume-965024631',encryption_key_id=None,group_id=None,group_type_id=,metadata={},multiattach=False,project_id='cf4d8f3b85214c5b8f0a71f547c934c5',qos_specs=None,replication_status=,reservations=['570b9043-cb2d-494e-ba8f-9af0faf75cb5','4b4cb264-d633-4015-ba4e-5b39a340ae38','2f8ad9b6-6393-4c5a-a783-3faf8e9854a5','5e96ac21-3699-4217-a4e4-2f68b1dcdec6'],size=1,snapshot_id=None,source_replicaid=,source_volid=None,status='creating',user_id='b92804cb947341dd9affd133f496cdd3',volume_type_id=4abc62d1-b06a-4d1c-9f78-c23cf31a768e), 'volume': Volume(_name_id=None,admin_metadata=,attach_status='detached',availability_zone='nova',bootable=False,cluster=,cluster_name=None,consistencygroup=,consistencygroup_id=None,created_at=2022-03-10T15:28:02Z,deleted=False,deleted_at=None,display_description=None,display_name='tempest-UserMessagesTest-Volume-965024631',ec2_id=None,encryption_key_id=None,glance_metadata=,group=,group_id=None,host=None,id=a01733b2-0e2a-4781-a869-d0922ba722eb,launched_at=None,metadata={},migration_status=None,multiattach=False,previous_status=None,project_id='cf4d8f3b85214c5b8f0a71f547c934c5',provider_auth=None,provider_geometry=None,provider_id=None,provider_location=None,replication_driver_data=None,replication_extended_status=None,replication_status=None,scheduled_at=None,service_uuid=None,shared_targets=True,size=1,snapshot_id=None,snapshots=,source_volid=None,status='creating',terminated_at=None,updated_at=None,use_quota=True,user_id='b92804cb947341dd9affd133f496cdd3',volume_attachment=VolumeAttachmentList,volume_type=VolumeType(4abc62d1-b06a-4d1c-9f78-c23cf31a768e),volume_type_id=4abc62d1-b06a-4d1c-9f78-c23cf31a768e)}' {{(pid=110553) _task_receiver /usr/local/lib/python3.8/dist-packages/taskflow/listeners/logging.py:178}}
Mar 10 15:28:02.882432 dv-cinder-831247-10-iscsi devstack@c-api.service[110553]: DEBUG cinder.volume.api [None req-85d96add-fe40-46ff-8cb4-8def3bff7ee6 tempest-UserMessagesTest-1546398818 tempest-UserMessagesTest-1546398818-project] Task 'cinder.volume.flows.api.create_volume.QuotaCommitTask;volume:create' (00f5bfee-f25e-442a-92b1-42f1e1b93896) transitioned into state 'RUNNING' from state 'PENDING' {{(pid=110553) _task_receiver /usr/local/lib/python3.8/dist-packages/taskflow/listeners/logging.py:190}}
Mar 10 15:28:02.917735 dv-cinder-831247-10-iscsi devstack@c-api.service[110554]: WARNING cinder.quota [None req-f8cb980a-c0c7-46ee-8427-1b802acc895d tempest-SnapshotsActionsTest-1480003012 tempest-SnapshotsActionsTest-1480003012-project] Deprecated: Default quota for resource: gigabytes___DEFAULT__ is set by the default quota flag: quota_gigabytes___DEFAULT__, it is now deprecated. Please use the default quota class for default quota.
Mar 10 15:28:02.925301 dv-cinder-831247-10-iscsi devstack@c-api.service[110554]: WARNING cinder.quota [None req-f8cb980a-c0c7-46ee-8427-1b802acc895d tempest-SnapshotsActionsTest-1480003012 tempest-SnapshotsActionsTest-1480003012-project] Deprecated: Default quota for resource: snapshots___DEFAULT__ is set by the default quota flag: quota_snapshots___DEFAULT__, it is now deprecated. Please use the default quota class for default quota.
Mar 10 15:28:03.063661 dv-cinder-831247-10-iscsi devstack@c-api.service[110553]: DEBUG cinder.volume.api [None req-85d96add-fe40-46ff-8cb4-8def3bff7ee6 tempest-UserMessagesTest-1546398818 tempest-UserMessagesTest-1546398818-project] Task 'cinder.volume.flows.api.create_volume.QuotaCommitTask;volume:create' (00f5bfee-f25e-442a-92b1-42f1e1b93896) transitioned into state 'SUCCESS' from state 'RUNNING' with result '{'volume_properties': VolumeProperties(attach_status='detached',availability_zone='nova',cgsnapshot_id=None,consistencygroup_id=None,display_description=None,display_name='tempest-UserMessagesTest-Volume-965024631',encryption_key_id=None,group_id=None,group_type_id=,metadata={},multiattach=False,project_id='cf4d8f3b85214c5b8f0a71f547c934c5',qos_specs=None,replication_status=,reservations=['570b9043-cb2d-494e-ba8f-9af0faf75cb5','4b4cb264-d633-4015-ba4e-5b39a340ae38','2f8ad9b6-6393-4c5a-a783-3faf8e9854a5','5e96ac21-3699-4217-a4e4-2f68b1dcdec6'],size=1,snapshot_id=None,source_replicaid=,source_volid=None,status='creating',user_id='b92804cb947341dd9affd133f496cdd3',volume_type_id=4abc62d1-b06a-4d1c-9f78-c23cf31a768e)}' {{(pid=110553) _task_receiver /usr/local/lib/python3.8/dist-packages/taskflow/listeners/logging.py:178}}
Mar 10 15:28:03.075404 dv-cinder-831247-10-iscsi devstack@c-api.service[110553]: DEBUG cinder.volume.api [None req-85d96add-fe40-46ff-8cb4-8def3bff7ee6 tempest-UserMessagesTest-1546398818 tempest-UserMessagesTest-1546398818-project] Task 'cinder.volume.flows.api.create_volume.VolumeCastTask;volume:create' (db6ff840-71a2-4db9-8b77-9bcf0954873a) transitioned into state 'RUNNING' from state 'PENDING' {{(pid=110553) _task_receiver /usr/local/lib/python3.8/dist-packages/taskflow/listeners/logging.py:190}}
Mar 10 15:28:03.260699 dv-cinder-831247-10-iscsi devstack@c-api.service[110553]: DEBUG cinder.volume.api [None req-85d96add-fe40-46ff-8cb4-8def3bff7ee6 tempest-UserMessagesTest-1546398818 tempest-UserMessagesTest-1546398818-project] Task 'cinder.volume.flows.api.create_volume.VolumeCastTask;volume:create' (db6ff840-71a2-4db9-8b77-9bcf0954873a) transitioned into state 'SUCCESS' from state 'RUNNING' with result 'None' {{(pid=110553) _task_receiver /usr/local/lib/python3.8/dist-packages/taskflow/listeners/logging.py:178}}
Mar 10 15:28:03.277844 dv-cinder-831247-10-iscsi devstack@c-api.service[110553]: DEBUG cinder.volume.api [None req-85d96add-fe40-46ff-8cb4-8def3bff7ee6 tempest-UserMessagesTest-1546398818 tempest-UserMessagesTest-1546398818-project] Flow 'volume_create_api' (7047c521-693f-47c0-98a2-277bf44a46a6) transitioned into state 'SUCCESS' from state 'RUNNING' {{(pid=110553) _flow_receiver /usr/local/lib/python3.8/dist-packages/taskflow/listeners/logging.py:141}}
Mar 10 15:28:03.281181 dv-cinder-831247-10-iscsi devstack@c-api.service[110553]: INFO cinder.volume.api [None req-85d96add-fe40-46ff-8cb4-8def3bff7ee6 tempest-UserMessagesTest-1546398818 tempest-UserMessagesTest-1546398818-project] Create volume request issued successfully.
Mar 10 15:28:03.289247 dv-cinder-831247-10-iscsi devstack@c-api.service[110553]: INFO cinder.api.openstack.wsgi [None req-85d96add-fe40-46ff-8cb4-8def3bff7ee6 tempest-UserMessagesTest-1546398818 tempest-UserMessagesTest-1546398818-project] http://10.222.0.44/volume/v3/cf4d8f3b85214c5b8f0a71f547c934c5/volumes returned with HTTP 202
Mar 10 15:28:03.302361 dv-cinder-831247-10-iscsi devstack@c-api.service[110553]: [pid: 110553|app: 0|req: 10/21] 10.222.0.44 () {62 vars in 1275 bytes} [Thu Mar 10 15:28:02 2022] POST /volume/v3/cf4d8f3b85214c5b8f0a71f547c934c5/volumes => generated 850 bytes in 1175 msecs (HTTP/1.1 202) 7 headers in 291 bytes (1 switches on core 0)
Mar 10 15:28:03.309360 dv-cinder-831247-10-iscsi devstack@c-api.service[110553]: DEBUG cinder.api.middleware.request_id [None req-482b8266-7410-4a63-a068-ead2bdbf79ff None None] RequestId filter calling following filter/app {{(pid=110553) _context_setter /opt/stack/cinder/cinder/api/middleware/request_id.py:62}}
Mar 10 15:28:03.319607 dv-cinder-831247-10-iscsi devstack@c-api.service[110553]: INFO cinder.api.openstack.wsgi [None req-482b8266-7410-4a63-a068-ead2bdbf79ff tempest-UserMessagesTest-1546398818 tempest-UserMessagesTest-1546398818-project] GET http://10.222.0.44/volume/v3/cf4d8f3b85214c5b8f0a71f547c934c5/volumes/a01733b2-0e2a-4781-a869-d0922ba722eb
Mar 10 15:28:03.327058 dv-cinder-831247-10-iscsi devstack@c-api.service[110553]: DEBUG cinder.api.openstack.wsgi [None req-482b8266-7410-4a63-a068-ead2bdbf79ff tempest-UserMessagesTest-1546398818 tempest-UserMessagesTest-1546398818-project] Empty body provided in request {{(pid=110553) get_body /opt/stack/cinder/cinder/api/openstack/wsgi.py:715}}
Mar 10 15:28:03.328354 dv-cinder-831247-10-iscsi devstack@c-api.service[110553]: DEBUG cinder.api.openstack.wsgi [None req-482b8266-7410-4a63-a068-ead2bdbf79ff tempest-UserMessagesTest-1546398818 tempest-UserMessagesTest-1546398818-project] Calling method 'show' {{(pid=110553) _process_stack /opt/stack/cinder/cinder/api/openstack/wsgi.py:868}}
Mar 10 15:28:03.349826 dv-cinder-831247-10-iscsi devstack@c-api.service[110554]: DEBUG cinder.quota [None req-f8cb980a-c0c7-46ee-8427-1b802acc895d tempest-SnapshotsActionsTest-1480003012 tempest-SnapshotsActionsTest-1480003012-project] Created reservations ['e38bdba6-d651-4a1d-8cb7-3e8c6ffce6f3', 'cc38386f-5ca4-4eae-b36c-2b27f1cabc94', 'db6d6383-4dfc-42c7-b793-ef3d7b89e45e', '9e8ea8a2-a433-4c41-aea0-a3d024896e0e'] {{(pid=110554) reserve /opt/stack/cinder/cinder/quota.py:755}}
Mar 10 15:28:03.381721 dv-cinder-831247-10-iscsi devstack@c-api.service[110553]: /usr/local/lib/python3.8/dist-packages/oslo_context/context.py:100: DeprecationWarning: Policy enforcement is depending on the value of is_admin. This key is deprecated. Please update your policy file to use the standard policy values.
Mar 10 15:28:03.381721 dv-cinder-831247-10-iscsi devstack@c-api.service[110553]: warnings.warn('Policy enforcement is depending on the value of '
Mar 10 15:28:03.448168 dv-cinder-831247-10-iscsi devstack@c-api.service[110553]: INFO cinder.volume.api [None req-482b8266-7410-4a63-a068-ead2bdbf79ff tempest-UserMessagesTest-1546398818 tempest-UserMessagesTest-1546398818-project] Volume info retrieved successfully.
Mar 10 15:28:03.487161 dv-cinder-831247-10-iscsi devstack@c-api.service[110553]: INFO cinder.api.openstack.wsgi [None req-482b8266-7410-4a63-a068-ead2bdbf79ff tempest-UserMessagesTest-1546398818 tempest-UserMessagesTest-1546398818-project] http://10.222.0.44/volume/v3/cf4d8f3b85214c5b8f0a71f547c934c5/volumes/a01733b2-0e2a-4781-a869-d0922ba722eb returned with HTTP 200
Mar 10 15:28:03.495071 dv-cinder-831247-10-iscsi devstack@c-api.service[110553]: [pid: 110553|app: 0|req: 11/22] 10.222.0.44 () {60 vars in 1364 bytes} [Thu Mar 10 15:28:03 2022] GET /volume/v3/cf4d8f3b85214c5b8f0a71f547c934c5/volumes/a01733b2-0e2a-4781-a869-d0922ba722eb => generated 918 bytes in 187 msecs (HTTP/1.1 200) 7 headers in 285 bytes (1 switches on core 0)
Mar 10 15:28:03.824316 dv-cinder-831247-10-iscsi devstack@c-api.service[110554]: INFO cinder.volume.api [None req-f8cb980a-c0c7-46ee-8427-1b802acc895d tempest-SnapshotsActionsTest-1480003012 tempest-SnapshotsActionsTest-1480003012-project] Snapshot create request issued successfully.
Mar 10 15:28:03.825691 dv-cinder-831247-10-iscsi devstack@c-api.service[110554]: INFO cinder.api.openstack.wsgi [None req-f8cb980a-c0c7-46ee-8427-1b802acc895d tempest-SnapshotsActionsTest-1480003012 tempest-SnapshotsActionsTest-1480003012-project] http://10.222.0.44/volume/v3/80393fde42ab44f0bd746f0952f6b4f5/snapshots returned with HTTP 202
Mar 10 15:28:03.826843 dv-cinder-831247-10-iscsi devstack@c-api.service[110554]: [pid: 110554|app: 0|req: 12/23] 10.222.0.44 () {60 vars in 1241 bytes} [Thu Mar 10 15:28:02 2022] POST /volume/v3/80393fde42ab44f0bd746f0952f6b4f5/snapshots => generated 307 bytes in 1067 msecs (HTTP/1.1 202) 7 headers in 291 bytes (1 switches on core 0)
Mar 10 15:28:03.833865 dv-cinder-831247-10-iscsi devstack@c-api.service[110553]: DEBUG cinder.api.middleware.request_id [None req-eb39deb5-cdfa-46c2-ae64-b5a20a37bf87 None None] RequestId filter calling following filter/app {{(pid=110553) _context_setter /opt/stack/cinder/cinder/api/middleware/request_id.py:62}}
Mar 10 15:28:03.839620 dv-cinder-831247-10-iscsi devstack@c-api.service[110553]: INFO cinder.api.openstack.wsgi [None req-eb39deb5-cdfa-46c2-ae64-b5a20a37bf87 tempest-SnapshotsActionsTest-1480003012 tempest-SnapshotsActionsTest-1480003012-project] GET http://10.222.0.44/volume/v3/80393fde42ab44f0bd746f0952f6b4f5/snapshots/2bbc33fa-b1cb-41b7-ab48-c80feef9ebbf
Mar 10 15:28:03.840457 dv-cinder-831247-10-iscsi devstack@c-api.service[110553]: DEBUG cinder.api.openstack.wsgi [None req-eb39deb5-cdfa-46c2-ae64-b5a20a37bf87 tempest-SnapshotsActionsTest-1480003012 tempest-SnapshotsActionsTest-1480003012-project] Empty body provided in request {{(pid=110553) get_body /opt/stack/cinder/cinder/api/openstack/wsgi.py:715}}
Mar 10 15:28:03.841225 dv-cinder-831247-10-iscsi devstack@c-api.service[110553]: DEBUG cinder.api.openstack.wsgi [None req-eb39deb5-cdfa-46c2-ae64-b5a20a37bf87 tempest-SnapshotsActionsTest-1480003012 tempest-SnapshotsActionsTest-1480003012-project] Calling method 'show' {{(pid=110553) _process_stack /opt/stack/cinder/cinder/api/openstack/wsgi.py:868}}
Mar 10 15:28:04.049247 dv-cinder-831247-10-iscsi devstack@c-api.service[110553]: /usr/local/lib/python3.8/dist-packages/oslo_context/context.py:100: DeprecationWarning: Policy enforcement is depending on the value of is_admin. This key is deprecated. Please update your policy file to use the standard policy values.
Mar 10 15:28:04.049247 dv-cinder-831247-10-iscsi devstack@c-api.service[110553]: warnings.warn('Policy enforcement is depending on the value of '
Mar 10 15:28:04.054623 dv-cinder-831247-10-iscsi devstack@c-api.service[110553]: INFO cinder.volume.api [None req-eb39deb5-cdfa-46c2-ae64-b5a20a37bf87 tempest-SnapshotsActionsTest-1480003012 tempest-SnapshotsActionsTest-1480003012-project] Snapshot retrieved successfully.
