Feb 28 18:46:11.366407 dv-cinder-831188-1-iscsi devstack@n-api.service[96853]: DEBUG nova.api.openstack.wsgi_app [-] ******************************************************************************** {{(pid=96853) log_opt_values /usr/local/lib/python3.8/dist-packages/oslo_config/cfg.py:2613}}
Feb 28 18:46:11.398520 dv-cinder-831188-1-iscsi devstack@n-api.service[96852]: DEBUG oslo_db.sqlalchemy.engines [None req-6489a82e-a2a9-49e2-ab7c-15d36dbb04ed None None] MySQL server mode set to STRICT_TRANS_TABLES,STRICT_ALL_TABLES,NO_ZERO_IN_DATE,NO_ZERO_DATE,ERROR_FOR_DIVISION_BY_ZERO,TRADITIONAL,NO_ENGINE_SUBSTITUTION {{(pid=96852) _check_effective_sql_mode /usr/local/lib/python3.8/dist-packages/oslo_db/sqlalchemy/engines.py:304}}
Feb 28 18:46:11.402541 dv-cinder-831188-1-iscsi devstack@n-api.service[96853]: DEBUG oslo_db.sqlalchemy.engines [None req-8ac1e751-c38e-4ac3-8bbe-fe0b149c8d8d None None] MySQL server mode set to STRICT_TRANS_TABLES,STRICT_ALL_TABLES,NO_ZERO_IN_DATE,NO_ZERO_DATE,ERROR_FOR_DIVISION_BY_ZERO,TRADITIONAL,NO_ENGINE_SUBSTITUTION {{(pid=96853) _check_effective_sql_mode /usr/local/lib/python3.8/dist-packages/oslo_db/sqlalchemy/engines.py:304}}
Feb 28 18:46:11.646875 dv-cinder-831188-1-iscsi devstack@n-api.service[96852]: DEBUG nova.context [None req-6489a82e-a2a9-49e2-ab7c-15d36dbb04ed None None] Found 2 cells: 00000000-0000-0000-0000-000000000000(cell0),7285c963-76f0-460c-821b-63a6d571f74a(cell1) {{(pid=96852) load_cells /opt/stack/nova/nova/context.py:465}}
Feb 28 18:46:11.652929 dv-cinder-831188-1-iscsi devstack@n-api.service[96852]: DEBUG oslo_concurrency.lockutils [None req-6489a82e-a2a9-49e2-ab7c-15d36dbb04ed None None] Lock "00000000-0000-0000-0000-000000000000" acquired by "nova.context.set_target_cell..get_or_set_cached_cell_and_set_connections" :: waited 0.000s {{(pid=96852) inner /usr/local/lib/python3.8/dist-packages/oslo_concurrency/lockutils.py:355}}
Feb 28 18:46:11.654933 dv-cinder-831188-1-iscsi devstack@n-api.service[96852]: DEBUG oslo_concurrency.lockutils [None req-6489a82e-a2a9-49e2-ab7c-15d36dbb04ed None None] Lock "00000000-0000-0000-0000-000000000000" released by "nova.context.set_target_cell..get_or_set_cached_cell_and_set_connections" :: held 0.003s {{(pid=96852) inner /usr/local/lib/python3.8/dist-packages/oslo_concurrency/lockutils.py:367}}
Feb 28 18:46:11.656054 dv-cinder-831188-1-iscsi devstack@n-api.service[96852]: DEBUG oslo_concurrency.lockutils [None req-6489a82e-a2a9-49e2-ab7c-15d36dbb04ed None None] Lock "7285c963-76f0-460c-821b-63a6d571f74a" acquired by "nova.context.set_target_cell..get_or_set_cached_cell_and_set_connections" :: waited 0.000s {{(pid=96852) inner /usr/local/lib/python3.8/dist-packages/oslo_concurrency/lockutils.py:355}}
Feb 28 18:46:11.657206 dv-cinder-831188-1-iscsi devstack@n-api.service[96853]: DEBUG nova.context [None req-8ac1e751-c38e-4ac3-8bbe-fe0b149c8d8d None None] Found 2 cells: 00000000-0000-0000-0000-000000000000(cell0),7285c963-76f0-460c-821b-63a6d571f74a(cell1) {{(pid=96853) load_cells /opt/stack/nova/nova/context.py:465}}
Feb 28 18:46:11.658426 dv-cinder-831188-1-iscsi devstack@n-api.service[96852]: DEBUG oslo_concurrency.lockutils [None req-6489a82e-a2a9-49e2-ab7c-15d36dbb04ed None None] Lock "7285c963-76f0-460c-821b-63a6d571f74a" released by "nova.context.set_target_cell..get_or_set_cached_cell_and_set_connections" :: held 0.002s {{(pid=96852) inner /usr/local/lib/python3.8/dist-packages/oslo_concurrency/lockutils.py:367}}
Feb 28 18:46:11.662296 dv-cinder-831188-1-iscsi devstack@n-api.service[96853]: DEBUG oslo_concurrency.lockutils [None req-8ac1e751-c38e-4ac3-8bbe-fe0b149c8d8d None None] Lock "00000000-0000-0000-0000-000000000000" acquired by "nova.context.set_target_cell..get_or_set_cached_cell_and_set_connections" :: waited 0.000s {{(pid=96853) inner /usr/local/lib/python3.8/dist-packages/oslo_concurrency/lockutils.py:355}}
Feb 28 18:46:11.664262 dv-cinder-831188-1-iscsi devstack@n-api.service[96853]: DEBUG oslo_concurrency.lockutils [None req-8ac1e751-c38e-4ac3-8bbe-fe0b149c8d8d None None] Lock "00000000-0000-0000-0000-000000000000" released by "nova.context.set_target_cell..get_or_set_cached_cell_and_set_connections" :: held 0.002s {{(pid=96853) inner /usr/local/lib/python3.8/dist-packages/oslo_concurrency/lockutils.py:367}}
Feb 28 18:46:11.665287 dv-cinder-831188-1-iscsi devstack@n-api.service[96853]: DEBUG oslo_concurrency.lockutils [None req-8ac1e751-c38e-4ac3-8bbe-fe0b149c8d8d None None] Lock "7285c963-76f0-460c-821b-63a6d571f74a" acquired by "nova.context.set_target_cell..get_or_set_cached_cell_and_set_connections" :: waited 0.000s {{(pid=96853) inner /usr/local/lib/python3.8/dist-packages/oslo_concurrency/lockutils.py:355}}
Feb 28 18:46:11.667339 dv-cinder-831188-1-iscsi devstack@n-api.service[96853]: DEBUG oslo_concurrency.lockutils [None req-8ac1e751-c38e-4ac3-8bbe-fe0b149c8d8d None None] Lock "7285c963-76f0-460c-821b-63a6d571f74a" released by "nova.context.set_target_cell..get_or_set_cached_cell_and_set_connections" :: held 0.002s {{(pid=96853) inner /usr/local/lib/python3.8/dist-packages/oslo_concurrency/lockutils.py:367}}
Feb 28 18:46:11.687624 dv-cinder-831188-1-iscsi devstack@n-api.service[96852]: DEBUG oslo_db.sqlalchemy.engines [None req-6489a82e-a2a9-49e2-ab7c-15d36dbb04ed None None] MySQL server mode set to STRICT_TRANS_TABLES,STRICT_ALL_TABLES,NO_ZERO_IN_DATE,NO_ZERO_DATE,ERROR_FOR_DIVISION_BY_ZERO,TRADITIONAL,NO_ENGINE_SUBSTITUTION {{(pid=96852) _check_effective_sql_mode /usr/local/lib/python3.8/dist-packages/oslo_db/sqlalchemy/engines.py:304}}
Feb 28 18:46:11.691922 dv-cinder-831188-1-iscsi devstack@n-api.service[96853]: DEBUG oslo_db.sqlalchemy.engines [None req-8ac1e751-c38e-4ac3-8bbe-fe0b149c8d8d None None] MySQL server mode set to STRICT_TRANS_TABLES,STRICT_ALL_TABLES,NO_ZERO_IN_DATE,NO_ZERO_DATE,ERROR_FOR_DIVISION_BY_ZERO,TRADITIONAL,NO_ENGINE_SUBSTITUTION {{(pid=96853) _check_effective_sql_mode /usr/local/lib/python3.8/dist-packages/oslo_db/sqlalchemy/engines.py:304}}
Feb 28 18:46:11.692885 dv-cinder-831188-1-iscsi devstack@n-api.service[96852]: DEBUG oslo_db.sqlalchemy.engines [None req-6489a82e-a2a9-49e2-ab7c-15d36dbb04ed None None] MySQL server mode set to STRICT_TRANS_TABLES,STRICT_ALL_TABLES,NO_ZERO_IN_DATE,NO_ZERO_DATE,ERROR_FOR_DIVISION_BY_ZERO,TRADITIONAL,NO_ENGINE_SUBSTITUTION {{(pid=96852) _check_effective_sql_mode /usr/local/lib/python3.8/dist-packages/oslo_db/sqlalchemy/engines.py:304}}
Feb 28 18:46:11.698961 dv-cinder-831188-1-iscsi devstack@n-api.service[96853]: DEBUG oslo_db.sqlalchemy.engines [None req-8ac1e751-c38e-4ac3-8bbe-fe0b149c8d8d None None] MySQL server mode set to STRICT_TRANS_TABLES,STRICT_ALL_TABLES,NO_ZERO_IN_DATE,NO_ZERO_DATE,ERROR_FOR_DIVISION_BY_ZERO,TRADITIONAL,NO_ENGINE_SUBSTITUTION {{(pid=96853) _check_effective_sql_mode /usr/local/lib/python3.8/dist-packages/oslo_db/sqlalchemy/engines.py:304}}
Feb 28 18:46:11.721705 dv-cinder-831188-1-iscsi devstack@n-api.service[96852]: DEBUG oslo_db.sqlalchemy.engines [None req-6489a82e-a2a9-49e2-ab7c-15d36dbb04ed None None] MySQL server mode set to STRICT_TRANS_TABLES,STRICT_ALL_TABLES,NO_ZERO_IN_DATE,NO_ZERO_DATE,ERROR_FOR_DIVISION_BY_ZERO,TRADITIONAL,NO_ENGINE_SUBSTITUTION {{(pid=96852) _check_effective_sql_mode /usr/local/lib/python3.8/dist-packages/oslo_db/sqlalchemy/engines.py:304}}
Feb 28 18:46:11.724585 dv-cinder-831188-1-iscsi devstack@n-api.service[96853]: DEBUG oslo_db.sqlalchemy.engines [None req-8ac1e751-c38e-4ac3-8bbe-fe0b149c8d8d None None] MySQL server mode set to STRICT_TRANS_TABLES,STRICT_ALL_TABLES,NO_ZERO_IN_DATE,NO_ZERO_DATE,ERROR_FOR_DIVISION_BY_ZERO,TRADITIONAL,NO_ENGINE_SUBSTITUTION {{(pid=96853) _check_effective_sql_mode /usr/local/lib/python3.8/dist-packages/oslo_db/sqlalchemy/engines.py:304}}
Feb 28 18:46:11.966260 dv-cinder-831188-1-iscsi devstack@n-api.service[96853]: INFO keyring.backend [None req-8ac1e751-c38e-4ac3-8bbe-fe0b149c8d8d None None] Loading KWallet
Feb 28 18:46:11.970730 dv-cinder-831188-1-iscsi devstack@n-api.service[96852]: INFO keyring.backend [None req-6489a82e-a2a9-49e2-ab7c-15d36dbb04ed None None] Loading KWallet
Feb 28 18:46:11.975899 dv-cinder-831188-1-iscsi devstack@n-api.service[96853]: INFO keyring.backend [None req-8ac1e751-c38e-4ac3-8bbe-fe0b149c8d8d None None] Loading SecretService
Feb 28 18:46:11.979781 dv-cinder-831188-1-iscsi devstack@n-api.service[96853]: INFO keyring.backend [None req-8ac1e751-c38e-4ac3-8bbe-fe0b149c8d8d None None] Loading Windows
Feb 28 18:46:11.980027 dv-cinder-831188-1-iscsi devstack@n-api.service[96852]: INFO keyring.backend [None req-6489a82e-a2a9-49e2-ab7c-15d36dbb04ed None None] Loading SecretService
Feb 28 18:46:11.981609 dv-cinder-831188-1-iscsi devstack@n-api.service[96853]: INFO keyring.backend [None req-8ac1e751-c38e-4ac3-8bbe-fe0b149c8d8d None None] Loading chainer
Feb 28 18:46:11.982402 dv-cinder-831188-1-iscsi devstack@n-api.service[96853]: INFO keyring.backend [None req-8ac1e751-c38e-4ac3-8bbe-fe0b149c8d8d None None] Loading macOS
Feb 28 18:46:11.983892 dv-cinder-831188-1-iscsi devstack@n-api.service[96852]: INFO keyring.backend [None req-6489a82e-a2a9-49e2-ab7c-15d36dbb04ed None None] Loading Windows
Feb 28 18:46:11.985728 dv-cinder-831188-1-iscsi devstack@n-api.service[96852]: INFO keyring.backend [None req-6489a82e-a2a9-49e2-ab7c-15d36dbb04ed None None] Loading chainer
Feb 28 18:46:11.986514 dv-cinder-831188-1-iscsi devstack@n-api.service[96852]: INFO keyring.backend [None req-6489a82e-a2a9-49e2-ab7c-15d36dbb04ed None None] Loading macOS
Feb 28 18:46:12.231943 dv-cinder-831188-1-iscsi devstack@n-api.service[96853]: WARNING keystonemiddleware.auth_token [None req-8ac1e751-c38e-4ac3-8bbe-fe0b149c8d8d None None] AuthToken middleware is set with keystone_authtoken.service_token_roles_required set to False. This is backwards compatible but deprecated behaviour. Please set this to True.
Feb 28 18:46:12.238755 dv-cinder-831188-1-iscsi devstack@n-api.service[96853]: WARNING keystonemiddleware.auth_token [None req-8ac1e751-c38e-4ac3-8bbe-fe0b149c8d8d None None] Configuring www_authenticate_uri to point to the public identity endpoint is required; clients may not be able to authenticate against an admin endpoint
Feb 28 18:46:12.254778 dv-cinder-831188-1-iscsi devstack@n-api.service[96852]: WARNING keystonemiddleware.auth_token [None req-6489a82e-a2a9-49e2-ab7c-15d36dbb04ed None None] AuthToken middleware is set with keystone_authtoken.service_token_roles_required set to False. This is backwards compatible but deprecated behaviour. Please set this to True.
Feb 28 18:46:12.261416 dv-cinder-831188-1-iscsi devstack@n-api.service[96852]: WARNING keystonemiddleware.auth_token [None req-6489a82e-a2a9-49e2-ab7c-15d36dbb04ed None None] Configuring www_authenticate_uri to point to the public identity endpoint is required; clients may not be able to authenticate against an admin endpoint
Feb 28 18:46:12.457063 dv-cinder-831188-1-iscsi devstack@n-api.service[96853]: WARNING keystonemiddleware.auth_token [None req-8ac1e751-c38e-4ac3-8bbe-fe0b149c8d8d None None] AuthToken middleware is set with keystone_authtoken.service_token_roles_required set to False. This is backwards compatible but deprecated behaviour. Please set this to True.
Feb 28 18:46:12.462414 dv-cinder-831188-1-iscsi devstack@n-api.service[96853]: WARNING keystonemiddleware.auth_token [None req-8ac1e751-c38e-4ac3-8bbe-fe0b149c8d8d None None] Configuring www_authenticate_uri to point to the public identity endpoint is required; clients may not be able to authenticate against an admin endpoint
Feb 28 18:46:12.467694 dv-cinder-831188-1-iscsi devstack@n-api.service[96853]: WSGI app 0 (mountpoint='') ready in 5 seconds on interpreter 0x55b86face9c0 pid: 96853 (default app)
Feb 28 18:46:12.476972 dv-cinder-831188-1-iscsi devstack@n-api.service[96852]: WARNING keystonemiddleware.auth_token [None req-6489a82e-a2a9-49e2-ab7c-15d36dbb04ed None None] AuthToken middleware is set with keystone_authtoken.service_token_roles_required set to False. This is backwards compatible but deprecated behaviour. Please set this to True.
Feb 28 18:46:12.482271 dv-cinder-831188-1-iscsi devstack@n-api.service[96852]: WARNING keystonemiddleware.auth_token [None req-6489a82e-a2a9-49e2-ab7c-15d36dbb04ed None None] Configuring www_authenticate_uri to point to the public identity endpoint is required; clients may not be able to authenticate against an admin endpoint
Feb 28 18:46:12.487470 dv-cinder-831188-1-iscsi devstack@n-api.service[96852]: WSGI app 0 (mountpoint='') ready in 5 seconds on interpreter 0x55b86face9c0 pid: 96852 (default app)
Feb 28 18:46:57.398623 dv-cinder-831188-1-iscsi devstack@n-api.service[96853]: DEBUG nova.api.openstack.wsgi [None req-7362cd31-31b5-4e2b-840f-533f9cbb657f tempest-VolumesNegativeTest-994123493 tempest-VolumesNegativeTest-994123493-project] Action: 'create', calling method: .version_select at 0x7ff8eadb7dc0>, body: {"volume": {"size": "#$%", "display_name": "tempest-VolumesNegativeTest-Volume-1213584622", "metadata": {"Type": "work"}}} {{(pid=96853) _process_stack /opt/stack/nova/nova/api/openstack/wsgi.py:511}}
Feb 28 18:46:57.400255 dv-cinder-831188-1-iscsi devstack@n-api.service[96853]: DEBUG nova.api.openstack.wsgi [None req-7362cd31-31b5-4e2b-840f-533f9cbb657f tempest-VolumesNegativeTest-994123493 tempest-VolumesNegativeTest-994123493-project] Returning 400 to user: Invalid input for field/attribute size. Value: #$%. '#$%' does not match '^[0-9]+$' {{(pid=96853) __call__ /opt/stack/nova/nova/api/openstack/wsgi.py:926}}
Feb 28 18:46:57.401102 dv-cinder-831188-1-iscsi devstack@n-api.service[96853]: INFO nova.api.openstack.requestlog [None req-7362cd31-31b5-4e2b-840f-533f9cbb657f tempest-VolumesNegativeTest-994123493 tempest-VolumesNegativeTest-994123493-project] 10.222.0.18 "POST /compute/v2.1/os-volumes" status: 400 len: 127 microversion: 2.1 time: 1.189272
Feb 28 18:46:57.406897 dv-cinder-831188-1-iscsi devstack@n-api.service[96853]: [pid: 96853|app: 0|req: 1/1] 10.222.0.18 () {60 vars in 1155 bytes} [Mon Feb 28 18:46:56 2022] POST /compute/v2.1/os-volumes => generated 127 bytes in 1196 msecs (HTTP/1.1 400) 9 headers in 381 bytes (1 switches on core 0)
Feb 28 18:46:57.418808 dv-cinder-831188-1-iscsi devstack@n-api.service[96853]: DEBUG nova.api.openstack.wsgi [None req-d63d20a8-fb66-473e-bb6a-4ae7f600195a tempest-VolumesNegativeTest-994123493 tempest-VolumesNegativeTest-994123493-project] Action: 'create', calling method: .version_select at 0x7ff8ead1d790>, body: {"volume": {"size": "0", "display_name": "tempest-VolumesNegativeTest-Volume-207123024", "metadata": {"Type": "work"}}} {{(pid=96853) _process_stack /opt/stack/nova/nova/api/openstack/wsgi.py:511}}
Feb 28 18:46:57.421096 dv-cinder-831188-1-iscsi devstack@n-api.service[96853]: DEBUG nova.api.openstack.wsgi [None req-d63d20a8-fb66-473e-bb6a-4ae7f600195a tempest-VolumesNegativeTest-994123493 tempest-VolumesNegativeTest-994123493-project] Returning 400 to user: Invalid input for field/attribute size. Value: 0. 0 is less than the minimum of 1 {{(pid=96853) __call__ /opt/stack/nova/nova/api/openstack/wsgi.py:926}}
Feb 28 18:46:57.422246 dv-cinder-831188-1-iscsi devstack@n-api.service[96853]: INFO nova.api.openstack.requestlog [None req-d63d20a8-fb66-473e-bb6a-4ae7f600195a tempest-VolumesNegativeTest-994123493 tempest-VolumesNegativeTest-994123493-project] 10.222.0.18 "POST /compute/v2.1/os-volumes" status: 400 len: 125 microversion: 2.1 time: 0.013473
Feb 28 18:46:57.431517 dv-cinder-831188-1-iscsi devstack@n-api.service[96853]: [pid: 96853|app: 0|req: 2/2] 10.222.0.18 () {60 vars in 1155 bytes} [Mon Feb 28 18:46:57 2022] POST /compute/v2.1/os-volumes => generated 125 bytes in 24 msecs (HTTP/1.1 400) 9 headers in 381 bytes (1 switches on core 0)
Feb 28 18:46:57.449774 dv-cinder-831188-1-iscsi devstack@n-api.service[96853]: DEBUG nova.api.openstack.wsgi [None req-0d48a795-dc56-479c-8ddb-a9944821cdf9 tempest-VolumesNegativeTest-994123493 tempest-VolumesNegativeTest-994123493-project] Action: 'create', calling method: .version_select at 0x7ff8eaf7ad30>, body: {"volume": {"size": "", "display_name": "tempest-VolumesNegativeTest-Volume-713452731", "metadata": {"Type": "work"}}} {{(pid=96853) _process_stack /opt/stack/nova/nova/api/openstack/wsgi.py:511}}
Feb 28 18:46:57.455025 dv-cinder-831188-1-iscsi devstack@n-api.service[96853]: DEBUG nova.api.openstack.wsgi [None req-0d48a795-dc56-479c-8ddb-a9944821cdf9 tempest-VolumesNegativeTest-994123493 tempest-VolumesNegativeTest-994123493-project] Returning 400 to user: Invalid input for field/attribute size. Value: . '' does not match '^[0-9]+$' {{(pid=96853) __call__ /opt/stack/nova/nova/api/openstack/wsgi.py:926}}
Feb 28 18:46:57.456147 dv-cinder-831188-1-iscsi devstack@n-api.service[96853]: INFO nova.api.openstack.requestlog [None req-0d48a795-dc56-479c-8ddb-a9944821cdf9 tempest-VolumesNegativeTest-994123493 tempest-VolumesNegativeTest-994123493-project] 10.222.0.18 "POST /compute/v2.1/os-volumes" status: 400 len: 121 microversion: 2.1 time: 0.023270
Feb 28 18:46:57.459044 dv-cinder-831188-1-iscsi devstack@n-api.service[96853]: [pid: 96853|app: 0|req: 3/3] 10.222.0.18 () {60 vars in 1155 bytes} [Mon Feb 28 18:46:57 2022] POST /compute/v2.1/os-volumes => generated 121 bytes in 27 msecs (HTTP/1.1 400) 9 headers in 381 bytes (1 switches on core 0)
Feb 28 18:46:57.476470 dv-cinder-831188-1-iscsi devstack@n-api.service[96853]: DEBUG nova.api.openstack.wsgi [None req-b5dcb00d-31f5-4150-bfe6-b5d18e9bd51d tempest-VolumesNegativeTest-994123493 tempest-VolumesNegativeTest-994123493-project] Calling method '.version_select at 0x7ff8eacd41f0>' {{(pid=96853) _process_stack /opt/stack/nova/nova/api/openstack/wsgi.py:513}}
Feb 28 18:46:57.492305 dv-cinder-831188-1-iscsi devstack@n-api.service[96852]: DEBUG nova.api.openstack.wsgi [None req-97c64a13-8243-4daa-886b-2aa8075c9d68 tempest-VolumesGetTestJSON-530367221 tempest-VolumesGetTestJSON-530367221-project] Action: 'create', calling method: .version_select at 0x7ff8eadbddc0>, body: {"volume": {"size": 1, "display_name": "tempest-VolumesGetTestJSON-Volume-1609588862", "metadata": {"Type": "work"}}} {{(pid=96852) _process_stack /opt/stack/nova/nova/api/openstack/wsgi.py:511}}
Feb 28 18:46:57.994465 dv-cinder-831188-1-iscsi devstack@n-api.service[96853]: INFO nova.api.openstack.wsgi [None req-b5dcb00d-31f5-4150-bfe6-b5d18e9bd51d tempest-VolumesNegativeTest-994123493 tempest-VolumesNegativeTest-994123493-project] HTTP exception thrown: Volume tempest-invalid-557370083 could not be found.
Feb 28 18:46:57.995485 dv-cinder-831188-1-iscsi devstack@n-api.service[96853]: DEBUG nova.api.openstack.wsgi [None req-b5dcb00d-31f5-4150-bfe6-b5d18e9bd51d tempest-VolumesNegativeTest-994123493 tempest-VolumesNegativeTest-994123493-project] Returning 404 to user: Volume tempest-invalid-557370083 could not be found. {{(pid=96853) __call__ /opt/stack/nova/nova/api/openstack/wsgi.py:926}}
Feb 28 18:46:58.004423 dv-cinder-831188-1-iscsi devstack@n-api.service[96853]: INFO nova.api.openstack.requestlog [None req-b5dcb00d-31f5-4150-bfe6-b5d18e9bd51d tempest-VolumesNegativeTest-994123493 tempest-VolumesNegativeTest-994123493-project] 10.222.0.18 "DELETE /compute/v2.1/os-volumes/tempest-invalid-557370083" status: 404 len: 98 microversion: 2.1 time: 0.539816
Feb 28 18:46:58.004985 dv-cinder-831188-1-iscsi devstack@n-api.service[96853]: [pid: 96853|app: 0|req: 4/4] 10.222.0.18 () {58 vars in 1214 bytes} [Mon Feb 28 18:46:57 2022] DELETE /compute/v2.1/os-volumes/tempest-invalid-557370083 => generated 98 bytes in 541 msecs (HTTP/1.1 404) 9 headers in 378 bytes (2 switches on core 0)
Feb 28 18:46:58.033583 dv-cinder-831188-1-iscsi devstack@n-api.service[96853]: INFO nova.api.openstack.requestlog [None req-bebaa126-3188-453c-badb-3cbac76e0b11 tempest-VolumesNegativeTest-994123493 tempest-VolumesNegativeTest-994123493-project] 10.222.0.18 "DELETE /compute/v2.1/os-volumes/" status: 404 len: 112 microversion: - time: 0.022901
Feb 28 18:46:58.034720 dv-cinder-831188-1-iscsi devstack@n-api.service[96853]: [pid: 96853|app: 0|req: 5/5] 10.222.0.18 () {58 vars in 1139 bytes} [Mon Feb 28 18:46:58 2022] DELETE /compute/v2.1/os-volumes/ => generated 112 bytes in 25 msecs (HTTP/1.1 404) 5 headers in 228 bytes (1 switches on core 0)
Feb 28 18:46:58.052127 dv-cinder-831188-1-iscsi devstack@n-api.service[96853]: INFO nova.api.openstack.requestlog [None req-ff92a220-d3f0-4edc-bd9a-f785046699ef tempest-VolumesNegativeTest-994123493 tempest-VolumesNegativeTest-994123493-project] 10.222.0.18 "GET /compute/v2.1/os-volumes/" status: 404 len: 112 microversion: - time: 0.012117
Feb 28 18:46:58.053281 dv-cinder-831188-1-iscsi devstack@n-api.service[96853]: [pid: 96853|app: 0|req: 6/6] 10.222.0.18 () {58 vars in 1136 bytes} [Mon Feb 28 18:46:58 2022] GET /compute/v2.1/os-volumes/ => generated 112 bytes in 14 msecs (HTTP/1.1 404) 5 headers in 228 bytes (1 switches on core 0)
Feb 28 18:46:58.094068 dv-cinder-831188-1-iscsi devstack@n-api.service[96853]: DEBUG nova.api.openstack.wsgi [None req-0e0667dc-b8f5-418a-aa4b-ee02aa7baf43 tempest-VolumesNegativeTest-994123493 tempest-VolumesNegativeTest-994123493-project] Calling method '.version_select at 0x7ff8ead1dee0>' {{(pid=96853) _process_stack /opt/stack/nova/nova/api/openstack/wsgi.py:513}}
Feb 28 18:46:58.228217 dv-cinder-831188-1-iscsi devstack@n-api.service[96853]: INFO nova.api.openstack.wsgi [None req-0e0667dc-b8f5-418a-aa4b-ee02aa7baf43 tempest-VolumesNegativeTest-994123493 tempest-VolumesNegativeTest-994123493-project] HTTP exception thrown: Volume 89be780e-3c6a-4481-9093-035a641798e4 could not be found.
Feb 28 18:46:58.228966 dv-cinder-831188-1-iscsi devstack@n-api.service[96853]: DEBUG nova.api.openstack.wsgi [None req-0e0667dc-b8f5-418a-aa4b-ee02aa7baf43 tempest-VolumesNegativeTest-994123493 tempest-VolumesNegativeTest-994123493-project] Returning 404 to user: Volume 89be780e-3c6a-4481-9093-035a641798e4 could not be found. {{(pid=96853) __call__ /opt/stack/nova/nova/api/openstack/wsgi.py:926}}
Feb 28 18:46:58.230037 dv-cinder-831188-1-iscsi devstack@n-api.service[96853]: INFO nova.api.openstack.requestlog [None req-0e0667dc-b8f5-418a-aa4b-ee02aa7baf43 tempest-VolumesNegativeTest-994123493 tempest-VolumesNegativeTest-994123493-project] 10.222.0.18 "DELETE /compute/v2.1/os-volumes/89be780e-3c6a-4481-9093-035a641798e4" status: 404 len: 109 microversion: 2.1 time: 0.171959
Feb 28 18:46:58.234691 dv-cinder-831188-1-iscsi devstack@n-api.service[96853]: [pid: 96853|app: 0|req: 7/7] 10.222.0.18 () {58 vars in 1247 bytes} [Mon Feb 28 18:46:58 2022] DELETE /compute/v2.1/os-volumes/89be780e-3c6a-4481-9093-035a641798e4 => generated 109 bytes in 173 msecs (HTTP/1.1 404) 9 headers in 379 bytes (1 switches on core 0)
Feb 28 18:46:58.245673 dv-cinder-831188-1-iscsi devstack@n-api.service[96853]: DEBUG nova.api.openstack.wsgi [None req-c15c1b35-3c5e-4fca-9f00-a4f6fc99b542 tempest-VolumesNegativeTest-994123493 tempest-VolumesNegativeTest-994123493-project] Calling method '.version_select at 0x7ff8ead1d9d0>' {{(pid=96853) _process_stack /opt/stack/nova/nova/api/openstack/wsgi.py:513}}
Feb 28 18:46:58.749663 dv-cinder-831188-1-iscsi devstack@n-api.service[96853]: INFO nova.api.openstack.wsgi [None req-c15c1b35-3c5e-4fca-9f00-a4f6fc99b542 tempest-VolumesNegativeTest-994123493 tempest-VolumesNegativeTest-994123493-project] HTTP exception thrown: Volume 9da45758-df0c-4973-aaab-505082e5794c could not be found.
Feb 28 18:46:58.750261 dv-cinder-831188-1-iscsi devstack@n-api.service[96853]: DEBUG nova.api.openstack.wsgi [None req-c15c1b35-3c5e-4fca-9f00-a4f6fc99b542 tempest-VolumesNegativeTest-994123493 tempest-VolumesNegativeTest-994123493-project] Returning 404 to user: Volume 9da45758-df0c-4973-aaab-505082e5794c could not be found. {{(pid=96853) __call__ /opt/stack/nova/nova/api/openstack/wsgi.py:926}}
Feb 28 18:46:58.751199 dv-cinder-831188-1-iscsi devstack@n-api.service[96853]: INFO nova.api.openstack.requestlog [None req-c15c1b35-3c5e-4fca-9f00-a4f6fc99b542 tempest-VolumesNegativeTest-994123493 tempest-VolumesNegativeTest-994123493-project] 10.222.0.18 "GET /compute/v2.1/os-volumes/9da45758-df0c-4973-aaab-505082e5794c" status: 404 len: 109 microversion: 2.1 time: 0.514956
Feb 28 18:46:58.751827 dv-cinder-831188-1-iscsi devstack@n-api.service[96853]: [pid: 96853|app: 0|req: 8/8] 10.222.0.18 () {58 vars in 1244 bytes} [Mon Feb 28 18:46:58 2022] GET /compute/v2.1/os-volumes/9da45758-df0c-4973-aaab-505082e5794c => generated 109 bytes in 516 msecs (HTTP/1.1 404) 9 headers in 379 bytes (2 switches on core 0)
Feb 28 18:46:59.041492 dv-cinder-831188-1-iscsi devstack@n-api.service[96852]: INFO nova.api.openstack.requestlog [None req-97c64a13-8243-4daa-886b-2aa8075c9d68 tempest-VolumesGetTestJSON-530367221 tempest-VolumesGetTestJSON-530367221-project] 10.222.0.18 "POST /compute/v2.1/os-volumes" status: 200 len: 353 microversion: 2.1 time: 2.701255
Feb 28 18:46:59.049384 dv-cinder-831188-1-iscsi devstack@n-api.service[96852]: [pid: 96852|app: 0|req: 1/9] 10.222.0.18 () {60 vars in 1155 bytes} [Mon Feb 28 18:46:56 2022] POST /compute/v2.1/os-volumes => generated 353 bytes in 2703 msecs (HTTP/1.1 200) 10 headers in 448 bytes (2 switches on core 0)
Feb 28 18:46:59.096071 dv-cinder-831188-1-iscsi devstack@n-api.service[96853]: DEBUG nova.api.openstack.wsgi [None req-98004bd4-c200-4c04-82be-e4946e808c5f tempest-DeleteServersTestJSON-433765004 tempest-DeleteServersTestJSON-433765004-project] Action: 'create', calling method: >, body: {"server": {"name": "tempest-DeleteServersTestJSON-server-1746641427", "imageRef": "68f8c96d-862b-4af8-be6a-a3a74dc20505", "flavorRef": "452", "networks": [{"uuid": "10a69764-13d4-4c14-a8fa-d1cf18480ff4"}]}} {{(pid=96853) _process_stack /opt/stack/nova/nova/api/openstack/wsgi.py:511}}
Feb 28 18:46:59.375559 dv-cinder-831188-1-iscsi devstack@n-api.service[96853]: DEBUG nova.network.neutron [None req-98004bd4-c200-4c04-82be-e4946e808c5f tempest-DeleteServersTestJSON-433765004 tempest-DeleteServersTestJSON-433765004-project] validate_networks() for [('10a69764-13d4-4c14-a8fa-d1cf18480ff4', None, None, None)] {{(pid=96853) validate_networks /opt/stack/nova/nova/network/neutron.py:2348}}
Feb 28 18:46:59.880329 dv-cinder-831188-1-iscsi devstack@n-api.service[96852]: DEBUG nova.api.openstack.wsgi [None req-24602c57-29ce-401e-82c6-22a9d60f2ff3 tempest-AttachVolumeNegativeTest-2065938845 tempest-AttachVolumeNegativeTest-2065938845-project] Action: 'create', calling method: >, body: {"server": {"name": "tempest-AttachVolumeNegativeTest-server-1642726196", "imageRef": "68f8c96d-862b-4af8-be6a-a3a74dc20505", "flavorRef": "452", "networks": [{"uuid": "33faf01f-a157-4cb1-86f7-3ea812bfd79a"}]}} {{(pid=96852) _process_stack /opt/stack/nova/nova/api/openstack/wsgi.py:511}}
Feb 28 18:47:00.043965 dv-cinder-831188-1-iscsi devstack@n-api.service[96852]: DEBUG nova.network.neutron [None req-24602c57-29ce-401e-82c6-22a9d60f2ff3 tempest-AttachVolumeNegativeTest-2065938845 tempest-AttachVolumeNegativeTest-2065938845-project] validate_networks() for [('33faf01f-a157-4cb1-86f7-3ea812bfd79a', None, None, None)] {{(pid=96852) validate_networks /opt/stack/nova/nova/network/neutron.py:2348}}
Feb 28 18:47:00.539783 dv-cinder-831188-1-iscsi devstack@n-api.service[96853]: DEBUG nova.virt.hardware [None req-98004bd4-c200-4c04-82be-e4946e808c5f tempest-DeleteServersTestJSON-433765004 tempest-DeleteServersTestJSON-433765004-project] Flavor limits 0:0:0 {{(pid=96853) get_cpu_topology_constraints /opt/stack/nova/nova/virt/hardware.py:345}}
Feb 28 18:47:00.543471 dv-cinder-831188-1-iscsi devstack@n-api.service[96853]: DEBUG nova.virt.hardware [None req-98004bd4-c200-4c04-82be-e4946e808c5f tempest-DeleteServersTestJSON-433765004 tempest-DeleteServersTestJSON-433765004-project] Image limits 0:0:0 {{(pid=96853) get_cpu_topology_constraints /opt/stack/nova/nova/virt/hardware.py:349}}
Feb 28 18:47:00.546051 dv-cinder-831188-1-iscsi devstack@n-api.service[96853]: DEBUG nova.virt.hardware [None req-98004bd4-c200-4c04-82be-e4946e808c5f tempest-DeleteServersTestJSON-433765004 tempest-DeleteServersTestJSON-433765004-project] Flavor pref 0:0:0 {{(pid=96853) get_cpu_topology_constraints /opt/stack/nova/nova/virt/hardware.py:385}}
Feb 28 18:47:00.547040 dv-cinder-831188-1-iscsi devstack@n-api.service[96853]: DEBUG nova.virt.hardware [None req-98004bd4-c200-4c04-82be-e4946e808c5f tempest-DeleteServersTestJSON-433765004 tempest-DeleteServersTestJSON-433765004-project] Image pref 0:0:0 {{(pid=96853) get_cpu_topology_constraints /opt/stack/nova/nova/virt/hardware.py:389}}
Feb 28 18:47:00.548611 dv-cinder-831188-1-iscsi devstack@n-api.service[96853]: DEBUG nova.virt.hardware [None req-98004bd4-c200-4c04-82be-e4946e808c5f tempest-DeleteServersTestJSON-433765004 tempest-DeleteServersTestJSON-433765004-project] Chose sockets=0, cores=0, threads=0; limits were sockets=65536, cores=65536, threads=65536 {{(pid=96853) get_cpu_topology_constraints /opt/stack/nova/nova/virt/hardware.py:427}}
Feb 28 18:47:00.578259 dv-cinder-831188-1-iscsi devstack@n-api.service[96853]: DEBUG oslo_concurrency.lockutils [None req-98004bd4-c200-4c04-82be-e4946e808c5f tempest-DeleteServersTestJSON-433765004 tempest-DeleteServersTestJSON-433765004-project] Lock "00000000-0000-0000-0000-000000000000" acquired by "nova.context.set_target_cell..get_or_set_cached_cell_and_set_connections" :: waited 0.000s {{(pid=96853) inner /usr/local/lib/python3.8/dist-packages/oslo_concurrency/lockutils.py:355}}
Feb 28 18:47:00.579505 dv-cinder-831188-1-iscsi devstack@n-api.service[96853]: DEBUG oslo_concurrency.lockutils [None req-98004bd4-c200-4c04-82be-e4946e808c5f tempest-DeleteServersTestJSON-433765004 tempest-DeleteServersTestJSON-433765004-project] Lock "00000000-0000-0000-0000-000000000000" released by "nova.context.set_target_cell..get_or_set_cached_cell_and_set_connections" :: held 0.002s {{(pid=96853) inner /usr/local/lib/python3.8/dist-packages/oslo_concurrency/lockutils.py:367}}
Feb 28 18:47:00.580978 dv-cinder-831188-1-iscsi devstack@n-api.service[96853]: DEBUG oslo_concurrency.lockutils [None req-98004bd4-c200-4c04-82be-e4946e808c5f tempest-DeleteServersTestJSON-433765004 tempest-DeleteServersTestJSON-433765004-project] Lock "7285c963-76f0-460c-821b-63a6d571f74a" acquired by "nova.context.set_target_cell..get_or_set_cached_cell_and_set_connections" :: waited 0.000s {{(pid=96853) inner /usr/local/lib/python3.8/dist-packages/oslo_concurrency/lockutils.py:355}}
Feb 28 18:47:00.581688 dv-cinder-831188-1-iscsi devstack@n-api.service[96853]: DEBUG oslo_concurrency.lockutils [None req-98004bd4-c200-4c04-82be-e4946e808c5f tempest-DeleteServersTestJSON-433765004 tempest-DeleteServersTestJSON-433765004-project] Lock "7285c963-76f0-460c-821b-63a6d571f74a" released by "nova.context.set_target_cell..get_or_set_cached_cell_and_set_connections" :: held 0.001s {{(pid=96853) inner /usr/local/lib/python3.8/dist-packages/oslo_concurrency/lockutils.py:367}}
Feb 28 18:47:00.613351 dv-cinder-831188-1-iscsi devstack@n-api.service[96853]: DEBUG nova.quota [None req-98004bd4-c200-4c04-82be-e4946e808c5f tempest-DeleteServersTestJSON-433765004 tempest-DeleteServersTestJSON-433765004-project] Getting quotas for project 257851b949234252b54d9524d8ffca6d. Resources: {'instances', 'ram', 'cores'} {{(pid=96853) _get_quotas /opt/stack/nova/nova/quota.py:387}}
Feb 28 18:47:00.623630 dv-cinder-831188-1-iscsi devstack@n-api.service[96853]: DEBUG nova.quota [None req-98004bd4-c200-4c04-82be-e4946e808c5f tempest-DeleteServersTestJSON-433765004 tempest-DeleteServersTestJSON-433765004-project] Getting quotas for user 257daff704df4c1a950ecf9008d0f224 and project 257851b949234252b54d9524d8ffca6d. Resources: {'instances', 'ram', 'cores'} {{(pid=96853) _get_quotas /opt/stack/nova/nova/quota.py:377}}
Feb 28 18:47:00.639400 dv-cinder-831188-1-iscsi devstack@n-api.service[96853]: DEBUG nova.compute.api [None req-98004bd4-c200-4c04-82be-e4946e808c5f tempest-DeleteServersTestJSON-433765004 tempest-DeleteServersTestJSON-433765004-project] Going to run 1 instances... {{(pid=96853) _provision_instances /opt/stack/nova/nova/compute/api.py:1282}}
Feb 28 18:47:00.642887 dv-cinder-831188-1-iscsi devstack@n-api.service[96853]: DEBUG nova.compute.api [None req-98004bd4-c200-4c04-82be-e4946e808c5f tempest-DeleteServersTestJSON-433765004 tempest-DeleteServersTestJSON-433765004-project] [instance: 26e954e6-bc88-4ee9-9d74-b238e8260826] block_device_mapping [BlockDeviceMapping(attachment_id=,boot_index=0,connection_info=None,created_at=,delete_on_termination=True,deleted=,deleted_at=,destination_type='local',device_name=None,device_type='disk',disk_bus=None,guest_format=None,id=,image_id='68f8c96d-862b-4af8-be6a-a3a74dc20505',instance=,instance_uuid=,no_device=False,snapshot_id=None,source_type='image',tag=None,updated_at=,uuid=,volume_id=None,volume_size=None,volume_type=None)] {{(pid=96853) _bdm_validate_set_size_and_instance /opt/stack/nova/nova/compute/api.py:1679}}
Feb 28 18:47:00.773471 dv-cinder-831188-1-iscsi devstack@n-api.service[96853]: INFO nova.api.openstack.requestlog [None req-98004bd4-c200-4c04-82be-e4946e808c5f tempest-DeleteServersTestJSON-433765004 tempest-DeleteServersTestJSON-433765004-project] 10.222.0.18 "POST /compute/v2.1/servers" status: 202 len: 380 microversion: 2.1 time: 2.011876
Feb 28 18:47:00.780382 dv-cinder-831188-1-iscsi devstack@n-api.service[96853]: [pid: 96853|app: 0|req: 9/10] 10.222.0.18 () {60 vars in 1146 bytes} [Mon Feb 28 18:46:58 2022] POST /compute/v2.1/servers => generated 380 bytes in 2028 msecs (HTTP/1.1 202) 10 headers in 451 bytes (1 switches on core 0)
Feb 28 18:47:00.792743 dv-cinder-831188-1-iscsi devstack@n-api.service[96853]: DEBUG nova.api.openstack.wsgi [None req-1828bd00-cb03-46fb-8b1c-5bff13fcb09e tempest-VolumesGetTestJSON-530367221 tempest-VolumesGetTestJSON-530367221-project] Calling method '.version_select at 0x7ff8eab7b160>' {{(pid=96853) _process_stack /opt/stack/nova/nova/api/openstack/wsgi.py:513}}
Feb 28 18:47:00.974736 dv-cinder-831188-1-iscsi devstack@n-api.service[96853]: INFO nova.api.openstack.requestlog [None req-1828bd00-cb03-46fb-8b1c-5bff13fcb09e tempest-VolumesGetTestJSON-530367221 tempest-VolumesGetTestJSON-530367221-project] 10.222.0.18 "GET /compute/v2.1/os-volumes/fbba13b9-7912-439e-ae9c-c7e2dd427393" status: 200 len: 354 microversion: 2.1 time: 0.192558
Feb 28 18:47:00.975292 dv-cinder-831188-1-iscsi devstack@n-api.service[96853]: [pid: 96853|app: 0|req: 10/11] 10.222.0.18 () {58 vars in 1244 bytes} [Mon Feb 28 18:47:00 2022] GET /compute/v2.1/os-volumes/fbba13b9-7912-439e-ae9c-c7e2dd427393 => generated 354 bytes in 194 msecs (HTTP/1.1 200) 9 headers in 357 bytes (1 switches on core 0)
Feb 28 18:47:00.998510 dv-cinder-831188-1-iscsi devstack@n-api.service[96853]: DEBUG nova.api.openstack.wsgi [None req-e7cdae99-c072-4263-9dd5-177a6b922223 tempest-DeleteServersTestJSON-433765004 tempest-DeleteServersTestJSON-433765004-project] Calling method '>' {{(pid=96853) _process_stack /opt/stack/nova/nova/api/openstack/wsgi.py:513}}
Feb 28 18:47:01.001403 dv-cinder-831188-1-iscsi devstack@n-api.service[96853]: DEBUG nova.compute.api [None req-e7cdae99-c072-4263-9dd5-177a6b922223 tempest-DeleteServersTestJSON-433765004 tempest-DeleteServersTestJSON-433765004-project] [instance: 26e954e6-bc88-4ee9-9d74-b238e8260826] Fetching instance by UUID {{(pid=96853) get /opt/stack/nova/nova/compute/api.py:2810}}
Feb 28 18:47:01.223299 dv-cinder-831188-1-iscsi devstack@n-api.service[96853]: DEBUG nova.policy [None req-e7cdae99-c072-4263-9dd5-177a6b922223 tempest-DeleteServersTestJSON-433765004 tempest-DeleteServersTestJSON-433765004-project] Policy check for os_compute_api:os-extended-server-attributes failed with credentials {'is_admin': False, 'user_id': '257daff704df4c1a950ecf9008d0f224', 'user_domain_id': 'default', 'system_scope': None, 'domain_id': None, 'project_id': '257851b949234252b54d9524d8ffca6d', 'project_domain_id': 'default', 'roles': ['member', 'reader'], 'is_admin_project': True, 'service_user_id': None, 'service_user_domain_id': None, 'service_project_id': None, 'service_project_domain_id': None, 'service_roles': []} {{(pid=96853) authorize /opt/stack/nova/nova/policy.py:222}}
Feb 28 18:47:01.252255 dv-cinder-831188-1-iscsi devstack@n-api.service[96853]: INFO nova.api.openstack.requestlog [None req-e7cdae99-c072-4263-9dd5-177a6b922223 tempest-DeleteServersTestJSON-433765004 tempest-DeleteServersTestJSON-433765004-project] 10.222.0.18 "GET /compute/v2.1/servers/26e954e6-bc88-4ee9-9d74-b238e8260826" status: 200 len: 1215 microversion: 2.1 time: 0.275688
Feb 28 18:47:01.256603 dv-cinder-831188-1-iscsi devstack@n-api.service[96853]: [pid: 96853|app: 0|req: 11/12] 10.222.0.18 () {58 vars in 1235 bytes} [Mon Feb 28 18:47:00 2022] GET /compute/v2.1/servers/26e954e6-bc88-4ee9-9d74-b238e8260826 => generated 1215 bytes in 281 msecs (HTTP/1.1 200) 9 headers in 358 bytes (1 switches on core 0)
Feb 28 18:47:01.283763 dv-cinder-831188-1-iscsi devstack@n-api.service[96853]: DEBUG nova.api.openstack.wsgi [None req-35a983e5-b6d4-4054-9c2e-9d89df3c5606 tempest-VolumesGetTestJSON-530367221 tempest-VolumesGetTestJSON-530367221-project] Calling method '.version_select at 0x7ff8eab0d160>' {{(pid=96853) _process_stack /opt/stack/nova/nova/api/openstack/wsgi.py:513}}
Feb 28 18:47:01.403495 dv-cinder-831188-1-iscsi devstack@n-api.service[96853]: INFO nova.api.openstack.requestlog [None req-35a983e5-b6d4-4054-9c2e-9d89df3c5606 tempest-VolumesGetTestJSON-530367221 tempest-VolumesGetTestJSON-530367221-project] 10.222.0.18 "GET /compute/v2.1/os-volumes/fbba13b9-7912-439e-ae9c-c7e2dd427393" status: 200 len: 354 microversion: 2.1 time: 0.145542
Feb 28 18:47:01.404057 dv-cinder-831188-1-iscsi devstack@n-api.service[96853]: [pid: 96853|app: 0|req: 12/13] 10.222.0.18 () {58 vars in 1244 bytes} [Mon Feb 28 18:47:01 2022] GET /compute/v2.1/os-volumes/fbba13b9-7912-439e-ae9c-c7e2dd427393 => generated 354 bytes in 147 msecs (HTTP/1.1 200) 9 headers in 357 bytes (1 switches on core 0)
Feb 28 18:47:01.436048 dv-cinder-831188-1-iscsi devstack@n-api.service[96853]: DEBUG nova.api.openstack.wsgi [None req-61898383-bc39-40c4-bf88-a9cddf38807c tempest-VolumesGetTestJSON-530367221 tempest-VolumesGetTestJSON-530367221-project] Calling method '.version_select at 0x7ff8eab181f0>' {{(pid=96853) _process_stack /opt/stack/nova/nova/api/openstack/wsgi.py:513}}
Feb 28 18:47:01.687024 dv-cinder-831188-1-iscsi devstack@n-api.service[96853]: INFO nova.api.openstack.requestlog [None req-61898383-bc39-40c4-bf88-a9cddf38807c tempest-VolumesGetTestJSON-530367221 tempest-VolumesGetTestJSON-530367221-project] 10.222.0.18 "DELETE /compute/v2.1/os-volumes/fbba13b9-7912-439e-ae9c-c7e2dd427393" status: 202 len: 0 microversion: 2.1 time: 0.269178
Feb 28 18:47:01.687998 dv-cinder-831188-1-iscsi devstack@n-api.service[96853]: [pid: 96853|app: 0|req: 13/14] 10.222.0.18 () {58 vars in 1247 bytes} [Mon Feb 28 18:47:01 2022] DELETE /compute/v2.1/os-volumes/fbba13b9-7912-439e-ae9c-c7e2dd427393 => generated 0 bytes in 271 msecs (HTTP/1.1 202) 9 headers in 361 bytes (1 switches on core 0)
Feb 28 18:47:01.710319 dv-cinder-831188-1-iscsi devstack@n-api.service[96853]: DEBUG nova.api.openstack.wsgi [None req-a9e335e6-a271-4ffe-881b-d19df2cf8a11 tempest-VolumesGetTestJSON-530367221 tempest-VolumesGetTestJSON-530367221-project] Calling method '.version_select at 0x7ff8eab18670>' {{(pid=96853) _process_stack /opt/stack/nova/nova/api/openstack/wsgi.py:513}}
Feb 28 18:47:01.876428 dv-cinder-831188-1-iscsi devstack@n-api.service[96853]: INFO nova.api.openstack.requestlog [None req-a9e335e6-a271-4ffe-881b-d19df2cf8a11 tempest-VolumesGetTestJSON-530367221 tempest-VolumesGetTestJSON-530367221-project] 10.222.0.18 "GET /compute/v2.1/os-volumes/fbba13b9-7912-439e-ae9c-c7e2dd427393" status: 200 len: 353 microversion: 2.1 time: 0.183990
Feb 28 18:47:01.877790 dv-cinder-831188-1-iscsi devstack@n-api.service[96853]: [pid: 96853|app: 0|req: 14/15] 10.222.0.18 () {58 vars in 1244 bytes} [Mon Feb 28 18:47:01 2022] GET /compute/v2.1/os-volumes/fbba13b9-7912-439e-ae9c-c7e2dd427393 => generated 353 bytes in 186 msecs (HTTP/1.1 200) 9 headers in 357 bytes (1 switches on core 0)
Feb 28 18:47:02.296225 dv-cinder-831188-1-iscsi devstack@n-api.service[96853]: DEBUG nova.api.openstack.wsgi [None req-17cc2027-dafb-4660-b20b-ef6cd635ec94 tempest-DeleteServersTestJSON-433765004 tempest-DeleteServersTestJSON-433765004-project] Calling method '>' {{(pid=96853) _process_stack /opt/stack/nova/nova/api/openstack/wsgi.py:513}}
Feb 28 18:47:02.298599 dv-cinder-831188-1-iscsi devstack@n-api.service[96853]: DEBUG nova.compute.api [None req-17cc2027-dafb-4660-b20b-ef6cd635ec94 tempest-DeleteServersTestJSON-433765004 tempest-DeleteServersTestJSON-433765004-project] [instance: 26e954e6-bc88-4ee9-9d74-b238e8260826] Fetching instance by UUID {{(pid=96853) get /opt/stack/nova/nova/compute/api.py:2810}}
Feb 28 18:47:02.678189 dv-cinder-831188-1-iscsi devstack@n-api.service[96853]: DEBUG nova.policy [None req-17cc2027-dafb-4660-b20b-ef6cd635ec94 tempest-DeleteServersTestJSON-433765004 tempest-DeleteServersTestJSON-433765004-project] Policy check for os_compute_api:os-extended-server-attributes failed with credentials {'is_admin': False, 'user_id': '257daff704df4c1a950ecf9008d0f224', 'user_domain_id': 'default', 'system_scope': None, 'domain_id': None, 'project_id': '257851b949234252b54d9524d8ffca6d', 'project_domain_id': 'default', 'roles': ['member', 'reader'], 'is_admin_project': True, 'service_user_id': None, 'service_user_domain_id': None, 'service_project_id': None, 'service_project_domain_id': None, 'service_roles': []} {{(pid=96853) authorize /opt/stack/nova/nova/policy.py:222}}
Feb 28 18:47:02.692932 dv-cinder-831188-1-iscsi devstack@n-api.service[96853]: INFO nova.api.openstack.requestlog [None req-17cc2027-dafb-4660-b20b-ef6cd635ec94 tempest-DeleteServersTestJSON-433765004 tempest-DeleteServersTestJSON-433765004-project] 10.222.0.18 "GET /compute/v2.1/servers/26e954e6-bc88-4ee9-9d74-b238e8260826" status: 200 len: 1215 microversion: 2.1 time: 0.423771
Feb 28 18:47:02.697067 dv-cinder-831188-1-iscsi devstack@n-api.service[96853]: [pid: 96853|app: 0|req: 15/16] 10.222.0.18 () {58 vars in 1235 bytes} [Mon Feb 28 18:47:02 2022] GET /compute/v2.1/servers/26e954e6-bc88-4ee9-9d74-b238e8260826 => generated 1215 bytes in 428 msecs (HTTP/1.1 200) 9 headers in 358 bytes (2 switches on core 0)
Feb 28 18:47:02.751328 dv-cinder-831188-1-iscsi devstack@n-api.service[96852]: DEBUG nova.virt.hardware [None req-24602c57-29ce-401e-82c6-22a9d60f2ff3 tempest-AttachVolumeNegativeTest-2065938845 tempest-AttachVolumeNegativeTest-2065938845-project] Flavor limits 0:0:0 {{(pid=96852) get_cpu_topology_constraints /opt/stack/nova/nova/virt/hardware.py:345}}
Feb 28 18:47:02.751833 dv-cinder-831188-1-iscsi devstack@n-api.service[96852]: DEBUG nova.virt.hardware [None req-24602c57-29ce-401e-82c6-22a9d60f2ff3 tempest-AttachVolumeNegativeTest-2065938845 tempest-AttachVolumeNegativeTest-2065938845-project] Image limits 0:0:0 {{(pid=96852) get_cpu_topology_constraints /opt/stack/nova/nova/virt/hardware.py:349}}
Feb 28 18:47:02.752237 dv-cinder-831188-1-iscsi devstack@n-api.service[96852]: DEBUG nova.virt.hardware [None req-24602c57-29ce-401e-82c6-22a9d60f2ff3 tempest-AttachVolumeNegativeTest-2065938845 tempest-AttachVolumeNegativeTest-2065938845-project] Flavor pref 0:0:0 {{(pid=96852) get_cpu_topology_constraints /opt/stack/nova/nova/virt/hardware.py:385}}
Feb 28 18:47:02.753495 dv-cinder-831188-1-iscsi devstack@n-api.service[96852]: DEBUG nova.virt.hardware [None req-24602c57-29ce-401e-82c6-22a9d60f2ff3 tempest-AttachVolumeNegativeTest-2065938845 tempest-AttachVolumeNegativeTest-2065938845-project] Image pref 0:0:0 {{(pid=96852) get_cpu_topology_constraints /opt/stack/nova/nova/virt/hardware.py:389}}
Feb 28 18:47:02.753907 dv-cinder-831188-1-iscsi devstack@n-api.service[96852]: DEBUG nova.virt.hardware [None req-24602c57-29ce-401e-82c6-22a9d60f2ff3 tempest-AttachVolumeNegativeTest-2065938845 tempest-AttachVolumeNegativeTest-2065938845-project] Chose sockets=0, cores=0, threads=0; limits were sockets=65536, cores=65536, threads=65536 {{(pid=96852) get_cpu_topology_constraints /opt/stack/nova/nova/virt/hardware.py:427}}
Feb 28 18:47:02.774772 dv-cinder-831188-1-iscsi devstack@n-api.service[96852]: DEBUG oslo_concurrency.lockutils [None req-24602c57-29ce-401e-82c6-22a9d60f2ff3 tempest-AttachVolumeNegativeTest-2065938845 tempest-AttachVolumeNegativeTest-2065938845-project] Lock "00000000-0000-0000-0000-000000000000" acquired by "nova.context.set_target_cell..get_or_set_cached_cell_and_set_connections" :: waited 0.000s {{(pid=96852) inner /usr/local/lib/python3.8/dist-packages/oslo_concurrency/lockutils.py:355}}
Feb 28 18:47:02.775213 dv-cinder-831188-1-iscsi devstack@n-api.service[96852]: DEBUG oslo_concurrency.lockutils [None req-24602c57-29ce-401e-82c6-22a9d60f2ff3 tempest-AttachVolumeNegativeTest-2065938845 tempest-AttachVolumeNegativeTest-2065938845-project] Lock "00000000-0000-0000-0000-000000000000" released by "nova.context.set_target_cell..get_or_set_cached_cell_and_set_connections" :: held 0.002s {{(pid=96852) inner /usr/local/lib/python3.8/dist-packages/oslo_concurrency/lockutils.py:367}}
Feb 28 18:47:02.776005 dv-cinder-831188-1-iscsi devstack@n-api.service[96852]: DEBUG oslo_concurrency.lockutils [None req-24602c57-29ce-401e-82c6-22a9d60f2ff3 tempest-AttachVolumeNegativeTest-2065938845 tempest-AttachVolumeNegativeTest-2065938845-project] Lock "7285c963-76f0-460c-821b-63a6d571f74a" acquired by "nova.context.set_target_cell..get_or_set_cached_cell_and_set_connections" :: waited 0.000s {{(pid=96852) inner /usr/local/lib/python3.8/dist-packages/oslo_concurrency/lockutils.py:355}}
Feb 28 18:47:02.776426 dv-cinder-831188-1-iscsi devstack@n-api.service[96852]: DEBUG oslo_concurrency.lockutils [None req-24602c57-29ce-401e-82c6-22a9d60f2ff3 tempest-AttachVolumeNegativeTest-2065938845 tempest-AttachVolumeNegativeTest-2065938845-project] Lock "7285c963-76f0-460c-821b-63a6d571f74a" released by "nova.context.set_target_cell..get_or_set_cached_cell_and_set_connections" :: held 0.000s {{(pid=96852) inner /usr/local/lib/python3.8/dist-packages/oslo_concurrency/lockutils.py:367}}
Feb 28 18:47:02.820603 dv-cinder-831188-1-iscsi devstack@n-api.service[96852]: DEBUG nova.quota [None req-24602c57-29ce-401e-82c6-22a9d60f2ff3 tempest-AttachVolumeNegativeTest-2065938845 tempest-AttachVolumeNegativeTest-2065938845-project] Getting quotas for project bbff699f8ada48a78f3957fe6718a4ad. Resources: {'instances', 'ram', 'cores'} {{(pid=96852) _get_quotas /opt/stack/nova/nova/quota.py:387}}
Feb 28 18:47:02.856974 dv-cinder-831188-1-iscsi devstack@n-api.service[96852]: DEBUG nova.quota [None req-24602c57-29ce-401e-82c6-22a9d60f2ff3 tempest-AttachVolumeNegativeTest-2065938845 tempest-AttachVolumeNegativeTest-2065938845-project] Getting quotas for user 45a491cd7bb8422fb6e3ee727d7b15f7 and project bbff699f8ada48a78f3957fe6718a4ad. Resources: {'instances', 'ram', 'cores'} {{(pid=96852) _get_quotas /opt/stack/nova/nova/quota.py:377}}
Feb 28 18:47:02.894795 dv-cinder-831188-1-iscsi devstack@n-api.service[96852]: DEBUG nova.compute.api [None req-24602c57-29ce-401e-82c6-22a9d60f2ff3 tempest-AttachVolumeNegativeTest-2065938845 tempest-AttachVolumeNegativeTest-2065938845-project] Going to run 1 instances... {{(pid=96852) _provision_instances /opt/stack/nova/nova/compute/api.py:1282}}
Feb 28 18:47:02.897005 dv-cinder-831188-1-iscsi devstack@n-api.service[96853]: DEBUG nova.api.openstack.wsgi [None req-c3f702d4-5d63-4288-8c75-ee0dac1cd905 tempest-VolumesGetTestJSON-530367221 tempest-VolumesGetTestJSON-530367221-project] Calling method '.version_select at 0x7ff8eab185e0>' {{(pid=96853) _process_stack /opt/stack/nova/nova/api/openstack/wsgi.py:513}}
Feb 28 18:47:02.897552 dv-cinder-831188-1-iscsi devstack@n-api.service[96852]: DEBUG nova.compute.api [None req-24602c57-29ce-401e-82c6-22a9d60f2ff3 tempest-AttachVolumeNegativeTest-2065938845 tempest-AttachVolumeNegativeTest-2065938845-project] [instance: 12af0b82-9877-4187-b24a-ec08b3f7bf58] block_device_mapping [BlockDeviceMapping(attachment_id=,boot_index=0,connection_info=None,created_at=,delete_on_termination=True,deleted=,deleted_at=,destination_type='local',device_name=None,device_type='disk',disk_bus=None,guest_format=None,id=,image_id='68f8c96d-862b-4af8-be6a-a3a74dc20505',instance=,instance_uuid=,no_device=False,snapshot_id=None,source_type='image',tag=None,updated_at=,uuid=,volume_id=None,volume_size=None,volume_type=None)] {{(pid=96852) _bdm_validate_set_size_and_instance /opt/stack/nova/nova/compute/api.py:1679}}
Feb 28 18:47:03.005995 dv-cinder-831188-1-iscsi devstack@n-api.service[96853]: INFO nova.api.openstack.wsgi [None req-c3f702d4-5d63-4288-8c75-ee0dac1cd905 tempest-VolumesGetTestJSON-530367221 tempest-VolumesGetTestJSON-530367221-project] HTTP exception thrown: Volume fbba13b9-7912-439e-ae9c-c7e2dd427393 could not be found.
Feb 28 18:47:03.006624 dv-cinder-831188-1-iscsi devstack@n-api.service[96853]: DEBUG nova.api.openstack.wsgi [None req-c3f702d4-5d63-4288-8c75-ee0dac1cd905 tempest-VolumesGetTestJSON-530367221 tempest-VolumesGetTestJSON-530367221-project] Returning 404 to user: Volume fbba13b9-7912-439e-ae9c-c7e2dd427393 could not be found. {{(pid=96853) __call__ /opt/stack/nova/nova/api/openstack/wsgi.py:926}}
Feb 28 18:47:03.007884 dv-cinder-831188-1-iscsi devstack@n-api.service[96853]: INFO nova.api.openstack.requestlog [None req-c3f702d4-5d63-4288-8c75-ee0dac1cd905 tempest-VolumesGetTestJSON-530367221 tempest-VolumesGetTestJSON-530367221-project] 10.222.0.18 "GET /compute/v2.1/os-volumes/fbba13b9-7912-439e-ae9c-c7e2dd427393" status: 404 len: 109 microversion: 2.1 time: 0.122277
