Mar 09 05:54:52.388831 dv-cinder-831167-2-iscsi devstack@c-api.service[110796]: DEBUG cinder.api.middleware.request_id [None req-3447d028-80aa-4a0e-ba7f-b8ffcc7204fe None None] RequestId filter calling following filter/app {{(pid=110796) _context_setter /opt/stack/cinder/cinder/api/middleware/request_id.py:62}}
Mar 09 05:54:52.394064 dv-cinder-831167-2-iscsi devstack@c-api.service[110796]: INFO cinder.api.openstack.wsgi [None req-3447d028-80aa-4a0e-ba7f-b8ffcc7204fe tempest-VolumesTransfersV355Test-811691503 tempest-VolumesTransfersV355Test-811691503-project] POST http://10.222.0.36/volume/v3/b32a325c6a964c299c0dc14ccadc9e81/volume-transfers
Mar 09 05:54:52.395080 dv-cinder-831167-2-iscsi devstack@c-api.service[110796]: DEBUG cinder.api.openstack.wsgi [None req-3447d028-80aa-4a0e-ba7f-b8ffcc7204fe tempest-VolumesTransfersV355Test-811691503 tempest-VolumesTransfersV355Test-811691503-project] Action: 'create', calling method: create, body: {"transfer": {"volume_id": "58bc4f2d-edfd-4f3e-8ba0-93962916df29"}} {{(pid=110796) _process_stack /opt/stack/cinder/cinder/api/openstack/wsgi.py:866}}
Mar 09 05:54:52.396277 dv-cinder-831167-2-iscsi devstack@c-api.service[110796]: DEBUG cinder.api.v3.volume_transfer [None req-3447d028-80aa-4a0e-ba7f-b8ffcc7204fe tempest-VolumesTransfersV355Test-811691503 tempest-VolumesTransfersV355Test-811691503-project] Creating new volume transfer {'transfer': {'volume_id': '58bc4f2d-edfd-4f3e-8ba0-93962916df29'}} {{(pid=110796) create /opt/stack/cinder/cinder/api/v3/volume_transfer.py:85}}
Mar 09 05:54:52.396611 dv-cinder-831167-2-iscsi devstack@c-api.service[110796]: INFO cinder.api.v3.volume_transfer [None req-3447d028-80aa-4a0e-ba7f-b8ffcc7204fe tempest-VolumesTransfersV355Test-811691503 tempest-VolumesTransfersV355Test-811691503-project] Creating transfer of volume 58bc4f2d-edfd-4f3e-8ba0-93962916df29
Mar 09 05:54:52.396904 dv-cinder-831167-2-iscsi devstack@c-api.service[110796]: INFO cinder.transfer.api [None req-3447d028-80aa-4a0e-ba7f-b8ffcc7204fe tempest-VolumesTransfersV355Test-811691503 tempest-VolumesTransfersV355Test-811691503-project] Generating transfer record for volume 58bc4f2d-edfd-4f3e-8ba0-93962916df29
Mar 09 05:54:52.407728 dv-cinder-831167-2-iscsi devstack@c-api.service[110795]: DEBUG cinder.volume.api [None req-5338b23b-5e63-4df1-b5df-6a9cee47e524 tempest-DeleteServersTestJSON-1575797436 tempest-DeleteServersTestJSON-1575797436-project] Task 'cinder.volume.flows.api.create_volume.ExtractVolumeRequestTask;volume:create' (4d93d294-333d-45e5-8133-7bf0188b5a80) transitioned into state 'SUCCESS' from state 'RUNNING' with result '{'size': 1, 'snapshot_id': None, 'source_volid': None, 'volume_type': VolumeType(created_at=2022-03-09T05:44:22Z,deleted=False,deleted_at=None,description='Default Volume Type',extra_specs={},id=2cfc3458-88b3-4585-af10-495b10854aea,is_public=True,name='__DEFAULT__',projects=[],qos_specs=,qos_specs_id=None,updated_at=2022-03-09T05:44:22Z), 'volume_type_id': '2cfc3458-88b3-4585-af10-495b10854aea', 'encryption_key_id': None, 'qos_specs': None, 'consistencygroup_id': None, 'cgsnapshot_id': None, 'group_id': None, 'replication_status': 'disabled', 'refresh_az': False, 'backup_id': None, 'multiattach': False, 'availability_zones': ['nova']}' {{(pid=110795) _task_receiver /usr/local/lib/python3.8/dist-packages/taskflow/listeners/logging.py:178}}
Mar 09 05:54:52.413191 dv-cinder-831167-2-iscsi devstack@c-api.service[110795]: DEBUG cinder.volume.api [None req-5338b23b-5e63-4df1-b5df-6a9cee47e524 tempest-DeleteServersTestJSON-1575797436 tempest-DeleteServersTestJSON-1575797436-project] Task 'cinder.volume.flows.api.create_volume.QuotaReserveTask;volume:create' (526edddf-e6e1-410e-b15e-c2c94af98060) transitioned into state 'RUNNING' from state 'PENDING' {{(pid=110795) _task_receiver /usr/local/lib/python3.8/dist-packages/taskflow/listeners/logging.py:190}}
Mar 09 05:54:52.422447 dv-cinder-831167-2-iscsi devstack@c-api.service[110796]: /usr/local/lib/python3.8/dist-packages/oslo_context/context.py:100: DeprecationWarning: Policy enforcement is depending on the value of is_admin. This key is deprecated. Please update your policy file to use the standard policy values.
Mar 09 05:54:52.422447 dv-cinder-831167-2-iscsi devstack@c-api.service[110796]: warnings.warn('Policy enforcement is depending on the value of '
Mar 09 05:54:52.457395 dv-cinder-831167-2-iscsi devstack@c-api.service[110796]: INFO cinder.api.openstack.wsgi [None req-3447d028-80aa-4a0e-ba7f-b8ffcc7204fe tempest-VolumesTransfersV355Test-811691503 tempest-VolumesTransfersV355Test-811691503-project] http://10.222.0.36/volume/v3/b32a325c6a964c299c0dc14ccadc9e81/volume-transfers returned with HTTP 202
Mar 09 05:54:52.458563 dv-cinder-831167-2-iscsi devstack@c-api.service[110796]: [pid: 110796|app: 0|req: 114/254] 10.222.0.36 () {60 vars in 1261 bytes} [Wed Mar 9 05:54:52 2022] POST /volume/v3/b32a325c6a964c299c0dc14ccadc9e81/volume-transfers => generated 507 bytes in 73 msecs (HTTP/1.1 202) 7 headers in 291 bytes (2 switches on core 0)
Mar 09 05:54:52.465230 dv-cinder-831167-2-iscsi devstack@c-api.service[110796]: DEBUG cinder.api.middleware.request_id [None req-23f2727b-c23a-4df3-aba8-3558a5ed7458 None None] RequestId filter calling following filter/app {{(pid=110796) _context_setter /opt/stack/cinder/cinder/api/middleware/request_id.py:62}}
Mar 09 05:54:52.469240 dv-cinder-831167-2-iscsi devstack@c-api.service[110796]: INFO cinder.api.openstack.wsgi [None req-23f2727b-c23a-4df3-aba8-3558a5ed7458 tempest-VolumesTransfersV355Test-811691503 tempest-VolumesTransfersV355Test-811691503-project] GET http://10.222.0.36/volume/v3/b32a325c6a964c299c0dc14ccadc9e81/volumes/58bc4f2d-edfd-4f3e-8ba0-93962916df29
Mar 09 05:54:52.470426 dv-cinder-831167-2-iscsi devstack@c-api.service[110796]: DEBUG cinder.api.openstack.wsgi [None req-23f2727b-c23a-4df3-aba8-3558a5ed7458 tempest-VolumesTransfersV355Test-811691503 tempest-VolumesTransfersV355Test-811691503-project] Empty body provided in request {{(pid=110796) get_body /opt/stack/cinder/cinder/api/openstack/wsgi.py:715}}
Mar 09 05:54:52.471343 dv-cinder-831167-2-iscsi devstack@c-api.service[110796]: DEBUG cinder.api.openstack.wsgi [None req-23f2727b-c23a-4df3-aba8-3558a5ed7458 tempest-VolumesTransfersV355Test-811691503 tempest-VolumesTransfersV355Test-811691503-project] Calling method 'show' {{(pid=110796) _process_stack /opt/stack/cinder/cinder/api/openstack/wsgi.py:868}}
Mar 09 05:54:52.504667 dv-cinder-831167-2-iscsi devstack@c-api.service[110796]: /usr/local/lib/python3.8/dist-packages/oslo_context/context.py:100: DeprecationWarning: Policy enforcement is depending on the value of is_admin. This key is deprecated. Please update your policy file to use the standard policy values.
Mar 09 05:54:52.504667 dv-cinder-831167-2-iscsi devstack@c-api.service[110796]: warnings.warn('Policy enforcement is depending on the value of '
Mar 09 05:54:52.515196 dv-cinder-831167-2-iscsi devstack@c-api.service[110796]: INFO cinder.volume.api [None req-23f2727b-c23a-4df3-aba8-3558a5ed7458 tempest-VolumesTransfersV355Test-811691503 tempest-VolumesTransfersV355Test-811691503-project] Volume info retrieved successfully.
Mar 09 05:54:52.531202 dv-cinder-831167-2-iscsi devstack@c-api.service[110796]: INFO cinder.api.openstack.wsgi [None req-23f2727b-c23a-4df3-aba8-3558a5ed7458 tempest-VolumesTransfersV355Test-811691503 tempest-VolumesTransfersV355Test-811691503-project] http://10.222.0.36/volume/v3/b32a325c6a964c299c0dc14ccadc9e81/volumes/58bc4f2d-edfd-4f3e-8ba0-93962916df29 returned with HTTP 200
Mar 09 05:54:52.540424 dv-cinder-831167-2-iscsi devstack@c-api.service[110796]: [pid: 110796|app: 0|req: 115/255] 10.222.0.36 () {60 vars in 1365 bytes} [Wed Mar 9 05:54:52 2022] GET /volume/v3/b32a325c6a964c299c0dc14ccadc9e81/volumes/58bc4f2d-edfd-4f3e-8ba0-93962916df29 => generated 1023 bytes in 68 msecs (HTTP/1.1 200) 7 headers in 287 bytes (1 switches on core 0)
Mar 09 05:54:52.540628 dv-cinder-831167-2-iscsi devstack@c-api.service[110795]: DEBUG cinder.quota [None req-5338b23b-5e63-4df1-b5df-6a9cee47e524 tempest-DeleteServersTestJSON-1575797436 tempest-DeleteServersTestJSON-1575797436-project] Created reservations ['68fc9bba-b619-4a0f-8870-39407e5d7e06', '9611d09a-32f2-4c87-a3c3-6cb8bc2f8145', 'c26421a2-ba42-44d5-83de-a1e645b0488e', '50e85f76-b682-4c55-9999-11e50b48a1f9'] {{(pid=110795) reserve /opt/stack/cinder/cinder/quota.py:755}}
Mar 09 05:54:52.541602 dv-cinder-831167-2-iscsi devstack@c-api.service[110795]: DEBUG cinder.volume.api [None req-5338b23b-5e63-4df1-b5df-6a9cee47e524 tempest-DeleteServersTestJSON-1575797436 tempest-DeleteServersTestJSON-1575797436-project] Task 'cinder.volume.flows.api.create_volume.QuotaReserveTask;volume:create' (526edddf-e6e1-410e-b15e-c2c94af98060) transitioned into state 'SUCCESS' from state 'RUNNING' with result '{'reservations': ['68fc9bba-b619-4a0f-8870-39407e5d7e06', '9611d09a-32f2-4c87-a3c3-6cb8bc2f8145', 'c26421a2-ba42-44d5-83de-a1e645b0488e', '50e85f76-b682-4c55-9999-11e50b48a1f9']}' {{(pid=110795) _task_receiver /usr/local/lib/python3.8/dist-packages/taskflow/listeners/logging.py:178}}
Mar 09 05:54:52.544292 dv-cinder-831167-2-iscsi devstack@c-api.service[110795]: DEBUG cinder.volume.api [None req-5338b23b-5e63-4df1-b5df-6a9cee47e524 tempest-DeleteServersTestJSON-1575797436 tempest-DeleteServersTestJSON-1575797436-project] Task 'cinder.volume.flows.api.create_volume.EntryCreateTask;volume:create' (66bf96de-4ca7-419a-bf76-b4bfebfe5273) transitioned into state 'RUNNING' from state 'PENDING' {{(pid=110795) _task_receiver /usr/local/lib/python3.8/dist-packages/taskflow/listeners/logging.py:190}}
Mar 09 05:54:52.545685 dv-cinder-831167-2-iscsi devstack@c-api.service[110796]: DEBUG cinder.api.middleware.request_id [None req-c77e6875-5e1d-4db7-9fab-c7cb3f0842fd None None] RequestId filter calling following filter/app {{(pid=110796) _context_setter /opt/stack/cinder/cinder/api/middleware/request_id.py:62}}
Mar 09 05:54:52.552407 dv-cinder-831167-2-iscsi devstack@c-api.service[110796]: INFO cinder.api.openstack.wsgi [None req-c77e6875-5e1d-4db7-9fab-c7cb3f0842fd tempest-VolumesTransfersV355Test-811691503 tempest-VolumesTransfersV355Test-811691503-project] GET http://10.222.0.36/volume/v3/b32a325c6a964c299c0dc14ccadc9e81/volume-transfers/detail
Mar 09 05:54:52.552869 dv-cinder-831167-2-iscsi devstack@c-api.service[110796]: DEBUG cinder.api.openstack.wsgi [None req-c77e6875-5e1d-4db7-9fab-c7cb3f0842fd tempest-VolumesTransfersV355Test-811691503 tempest-VolumesTransfersV355Test-811691503-project] Empty body provided in request {{(pid=110796) get_body /opt/stack/cinder/cinder/api/openstack/wsgi.py:715}}
Mar 09 05:54:52.553334 dv-cinder-831167-2-iscsi devstack@c-api.service[110796]: DEBUG cinder.api.openstack.wsgi [None req-c77e6875-5e1d-4db7-9fab-c7cb3f0842fd tempest-VolumesTransfersV355Test-811691503 tempest-VolumesTransfersV355Test-811691503-project] Calling method 'detail' {{(pid=110796) _process_stack /opt/stack/cinder/cinder/api/openstack/wsgi.py:868}}
Mar 09 05:54:52.553731 dv-cinder-831167-2-iscsi devstack@c-api.service[110796]: DEBUG cinder.api.v3.volume_transfer [None req-c77e6875-5e1d-4db7-9fab-c7cb3f0842fd tempest-VolumesTransfersV355Test-811691503 tempest-VolumesTransfersV355Test-811691503-project] Listing volume transfers {{(pid=110796) _get_transfers /opt/stack/cinder/cinder/api/v3/volume_transfer.py:51}}
Mar 09 05:54:52.563837 dv-cinder-831167-2-iscsi devstack@c-api.service[110796]: INFO cinder.api.openstack.wsgi [None req-c77e6875-5e1d-4db7-9fab-c7cb3f0842fd tempest-VolumesTransfersV355Test-811691503 tempest-VolumesTransfersV355Test-811691503-project] http://10.222.0.36/volume/v3/b32a325c6a964c299c0dc14ccadc9e81/volume-transfers/detail returned with HTTP 200
Mar 09 05:54:52.569323 dv-cinder-831167-2-iscsi devstack@c-api.service[110796]: [pid: 110796|app: 0|req: 116/256] 10.222.0.36 () {58 vars in 1261 bytes} [Wed Mar 9 05:54:52 2022] GET /volume/v3/b32a325c6a964c299c0dc14ccadc9e81/volume-transfers/detail => generated 478 bytes in 24 msecs (HTTP/1.1 200) 7 headers in 285 bytes (1 switches on core 0)
Mar 09 05:54:52.571190 dv-cinder-831167-2-iscsi devstack@c-api.service[110796]: DEBUG cinder.api.middleware.request_id [None req-f5a5a5c1-60bd-442f-81eb-dfb6137f31ad None None] RequestId filter calling following filter/app {{(pid=110796) _context_setter /opt/stack/cinder/cinder/api/middleware/request_id.py:62}}
Mar 09 05:54:52.576896 dv-cinder-831167-2-iscsi devstack@c-api.service[110796]: INFO cinder.api.openstack.wsgi [None req-f5a5a5c1-60bd-442f-81eb-dfb6137f31ad tempest-VolumesTransfersV355Test-811691503 tempest-VolumesTransfersV355Test-811691503-project] DELETE http://10.222.0.36/volume/v3/b32a325c6a964c299c0dc14ccadc9e81/volume-transfers/a2d96294-58e8-4340-a3ac-a80575fe8508
Mar 09 05:54:52.577266 dv-cinder-831167-2-iscsi devstack@c-api.service[110796]: DEBUG cinder.api.openstack.wsgi [None req-f5a5a5c1-60bd-442f-81eb-dfb6137f31ad tempest-VolumesTransfersV355Test-811691503 tempest-VolumesTransfersV355Test-811691503-project] Empty body provided in request {{(pid=110796) get_body /opt/stack/cinder/cinder/api/openstack/wsgi.py:715}}
Mar 09 05:54:52.577747 dv-cinder-831167-2-iscsi devstack@c-api.service[110796]: DEBUG cinder.api.openstack.wsgi [None req-f5a5a5c1-60bd-442f-81eb-dfb6137f31ad tempest-VolumesTransfersV355Test-811691503 tempest-VolumesTransfersV355Test-811691503-project] Calling method 'delete' {{(pid=110796) _process_stack /opt/stack/cinder/cinder/api/openstack/wsgi.py:868}}
Mar 09 05:54:52.578128 dv-cinder-831167-2-iscsi devstack@c-api.service[110796]: INFO cinder.api.contrib.volume_transfer [None req-f5a5a5c1-60bd-442f-81eb-dfb6137f31ad tempest-VolumesTransfersV355Test-811691503 tempest-VolumesTransfersV355Test-811691503-project] Delete transfer with id: a2d96294-58e8-4340-a3ac-a80575fe8508
Mar 09 05:54:52.593017 dv-cinder-831167-2-iscsi devstack@c-api.service[110795]: DEBUG cinder.volume.api [None req-5338b23b-5e63-4df1-b5df-6a9cee47e524 tempest-DeleteServersTestJSON-1575797436 tempest-DeleteServersTestJSON-1575797436-project] Task 'cinder.volume.flows.api.create_volume.EntryCreateTask;volume:create' (66bf96de-4ca7-419a-bf76-b4bfebfe5273) transitioned into state 'SUCCESS' from state 'RUNNING' with result '{'volume_id': '5edd64b5-1e56-42c7-ba52-f5ddc1d712e6', 'volume_properties': VolumeProperties(attach_status='detached',availability_zone='nova',cgsnapshot_id=None,consistencygroup_id=None,display_description=None,display_name='tempest-DeleteServersTestJSON-volume-676231187',encryption_key_id=None,group_id=None,group_type_id=,metadata={},multiattach=False,project_id='5dc963d9af7245b9a48746a14e54e821',qos_specs=None,replication_status=,reservations=['68fc9bba-b619-4a0f-8870-39407e5d7e06','9611d09a-32f2-4c87-a3c3-6cb8bc2f8145','c26421a2-ba42-44d5-83de-a1e645b0488e','50e85f76-b682-4c55-9999-11e50b48a1f9'],size=1,snapshot_id=None,source_replicaid=,source_volid=None,status='creating',user_id='a992e028606f42e193c47179b69c2e91',volume_type_id=2cfc3458-88b3-4585-af10-495b10854aea), 'volume': Volume(_name_id=None,admin_metadata=,attach_status='detached',availability_zone='nova',bootable=False,cluster=,cluster_name=None,consistencygroup=,consistencygroup_id=None,created_at=2022-03-09T05:54:52Z,deleted=False,deleted_at=None,display_description=None,display_name='tempest-DeleteServersTestJSON-volume-676231187',ec2_id=None,encryption_key_id=None,glance_metadata=,group=,group_id=None,host=None,id=5edd64b5-1e56-42c7-ba52-f5ddc1d712e6,launched_at=None,metadata={},migration_status=None,multiattach=False,previous_status=None,project_id='5dc963d9af7245b9a48746a14e54e821',provider_auth=None,provider_geometry=None,provider_id=None,provider_location=None,replication_driver_data=None,replication_extended_status=None,replication_status=None,scheduled_at=None,service_uuid=None,shared_targets=True,size=1,snapshot_id=None,snapshots=,source_volid=None,status='creating',terminated_at=None,updated_at=None,use_quota=True,user_id='a992e028606f42e193c47179b69c2e91',volume_attachment=VolumeAttachmentList,volume_type=VolumeType(2cfc3458-88b3-4585-af10-495b10854aea),volume_type_id=2cfc3458-88b3-4585-af10-495b10854aea)}' {{(pid=110795) _task_receiver /usr/local/lib/python3.8/dist-packages/taskflow/listeners/logging.py:178}}
Mar 09 05:54:52.595054 dv-cinder-831167-2-iscsi devstack@c-api.service[110795]: DEBUG cinder.volume.api [None req-5338b23b-5e63-4df1-b5df-6a9cee47e524 tempest-DeleteServersTestJSON-1575797436 tempest-DeleteServersTestJSON-1575797436-project] Task 'cinder.volume.flows.api.create_volume.QuotaCommitTask;volume:create' (406dfa43-fdd5-4e54-a6e7-e20c5a41aec2) transitioned into state 'RUNNING' from state 'PENDING' {{(pid=110795) _task_receiver /usr/local/lib/python3.8/dist-packages/taskflow/listeners/logging.py:190}}
Mar 09 05:54:52.615742 dv-cinder-831167-2-iscsi devstack@c-api.service[110796]: /usr/local/lib/python3.8/dist-packages/oslo_context/context.py:100: DeprecationWarning: Policy enforcement is depending on the value of is_admin. This key is deprecated. Please update your policy file to use the standard policy values.
Mar 09 05:54:52.615742 dv-cinder-831167-2-iscsi devstack@c-api.service[110796]: warnings.warn('Policy enforcement is depending on the value of '
Mar 09 05:54:52.651560 dv-cinder-831167-2-iscsi devstack@c-api.service[110796]: INFO cinder.api.openstack.wsgi [None req-f5a5a5c1-60bd-442f-81eb-dfb6137f31ad tempest-VolumesTransfersV355Test-811691503 tempest-VolumesTransfersV355Test-811691503-project] http://10.222.0.36/volume/v3/b32a325c6a964c299c0dc14ccadc9e81/volume-transfers/a2d96294-58e8-4340-a3ac-a80575fe8508 returned with HTTP 202
Mar 09 05:54:52.655785 dv-cinder-831167-2-iscsi devstack@c-api.service[110796]: [pid: 110796|app: 0|req: 117/257] 10.222.0.36 () {58 vars in 1354 bytes} [Wed Mar 9 05:54:52 2022] DELETE /volume/v3/b32a325c6a964c299c0dc14ccadc9e81/volume-transfers/a2d96294-58e8-4340-a3ac-a80575fe8508 => generated 0 bytes in 85 msecs (HTTP/1.1 202) 6 headers in 233 bytes (1 switches on core 0)
Mar 09 05:54:52.657343 dv-cinder-831167-2-iscsi devstack@c-api.service[110796]: DEBUG cinder.api.middleware.request_id [None req-a6bb1828-e58e-459c-871d-678c119d8654 None None] RequestId filter calling following filter/app {{(pid=110796) _context_setter /opt/stack/cinder/cinder/api/middleware/request_id.py:62}}
Mar 09 05:54:52.659322 dv-cinder-831167-2-iscsi devstack@c-api.service[110795]: DEBUG cinder.volume.api [None req-5338b23b-5e63-4df1-b5df-6a9cee47e524 tempest-DeleteServersTestJSON-1575797436 tempest-DeleteServersTestJSON-1575797436-project] Task 'cinder.volume.flows.api.create_volume.QuotaCommitTask;volume:create' (406dfa43-fdd5-4e54-a6e7-e20c5a41aec2) transitioned into state 'SUCCESS' from state 'RUNNING' with result '{'volume_properties': VolumeProperties(attach_status='detached',availability_zone='nova',cgsnapshot_id=None,consistencygroup_id=None,display_description=None,display_name='tempest-DeleteServersTestJSON-volume-676231187',encryption_key_id=None,group_id=None,group_type_id=,metadata={},multiattach=False,project_id='5dc963d9af7245b9a48746a14e54e821',qos_specs=None,replication_status=,reservations=['68fc9bba-b619-4a0f-8870-39407e5d7e06','9611d09a-32f2-4c87-a3c3-6cb8bc2f8145','c26421a2-ba42-44d5-83de-a1e645b0488e','50e85f76-b682-4c55-9999-11e50b48a1f9'],size=1,snapshot_id=None,source_replicaid=,source_volid=None,status='creating',user_id='a992e028606f42e193c47179b69c2e91',volume_type_id=2cfc3458-88b3-4585-af10-495b10854aea)}' {{(pid=110795) _task_receiver /usr/local/lib/python3.8/dist-packages/taskflow/listeners/logging.py:178}}
Mar 09 05:54:52.661789 dv-cinder-831167-2-iscsi devstack@c-api.service[110795]: DEBUG cinder.volume.api [None req-5338b23b-5e63-4df1-b5df-6a9cee47e524 tempest-DeleteServersTestJSON-1575797436 tempest-DeleteServersTestJSON-1575797436-project] Task 'cinder.volume.flows.api.create_volume.VolumeCastTask;volume:create' (203cddf7-8870-4cc9-bc15-2ee698c22ef1) transitioned into state 'RUNNING' from state 'PENDING' {{(pid=110795) _task_receiver /usr/local/lib/python3.8/dist-packages/taskflow/listeners/logging.py:190}}
Mar 09 05:54:52.665466 dv-cinder-831167-2-iscsi devstack@c-api.service[110796]: INFO cinder.api.openstack.wsgi [None req-a6bb1828-e58e-459c-871d-678c119d8654 tempest-VolumesImageMetadata-1791713567 tempest-VolumesImageMetadata-1791713567-project] GET http://10.222.0.36/volume/v3/8b5a1c2dbf974d779589ffb3f3fc9e8e/volumes/c4cbf6d9-14de-402b-9db4-4ac6c6e16bfa
Mar 09 05:54:52.666316 dv-cinder-831167-2-iscsi devstack@c-api.service[110796]: DEBUG cinder.api.openstack.wsgi [None req-a6bb1828-e58e-459c-871d-678c119d8654 tempest-VolumesImageMetadata-1791713567 tempest-VolumesImageMetadata-1791713567-project] Empty body provided in request {{(pid=110796) get_body /opt/stack/cinder/cinder/api/openstack/wsgi.py:715}}
Mar 09 05:54:52.667059 dv-cinder-831167-2-iscsi devstack@c-api.service[110796]: DEBUG cinder.api.openstack.wsgi [None req-a6bb1828-e58e-459c-871d-678c119d8654 tempest-VolumesImageMetadata-1791713567 tempest-VolumesImageMetadata-1791713567-project] Calling method 'show' {{(pid=110796) _process_stack /opt/stack/cinder/cinder/api/openstack/wsgi.py:868}}
Mar 09 05:54:52.685385 dv-cinder-831167-2-iscsi devstack@c-api.service[110795]: DEBUG cinder.volume.api [None req-5338b23b-5e63-4df1-b5df-6a9cee47e524 tempest-DeleteServersTestJSON-1575797436 tempest-DeleteServersTestJSON-1575797436-project] Task 'cinder.volume.flows.api.create_volume.VolumeCastTask;volume:create' (203cddf7-8870-4cc9-bc15-2ee698c22ef1) transitioned into state 'SUCCESS' from state 'RUNNING' with result 'None' {{(pid=110795) _task_receiver /usr/local/lib/python3.8/dist-packages/taskflow/listeners/logging.py:178}}
Mar 09 05:54:52.688845 dv-cinder-831167-2-iscsi devstack@c-api.service[110795]: DEBUG cinder.volume.api [None req-5338b23b-5e63-4df1-b5df-6a9cee47e524 tempest-DeleteServersTestJSON-1575797436 tempest-DeleteServersTestJSON-1575797436-project] Flow 'volume_create_api' (9b98d6d0-d281-4182-a1b6-8c50022f026f) transitioned into state 'SUCCESS' from state 'RUNNING' {{(pid=110795) _flow_receiver /usr/local/lib/python3.8/dist-packages/taskflow/listeners/logging.py:141}}
Mar 09 05:54:52.689710 dv-cinder-831167-2-iscsi devstack@c-api.service[110795]: INFO cinder.volume.api [None req-5338b23b-5e63-4df1-b5df-6a9cee47e524 tempest-DeleteServersTestJSON-1575797436 tempest-DeleteServersTestJSON-1575797436-project] Create volume request issued successfully.
Mar 09 05:54:52.690220 dv-cinder-831167-2-iscsi devstack@c-api.service[110796]: /usr/local/lib/python3.8/dist-packages/oslo_context/context.py:100: DeprecationWarning: Policy enforcement is depending on the value of is_admin. This key is deprecated. Please update your policy file to use the standard policy values.
Mar 09 05:54:52.690220 dv-cinder-831167-2-iscsi devstack@c-api.service[110796]: warnings.warn('Policy enforcement is depending on the value of '
Mar 09 05:54:52.692345 dv-cinder-831167-2-iscsi devstack@c-api.service[110795]: INFO cinder.api.openstack.wsgi [None req-5338b23b-5e63-4df1-b5df-6a9cee47e524 tempest-DeleteServersTestJSON-1575797436 tempest-DeleteServersTestJSON-1575797436-project] http://10.222.0.36/volume/v3/5dc963d9af7245b9a48746a14e54e821/volumes returned with HTTP 202
Mar 09 05:54:52.693957 dv-cinder-831167-2-iscsi devstack@c-api.service[110795]: [pid: 110795|app: 0|req: 141/258] 10.222.0.36 () {60 vars in 1234 bytes} [Wed Mar 9 05:54:52 2022] POST /volume/v3/5dc963d9af7245b9a48746a14e54e821/volumes => generated 820 bytes in 369 msecs (HTTP/1.1 202) 7 headers in 291 bytes (2 switches on core 0)
Mar 09 05:54:52.695634 dv-cinder-831167-2-iscsi devstack@c-api.service[110795]: DEBUG cinder.api.middleware.request_id [None req-9d9dcfbc-44a9-481a-8923-6072f65c1136 None None] RequestId filter calling following filter/app {{(pid=110795) _context_setter /opt/stack/cinder/cinder/api/middleware/request_id.py:62}}
Mar 09 05:54:52.700782 dv-cinder-831167-2-iscsi devstack@c-api.service[110795]: INFO cinder.api.openstack.wsgi [None req-9d9dcfbc-44a9-481a-8923-6072f65c1136 tempest-VolumesTransfersV355Test-811691503 tempest-VolumesTransfersV355Test-811691503-project] GET http://10.222.0.36/volume/v3/b32a325c6a964c299c0dc14ccadc9e81/volumes/58bc4f2d-edfd-4f3e-8ba0-93962916df29
Mar 09 05:54:52.701513 dv-cinder-831167-2-iscsi devstack@c-api.service[110795]: DEBUG cinder.api.openstack.wsgi [None req-9d9dcfbc-44a9-481a-8923-6072f65c1136 tempest-VolumesTransfersV355Test-811691503 tempest-VolumesTransfersV355Test-811691503-project] Empty body provided in request {{(pid=110795) get_body /opt/stack/cinder/cinder/api/openstack/wsgi.py:715}}
Mar 09 05:54:52.701962 dv-cinder-831167-2-iscsi devstack@c-api.service[110795]: DEBUG cinder.api.openstack.wsgi [None req-9d9dcfbc-44a9-481a-8923-6072f65c1136 tempest-VolumesTransfersV355Test-811691503 tempest-VolumesTransfersV355Test-811691503-project] Calling method 'show' {{(pid=110795) _process_stack /opt/stack/cinder/cinder/api/openstack/wsgi.py:868}}
Mar 09 05:54:52.709670 dv-cinder-831167-2-iscsi devstack@c-api.service[110796]: INFO cinder.volume.api [None req-a6bb1828-e58e-459c-871d-678c119d8654 tempest-VolumesImageMetadata-1791713567 tempest-VolumesImageMetadata-1791713567-project] Volume info retrieved successfully.
Mar 09 05:54:52.717360 dv-cinder-831167-2-iscsi devstack@c-api.service[110795]: /usr/local/lib/python3.8/dist-packages/oslo_context/context.py:100: DeprecationWarning: Policy enforcement is depending on the value of is_admin. This key is deprecated. Please update your policy file to use the standard policy values.
Mar 09 05:54:52.717360 dv-cinder-831167-2-iscsi devstack@c-api.service[110795]: warnings.warn('Policy enforcement is depending on the value of '
Mar 09 05:54:52.723928 dv-cinder-831167-2-iscsi devstack@c-api.service[110796]: INFO cinder.api.openstack.wsgi [None req-a6bb1828-e58e-459c-871d-678c119d8654 tempest-VolumesImageMetadata-1791713567 tempest-VolumesImageMetadata-1791713567-project] http://10.222.0.36/volume/v3/8b5a1c2dbf974d779589ffb3f3fc9e8e/volumes/c4cbf6d9-14de-402b-9db4-4ac6c6e16bfa returned with HTTP 200
Mar 09 05:54:52.724857 dv-cinder-831167-2-iscsi devstack@c-api.service[110796]: [pid: 110796|app: 0|req: 118/259] 10.222.0.36 () {58 vars in 1324 bytes} [Wed Mar 9 05:54:52 2022] GET /volume/v3/8b5a1c2dbf974d779589ffb3f3fc9e8e/volumes/c4cbf6d9-14de-402b-9db4-4ac6c6e16bfa => generated 911 bytes in 69 msecs (HTTP/1.1 200) 7 headers in 285 bytes (1 switches on core 0)
Mar 09 05:54:52.733624 dv-cinder-831167-2-iscsi devstack@c-api.service[110796]: DEBUG cinder.api.middleware.request_id [None req-2d782330-8214-4915-8b84-c5d32f6c2f4d None None] RequestId filter calling following filter/app {{(pid=110796) _context_setter /opt/stack/cinder/cinder/api/middleware/request_id.py:62}}
Mar 09 05:54:52.733833 dv-cinder-831167-2-iscsi devstack@c-api.service[110795]: INFO cinder.volume.api [None req-9d9dcfbc-44a9-481a-8923-6072f65c1136 tempest-VolumesTransfersV355Test-811691503 tempest-VolumesTransfersV355Test-811691503-project] Volume info retrieved successfully.
Mar 09 05:54:52.745590 dv-cinder-831167-2-iscsi devstack@c-api.service[110796]: INFO cinder.api.openstack.wsgi [None req-2d782330-8214-4915-8b84-c5d32f6c2f4d tempest-DeleteServersTestJSON-1575797436 tempest-DeleteServersTestJSON-1575797436-project] GET http://10.222.0.36/volume/v3/5dc963d9af7245b9a48746a14e54e821/volumes/5edd64b5-1e56-42c7-ba52-f5ddc1d712e6
Mar 09 05:54:52.747228 dv-cinder-831167-2-iscsi devstack@c-api.service[110796]: DEBUG cinder.api.openstack.wsgi [None req-2d782330-8214-4915-8b84-c5d32f6c2f4d tempest-DeleteServersTestJSON-1575797436 tempest-DeleteServersTestJSON-1575797436-project] Empty body provided in request {{(pid=110796) get_body /opt/stack/cinder/cinder/api/openstack/wsgi.py:715}}
Mar 09 05:54:52.747922 dv-cinder-831167-2-iscsi devstack@c-api.service[110796]: DEBUG cinder.api.openstack.wsgi [None req-2d782330-8214-4915-8b84-c5d32f6c2f4d tempest-DeleteServersTestJSON-1575797436 tempest-DeleteServersTestJSON-1575797436-project] Calling method 'show' {{(pid=110796) _process_stack /opt/stack/cinder/cinder/api/openstack/wsgi.py:868}}
Mar 09 05:54:52.753551 dv-cinder-831167-2-iscsi devstack@c-api.service[110795]: INFO cinder.api.openstack.wsgi [None req-9d9dcfbc-44a9-481a-8923-6072f65c1136 tempest-VolumesTransfersV355Test-811691503 tempest-VolumesTransfersV355Test-811691503-project] http://10.222.0.36/volume/v3/b32a325c6a964c299c0dc14ccadc9e81/volumes/58bc4f2d-edfd-4f3e-8ba0-93962916df29 returned with HTTP 200
Mar 09 05:54:52.764749 dv-cinder-831167-2-iscsi devstack@c-api.service[110795]: [pid: 110795|app: 0|req: 142/260] 10.222.0.36 () {60 vars in 1365 bytes} [Wed Mar 9 05:54:52 2022] GET /volume/v3/b32a325c6a964c299c0dc14ccadc9e81/volumes/58bc4f2d-edfd-4f3e-8ba0-93962916df29 => generated 1015 bytes in 61 msecs (HTTP/1.1 200) 7 headers in 287 bytes (1 switches on core 0)
Mar 09 05:54:52.768333 dv-cinder-831167-2-iscsi devstack@c-api.service[110795]: DEBUG cinder.api.middleware.request_id [None req-ec45af91-b798-45af-9124-98e9281a2eff None None] RequestId filter calling following filter/app {{(pid=110795) _context_setter /opt/stack/cinder/cinder/api/middleware/request_id.py:62}}
Mar 09 05:54:52.770797 dv-cinder-831167-2-iscsi devstack@c-api.service[110796]: /usr/local/lib/python3.8/dist-packages/oslo_context/context.py:100: DeprecationWarning: Policy enforcement is depending on the value of is_admin. This key is deprecated. Please update your policy file to use the standard policy values.
Mar 09 05:54:52.770797 dv-cinder-831167-2-iscsi devstack@c-api.service[110796]: warnings.warn('Policy enforcement is depending on the value of '
Mar 09 05:54:52.771652 dv-cinder-831167-2-iscsi devstack@c-api.service[110795]: INFO cinder.api.openstack.wsgi [None req-ec45af91-b798-45af-9124-98e9281a2eff tempest-VolumesTransfersV355Test-811691503 tempest-VolumesTransfersV355Test-811691503-project] DELETE http://10.222.0.36/volume/v3/b32a325c6a964c299c0dc14ccadc9e81/volume-transfers/a2d96294-58e8-4340-a3ac-a80575fe8508
Mar 09 05:54:52.772091 dv-cinder-831167-2-iscsi devstack@c-api.service[110795]: DEBUG cinder.api.openstack.wsgi [None req-ec45af91-b798-45af-9124-98e9281a2eff tempest-VolumesTransfersV355Test-811691503 tempest-VolumesTransfersV355Test-811691503-project] Empty body provided in request {{(pid=110795) get_body /opt/stack/cinder/cinder/api/openstack/wsgi.py:715}}
Mar 09 05:54:52.772580 dv-cinder-831167-2-iscsi devstack@c-api.service[110795]: DEBUG cinder.api.openstack.wsgi [None req-ec45af91-b798-45af-9124-98e9281a2eff tempest-VolumesTransfersV355Test-811691503 tempest-VolumesTransfersV355Test-811691503-project] Calling method 'delete' {{(pid=110795) _process_stack /opt/stack/cinder/cinder/api/openstack/wsgi.py:868}}
Mar 09 05:54:52.772882 dv-cinder-831167-2-iscsi devstack@c-api.service[110795]: INFO cinder.api.contrib.volume_transfer [None req-ec45af91-b798-45af-9124-98e9281a2eff tempest-VolumesTransfersV355Test-811691503 tempest-VolumesTransfersV355Test-811691503-project] Delete transfer with id: a2d96294-58e8-4340-a3ac-a80575fe8508
Mar 09 05:54:52.783487 dv-cinder-831167-2-iscsi devstack@c-api.service[110795]: INFO cinder.api.openstack.wsgi [None req-ec45af91-b798-45af-9124-98e9281a2eff tempest-VolumesTransfersV355Test-811691503 tempest-VolumesTransfersV355Test-811691503-project] http://10.222.0.36/volume/v3/b32a325c6a964c299c0dc14ccadc9e81/volume-transfers/a2d96294-58e8-4340-a3ac-a80575fe8508 returned with HTTP 404
Mar 09 05:54:52.784465 dv-cinder-831167-2-iscsi devstack@c-api.service[110795]: [pid: 110795|app: 0|req: 143/261] 10.222.0.36 () {58 vars in 1354 bytes} [Wed Mar 9 05:54:52 2022] DELETE /volume/v3/b32a325c6a964c299c0dc14ccadc9e81/volume-transfers/a2d96294-58e8-4340-a3ac-a80575fe8508 => generated 111 bytes in 18 msecs (HTTP/1.1 404) 7 headers in 292 bytes (2 switches on core 0)
Mar 09 05:54:52.784774 dv-cinder-831167-2-iscsi devstack@c-api.service[110796]: INFO cinder.volume.api [None req-2d782330-8214-4915-8b84-c5d32f6c2f4d tempest-DeleteServersTestJSON-1575797436 tempest-DeleteServersTestJSON-1575797436-project] Volume info retrieved successfully.
Mar 09 05:54:52.789355 dv-cinder-831167-2-iscsi devstack@c-api.service[110795]: DEBUG cinder.api.middleware.request_id [None req-8c9c4cbe-cac1-4bff-bc06-1505aa465468 None None] RequestId filter calling following filter/app {{(pid=110795) _context_setter /opt/stack/cinder/cinder/api/middleware/request_id.py:62}}
Mar 09 05:54:52.794732 dv-cinder-831167-2-iscsi devstack@c-api.service[110795]: INFO cinder.api.openstack.wsgi [None req-8c9c4cbe-cac1-4bff-bc06-1505aa465468 tempest-VolumesTransfersV355Test-1803652717 tempest-VolumesTransfersV355Test-1803652717-project-admin] DELETE http://10.222.0.36/volume/v3/d7581bdafb9f44699f9b5ef09aa0440d/volumes/58bc4f2d-edfd-4f3e-8ba0-93962916df29
Mar 09 05:54:52.795297 dv-cinder-831167-2-iscsi devstack@c-api.service[110795]: DEBUG cinder.api.openstack.wsgi [None req-8c9c4cbe-cac1-4bff-bc06-1505aa465468 tempest-VolumesTransfersV355Test-1803652717 tempest-VolumesTransfersV355Test-1803652717-project-admin] Empty body provided in request {{(pid=110795) get_body /opt/stack/cinder/cinder/api/openstack/wsgi.py:715}}
Mar 09 05:54:52.795850 dv-cinder-831167-2-iscsi devstack@c-api.service[110795]: DEBUG cinder.api.openstack.wsgi [None req-8c9c4cbe-cac1-4bff-bc06-1505aa465468 tempest-VolumesTransfersV355Test-1803652717 tempest-VolumesTransfersV355Test-1803652717-project-admin] Calling method 'delete' {{(pid=110795) _process_stack /opt/stack/cinder/cinder/api/openstack/wsgi.py:868}}
Mar 09 05:54:52.796344 dv-cinder-831167-2-iscsi devstack@c-api.service[110795]: INFO cinder.api.v3.volumes [None req-8c9c4cbe-cac1-4bff-bc06-1505aa465468 tempest-VolumesTransfersV355Test-1803652717 tempest-VolumesTransfersV355Test-1803652717-project-admin] Delete volume with id: 58bc4f2d-edfd-4f3e-8ba0-93962916df29
Mar 09 05:54:52.798049 dv-cinder-831167-2-iscsi devstack@c-api.service[110796]: INFO cinder.api.openstack.wsgi [None req-2d782330-8214-4915-8b84-c5d32f6c2f4d tempest-DeleteServersTestJSON-1575797436 tempest-DeleteServersTestJSON-1575797436-project] http://10.222.0.36/volume/v3/5dc963d9af7245b9a48746a14e54e821/volumes/5edd64b5-1e56-42c7-ba52-f5ddc1d712e6 returned with HTTP 200
Mar 09 05:54:52.799467 dv-cinder-831167-2-iscsi devstack@c-api.service[110796]: [pid: 110796|app: 0|req: 119/262] 10.222.0.36 () {58 vars in 1324 bytes} [Wed Mar 9 05:54:52 2022] GET /volume/v3/5dc963d9af7245b9a48746a14e54e821/volumes/5edd64b5-1e56-42c7-ba52-f5ddc1d712e6 => generated 888 bytes in 74 msecs (HTTP/1.1 200) 7 headers in 285 bytes (1 switches on core 0)
Mar 09 05:54:52.817619 dv-cinder-831167-2-iscsi devstack@c-api.service[110795]: /usr/local/lib/python3.8/dist-packages/oslo_context/context.py:100: DeprecationWarning: Policy enforcement is depending on the value of is_admin. This key is deprecated. Please update your policy file to use the standard policy values.
Mar 09 05:54:52.817619 dv-cinder-831167-2-iscsi devstack@c-api.service[110795]: warnings.warn('Policy enforcement is depending on the value of '
Mar 09 05:54:52.818482 dv-cinder-831167-2-iscsi devstack@c-api.service[110795]: INFO cinder.volume.api [None req-8c9c4cbe-cac1-4bff-bc06-1505aa465468 tempest-VolumesTransfersV355Test-1803652717 tempest-VolumesTransfersV355Test-1803652717-project-admin] Volume info retrieved successfully.
Mar 09 05:54:52.872747 dv-cinder-831167-2-iscsi devstack@c-api.service[110795]: INFO cinder.volume.api [None req-8c9c4cbe-cac1-4bff-bc06-1505aa465468 tempest-VolumesTransfersV355Test-1803652717 tempest-VolumesTransfersV355Test-1803652717-project-admin] Delete volume request issued successfully.
Mar 09 05:54:52.873142 dv-cinder-831167-2-iscsi devstack@c-api.service[110795]: INFO cinder.api.openstack.wsgi [None req-8c9c4cbe-cac1-4bff-bc06-1505aa465468 tempest-VolumesTransfersV355Test-1803652717 tempest-VolumesTransfersV355Test-1803652717-project-admin] http://10.222.0.36/volume/v3/d7581bdafb9f44699f9b5ef09aa0440d/volumes/58bc4f2d-edfd-4f3e-8ba0-93962916df29 returned with HTTP 202
Mar 09 05:54:52.874203 dv-cinder-831167-2-iscsi devstack@c-api.service[110795]: [pid: 110795|app: 0|req: 144/263] 10.222.0.36 () {60 vars in 1368 bytes} [Wed Mar 9 05:54:52 2022] DELETE /volume/v3/d7581bdafb9f44699f9b5ef09aa0440d/volumes/58bc4f2d-edfd-4f3e-8ba0-93962916df29 => generated 0 bytes in 86 msecs (HTTP/1.1 202) 6 headers in 234 bytes (2 switches on core 0)
Mar 09 05:54:52.878774 dv-cinder-831167-2-iscsi devstack@c-api.service[110796]: DEBUG cinder.api.middleware.request_id [None req-7bb47105-f161-4717-9826-09d80a8ba91e None None] RequestId filter calling following filter/app {{(pid=110796) _context_setter /opt/stack/cinder/cinder/api/middleware/request_id.py:62}}
Mar 09 05:54:52.882620 dv-cinder-831167-2-iscsi devstack@c-api.service[110796]: INFO cinder.api.openstack.wsgi [None req-7bb47105-f161-4717-9826-09d80a8ba91e tempest-VolumesTransfersV355Test-1803652717 tempest-VolumesTransfersV355Test-1803652717-project-admin] GET http://10.222.0.36/volume/v3/d7581bdafb9f44699f9b5ef09aa0440d/volumes/58bc4f2d-edfd-4f3e-8ba0-93962916df29
Mar 09 05:54:52.883169 dv-cinder-831167-2-iscsi devstack@c-api.service[110796]: DEBUG cinder.api.openstack.wsgi [None req-7bb47105-f161-4717-9826-09d80a8ba91e tempest-VolumesTransfersV355Test-1803652717 tempest-VolumesTransfersV355Test-1803652717-project-admin] Empty body provided in request {{(pid=110796) get_body /opt/stack/cinder/cinder/api/openstack/wsgi.py:715}}
Mar 09 05:54:52.883634 dv-cinder-831167-2-iscsi devstack@c-api.service[110796]: DEBUG cinder.api.openstack.wsgi [None req-7bb47105-f161-4717-9826-09d80a8ba91e tempest-VolumesTransfersV355Test-1803652717 tempest-VolumesTransfersV355Test-1803652717-project-admin] Calling method 'show' {{(pid=110796) _process_stack /opt/stack/cinder/cinder/api/openstack/wsgi.py:868}}
Mar 09 05:54:52.924854 dv-cinder-831167-2-iscsi devstack@c-api.service[110796]: /usr/local/lib/python3.8/dist-packages/oslo_context/context.py:100: DeprecationWarning: Policy enforcement is depending on the value of is_admin. This key is deprecated. Please update your policy file to use the standard policy values.
Mar 09 05:54:52.924854 dv-cinder-831167-2-iscsi devstack@c-api.service[110796]: warnings.warn('Policy enforcement is depending on the value of '
Mar 09 05:54:52.936923 dv-cinder-831167-2-iscsi devstack@c-api.service[110796]: INFO cinder.volume.api [None req-7bb47105-f161-4717-9826-09d80a8ba91e tempest-VolumesTransfersV355Test-1803652717 tempest-VolumesTransfersV355Test-1803652717-project-admin] Volume info retrieved successfully.
Mar 09 05:54:52.948940 dv-cinder-831167-2-iscsi devstack@c-api.service[110796]: INFO cinder.api.openstack.wsgi [None req-7bb47105-f161-4717-9826-09d80a8ba91e tempest-VolumesTransfersV355Test-1803652717 tempest-VolumesTransfersV355Test-1803652717-project-admin] http://10.222.0.36/volume/v3/d7581bdafb9f44699f9b5ef09aa0440d/volumes/58bc4f2d-edfd-4f3e-8ba0-93962916df29 returned with HTTP 200
Mar 09 05:54:52.951171 dv-cinder-831167-2-iscsi devstack@c-api.service[110796]: [pid: 110796|app: 0|req: 120/264] 10.222.0.36 () {60 vars in 1365 bytes} [Wed Mar 9 05:54:52 2022] GET /volume/v3/d7581bdafb9f44699f9b5ef09aa0440d/volumes/58bc4f2d-edfd-4f3e-8ba0-93962916df29 => generated 1211 bytes in 73 msecs (HTTP/1.1 200) 7 headers in 287 bytes (1 switches on core 0)
Mar 09 05:54:53.065706 dv-cinder-831167-2-iscsi devstack@c-api.service[110795]: DEBUG cinder.api.middleware.request_id [None req-c5577983-87da-4a85-bdec-e1b69ff852a1 None None] RequestId filter calling following filter/app {{(pid=110795) _context_setter /opt/stack/cinder/cinder/api/middleware/request_id.py:62}}
Mar 09 05:54:53.167004 dv-cinder-831167-2-iscsi devstack@c-api.service[110795]: INFO cinder.api.openstack.wsgi [None req-c5577983-87da-4a85-bdec-e1b69ff852a1 tempest-VolumeTypesTest-23707510 tempest-VolumeTypesTest-23707510-project-admin] POST http://10.222.0.36/volume/v3/755699c5f2be4666ab908dd36fe8a71f/types
Mar 09 05:54:53.167755 dv-cinder-831167-2-iscsi devstack@c-api.service[110795]: DEBUG cinder.api.openstack.wsgi [None req-c5577983-87da-4a85-bdec-e1b69ff852a1 tempest-VolumeTypesTest-23707510 tempest-VolumeTypesTest-23707510-project-admin] Action: 'create', calling method: _create, body: {"volume_type": {"name": "tempest-VolumeTypesTest-volume-type-855534099", "extra_specs": {"storage_protocol": "iSCSI", "vendor_name": "Microsoft"}}} {{(pid=110795) _process_stack /opt/stack/cinder/cinder/api/openstack/wsgi.py:866}}
Mar 09 05:54:53.194115 dv-cinder-831167-2-iscsi devstack@c-api.service[110795]: INFO cinder.api.openstack.wsgi [None req-c5577983-87da-4a85-bdec-e1b69ff852a1 tempest-VolumeTypesTest-23707510 tempest-VolumeTypesTest-23707510-project-admin] http://10.222.0.36/volume/v3/755699c5f2be4666ab908dd36fe8a71f/types returned with HTTP 200
Mar 09 05:54:53.194675 dv-cinder-831167-2-iscsi devstack@c-api.service[110795]: [pid: 110795|app: 0|req: 145/265] 10.222.0.36 () {60 vars in 1229 bytes} [Wed Mar 9 05:54:53 2022] POST /volume/v3/755699c5f2be4666ab908dd36fe8a71f/types => generated 275 bytes in 130 msecs (HTTP/1.1 200) 7 headers in 285 bytes (1 switches on core 0)
Mar 09 05:54:53.201956 dv-cinder-831167-2-iscsi devstack@c-api.service[110796]: DEBUG cinder.api.middleware.request_id [None req-1934cd4c-7c6c-4dcf-a8d8-6bb9c2f4d802 None None] RequestId filter calling following filter/app {{(pid=110796) _context_setter /opt/stack/cinder/cinder/api/middleware/request_id.py:62}}
Mar 09 05:54:53.205520 dv-cinder-831167-2-iscsi devstack@c-api.service[110796]: INFO cinder.api.openstack.wsgi [None req-1934cd4c-7c6c-4dcf-a8d8-6bb9c2f4d802 tempest-VolumeTypesTest-23707510 tempest-VolumeTypesTest-23707510-project-admin] POST http://10.222.0.36/volume/v3/755699c5f2be4666ab908dd36fe8a71f/types
Mar 09 05:54:53.206238 dv-cinder-831167-2-iscsi devstack@c-api.service[110796]: DEBUG cinder.api.openstack.wsgi [None req-1934cd4c-7c6c-4dcf-a8d8-6bb9c2f4d802 tempest-VolumeTypesTest-23707510 tempest-VolumeTypesTest-23707510-project-admin] Action: 'create', calling method: _create, body: {"volume_type": {"name": "tempest-VolumeTypesTest-volume-type-1954020787", "extra_specs": {"storage_protocol": "iSCSI", "vendor_name": "Microsoft"}}} {{(pid=110796) _process_stack /opt/stack/cinder/cinder/api/openstack/wsgi.py:866}}
Mar 09 05:54:53.229714 dv-cinder-831167-2-iscsi devstack@c-api.service[110796]: INFO cinder.api.openstack.wsgi [None req-1934cd4c-7c6c-4dcf-a8d8-6bb9c2f4d802 tempest-VolumeTypesTest-23707510 tempest-VolumeTypesTest-23707510-project-admin] http://10.222.0.36/volume/v3/755699c5f2be4666ab908dd36fe8a71f/types returned with HTTP 200
Mar 09 05:54:53.230465 dv-cinder-831167-2-iscsi devstack@c-api.service[110796]: [pid: 110796|app: 0|req: 121/266] 10.222.0.36 () {60 vars in 1229 bytes} [Wed Mar 9 05:54:53 2022] POST /volume/v3/755699c5f2be4666ab908dd36fe8a71f/types => generated 276 bytes in 29 msecs (HTTP/1.1 200) 7 headers in 285 bytes (1 switches on core 0)
Mar 09 05:54:53.238164 dv-cinder-831167-2-iscsi devstack@c-api.service[110795]: DEBUG cinder.api.middleware.request_id [None req-d3624aae-4681-4f27-9b0c-5a2c361edce2 None None] RequestId filter calling following filter/app {{(pid=110795) _context_setter /opt/stack/cinder/cinder/api/middleware/request_id.py:62}}
Mar 09 05:54:53.284746 dv-cinder-831167-2-iscsi devstack@c-api.service[110796]: DEBUG cinder.api.middleware.request_id [None req-842850a5-58a0-4f26-8108-9b68d2f7e991 None None] RequestId filter calling following filter/app {{(pid=110796) _context_setter /opt/stack/cinder/cinder/api/middleware/request_id.py:62}}
Mar 09 05:54:53.288622 dv-cinder-831167-2-iscsi devstack@c-api.service[110796]: INFO cinder.api.openstack.wsgi [None req-842850a5-58a0-4f26-8108-9b68d2f7e991 tempest-GroupSnapshotsTest-741375113 tempest-GroupSnapshotsTest-741375113-project] GET http://10.222.0.36/volume/v3/789dd435d57d43ffa71c0ca60957923b/groups/7868f8f2-c737-46a2-85b7-aee14ad53673
Mar 09 05:54:53.289113 dv-cinder-831167-2-iscsi devstack@c-api.service[110796]: DEBUG cinder.api.openstack.wsgi [None req-842850a5-58a0-4f26-8108-9b68d2f7e991 tempest-GroupSnapshotsTest-741375113 tempest-GroupSnapshotsTest-741375113-project] Empty body provided in request {{(pid=110796) get_body /opt/stack/cinder/cinder/api/openstack/wsgi.py:715}}
Mar 09 05:54:53.289562 dv-cinder-831167-2-iscsi devstack@c-api.service[110796]: DEBUG cinder.api.openstack.wsgi [None req-842850a5-58a0-4f26-8108-9b68d2f7e991 tempest-GroupSnapshotsTest-741375113 tempest-GroupSnapshotsTest-741375113-project] Calling method 'version_select' {{(pid=110796) _process_stack /opt/stack/cinder/cinder/api/openstack/wsgi.py:868}}
Mar 09 05:54:53.289914 dv-cinder-831167-2-iscsi devstack@c-api.service[110796]: DEBUG cinder.api.v3.groups [None req-842850a5-58a0-4f26-8108-9b68d2f7e991 tempest-GroupSnapshotsTest-741375113 tempest-GroupSnapshotsTest-741375113-project] show called for member 7868f8f2-c737-46a2-85b7-aee14ad53673 {{(pid=110796) show /opt/stack/cinder/cinder/api/v3/groups.py:58}}
Mar 09 05:54:53.295605 dv-cinder-831167-2-iscsi devstack@c-api.service[110796]: /usr/local/lib/python3.8/dist-packages/oslo_context/context.py:100: DeprecationWarning: Policy enforcement is depending on the value of is_admin. This key is deprecated. Please update your policy file to use the standard policy values.
Mar 09 05:54:53.295605 dv-cinder-831167-2-iscsi devstack@c-api.service[110796]: warnings.warn('Policy enforcement is depending on the value of '
Mar 09 05:54:53.310295 dv-cinder-831167-2-iscsi devstack@c-api.service[110796]: INFO cinder.api.openstack.wsgi [None req-842850a5-58a0-4f26-8108-9b68d2f7e991 tempest-GroupSnapshotsTest-741375113 tempest-GroupSnapshotsTest-741375113-project] http://10.222.0.36/volume/v3/789dd435d57d43ffa71c0ca60957923b/groups/7868f8f2-c737-46a2-85b7-aee14ad53673 returned with HTTP 200
Mar 09 05:54:53.310999 dv-cinder-831167-2-iscsi devstack@c-api.service[110796]: [pid: 110796|app: 0|req: 122/267] 10.222.0.36 () {60 vars in 1362 bytes} [Wed Mar 9 05:54:53 2022] GET /volume/v3/789dd435d57d43ffa71c0ca60957923b/groups/7868f8f2-c737-46a2-85b7-aee14ad53673 => generated 393 bytes in 27 msecs (HTTP/1.1 200) 7 headers in 286 bytes (2 switches on core 0)
Mar 09 05:54:53.318265 dv-cinder-831167-2-iscsi devstack@c-api.service[110796]: DEBUG cinder.api.middleware.request_id [None req-94bb8c56-7217-48ec-ad65-b3f7ff570247 None None] RequestId filter calling following filter/app {{(pid=110796) _context_setter /opt/stack/cinder/cinder/api/middleware/request_id.py:62}}
Mar 09 05:54:53.321579 dv-cinder-831167-2-iscsi devstack@c-api.service[110796]: INFO cinder.api.openstack.wsgi [None req-94bb8c56-7217-48ec-ad65-b3f7ff570247 tempest-GroupSnapshotsTest-741375113 tempest-GroupSnapshotsTest-741375113-project] POST http://10.222.0.36/volume/v3/789dd435d57d43ffa71c0ca60957923b/volumes
Mar 09 05:54:53.322317 dv-cinder-831167-2-iscsi devstack@c-api.service[110796]: DEBUG cinder.api.openstack.wsgi [None req-94bb8c56-7217-48ec-ad65-b3f7ff570247 tempest-GroupSnapshotsTest-741375113 tempest-GroupSnapshotsTest-741375113-project] Action: 'create', calling method: create, body: {"volume": {"volume_type": "65732216-5b24-47de-97c8-b36092e21b04", "group_id": "7868f8f2-c737-46a2-85b7-aee14ad53673", "size": 1, "name": "tempest-GroupSnapshotsTest-Volume-148659074"}} {{(pid=110796) _process_stack /opt/stack/cinder/cinder/api/openstack/wsgi.py:866}}
Mar 09 05:54:53.323302 dv-cinder-831167-2-iscsi devstack@c-api.service[110796]: DEBUG cinder.api.v3.volumes [None req-94bb8c56-7217-48ec-ad65-b3f7ff570247 tempest-GroupSnapshotsTest-741375113 tempest-GroupSnapshotsTest-741375113-project] Create volume request body: {'volume': {'volume_type': '65732216-5b24-47de-97c8-b36092e21b04', 'group_id': '7868f8f2-c737-46a2-85b7-aee14ad53673', 'size': 1, 'name': 'tempest-GroupSnapshotsTest-Volume-148659074'}} {{(pid=110796) create /opt/stack/cinder/cinder/api/v3/volumes.py:298}}
Mar 09 05:54:53.329752 dv-cinder-831167-2-iscsi devstack@c-api.service[110795]: INFO cinder.api.openstack.wsgi [None req-d3624aae-4681-4f27-9b0c-5a2c361edce2 tempest-VolumeTypesTest-1565430200 tempest-VolumeTypesTest-1565430200-project] POST http://10.222.0.36/volume/v3/454542d1fef2441a952fc76d8098a7a1/volumes
Mar 09 05:54:53.330567 dv-cinder-831167-2-iscsi devstack@c-api.service[110795]: DEBUG cinder.api.openstack.wsgi [None req-d3624aae-4681-4f27-9b0c-5a2c361edce2 tempest-VolumeTypesTest-1565430200 tempest-VolumeTypesTest-1565430200-project] Action: 'create', calling method: create, body: {"volume": {"name": "tempest-VolumeTypesTest-volume-1081258075", "volume_type": "3248903b-20dc-4391-918d-54876287175d", "size": 1}} {{(pid=110795) _process_stack /opt/stack/cinder/cinder/api/openstack/wsgi.py:866}}
Mar 09 05:54:53.331591 dv-cinder-831167-2-iscsi devstack@c-api.service[110795]: DEBUG cinder.api.v3.volumes [None req-d3624aae-4681-4f27-9b0c-5a2c361edce2 tempest-VolumeTypesTest-1565430200 tempest-VolumeTypesTest-1565430200-project] Create volume request body: {'volume': {'name': 'tempest-VolumeTypesTest-volume-1081258075', 'volume_type': '3248903b-20dc-4391-918d-54876287175d', 'size': 1}} {{(pid=110795) create /opt/stack/cinder/cinder/api/v3/volumes.py:298}}
Mar 09 05:54:53.335052 dv-cinder-831167-2-iscsi devstack@c-api.service[110796]: /usr/local/lib/python3.8/dist-packages/oslo_context/context.py:100: DeprecationWarning: Policy enforcement is depending on the value of is_admin. This key is deprecated. Please update your policy file to use the standard policy values.
Mar 09 05:54:53.335052 dv-cinder-831167-2-iscsi devstack@c-api.service[110796]: warnings.warn('Policy enforcement is depending on the value of '
Mar 09 05:54:53.336026 dv-cinder-831167-2-iscsi devstack@c-api.service[110796]: INFO cinder.api.v3.volumes [None req-94bb8c56-7217-48ec-ad65-b3f7ff570247 tempest-GroupSnapshotsTest-741375113 tempest-GroupSnapshotsTest-741375113-project] Create volume of 1 GB
