Mar 09 06:08:46.001036 dv-cinder-831154-2-smb devstack@c-api.service[110549]: INFO cinder.api.openstack.wsgi [None req-5f56875e-a0f9-411f-85fa-66d898d8dd02 tempest-VolumesActionsTest-346413524 tempest-VolumesActionsTest-346413524-project] http://10.222.0.26/volume/v3/18217d436ef74804a1b5a6b866902dcc/volumes/faf855dc-4a60-483f-91bb-8f4b9c0d2f5b returned with HTTP 200
Mar 09 06:08:46.002010 dv-cinder-831154-2-smb devstack@c-api.service[110549]: [pid: 110549|app: 0|req: 227/428] 10.222.0.26 () {58 vars in 1324 bytes} [Wed Mar 9 06:08:45 2022] GET /volume/v3/18217d436ef74804a1b5a6b866902dcc/volumes/faf855dc-4a60-483f-91bb-8f4b9c0d2f5b => generated 911 bytes in 41 msecs (HTTP/1.1 200) 7 headers in 285 bytes (2 switches on core 0)
Mar 09 06:08:46.013883 dv-cinder-831154-2-smb devstack@c-api.service[110549]: DEBUG cinder.api.middleware.request_id [None req-e43f45c1-ab5e-4f41-9e82-3c0fa003e1b0 None None] RequestId filter calling following filter/app {{(pid=110549) _context_setter /opt/stack/cinder/cinder/api/middleware/request_id.py:62}}
Mar 09 06:08:46.017663 dv-cinder-831154-2-smb devstack@c-api.service[110549]: INFO cinder.api.openstack.wsgi [None req-e43f45c1-ab5e-4f41-9e82-3c0fa003e1b0 tempest-VolumesActionsTest-346413524 tempest-VolumesActionsTest-346413524-project] DELETE http://10.222.0.26/volume/v3/18217d436ef74804a1b5a6b866902dcc/volumes/faf855dc-4a60-483f-91bb-8f4b9c0d2f5b
Mar 09 06:08:46.018204 dv-cinder-831154-2-smb devstack@c-api.service[110549]: DEBUG cinder.api.openstack.wsgi [None req-e43f45c1-ab5e-4f41-9e82-3c0fa003e1b0 tempest-VolumesActionsTest-346413524 tempest-VolumesActionsTest-346413524-project] Empty body provided in request {{(pid=110549) get_body /opt/stack/cinder/cinder/api/openstack/wsgi.py:715}}
Mar 09 06:08:46.018688 dv-cinder-831154-2-smb devstack@c-api.service[110549]: DEBUG cinder.api.openstack.wsgi [None req-e43f45c1-ab5e-4f41-9e82-3c0fa003e1b0 tempest-VolumesActionsTest-346413524 tempest-VolumesActionsTest-346413524-project] Calling method 'delete' {{(pid=110549) _process_stack /opt/stack/cinder/cinder/api/openstack/wsgi.py:868}}
Mar 09 06:08:46.019121 dv-cinder-831154-2-smb devstack@c-api.service[110549]: INFO cinder.api.v3.volumes [None req-e43f45c1-ab5e-4f41-9e82-3c0fa003e1b0 tempest-VolumesActionsTest-346413524 tempest-VolumesActionsTest-346413524-project] Delete volume with id: faf855dc-4a60-483f-91bb-8f4b9c0d2f5b
Mar 09 06:08:46.033024 dv-cinder-831154-2-smb devstack@c-api.service[110549]: /usr/local/lib/python3.8/dist-packages/oslo_context/context.py:100: DeprecationWarning: Policy enforcement is depending on the value of is_admin. This key is deprecated. Please update your policy file to use the standard policy values.
Mar 09 06:08:46.033024 dv-cinder-831154-2-smb devstack@c-api.service[110549]: warnings.warn('Policy enforcement is depending on the value of '
Mar 09 06:08:46.034003 dv-cinder-831154-2-smb devstack@c-api.service[110549]: INFO cinder.volume.api [None req-e43f45c1-ab5e-4f41-9e82-3c0fa003e1b0 tempest-VolumesActionsTest-346413524 tempest-VolumesActionsTest-346413524-project] Volume info retrieved successfully.
Mar 09 06:08:46.229811 dv-cinder-831154-2-smb devstack@c-api.service[110548]: DEBUG cinder.quota [None req-3578140b-3181-43a0-907b-83e4d630a393 tempest-VolumesTransfersTest-1510341120 tempest-VolumesTransfersTest-1510341120-project] Created reservations ['e737714c-b9f7-4939-b25b-0499bb7ecc71', 'c1058ac0-2b6d-42de-9811-c17880ce6459', '67911933-c737-4358-80ad-46a900f176a7', 'b2c37697-3f62-44bb-b451-837e79e16a2c'] {{(pid=110548) reserve /opt/stack/cinder/cinder/quota.py:755}}
Mar 09 06:08:46.231579 dv-cinder-831154-2-smb devstack@c-api.service[110548]: DEBUG cinder.volume.api [None req-3578140b-3181-43a0-907b-83e4d630a393 tempest-VolumesTransfersTest-1510341120 tempest-VolumesTransfersTest-1510341120-project] Task 'cinder.volume.flows.api.create_volume.QuotaReserveTask;volume:create' (408b975a-256c-4a29-a9d0-c0f00dfbcaf8) transitioned into state 'SUCCESS' from state 'RUNNING' with result '{'reservations': ['e737714c-b9f7-4939-b25b-0499bb7ecc71', 'c1058ac0-2b6d-42de-9811-c17880ce6459', '67911933-c737-4358-80ad-46a900f176a7', 'b2c37697-3f62-44bb-b451-837e79e16a2c']}' {{(pid=110548) _task_receiver /usr/local/lib/python3.8/dist-packages/taskflow/listeners/logging.py:178}}
Mar 09 06:08:46.233627 dv-cinder-831154-2-smb devstack@c-api.service[110548]: DEBUG cinder.volume.api [None req-3578140b-3181-43a0-907b-83e4d630a393 tempest-VolumesTransfersTest-1510341120 tempest-VolumesTransfersTest-1510341120-project] Task 'cinder.volume.flows.api.create_volume.EntryCreateTask;volume:create' (02eae73b-2792-49e8-8cba-7a0d4173a696) transitioned into state 'RUNNING' from state 'PENDING' {{(pid=110548) _task_receiver /usr/local/lib/python3.8/dist-packages/taskflow/listeners/logging.py:190}}
Mar 09 06:08:46.261057 dv-cinder-831154-2-smb devstack@c-api.service[110549]: INFO cinder.volume.api [None req-e43f45c1-ab5e-4f41-9e82-3c0fa003e1b0 tempest-VolumesActionsTest-346413524 tempest-VolumesActionsTest-346413524-project] Delete volume request issued successfully.
Mar 09 06:08:46.261538 dv-cinder-831154-2-smb devstack@c-api.service[110549]: INFO cinder.api.openstack.wsgi [None req-e43f45c1-ab5e-4f41-9e82-3c0fa003e1b0 tempest-VolumesActionsTest-346413524 tempest-VolumesActionsTest-346413524-project] http://10.222.0.26/volume/v3/18217d436ef74804a1b5a6b866902dcc/volumes/faf855dc-4a60-483f-91bb-8f4b9c0d2f5b returned with HTTP 202
Mar 09 06:08:46.262241 dv-cinder-831154-2-smb devstack@c-api.service[110549]: [pid: 110549|app: 0|req: 228/429] 10.222.0.26 () {58 vars in 1327 bytes} [Wed Mar 9 06:08:46 2022] DELETE /volume/v3/18217d436ef74804a1b5a6b866902dcc/volumes/faf855dc-4a60-483f-91bb-8f4b9c0d2f5b => generated 0 bytes in 249 msecs (HTTP/1.1 202) 6 headers in 233 bytes (2 switches on core 0)
Mar 09 06:08:46.266965 dv-cinder-831154-2-smb devstack@c-api.service[110549]: DEBUG cinder.api.middleware.request_id [None req-3f021d0a-3fac-453e-95ea-60a184fe4917 None None] RequestId filter calling following filter/app {{(pid=110549) _context_setter /opt/stack/cinder/cinder/api/middleware/request_id.py:62}}
Mar 09 06:08:46.270511 dv-cinder-831154-2-smb devstack@c-api.service[110549]: INFO cinder.api.openstack.wsgi [None req-3f021d0a-3fac-453e-95ea-60a184fe4917 tempest-VolumesActionsTest-346413524 tempest-VolumesActionsTest-346413524-project] GET http://10.222.0.26/volume/v3/18217d436ef74804a1b5a6b866902dcc/volumes/faf855dc-4a60-483f-91bb-8f4b9c0d2f5b
Mar 09 06:08:46.270943 dv-cinder-831154-2-smb devstack@c-api.service[110549]: DEBUG cinder.api.openstack.wsgi [None req-3f021d0a-3fac-453e-95ea-60a184fe4917 tempest-VolumesActionsTest-346413524 tempest-VolumesActionsTest-346413524-project] Empty body provided in request {{(pid=110549) get_body /opt/stack/cinder/cinder/api/openstack/wsgi.py:715}}
Mar 09 06:08:46.271390 dv-cinder-831154-2-smb devstack@c-api.service[110549]: DEBUG cinder.api.openstack.wsgi [None req-3f021d0a-3fac-453e-95ea-60a184fe4917 tempest-VolumesActionsTest-346413524 tempest-VolumesActionsTest-346413524-project] Calling method 'show' {{(pid=110549) _process_stack /opt/stack/cinder/cinder/api/openstack/wsgi.py:868}}
Mar 09 06:08:46.286107 dv-cinder-831154-2-smb devstack@c-api.service[110549]: /usr/local/lib/python3.8/dist-packages/oslo_context/context.py:100: DeprecationWarning: Policy enforcement is depending on the value of is_admin. This key is deprecated. Please update your policy file to use the standard policy values.
Mar 09 06:08:46.286107 dv-cinder-831154-2-smb devstack@c-api.service[110549]: warnings.warn('Policy enforcement is depending on the value of '
Mar 09 06:08:46.292961 dv-cinder-831154-2-smb devstack@c-api.service[110549]: INFO cinder.volume.api [None req-3f021d0a-3fac-453e-95ea-60a184fe4917 tempest-VolumesActionsTest-346413524 tempest-VolumesActionsTest-346413524-project] Volume info retrieved successfully.
Mar 09 06:08:46.301114 dv-cinder-831154-2-smb devstack@c-api.service[110549]: INFO cinder.api.openstack.wsgi [None req-3f021d0a-3fac-453e-95ea-60a184fe4917 tempest-VolumesActionsTest-346413524 tempest-VolumesActionsTest-346413524-project] http://10.222.0.26/volume/v3/18217d436ef74804a1b5a6b866902dcc/volumes/faf855dc-4a60-483f-91bb-8f4b9c0d2f5b returned with HTTP 200
Mar 09 06:08:46.301835 dv-cinder-831154-2-smb devstack@c-api.service[110549]: [pid: 110549|app: 0|req: 229/430] 10.222.0.26 () {58 vars in 1324 bytes} [Wed Mar 9 06:08:46 2022] GET /volume/v3/18217d436ef74804a1b5a6b866902dcc/volumes/faf855dc-4a60-483f-91bb-8f4b9c0d2f5b => generated 910 bytes in 36 msecs (HTTP/1.1 200) 7 headers in 285 bytes (2 switches on core 0)
Mar 09 06:08:46.329168 dv-cinder-831154-2-smb devstack@c-api.service[110548]: DEBUG cinder.volume.api [None req-3578140b-3181-43a0-907b-83e4d630a393 tempest-VolumesTransfersTest-1510341120 tempest-VolumesTransfersTest-1510341120-project] Task 'cinder.volume.flows.api.create_volume.EntryCreateTask;volume:create' (02eae73b-2792-49e8-8cba-7a0d4173a696) transitioned into state 'SUCCESS' from state 'RUNNING' with result '{'volume_id': 'bb0a1544-2776-41cb-9a6d-f03401e78e5c', 'volume_properties': VolumeProperties(attach_status='detached',availability_zone='nova',cgsnapshot_id=None,consistencygroup_id=None,display_description=None,display_name='tempest-VolumesTransfersTest-Volume-1654675380',encryption_key_id=None,group_id=None,group_type_id=,metadata={},multiattach=False,project_id='c49816d138974366b6b01773b1151b53',qos_specs=None,replication_status=,reservations=['e737714c-b9f7-4939-b25b-0499bb7ecc71','c1058ac0-2b6d-42de-9811-c17880ce6459','67911933-c737-4358-80ad-46a900f176a7','b2c37697-3f62-44bb-b451-837e79e16a2c'],size=1,snapshot_id=None,source_replicaid=,source_volid=None,status='creating',user_id='396b71d0c1894b9bba2be6b7a119bfbb',volume_type_id=b4926440-5cfc-4734-a80f-bae1bc3c63ac), 'volume': Volume(_name_id=None,admin_metadata=,attach_status='detached',availability_zone='nova',bootable=False,cluster=,cluster_name=None,consistencygroup=,consistencygroup_id=None,created_at=2022-03-09T06:08:46Z,deleted=False,deleted_at=None,display_description=None,display_name='tempest-VolumesTransfersTest-Volume-1654675380',ec2_id=None,encryption_key_id=None,glance_metadata=,group=,group_id=None,host=None,id=bb0a1544-2776-41cb-9a6d-f03401e78e5c,launched_at=None,metadata={},migration_status=None,multiattach=False,previous_status=None,project_id='c49816d138974366b6b01773b1151b53',provider_auth=None,provider_geometry=None,provider_id=None,provider_location=None,replication_driver_data=None,replication_extended_status=None,replication_status=None,scheduled_at=None,service_uuid=None,shared_targets=True,size=1,snapshot_id=None,snapshots=,source_volid=None,status='creating',terminated_at=None,updated_at=None,use_quota=True,user_id='396b71d0c1894b9bba2be6b7a119bfbb',volume_attachment=VolumeAttachmentList,volume_type=VolumeType(b4926440-5cfc-4734-a80f-bae1bc3c63ac),volume_type_id=b4926440-5cfc-4734-a80f-bae1bc3c63ac)}' {{(pid=110548) _task_receiver /usr/local/lib/python3.8/dist-packages/taskflow/listeners/logging.py:178}}
Mar 09 06:08:46.331041 dv-cinder-831154-2-smb devstack@c-api.service[110548]: DEBUG cinder.volume.api [None req-3578140b-3181-43a0-907b-83e4d630a393 tempest-VolumesTransfersTest-1510341120 tempest-VolumesTransfersTest-1510341120-project] Task 'cinder.volume.flows.api.create_volume.QuotaCommitTask;volume:create' (ebdc2273-2a73-4ffd-aaa0-065ae4c5bfbd) transitioned into state 'RUNNING' from state 'PENDING' {{(pid=110548) _task_receiver /usr/local/lib/python3.8/dist-packages/taskflow/listeners/logging.py:190}}
Mar 09 06:08:46.413117 dv-cinder-831154-2-smb devstack@c-api.service[110548]: DEBUG cinder.volume.api [None req-3578140b-3181-43a0-907b-83e4d630a393 tempest-VolumesTransfersTest-1510341120 tempest-VolumesTransfersTest-1510341120-project] Task 'cinder.volume.flows.api.create_volume.QuotaCommitTask;volume:create' (ebdc2273-2a73-4ffd-aaa0-065ae4c5bfbd) transitioned into state 'SUCCESS' from state 'RUNNING' with result '{'volume_properties': VolumeProperties(attach_status='detached',availability_zone='nova',cgsnapshot_id=None,consistencygroup_id=None,display_description=None,display_name='tempest-VolumesTransfersTest-Volume-1654675380',encryption_key_id=None,group_id=None,group_type_id=,metadata={},multiattach=False,project_id='c49816d138974366b6b01773b1151b53',qos_specs=None,replication_status=,reservations=['e737714c-b9f7-4939-b25b-0499bb7ecc71','c1058ac0-2b6d-42de-9811-c17880ce6459','67911933-c737-4358-80ad-46a900f176a7','b2c37697-3f62-44bb-b451-837e79e16a2c'],size=1,snapshot_id=None,source_replicaid=,source_volid=None,status='creating',user_id='396b71d0c1894b9bba2be6b7a119bfbb',volume_type_id=b4926440-5cfc-4734-a80f-bae1bc3c63ac)}' {{(pid=110548) _task_receiver /usr/local/lib/python3.8/dist-packages/taskflow/listeners/logging.py:178}}
Mar 09 06:08:46.414919 dv-cinder-831154-2-smb devstack@c-api.service[110548]: DEBUG cinder.volume.api [None req-3578140b-3181-43a0-907b-83e4d630a393 tempest-VolumesTransfersTest-1510341120 tempest-VolumesTransfersTest-1510341120-project] Task 'cinder.volume.flows.api.create_volume.VolumeCastTask;volume:create' (d335d903-e7d9-4d39-b221-6e330e388321) transitioned into state 'RUNNING' from state 'PENDING' {{(pid=110548) _task_receiver /usr/local/lib/python3.8/dist-packages/taskflow/listeners/logging.py:190}}
Mar 09 06:08:46.500370 dv-cinder-831154-2-smb devstack@c-api.service[110548]: DEBUG cinder.volume.api [None req-3578140b-3181-43a0-907b-83e4d630a393 tempest-VolumesTransfersTest-1510341120 tempest-VolumesTransfersTest-1510341120-project] Task 'cinder.volume.flows.api.create_volume.VolumeCastTask;volume:create' (d335d903-e7d9-4d39-b221-6e330e388321) transitioned into state 'SUCCESS' from state 'RUNNING' with result 'None' {{(pid=110548) _task_receiver /usr/local/lib/python3.8/dist-packages/taskflow/listeners/logging.py:178}}
Mar 09 06:08:46.502855 dv-cinder-831154-2-smb devstack@c-api.service[110548]: DEBUG cinder.volume.api [None req-3578140b-3181-43a0-907b-83e4d630a393 tempest-VolumesTransfersTest-1510341120 tempest-VolumesTransfersTest-1510341120-project] Flow 'volume_create_api' (81d71d0a-d6c3-4c72-814d-f4b0465dadbf) transitioned into state 'SUCCESS' from state 'RUNNING' {{(pid=110548) _flow_receiver /usr/local/lib/python3.8/dist-packages/taskflow/listeners/logging.py:141}}
Mar 09 06:08:46.503528 dv-cinder-831154-2-smb devstack@c-api.service[110548]: INFO cinder.volume.api [None req-3578140b-3181-43a0-907b-83e4d630a393 tempest-VolumesTransfersTest-1510341120 tempest-VolumesTransfersTest-1510341120-project] Create volume request issued successfully.
Mar 09 06:08:46.504730 dv-cinder-831154-2-smb devstack@c-api.service[110548]: INFO cinder.api.openstack.wsgi [None req-3578140b-3181-43a0-907b-83e4d630a393 tempest-VolumesTransfersTest-1510341120 tempest-VolumesTransfersTest-1510341120-project] http://10.222.0.26/volume/v3/c49816d138974366b6b01773b1151b53/volumes returned with HTTP 202
Mar 09 06:08:46.505594 dv-cinder-831154-2-smb devstack@c-api.service[110548]: [pid: 110548|app: 0|req: 202/431] 10.222.0.26 () {60 vars in 1234 bytes} [Wed Mar 9 06:08:45 2022] POST /volume/v3/c49816d138974366b6b01773b1151b53/volumes => generated 820 bytes in 740 msecs (HTTP/1.1 202) 7 headers in 291 bytes (2 switches on core 0)
Mar 09 06:08:46.518789 dv-cinder-831154-2-smb devstack@c-api.service[110549]: DEBUG cinder.api.middleware.request_id [None req-33a6a214-f201-46ec-872b-d4d0b229239d None None] RequestId filter calling following filter/app {{(pid=110549) _context_setter /opt/stack/cinder/cinder/api/middleware/request_id.py:62}}
Mar 09 06:08:46.522394 dv-cinder-831154-2-smb devstack@c-api.service[110549]: INFO cinder.api.openstack.wsgi [None req-33a6a214-f201-46ec-872b-d4d0b229239d tempest-VolumesTransfersTest-1510341120 tempest-VolumesTransfersTest-1510341120-project] GET http://10.222.0.26/volume/v3/c49816d138974366b6b01773b1151b53/volumes/bb0a1544-2776-41cb-9a6d-f03401e78e5c
Mar 09 06:08:46.522843 dv-cinder-831154-2-smb devstack@c-api.service[110549]: DEBUG cinder.api.openstack.wsgi [None req-33a6a214-f201-46ec-872b-d4d0b229239d tempest-VolumesTransfersTest-1510341120 tempest-VolumesTransfersTest-1510341120-project] Empty body provided in request {{(pid=110549) get_body /opt/stack/cinder/cinder/api/openstack/wsgi.py:715}}
Mar 09 06:08:46.523292 dv-cinder-831154-2-smb devstack@c-api.service[110549]: DEBUG cinder.api.openstack.wsgi [None req-33a6a214-f201-46ec-872b-d4d0b229239d tempest-VolumesTransfersTest-1510341120 tempest-VolumesTransfersTest-1510341120-project] Calling method 'show' {{(pid=110549) _process_stack /opt/stack/cinder/cinder/api/openstack/wsgi.py:868}}
Mar 09 06:08:46.537341 dv-cinder-831154-2-smb devstack@c-api.service[110549]: /usr/local/lib/python3.8/dist-packages/oslo_context/context.py:100: DeprecationWarning: Policy enforcement is depending on the value of is_admin. This key is deprecated. Please update your policy file to use the standard policy values.
Mar 09 06:08:46.537341 dv-cinder-831154-2-smb devstack@c-api.service[110549]: warnings.warn('Policy enforcement is depending on the value of '
Mar 09 06:08:46.544190 dv-cinder-831154-2-smb devstack@c-api.service[110549]: INFO cinder.volume.api [None req-33a6a214-f201-46ec-872b-d4d0b229239d tempest-VolumesTransfersTest-1510341120 tempest-VolumesTransfersTest-1510341120-project] Volume info retrieved successfully.
Mar 09 06:08:46.552576 dv-cinder-831154-2-smb devstack@c-api.service[110549]: INFO cinder.api.openstack.wsgi [None req-33a6a214-f201-46ec-872b-d4d0b229239d tempest-VolumesTransfersTest-1510341120 tempest-VolumesTransfersTest-1510341120-project] http://10.222.0.26/volume/v3/c49816d138974366b6b01773b1151b53/volumes/bb0a1544-2776-41cb-9a6d-f03401e78e5c returned with HTTP 200
Mar 09 06:08:46.553848 dv-cinder-831154-2-smb devstack@c-api.service[110549]: [pid: 110549|app: 0|req: 230/432] 10.222.0.26 () {58 vars in 1324 bytes} [Wed Mar 9 06:08:46 2022] GET /volume/v3/c49816d138974366b6b01773b1151b53/volumes/bb0a1544-2776-41cb-9a6d-f03401e78e5c => generated 888 bytes in 36 msecs (HTTP/1.1 200) 7 headers in 285 bytes (1 switches on core 0)
Mar 09 06:08:46.582545 dv-cinder-831154-2-smb devstack@c-api.service[110548]: DEBUG cinder.api.middleware.request_id [None req-c9999f35-3990-4584-902f-c940154bc25c None None] RequestId filter calling following filter/app {{(pid=110548) _context_setter /opt/stack/cinder/cinder/api/middleware/request_id.py:62}}
Mar 09 06:08:46.586458 dv-cinder-831154-2-smb devstack@c-api.service[110548]: INFO cinder.api.openstack.wsgi [None req-c9999f35-3990-4584-902f-c940154bc25c tempest-VolumesListAdminTestJSON-326773615 tempest-VolumesListAdminTestJSON-326773615-project] GET http://10.222.0.26/volume/v3/232465d9b95446368522a96184cd6870/volumes/9b9e742b-f0d4-471c-a565-fba92c607913
Mar 09 06:08:46.586901 dv-cinder-831154-2-smb devstack@c-api.service[110548]: DEBUG cinder.api.openstack.wsgi [None req-c9999f35-3990-4584-902f-c940154bc25c tempest-VolumesListAdminTestJSON-326773615 tempest-VolumesListAdminTestJSON-326773615-project] Empty body provided in request {{(pid=110548) get_body /opt/stack/cinder/cinder/api/openstack/wsgi.py:715}}
Mar 09 06:08:46.587358 dv-cinder-831154-2-smb devstack@c-api.service[110548]: DEBUG cinder.api.openstack.wsgi [None req-c9999f35-3990-4584-902f-c940154bc25c tempest-VolumesListAdminTestJSON-326773615 tempest-VolumesListAdminTestJSON-326773615-project] Calling method 'show' {{(pid=110548) _process_stack /opt/stack/cinder/cinder/api/openstack/wsgi.py:868}}
Mar 09 06:08:46.604114 dv-cinder-831154-2-smb devstack@c-api.service[110548]: /usr/local/lib/python3.8/dist-packages/oslo_context/context.py:100: DeprecationWarning: Policy enforcement is depending on the value of is_admin. This key is deprecated. Please update your policy file to use the standard policy values.
Mar 09 06:08:46.604114 dv-cinder-831154-2-smb devstack@c-api.service[110548]: warnings.warn('Policy enforcement is depending on the value of '
Mar 09 06:08:46.611257 dv-cinder-831154-2-smb devstack@c-api.service[110548]: INFO cinder.volume.api [None req-c9999f35-3990-4584-902f-c940154bc25c tempest-VolumesListAdminTestJSON-326773615 tempest-VolumesListAdminTestJSON-326773615-project] Volume info retrieved successfully.
Mar 09 06:08:46.619565 dv-cinder-831154-2-smb devstack@c-api.service[110548]: INFO cinder.api.openstack.wsgi [None req-c9999f35-3990-4584-902f-c940154bc25c tempest-VolumesListAdminTestJSON-326773615 tempest-VolumesListAdminTestJSON-326773615-project] http://10.222.0.26/volume/v3/232465d9b95446368522a96184cd6870/volumes/9b9e742b-f0d4-471c-a565-fba92c607913 returned with HTTP 200
Mar 09 06:08:46.620492 dv-cinder-831154-2-smb devstack@c-api.service[110548]: [pid: 110548|app: 0|req: 203/433] 10.222.0.26 () {58 vars in 1324 bytes} [Wed Mar 9 06:08:46 2022] GET /volume/v3/232465d9b95446368522a96184cd6870/volumes/9b9e742b-f0d4-471c-a565-fba92c607913 => generated 917 bytes in 39 msecs (HTTP/1.1 200) 7 headers in 285 bytes (1 switches on core 0)
Mar 09 06:08:46.648368 dv-cinder-831154-2-smb devstack@c-api.service[110549]: DEBUG cinder.api.middleware.request_id [None req-8d9fce27-df97-4267-af74-f80b14686da4 None None] RequestId filter calling following filter/app {{(pid=110549) _context_setter /opt/stack/cinder/cinder/api/middleware/request_id.py:62}}
Mar 09 06:08:46.652751 dv-cinder-831154-2-smb devstack@c-api.service[110549]: INFO cinder.api.openstack.wsgi [None req-8d9fce27-df97-4267-af74-f80b14686da4 tempest-VolumesListAdminTestJSON-326773615 tempest-VolumesListAdminTestJSON-326773615-project] GET http://10.222.0.26/volume/v3/232465d9b95446368522a96184cd6870/volumes/9b9e742b-f0d4-471c-a565-fba92c607913
Mar 09 06:08:46.653249 dv-cinder-831154-2-smb devstack@c-api.service[110549]: DEBUG cinder.api.openstack.wsgi [None req-8d9fce27-df97-4267-af74-f80b14686da4 tempest-VolumesListAdminTestJSON-326773615 tempest-VolumesListAdminTestJSON-326773615-project] Empty body provided in request {{(pid=110549) get_body /opt/stack/cinder/cinder/api/openstack/wsgi.py:715}}
Mar 09 06:08:46.653694 dv-cinder-831154-2-smb devstack@c-api.service[110549]: DEBUG cinder.api.openstack.wsgi [None req-8d9fce27-df97-4267-af74-f80b14686da4 tempest-VolumesListAdminTestJSON-326773615 tempest-VolumesListAdminTestJSON-326773615-project] Calling method 'show' {{(pid=110549) _process_stack /opt/stack/cinder/cinder/api/openstack/wsgi.py:868}}
Mar 09 06:08:46.667709 dv-cinder-831154-2-smb devstack@c-api.service[110549]: /usr/local/lib/python3.8/dist-packages/oslo_context/context.py:100: DeprecationWarning: Policy enforcement is depending on the value of is_admin. This key is deprecated. Please update your policy file to use the standard policy values.
Mar 09 06:08:46.667709 dv-cinder-831154-2-smb devstack@c-api.service[110549]: warnings.warn('Policy enforcement is depending on the value of '
Mar 09 06:08:46.675971 dv-cinder-831154-2-smb devstack@c-api.service[110549]: INFO cinder.volume.api [None req-8d9fce27-df97-4267-af74-f80b14686da4 tempest-VolumesListAdminTestJSON-326773615 tempest-VolumesListAdminTestJSON-326773615-project] Volume info retrieved successfully.
Mar 09 06:08:46.687567 dv-cinder-831154-2-smb devstack@c-api.service[110549]: INFO cinder.api.openstack.wsgi [None req-8d9fce27-df97-4267-af74-f80b14686da4 tempest-VolumesListAdminTestJSON-326773615 tempest-VolumesListAdminTestJSON-326773615-project] http://10.222.0.26/volume/v3/232465d9b95446368522a96184cd6870/volumes/9b9e742b-f0d4-471c-a565-fba92c607913 returned with HTTP 200
Mar 09 06:08:46.698262 dv-cinder-831154-2-smb devstack@c-api.service[110549]: [pid: 110549|app: 0|req: 231/434] 10.222.0.26 () {58 vars in 1324 bytes} [Wed Mar 9 06:08:46 2022] GET /volume/v3/232465d9b95446368522a96184cd6870/volumes/9b9e742b-f0d4-471c-a565-fba92c607913 => generated 917 bytes in 41 msecs (HTTP/1.1 200) 7 headers in 285 bytes (1 switches on core 0)
Mar 09 06:08:46.700051 dv-cinder-831154-2-smb devstack@c-api.service[110548]: DEBUG cinder.api.middleware.request_id [None req-cff55094-1466-4193-8960-b5e3b017ea80 None None] RequestId filter calling following filter/app {{(pid=110548) _context_setter /opt/stack/cinder/cinder/api/middleware/request_id.py:62}}
Mar 09 06:08:46.703927 dv-cinder-831154-2-smb devstack@c-api.service[110548]: INFO cinder.api.openstack.wsgi [None req-cff55094-1466-4193-8960-b5e3b017ea80 tempest-VolumesListAdminTestJSON-326773615 tempest-VolumesListAdminTestJSON-326773615-project] POST http://10.222.0.26/volume/v3/232465d9b95446368522a96184cd6870/volumes
Mar 09 06:08:46.704684 dv-cinder-831154-2-smb devstack@c-api.service[110548]: DEBUG cinder.api.openstack.wsgi [None req-cff55094-1466-4193-8960-b5e3b017ea80 tempest-VolumesListAdminTestJSON-326773615 tempest-VolumesListAdminTestJSON-326773615-project] Action: 'create', calling method: create, body: {"volume": {"size": 1, "name": "tempest-VolumesListAdminTestJSON-Volume-843956982"}} {{(pid=110548) _process_stack /opt/stack/cinder/cinder/api/openstack/wsgi.py:866}}
Mar 09 06:08:46.705668 dv-cinder-831154-2-smb devstack@c-api.service[110548]: DEBUG cinder.api.v3.volumes [None req-cff55094-1466-4193-8960-b5e3b017ea80 tempest-VolumesListAdminTestJSON-326773615 tempest-VolumesListAdminTestJSON-326773615-project] Create volume request body: {'volume': {'size': 1, 'name': 'tempest-VolumesListAdminTestJSON-Volume-843956982'}} {{(pid=110548) create /opt/stack/cinder/cinder/api/v3/volumes.py:298}}
Mar 09 06:08:46.707115 dv-cinder-831154-2-smb devstack@c-api.service[110548]: INFO cinder.api.v3.volumes [None req-cff55094-1466-4193-8960-b5e3b017ea80 tempest-VolumesListAdminTestJSON-326773615 tempest-VolumesListAdminTestJSON-326773615-project] Create volume of 1 GB
Mar 09 06:08:46.712822 dv-cinder-831154-2-smb devstack@c-api.service[110548]: INFO cinder.volume.api [None req-cff55094-1466-4193-8960-b5e3b017ea80 tempest-VolumesListAdminTestJSON-326773615 tempest-VolumesListAdminTestJSON-326773615-project] Availability Zones retrieved successfully.
Mar 09 06:08:46.727783 dv-cinder-831154-2-smb devstack@c-api.service[110548]: DEBUG cinder.volume.api [None req-cff55094-1466-4193-8960-b5e3b017ea80 tempest-VolumesListAdminTestJSON-326773615 tempest-VolumesListAdminTestJSON-326773615-project] Flow 'volume_create_api' (e16f4566-c844-4ead-b4f4-6d3d193190e2) transitioned into state 'RUNNING' from state 'PENDING' {{(pid=110548) _flow_receiver /usr/local/lib/python3.8/dist-packages/taskflow/listeners/logging.py:141}}
Mar 09 06:08:46.730447 dv-cinder-831154-2-smb devstack@c-api.service[110548]: DEBUG cinder.volume.api [None req-cff55094-1466-4193-8960-b5e3b017ea80 tempest-VolumesListAdminTestJSON-326773615 tempest-VolumesListAdminTestJSON-326773615-project] Task 'cinder.volume.flows.api.create_volume.ExtractVolumeRequestTask;volume:create' (1f6e42c3-06d4-4183-b200-47692ca68c49) transitioned into state 'RUNNING' from state 'PENDING' {{(pid=110548) _task_receiver /usr/local/lib/python3.8/dist-packages/taskflow/listeners/logging.py:190}}
Mar 09 06:08:46.732809 dv-cinder-831154-2-smb devstack@c-api.service[110548]: DEBUG cinder.volume.flows.api.create_volume [None req-cff55094-1466-4193-8960-b5e3b017ea80 tempest-VolumesListAdminTestJSON-326773615 tempest-VolumesListAdminTestJSON-326773615-project] Validating volume size '1' using validate_int {{(pid=110548) _extract_size /opt/stack/cinder/cinder/volume/flows/api/create_volume.py:225}}
Mar 09 06:08:46.764047 dv-cinder-831154-2-smb devstack@c-api.service[110548]: DEBUG cinder.volume.api [None req-cff55094-1466-4193-8960-b5e3b017ea80 tempest-VolumesListAdminTestJSON-326773615 tempest-VolumesListAdminTestJSON-326773615-project] Task 'cinder.volume.flows.api.create_volume.ExtractVolumeRequestTask;volume:create' (1f6e42c3-06d4-4183-b200-47692ca68c49) transitioned into state 'SUCCESS' from state 'RUNNING' with result '{'size': 1, 'snapshot_id': None, 'source_volid': None, 'volume_type': VolumeType(created_at=2022-03-09T05:50:47Z,deleted=False,deleted_at=None,description='Default Volume Type',extra_specs={},id=b4926440-5cfc-4734-a80f-bae1bc3c63ac,is_public=True,name='__DEFAULT__',projects=[],qos_specs=,qos_specs_id=None,updated_at=2022-03-09T05:50:47Z), 'volume_type_id': 'b4926440-5cfc-4734-a80f-bae1bc3c63ac', 'encryption_key_id': None, 'qos_specs': None, 'consistencygroup_id': None, 'cgsnapshot_id': None, 'group_id': None, 'replication_status': 'disabled', 'refresh_az': False, 'backup_id': None, 'multiattach': False, 'availability_zones': ['nova']}' {{(pid=110548) _task_receiver /usr/local/lib/python3.8/dist-packages/taskflow/listeners/logging.py:178}}
Mar 09 06:08:46.766189 dv-cinder-831154-2-smb devstack@c-api.service[110548]: DEBUG cinder.volume.api [None req-cff55094-1466-4193-8960-b5e3b017ea80 tempest-VolumesListAdminTestJSON-326773615 tempest-VolumesListAdminTestJSON-326773615-project] Task 'cinder.volume.flows.api.create_volume.QuotaReserveTask;volume:create' (04606ee5-a5ca-4007-b3cc-bf67bd1e44f1) transitioned into state 'RUNNING' from state 'PENDING' {{(pid=110548) _task_receiver /usr/local/lib/python3.8/dist-packages/taskflow/listeners/logging.py:190}}
Mar 09 06:08:47.034848 dv-cinder-831154-2-smb devstack@c-api.service[110548]: DEBUG cinder.quota [None req-cff55094-1466-4193-8960-b5e3b017ea80 tempest-VolumesListAdminTestJSON-326773615 tempest-VolumesListAdminTestJSON-326773615-project] Created reservations ['76d4b76a-607f-4489-9481-2fc8552f5003', '3311cc06-1648-4915-8fde-0ce7d3626cc4', '72cff53b-0e29-4c12-b130-34cf9bf8850e', '2b816281-981f-4fc3-9459-c97cc5bbfe25'] {{(pid=110548) reserve /opt/stack/cinder/cinder/quota.py:755}}
Mar 09 06:08:47.036610 dv-cinder-831154-2-smb devstack@c-api.service[110548]: DEBUG cinder.volume.api [None req-cff55094-1466-4193-8960-b5e3b017ea80 tempest-VolumesListAdminTestJSON-326773615 tempest-VolumesListAdminTestJSON-326773615-project] Task 'cinder.volume.flows.api.create_volume.QuotaReserveTask;volume:create' (04606ee5-a5ca-4007-b3cc-bf67bd1e44f1) transitioned into state 'SUCCESS' from state 'RUNNING' with result '{'reservations': ['76d4b76a-607f-4489-9481-2fc8552f5003', '3311cc06-1648-4915-8fde-0ce7d3626cc4', '72cff53b-0e29-4c12-b130-34cf9bf8850e', '2b816281-981f-4fc3-9459-c97cc5bbfe25']}' {{(pid=110548) _task_receiver /usr/local/lib/python3.8/dist-packages/taskflow/listeners/logging.py:178}}
Mar 09 06:08:47.038715 dv-cinder-831154-2-smb devstack@c-api.service[110548]: DEBUG cinder.volume.api [None req-cff55094-1466-4193-8960-b5e3b017ea80 tempest-VolumesListAdminTestJSON-326773615 tempest-VolumesListAdminTestJSON-326773615-project] Task 'cinder.volume.flows.api.create_volume.EntryCreateTask;volume:create' (b4aad29a-6b52-48e8-912e-7d63086cae4f) transitioned into state 'RUNNING' from state 'PENDING' {{(pid=110548) _task_receiver /usr/local/lib/python3.8/dist-packages/taskflow/listeners/logging.py:190}}
Mar 09 06:08:47.131535 dv-cinder-831154-2-smb devstack@c-api.service[110548]: DEBUG cinder.volume.api [None req-cff55094-1466-4193-8960-b5e3b017ea80 tempest-VolumesListAdminTestJSON-326773615 tempest-VolumesListAdminTestJSON-326773615-project] Task 'cinder.volume.flows.api.create_volume.EntryCreateTask;volume:create' (b4aad29a-6b52-48e8-912e-7d63086cae4f) transitioned into state 'SUCCESS' from state 'RUNNING' with result '{'volume_id': '8548a587-b644-4f60-9e0c-0429ffbfdf61', 'volume_properties': VolumeProperties(attach_status='detached',availability_zone='nova',cgsnapshot_id=None,consistencygroup_id=None,display_description=None,display_name='tempest-VolumesListAdminTestJSON-Volume-843956982',encryption_key_id=None,group_id=None,group_type_id=,metadata={},multiattach=False,project_id='232465d9b95446368522a96184cd6870',qos_specs=None,replication_status=,reservations=['76d4b76a-607f-4489-9481-2fc8552f5003','3311cc06-1648-4915-8fde-0ce7d3626cc4','72cff53b-0e29-4c12-b130-34cf9bf8850e','2b816281-981f-4fc3-9459-c97cc5bbfe25'],size=1,snapshot_id=None,source_replicaid=,source_volid=None,status='creating',user_id='2159559d671349e19c8734ff784a4015',volume_type_id=b4926440-5cfc-4734-a80f-bae1bc3c63ac), 'volume': Volume(_name_id=None,admin_metadata=,attach_status='detached',availability_zone='nova',bootable=False,cluster=,cluster_name=None,consistencygroup=,consistencygroup_id=None,created_at=2022-03-09T06:08:47Z,deleted=False,deleted_at=None,display_description=None,display_name='tempest-VolumesListAdminTestJSON-Volume-843956982',ec2_id=None,encryption_key_id=None,glance_metadata=,group=,group_id=None,host=None,id=8548a587-b644-4f60-9e0c-0429ffbfdf61,launched_at=None,metadata={},migration_status=None,multiattach=False,previous_status=None,project_id='232465d9b95446368522a96184cd6870',provider_auth=None,provider_geometry=None,provider_id=None,provider_location=None,replication_driver_data=None,replication_extended_status=None,replication_status=None,scheduled_at=None,service_uuid=None,shared_targets=True,size=1,snapshot_id=None,snapshots=,source_volid=None,status='creating',terminated_at=None,updated_at=None,use_quota=True,user_id='2159559d671349e19c8734ff784a4015',volume_attachment=VolumeAttachmentList,volume_type=VolumeType(b4926440-5cfc-4734-a80f-bae1bc3c63ac),volume_type_id=b4926440-5cfc-4734-a80f-bae1bc3c63ac)}' {{(pid=110548) _task_receiver /usr/local/lib/python3.8/dist-packages/taskflow/listeners/logging.py:178}}
Mar 09 06:08:47.133462 dv-cinder-831154-2-smb devstack@c-api.service[110548]: DEBUG cinder.volume.api [None req-cff55094-1466-4193-8960-b5e3b017ea80 tempest-VolumesListAdminTestJSON-326773615 tempest-VolumesListAdminTestJSON-326773615-project] Task 'cinder.volume.flows.api.create_volume.QuotaCommitTask;volume:create' (7634f2b0-06bb-46b5-af99-788464fb9b50) transitioned into state 'RUNNING' from state 'PENDING' {{(pid=110548) _task_receiver /usr/local/lib/python3.8/dist-packages/taskflow/listeners/logging.py:190}}
Mar 09 06:08:47.227269 dv-cinder-831154-2-smb devstack@c-api.service[110548]: DEBUG cinder.volume.api [None req-cff55094-1466-4193-8960-b5e3b017ea80 tempest-VolumesListAdminTestJSON-326773615 tempest-VolumesListAdminTestJSON-326773615-project] Task 'cinder.volume.flows.api.create_volume.QuotaCommitTask;volume:create' (7634f2b0-06bb-46b5-af99-788464fb9b50) transitioned into state 'SUCCESS' from state 'RUNNING' with result '{'volume_properties': VolumeProperties(attach_status='detached',availability_zone='nova',cgsnapshot_id=None,consistencygroup_id=None,display_description=None,display_name='tempest-VolumesListAdminTestJSON-Volume-843956982',encryption_key_id=None,group_id=None,group_type_id=,metadata={},multiattach=False,project_id='232465d9b95446368522a96184cd6870',qos_specs=None,replication_status=,reservations=['76d4b76a-607f-4489-9481-2fc8552f5003','3311cc06-1648-4915-8fde-0ce7d3626cc4','72cff53b-0e29-4c12-b130-34cf9bf8850e','2b816281-981f-4fc3-9459-c97cc5bbfe25'],size=1,snapshot_id=None,source_replicaid=,source_volid=None,status='creating',user_id='2159559d671349e19c8734ff784a4015',volume_type_id=b4926440-5cfc-4734-a80f-bae1bc3c63ac)}' {{(pid=110548) _task_receiver /usr/local/lib/python3.8/dist-packages/taskflow/listeners/logging.py:178}}
Mar 09 06:08:47.229118 dv-cinder-831154-2-smb devstack@c-api.service[110548]: DEBUG cinder.volume.api [None req-cff55094-1466-4193-8960-b5e3b017ea80 tempest-VolumesListAdminTestJSON-326773615 tempest-VolumesListAdminTestJSON-326773615-project] Task 'cinder.volume.flows.api.create_volume.VolumeCastTask;volume:create' (bdf80fc0-1b38-4868-9b84-8e0e5fb7bb52) transitioned into state 'RUNNING' from state 'PENDING' {{(pid=110548) _task_receiver /usr/local/lib/python3.8/dist-packages/taskflow/listeners/logging.py:190}}
Mar 09 06:08:47.315268 dv-cinder-831154-2-smb devstack@c-api.service[110549]: DEBUG cinder.api.middleware.request_id [None req-c1b62c37-40e8-45e1-bc5b-03ace7247306 None None] RequestId filter calling following filter/app {{(pid=110549) _context_setter /opt/stack/cinder/cinder/api/middleware/request_id.py:62}}
Mar 09 06:08:47.318769 dv-cinder-831154-2-smb devstack@c-api.service[110549]: INFO cinder.api.openstack.wsgi [None req-c1b62c37-40e8-45e1-bc5b-03ace7247306 tempest-VolumesActionsTest-346413524 tempest-VolumesActionsTest-346413524-project] GET http://10.222.0.26/volume/v3/18217d436ef74804a1b5a6b866902dcc/volumes/faf855dc-4a60-483f-91bb-8f4b9c0d2f5b
Mar 09 06:08:47.319232 dv-cinder-831154-2-smb devstack@c-api.service[110549]: DEBUG cinder.api.openstack.wsgi [None req-c1b62c37-40e8-45e1-bc5b-03ace7247306 tempest-VolumesActionsTest-346413524 tempest-VolumesActionsTest-346413524-project] Empty body provided in request {{(pid=110549) get_body /opt/stack/cinder/cinder/api/openstack/wsgi.py:715}}
Mar 09 06:08:47.319681 dv-cinder-831154-2-smb devstack@c-api.service[110549]: DEBUG cinder.api.openstack.wsgi [None req-c1b62c37-40e8-45e1-bc5b-03ace7247306 tempest-VolumesActionsTest-346413524 tempest-VolumesActionsTest-346413524-project] Calling method 'show' {{(pid=110549) _process_stack /opt/stack/cinder/cinder/api/openstack/wsgi.py:868}}
Mar 09 06:08:47.330571 dv-cinder-831154-2-smb devstack@c-api.service[110549]: INFO cinder.api.openstack.wsgi [None req-c1b62c37-40e8-45e1-bc5b-03ace7247306 tempest-VolumesActionsTest-346413524 tempest-VolumesActionsTest-346413524-project] http://10.222.0.26/volume/v3/18217d436ef74804a1b5a6b866902dcc/volumes/faf855dc-4a60-483f-91bb-8f4b9c0d2f5b returned with HTTP 404
Mar 09 06:08:47.331401 dv-cinder-831154-2-smb devstack@c-api.service[110549]: [pid: 110549|app: 0|req: 232/435] 10.222.0.26 () {58 vars in 1324 bytes} [Wed Mar 9 06:08:47 2022] GET /volume/v3/18217d436ef74804a1b5a6b866902dcc/volumes/faf855dc-4a60-483f-91bb-8f4b9c0d2f5b => generated 109 bytes in 17 msecs (HTTP/1.1 404) 7 headers in 292 bytes (2 switches on core 0)
Mar 09 06:08:47.335605 dv-cinder-831154-2-smb devstack@c-api.service[110549]: DEBUG cinder.api.middleware.request_id [None req-f17c8016-a49f-4ca4-b4a7-69c27f4f3fc7 None None] RequestId filter calling following filter/app {{(pid=110549) _context_setter /opt/stack/cinder/cinder/api/middleware/request_id.py:62}}
Mar 09 06:08:47.339447 dv-cinder-831154-2-smb devstack@c-api.service[110549]: INFO cinder.api.openstack.wsgi [None req-f17c8016-a49f-4ca4-b4a7-69c27f4f3fc7 tempest-VolumesActionsTest-346413524 tempest-VolumesActionsTest-346413524-project] DELETE http://10.222.0.26/volume/v3/18217d436ef74804a1b5a6b866902dcc/volumes/32e729da-2194-49c3-9edc-93e416661c74
Mar 09 06:08:47.339878 dv-cinder-831154-2-smb devstack@c-api.service[110549]: DEBUG cinder.api.openstack.wsgi [None req-f17c8016-a49f-4ca4-b4a7-69c27f4f3fc7 tempest-VolumesActionsTest-346413524 tempest-VolumesActionsTest-346413524-project] Empty body provided in request {{(pid=110549) get_body /opt/stack/cinder/cinder/api/openstack/wsgi.py:715}}
Mar 09 06:08:47.340317 dv-cinder-831154-2-smb devstack@c-api.service[110549]: DEBUG cinder.api.openstack.wsgi [None req-f17c8016-a49f-4ca4-b4a7-69c27f4f3fc7 tempest-VolumesActionsTest-346413524 tempest-VolumesActionsTest-346413524-project] Calling method 'delete' {{(pid=110549) _process_stack /opt/stack/cinder/cinder/api/openstack/wsgi.py:868}}
Mar 09 06:08:47.340711 dv-cinder-831154-2-smb devstack@c-api.service[110549]: INFO cinder.api.v3.volumes [None req-f17c8016-a49f-4ca4-b4a7-69c27f4f3fc7 tempest-VolumesActionsTest-346413524 tempest-VolumesActionsTest-346413524-project] Delete volume with id: 32e729da-2194-49c3-9edc-93e416661c74
Mar 09 06:08:47.350558 dv-cinder-831154-2-smb devstack@c-api.service[110549]: INFO cinder.api.openstack.wsgi [None req-f17c8016-a49f-4ca4-b4a7-69c27f4f3fc7 tempest-VolumesActionsTest-346413524 tempest-VolumesActionsTest-346413524-project] http://10.222.0.26/volume/v3/18217d436ef74804a1b5a6b866902dcc/volumes/32e729da-2194-49c3-9edc-93e416661c74 returned with HTTP 404
Mar 09 06:08:47.351382 dv-cinder-831154-2-smb devstack@c-api.service[110549]: [pid: 110549|app: 0|req: 233/436] 10.222.0.26 () {58 vars in 1327 bytes} [Wed Mar 9 06:08:47 2022] DELETE /volume/v3/18217d436ef74804a1b5a6b866902dcc/volumes/32e729da-2194-49c3-9edc-93e416661c74 => generated 109 bytes in 16 msecs (HTTP/1.1 404) 7 headers in 292 bytes (2 switches on core 0)
Mar 09 06:08:47.355984 dv-cinder-831154-2-smb devstack@c-api.service[110549]: DEBUG cinder.api.middleware.request_id [None req-70be533a-4613-4f98-8c28-557f883bdcd5 None None] RequestId filter calling following filter/app {{(pid=110549) _context_setter /opt/stack/cinder/cinder/api/middleware/request_id.py:62}}
Mar 09 06:08:47.359344 dv-cinder-831154-2-smb devstack@c-api.service[110549]: INFO cinder.api.openstack.wsgi [None req-70be533a-4613-4f98-8c28-557f883bdcd5 tempest-VolumesActionsTest-346413524 tempest-VolumesActionsTest-346413524-project] DELETE http://10.222.0.26/volume/v3/18217d436ef74804a1b5a6b866902dcc/volumes/47edfe34-7bdf-4619-bb64-0e044aeb2d5f
Mar 09 06:08:47.359794 dv-cinder-831154-2-smb devstack@c-api.service[110549]: DEBUG cinder.api.openstack.wsgi [None req-70be533a-4613-4f98-8c28-557f883bdcd5 tempest-VolumesActionsTest-346413524 tempest-VolumesActionsTest-346413524-project] Empty body provided in request {{(pid=110549) get_body /opt/stack/cinder/cinder/api/openstack/wsgi.py:715}}
Mar 09 06:08:47.360237 dv-cinder-831154-2-smb devstack@c-api.service[110549]: DEBUG cinder.api.openstack.wsgi [None req-70be533a-4613-4f98-8c28-557f883bdcd5 tempest-VolumesActionsTest-346413524 tempest-VolumesActionsTest-346413524-project] Calling method 'delete' {{(pid=110549) _process_stack /opt/stack/cinder/cinder/api/openstack/wsgi.py:868}}
Mar 09 06:08:47.360625 dv-cinder-831154-2-smb devstack@c-api.service[110549]: INFO cinder.api.v3.volumes [None req-70be533a-4613-4f98-8c28-557f883bdcd5 tempest-VolumesActionsTest-346413524 tempest-VolumesActionsTest-346413524-project] Delete volume with id: 47edfe34-7bdf-4619-bb64-0e044aeb2d5f
Mar 09 06:08:47.371212 dv-cinder-831154-2-smb devstack@c-api.service[110549]: INFO cinder.api.openstack.wsgi [None req-70be533a-4613-4f98-8c28-557f883bdcd5 tempest-VolumesActionsTest-346413524 tempest-VolumesActionsTest-346413524-project] http://10.222.0.26/volume/v3/18217d436ef74804a1b5a6b866902dcc/volumes/47edfe34-7bdf-4619-bb64-0e044aeb2d5f returned with HTTP 404
Mar 09 06:08:47.372095 dv-cinder-831154-2-smb devstack@c-api.service[110549]: [pid: 110549|app: 0|req: 234/437] 10.222.0.26 () {58 vars in 1327 bytes} [Wed Mar 9 06:08:47 2022] DELETE /volume/v3/18217d436ef74804a1b5a6b866902dcc/volumes/47edfe34-7bdf-4619-bb64-0e044aeb2d5f => generated 109 bytes in 17 msecs (HTTP/1.1 404) 7 headers in 292 bytes (2 switches on core 0)
Mar 09 06:08:47.375089 dv-cinder-831154-2-smb devstack@c-api.service[110548]: DEBUG cinder.volume.api [None req-cff55094-1466-4193-8960-b5e3b017ea80 tempest-VolumesListAdminTestJSON-326773615 tempest-VolumesListAdminTestJSON-326773615-project] Task 'cinder.volume.flows.api.create_volume.VolumeCastTask;volume:create' (bdf80fc0-1b38-4868-9b84-8e0e5fb7bb52) transitioned into state 'SUCCESS' from state 'RUNNING' with result 'None' {{(pid=110548) _task_receiver /usr/local/lib/python3.8/dist-packages/taskflow/listeners/logging.py:178}}
Mar 09 06:08:47.376460 dv-cinder-831154-2-smb devstack@c-api.service[110549]: DEBUG cinder.api.middleware.request_id [None req-42d0bb4d-38d4-46a8-9def-176bf00e7a1e None None] RequestId filter calling following filter/app {{(pid=110549) _context_setter /opt/stack/cinder/cinder/api/middleware/request_id.py:62}}
Mar 09 06:08:47.379430 dv-cinder-831154-2-smb devstack@c-api.service[110548]: DEBUG cinder.volume.api [None req-cff55094-1466-4193-8960-b5e3b017ea80 tempest-VolumesListAdminTestJSON-326773615 tempest-VolumesListAdminTestJSON-326773615-project] Flow 'volume_create_api' (e16f4566-c844-4ead-b4f4-6d3d193190e2) transitioned into state 'SUCCESS' from state 'RUNNING' {{(pid=110548) _flow_receiver /usr/local/lib/python3.8/dist-packages/taskflow/listeners/logging.py:141}}
Mar 09 06:08:47.379430 dv-cinder-831154-2-smb devstack@c-api.service[110548]: INFO cinder.volume.api [None req-cff55094-1466-4193-8960-b5e3b017ea80 tempest-VolumesListAdminTestJSON-326773615 tempest-VolumesListAdminTestJSON-326773615-project] Create volume request issued successfully.
Mar 09 06:08:47.379875 dv-cinder-831154-2-smb devstack@c-api.service[110549]: INFO cinder.api.openstack.wsgi [None req-42d0bb4d-38d4-46a8-9def-176bf00e7a1e tempest-VolumesActionsTest-346413524 tempest-VolumesActionsTest-346413524-project] DELETE http://10.222.0.26/volume/v3/18217d436ef74804a1b5a6b866902dcc/volumes/200a2911-ffb8-416d-bb04-b6c1c073981c
Mar 09 06:08:47.380319 dv-cinder-831154-2-smb devstack@c-api.service[110549]: DEBUG cinder.api.openstack.wsgi [None req-42d0bb4d-38d4-46a8-9def-176bf00e7a1e tempest-VolumesActionsTest-346413524 tempest-VolumesActionsTest-346413524-project] Empty body provided in request {{(pid=110549) get_body /opt/stack/cinder/cinder/api/openstack/wsgi.py:715}}
Mar 09 06:08:47.380550 dv-cinder-831154-2-smb devstack@c-api.service[110548]: INFO cinder.api.openstack.wsgi [None req-cff55094-1466-4193-8960-b5e3b017ea80 tempest-VolumesListAdminTestJSON-326773615 tempest-VolumesListAdminTestJSON-326773615-project] http://10.222.0.26/volume/v3/232465d9b95446368522a96184cd6870/volumes returned with HTTP 202
Mar 09 06:08:47.380809 dv-cinder-831154-2-smb devstack@c-api.service[110549]: DEBUG cinder.api.openstack.wsgi [None req-42d0bb4d-38d4-46a8-9def-176bf00e7a1e tempest-VolumesActionsTest-346413524 tempest-VolumesActionsTest-346413524-project] Calling method 'delete' {{(pid=110549) _process_stack /opt/stack/cinder/cinder/api/openstack/wsgi.py:868}}
Mar 09 06:08:47.381240 dv-cinder-831154-2-smb devstack@c-api.service[110549]: INFO cinder.api.v3.volumes [None req-42d0bb4d-38d4-46a8-9def-176bf00e7a1e tempest-VolumesActionsTest-346413524 tempest-VolumesActionsTest-346413524-project] Delete volume with id: 200a2911-ffb8-416d-bb04-b6c1c073981c
Mar 09 06:08:47.381582 dv-cinder-831154-2-smb devstack@c-api.service[110548]: [pid: 110548|app: 0|req: 204/438] 10.222.0.26 () {60 vars in 1234 bytes} [Wed Mar 9 06:08:46 2022] POST /volume/v3/232465d9b95446368522a96184cd6870/volumes => generated 823 bytes in 683 msecs (HTTP/1.1 202) 7 headers in 291 bytes (1 switches on core 0)
Mar 09 06:08:47.392960 dv-cinder-831154-2-smb devstack@c-api.service[110548]: DEBUG cinder.api.middleware.request_id [None req-7551623d-b32a-453f-b61a-e06e4855e23f None None] RequestId filter calling following filter/app {{(pid=110548) _context_setter /opt/stack/cinder/cinder/api/middleware/request_id.py:62}}
Mar 09 06:08:47.394854 dv-cinder-831154-2-smb devstack@c-api.service[110549]: INFO cinder.api.openstack.wsgi [None req-42d0bb4d-38d4-46a8-9def-176bf00e7a1e tempest-VolumesActionsTest-346413524 tempest-VolumesActionsTest-346413524-project] http://10.222.0.26/volume/v3/18217d436ef74804a1b5a6b866902dcc/volumes/200a2911-ffb8-416d-bb04-b6c1c073981c returned with HTTP 404
Mar 09 06:08:47.396032 dv-cinder-831154-2-smb devstack@c-api.service[110549]: [pid: 110549|app: 0|req: 235/439] 10.222.0.26 () {58 vars in 1327 bytes} [Wed Mar 9 06:08:47 2022] DELETE /volume/v3/18217d436ef74804a1b5a6b866902dcc/volumes/200a2911-ffb8-416d-bb04-b6c1c073981c => generated 109 bytes in 20 msecs (HTTP/1.1 404) 7 headers in 292 bytes (2 switches on core 0)
Mar 09 06:08:47.399018 dv-cinder-831154-2-smb devstack@c-api.service[110548]: INFO cinder.api.openstack.wsgi [None req-7551623d-b32a-453f-b61a-e06e4855e23f tempest-VolumesListAdminTestJSON-326773615 tempest-VolumesListAdminTestJSON-326773615-project] GET http://10.222.0.26/volume/v3/232465d9b95446368522a96184cd6870/volumes/8548a587-b644-4f60-9e0c-0429ffbfdf61
Mar 09 06:08:47.409500 dv-cinder-831154-2-smb devstack@c-api.service[110548]: DEBUG cinder.api.openstack.wsgi [None req-7551623d-b32a-453f-b61a-e06e4855e23f tempest-VolumesListAdminTestJSON-326773615 tempest-VolumesListAdminTestJSON-326773615-project] Empty body provided in request {{(pid=110548) get_body /opt/stack/cinder/cinder/api/openstack/wsgi.py:715}}
Mar 09 06:08:47.409747 dv-cinder-831154-2-smb devstack@c-api.service[110549]: DEBUG cinder.api.middleware.request_id [None req-f0240da4-5c6c-488e-aac7-dfde0b46f0ea None None] RequestId filter calling following filter/app {{(pid=110549) _context_setter /opt/stack/cinder/cinder/api/middleware/request_id.py:62}}
Mar 09 06:08:47.409843 dv-cinder-831154-2-smb devstack@c-api.service[110548]: DEBUG cinder.api.openstack.wsgi [None req-7551623d-b32a-453f-b61a-e06e4855e23f tempest-VolumesListAdminTestJSON-326773615 tempest-VolumesListAdminTestJSON-326773615-project] Calling method 'show' {{(pid=110548) _process_stack /opt/stack/cinder/cinder/api/openstack/wsgi.py:868}}
Mar 09 06:08:47.409930 dv-cinder-831154-2-smb devstack@c-api.service[110549]: INFO cinder.api.openstack.wsgi [None req-f0240da4-5c6c-488e-aac7-dfde0b46f0ea tempest-VolumesActionsTest-346413524 tempest-VolumesActionsTest-346413524-project] DELETE http://10.222.0.26/volume/v3/18217d436ef74804a1b5a6b866902dcc/volumes/6e60467a-202b-4430-b5b8-156c011a90c2
Mar 09 06:08:47.409930 dv-cinder-831154-2-smb devstack@c-api.service[110549]: DEBUG cinder.api.openstack.wsgi [None req-f0240da4-5c6c-488e-aac7-dfde0b46f0ea tempest-VolumesActionsTest-346413524 tempest-VolumesActionsTest-346413524-project] Empty body provided in request {{(pid=110549) get_body /opt/stack/cinder/cinder/api/openstack/wsgi.py:715}}
Mar 09 06:08:47.409930 dv-cinder-831154-2-smb devstack@c-api.service[110549]: DEBUG cinder.api.openstack.wsgi [None req-f0240da4-5c6c-488e-aac7-dfde0b46f0ea tempest-VolumesActionsTest-346413524 tempest-VolumesActionsTest-346413524-project] Calling method 'delete' {{(pid=110549) _process_stack /opt/stack/cinder/cinder/api/openstack/wsgi.py:868}}
Mar 09 06:08:47.409930 dv-cinder-831154-2-smb devstack@c-api.service[110549]: INFO cinder.api.v3.volumes [None req-f0240da4-5c6c-488e-aac7-dfde0b46f0ea tempest-VolumesActionsTest-346413524 tempest-VolumesActionsTest-346413524-project] Delete volume with id: 6e60467a-202b-4430-b5b8-156c011a90c2
