Mar 09 06:08:05.774054 dv-cinder-831154-2-iscsi neutron-server[103637]: DEBUG neutron_lib.callbacks.manager [None req-eca5967c-2398-42cd-a769-90abe6a0f9fd admin admin] Publish callbacks [] for security_group (None), before_create {{(pid=103637) _notify_loop /usr/local/lib/python3.8/dist-packages/neutron_lib/callbacks/manager.py:176}}
Mar 09 06:08:05.820702 dv-cinder-831154-2-iscsi neutron-server[103637]: DEBUG neutron.pecan_wsgi.hooks.policy_enforcement [req-5b9897d7-052a-4a40-aed4-40c91e7b18a4 req-584847cf-1949-480f-8529-67fa32accf1b tempest-ServerRescueNegativeTestJSON-1298618337 tempest-ServerRescueNegativeTestJSON-1298618337-project] Attributes excluded by policy engine: ['standard_attr_id', 'binding:profile', 'binding:host_id', 'binding:vif_type', 'binding:vif_details'] {{(pid=103637) _exclude_attributes_by_policy /opt/stack/neutron/neutron/pecan_wsgi/hooks/policy_enforcement.py:255}}
Mar 09 06:08:05.822553 dv-cinder-831154-2-iscsi neutron-server[103637]: INFO neutron.wsgi [req-5b9897d7-052a-4a40-aed4-40c91e7b18a4 req-584847cf-1949-480f-8529-67fa32accf1b tempest-ServerRescueNegativeTestJSON-1298618337 tempest-ServerRescueNegativeTestJSON-1298618337-project] 10.222.0.18 "GET /v2.0/ports?device_id=702c8f2f-71ff-4b2e-90bd-62113f5080b8 HTTP/1.1" status: 200 len: 944 time: 0.1317060
Mar 09 06:08:05.832816 dv-cinder-831154-2-iscsi neutron-server[103637]: DEBUG neutron.pecan_wsgi.hooks.policy_enforcement [req-8b8eebc9-8ee2-4b0f-9658-f0029c906663 req-93489184-8dea-41e9-bdbc-5ad86a365cc5 tempest-AttachVolumeNegativeTest-81289758 tempest-AttachVolumeNegativeTest-81289758-project] Attributes excluded by policy engine: ['standard_attr_id', 'binding:profile', 'binding:host_id', 'binding:vif_type', 'binding:vif_details'] {{(pid=103637) _exclude_attributes_by_policy /opt/stack/neutron/neutron/pecan_wsgi/hooks/policy_enforcement.py:255}}
Mar 09 06:08:05.834287 dv-cinder-831154-2-iscsi neutron-server[103637]: INFO neutron.wsgi [req-8b8eebc9-8ee2-4b0f-9658-f0029c906663 req-93489184-8dea-41e9-bdbc-5ad86a365cc5 tempest-AttachVolumeNegativeTest-81289758 tempest-AttachVolumeNegativeTest-81289758-project] 10.222.0.18 "GET /v2.0/ports?device_id=b199d6f1-5448-4fca-ad6f-d5689a0b0cbc HTTP/1.1" status: 200 len: 945 time: 0.1110721
Mar 09 06:08:05.855914 dv-cinder-831154-2-iscsi neutron-server[103638]: DEBUG neutron.api.rpc.handlers.resources_rpc [None req-e296f928-06b6-475b-8d63-f56802c31d6a None None] Pushing event updated for resources: {'Port': ['ID=c3272942-ffd1-446d-ac9f-c436e809f60a,revision_number=5']} {{(pid=103638) push /opt/stack/neutron/neutron/api/rpc/handlers/resources_rpc.py:237}}
Mar 09 06:08:05.883043 dv-cinder-831154-2-iscsi neutron-server[103638]: DEBUG novaclient.v2.client [-] REQ: curl -g -i --cacert "/opt/stack/data/ca-bundle.pem" -X POST http://10.222.0.18/compute/v2.1/os-server-external-events -H "Accept: application/json" -H "Content-Type: application/json" -H "User-Agent: python-novaclient" -H "X-Auth-Token: {SHA256}b218200dae2ebfe8fbf56133377a06ebb7382a4591f1382683b3f6d84dca639e" -H "X-OpenStack-Nova-API-Version: 2.1" -H "X-OpenStack-Request-ID: req-f206c09f-cf8c-4620-afba-32a50cf36ae2" -d '{"events": [{"server_uuid": "a1c0f202-5e95-451e-950d-5ee2cb038f48", "name": "network-vif-plugged", "status": "completed", "tag": "c3272942-ffd1-446d-ac9f-c436e809f60a"}]}' {{(pid=103638) _http_log_request /usr/local/lib/python3.8/dist-packages/keystoneauth1/session.py:519}}
Mar 09 06:08:05.930454 dv-cinder-831154-2-iscsi neutron-server[103637]: INFO neutron.wsgi [req-5b9897d7-052a-4a40-aed4-40c91e7b18a4 req-542c6525-44ee-4eeb-8a2b-83ee2142ccc7 tempest-ServerRescueNegativeTestJSON-1298618337 tempest-ServerRescueNegativeTestJSON-1298618337-project] 10.222.0.18 "GET /v2.0/security-groups?id=8d80687b-0c65-4b22-9e3b-89809994bd9d&fields=id&fields=name HTTP/1.1" status: 200 len: 286 time: 0.0951135
Mar 09 06:08:05.934717 dv-cinder-831154-2-iscsi neutron-server[103637]: INFO neutron.wsgi [req-8b8eebc9-8ee2-4b0f-9658-f0029c906663 req-6ead78e7-6811-4da6-a4f7-e230e455bec4 tempest-AttachVolumeNegativeTest-81289758 tempest-AttachVolumeNegativeTest-81289758-project] 10.222.0.18 "GET /v2.0/security-groups?id=2f2cf5dd-ac84-4e5b-bce0-2e586a7b05d5&fields=id&fields=name HTTP/1.1" status: 200 len: 313 time: 0.0948637
Mar 09 06:08:05.966028 dv-cinder-831154-2-iscsi neutron-server[103637]: DEBUG neutron_lib.callbacks.manager [None req-eca5967c-2398-42cd-a769-90abe6a0f9fd admin admin] Publish callbacks [] for security_group (814d06ae-c703-48ca-8262-0839c7eeae10), precommit_create {{(pid=103637) _notify_loop /usr/local/lib/python3.8/dist-packages/neutron_lib/callbacks/manager.py:176}}
Mar 09 06:08:05.971135 dv-cinder-831154-2-iscsi neutron-server[103638]: DEBUG neutron.db.provisioning_blocks [None req-e296f928-06b6-475b-8d63-f56802c31d6a None None] Provisioning for port 664be92f-edde-441a-bd22-50a7fb01b7f7 completed by entity L2. {{(pid=103638) provisioning_complete /opt/stack/neutron/neutron/db/provisioning_blocks.py:134}}
Mar 09 06:08:05.975579 dv-cinder-831154-2-iscsi neutron-server[103638]: DEBUG neutron.db.provisioning_blocks [None req-e296f928-06b6-475b-8d63-f56802c31d6a None None] Provisioning complete for port 664be92f-edde-441a-bd22-50a7fb01b7f7 triggered by entity L2. {{(pid=103638) provisioning_complete /opt/stack/neutron/neutron/db/provisioning_blocks.py:140}}
Mar 09 06:08:05.976042 dv-cinder-831154-2-iscsi neutron-server[103638]: DEBUG neutron_lib.callbacks.manager [None req-e296f928-06b6-475b-8d63-f56802c31d6a None None] Publish callbacks ['neutron.plugins.ml2.plugin.Ml2Plugin._port_provisioned-7802429'] for port (664be92f-edde-441a-bd22-50a7fb01b7f7), provisioning_complete {{(pid=103638) _notify_loop /usr/local/lib/python3.8/dist-packages/neutron_lib/callbacks/manager.py:176}}
Mar 09 06:08:06.029649 dv-cinder-831154-2-iscsi neutron-server[103637]: DEBUG neutron_lib.callbacks.manager [None req-eca5967c-2398-42cd-a769-90abe6a0f9fd admin admin] Publish callbacks ['neutron.plugins.ml2.ovo_rpc._ObjectChangeHandler.handle_event-318712'] for security_group (814d06ae-c703-48ca-8262-0839c7eeae10), after_create {{(pid=103637) _notify_loop /usr/local/lib/python3.8/dist-packages/neutron_lib/callbacks/manager.py:176}}
Mar 09 06:08:06.069410 dv-cinder-831154-2-iscsi neutron-server[103637]: INFO neutron.wsgi [None req-eca5967c-2398-42cd-a769-90abe6a0f9fd admin admin] 10.222.0.18 "GET /v2.0/security-groups?tenant_id=0163a47ee1574c45a0bd8da744725f0b&name=default HTTP/1.1" status: 200 len: 2996 time: 0.4894004
Mar 09 06:08:06.071919 dv-cinder-831154-2-iscsi neutron-server[103637]: DEBUG neutron.wsgi [-] (103637) accepted ('10.222.0.18', 40722) {{(pid=103637) server /usr/local/lib/python3.8/dist-packages/eventlet/wsgi.py:1004}}
Mar 09 06:08:06.072319 dv-cinder-831154-2-iscsi neutron-server[103638]: DEBUG novaclient.v2.client [-] RESP: [200] Connection: close Content-Length: 183 Content-Type: application/json Date: Wed, 09 Mar 2022 06:08:05 GMT OpenStack-API-Version: compute 2.1 Server: Apache/2.4.41 (Ubuntu) Vary: OpenStack-API-Version,X-OpenStack-Nova-API-Version X-OpenStack-Nova-API-Version: 2.1 x-compute-request-id: req-0e94c56a-3e59-44d0-af79-abb491a914fe x-openstack-request-id: req-0e94c56a-3e59-44d0-af79-abb491a914fe {{(pid=103638) _http_log_response /usr/local/lib/python3.8/dist-packages/keystoneauth1/session.py:550}}
Mar 09 06:08:06.072872 dv-cinder-831154-2-iscsi neutron-server[103638]: DEBUG novaclient.v2.client [-] RESP BODY: {"events": [{"server_uuid": "a1c0f202-5e95-451e-950d-5ee2cb038f48", "name": "network-vif-plugged", "status": "completed", "tag": "c3272942-ffd1-446d-ac9f-c436e809f60a", "code": 200}]} {{(pid=103638) _http_log_response /usr/local/lib/python3.8/dist-packages/keystoneauth1/session.py:582}}
Mar 09 06:08:06.073278 dv-cinder-831154-2-iscsi neutron-server[103638]: DEBUG novaclient.v2.client [-] POST call to compute for http://10.222.0.18/compute/v2.1/os-server-external-events used request id req-0e94c56a-3e59-44d0-af79-abb491a914fe {{(pid=103638) request /usr/local/lib/python3.8/dist-packages/keystoneauth1/session.py:954}}
Mar 09 06:08:06.073874 dv-cinder-831154-2-iscsi neutron-server[103638]: INFO neutron.notifiers.nova [-] Nova event response: {'server_uuid': 'a1c0f202-5e95-451e-950d-5ee2cb038f48', 'name': 'network-vif-plugged', 'status': 'completed', 'tag': 'c3272942-ffd1-446d-ac9f-c436e809f60a', 'code': 200}
Mar 09 06:08:06.079218 dv-cinder-831154-2-iscsi neutron-server[103637]: DEBUG neutron.api.rpc.handlers.resources_rpc [None req-eca5967c-2398-42cd-a769-90abe6a0f9fd admin admin] Pushing event updated for resources: {'SecurityGroup': ['ID=814d06ae-c703-48ca-8262-0839c7eeae10,revision_number=1']} {{(pid=103637) push /opt/stack/neutron/neutron/api/rpc/handlers/resources_rpc.py:237}}
Mar 09 06:08:06.098325 dv-cinder-831154-2-iscsi neutron-server[103638]: DEBUG neutron.plugins.ml2.plugin [None req-e296f928-06b6-475b-8d63-f56802c31d6a None None] Current status of the port 664be92f-edde-441a-bd22-50a7fb01b7f7 is: BUILD; New status is: ACTIVE {{(pid=103638) _update_individual_port_db_status /opt/stack/neutron/neutron/plugins/ml2/plugin.py:2232}}
Mar 09 06:08:06.098733 dv-cinder-831154-2-iscsi neutron-server[103638]: DEBUG neutron_lib.callbacks.manager [None req-e296f928-06b6-475b-8d63-f56802c31d6a None None] Publish callbacks ['neutron.plugins.ml2.plugin.SecurityGroupDbMixin._ensure_default_security_group_handler-7830538'] for port (664be92f-edde-441a-bd22-50a7fb01b7f7), before_update {{(pid=103638) _notify_loop /usr/local/lib/python3.8/dist-packages/neutron_lib/callbacks/manager.py:176}}
Mar 09 06:08:06.140896 dv-cinder-831154-2-iscsi neutron-server[103638]: DEBUG neutron.plugins.ml2.db [None req-e296f928-06b6-475b-8d63-f56802c31d6a None None] For port 664be92f-edde-441a-bd22-50a7fb01b7f7, host hv-cinder-83115, got binding levels [PortBindingLevel(driver='hyperv',host='hv-cinder-83115',level=0,port_id=664be92f-edde-441a-bd22-50a7fb01b7f7,segment=NetworkSegment(9c94e193-33d3-44ab-afd0-5574d32cbc9e),segment_id=9c94e193-33d3-44ab-afd0-5574d32cbc9e)] {{(pid=103638) get_binding_level_objs /opt/stack/neutron/neutron/plugins/ml2/db.py:74}}
Mar 09 06:08:06.179165 dv-cinder-831154-2-iscsi neutron-server[103637]: DEBUG neutron_lib.callbacks.manager [None req-ac8aa994-29a4-4980-ac09-bf8bb202c048 admin admin] Publish callbacks [] for security_group (814d06ae-c703-48ca-8262-0839c7eeae10), before_delete {{(pid=103637) _notify_loop /usr/local/lib/python3.8/dist-packages/neutron_lib/callbacks/manager.py:176}}
Mar 09 06:08:06.186788 dv-cinder-831154-2-iscsi neutron-server[103637]: DEBUG neutron.pecan_wsgi.hooks.policy_enforcement [req-a4d18e48-cdc6-43ee-8b49-0ec6574a6ae1 req-e322247a-3950-466b-8291-8db7e372c8cc tempest-DeleteServersTestJSON-1932537615 tempest-DeleteServersTestJSON-1932537615-project] Attributes excluded by policy engine: ['standard_attr_id', 'binding:profile', 'binding:host_id', 'binding:vif_type', 'binding:vif_details'] {{(pid=103637) _exclude_attributes_by_policy /opt/stack/neutron/neutron/pecan_wsgi/hooks/policy_enforcement.py:255}}
Mar 09 06:08:06.188238 dv-cinder-831154-2-iscsi neutron-server[103637]: INFO neutron.wsgi [req-a4d18e48-cdc6-43ee-8b49-0ec6574a6ae1 req-e322247a-3950-466b-8291-8db7e372c8cc tempest-DeleteServersTestJSON-1932537615 tempest-DeleteServersTestJSON-1932537615-project] 10.222.0.18 "GET /v2.0/ports?device_id=a1c0f202-5e95-451e-950d-5ee2cb038f48 HTTP/1.1" status: 200 len: 945 time: 0.1054428
Mar 09 06:08:06.233946 dv-cinder-831154-2-iscsi neutron-server[103638]: DEBUG neutron_lib.callbacks.manager [None req-e296f928-06b6-475b-8d63-f56802c31d6a None None] Publish callbacks ['neutron.plugins.ml2.plugin.SecurityGroupServerNotifierRpcMixin._notify_sg_on_port_change-7830597', 'neutron.plugins.ml2.ovo_rpc._ObjectChangeHandler.handle_event-91489', 'neutron.api.rpc.agentnotifiers.dhcp_rpc_agent_api.DhcpAgentNotifyAPI._native_event_send_dhcp_notification-563514', 'neutron.db.l3_db.L3RpcNotifierMixin._notify_gateway_port_ip_changed-8763892850616', 'neutron.db.l3_dvrscheduler_db._notify_l3_agent_port_update-8763892276417', 'neutron.db.l3_hascheduler_db._notify_l3_agent_ha_port_update-8763892276435'] for port (664be92f-edde-441a-bd22-50a7fb01b7f7), after_update {{(pid=103638) _notify_loop /usr/local/lib/python3.8/dist-packages/neutron_lib/callbacks/manager.py:176}}
Mar 09 06:08:06.234784 dv-cinder-831154-2-iscsi neutron-server[103638]: DEBUG neutron.plugins.ml2.rpc [None req-e296f928-06b6-475b-8d63-f56802c31d6a None None] Device 7b03a4fb-f77d-49a6-8269-eb2e972cbee6 up at agent hyperv_hv-cinder-83115 {{(pid=103638) update_device_up /opt/stack/neutron/neutron/plugins/ml2/rpc.py:296}}
Mar 09 06:08:06.244255 dv-cinder-831154-2-iscsi neutron-server[103637]: DEBUG neutron_lib.callbacks.manager [None req-ac8aa994-29a4-4980-ac09-bf8bb202c048 admin admin] Publish callbacks [] for security_group (814d06ae-c703-48ca-8262-0839c7eeae10), precommit_delete {{(pid=103637) _notify_loop /usr/local/lib/python3.8/dist-packages/neutron_lib/callbacks/manager.py:176}}
Mar 09 06:08:06.303749 dv-cinder-831154-2-iscsi neutron-server[103637]: DEBUG neutron.pecan_wsgi.hooks.policy_enforcement [req-7a9958ae-121f-463c-891a-3b500998a54c req-ad1d3496-fd36-4c33-9428-94f0ae774c1f tempest-AttachVolumeShelveTestJSON-1074226872 tempest-AttachVolumeShelveTestJSON-1074226872-project] Attributes excluded by policy engine: ['standard_attr_id', 'binding:profile', 'binding:host_id', 'binding:vif_type', 'binding:vif_details'] {{(pid=103637) _exclude_attributes_by_policy /opt/stack/neutron/neutron/pecan_wsgi/hooks/policy_enforcement.py:255}}
Mar 09 06:08:06.305299 dv-cinder-831154-2-iscsi neutron-server[103637]: INFO neutron.wsgi [req-7a9958ae-121f-463c-891a-3b500998a54c req-ad1d3496-fd36-4c33-9428-94f0ae774c1f tempest-AttachVolumeShelveTestJSON-1074226872 tempest-AttachVolumeShelveTestJSON-1074226872-project] 10.222.0.18 "GET /v2.0/ports?device_id=5d97f264-e424-4a29-b3e3-a451c56f04c5 HTTP/1.1" status: 200 len: 945 time: 0.1375339
Mar 09 06:08:06.312040 dv-cinder-831154-2-iscsi neutron-server[103638]: DEBUG neutron.api.rpc.handlers.resources_rpc [None req-e296f928-06b6-475b-8d63-f56802c31d6a None None] Pushing event updated for resources: {'Port': ['ID=664be92f-edde-441a-bd22-50a7fb01b7f7,revision_number=5']} {{(pid=103638) push /opt/stack/neutron/neutron/api/rpc/handlers/resources_rpc.py:237}}
Mar 09 06:08:06.313179 dv-cinder-831154-2-iscsi neutron-server[103637]: INFO neutron.wsgi [req-a4d18e48-cdc6-43ee-8b49-0ec6574a6ae1 req-f100f8ca-fee0-41ef-bdd2-6d2867d7336d tempest-DeleteServersTestJSON-1932537615 tempest-DeleteServersTestJSON-1932537615-project] 10.222.0.18 "GET /v2.0/security-groups?id=ec52b882-0734-4c67-8608-176790fb652b&fields=id&fields=name HTTP/1.1" status: 200 len: 286 time: 0.1012692
Mar 09 06:08:06.368011 dv-cinder-831154-2-iscsi neutron-server[103637]: INFO neutron.wsgi [req-7a9958ae-121f-463c-891a-3b500998a54c req-c1bf063b-49bd-4136-ab7e-47b70d2aeea9 tempest-AttachVolumeShelveTestJSON-1074226872 tempest-AttachVolumeShelveTestJSON-1074226872-project] 10.222.0.18 "GET /v2.0/security-groups?id=d7c95868-76a5-42b3-b26e-32dea67f4b17&fields=id&fields=name HTTP/1.1" status: 200 len: 313 time: 0.0534053
Mar 09 06:08:06.422683 dv-cinder-831154-2-iscsi neutron-server[103638]: DEBUG neutron.db.provisioning_blocks [None req-e296f928-06b6-475b-8d63-f56802c31d6a None None] Provisioning for port 7b03a4fb-f77d-49a6-8269-eb2e972cbee6 completed by entity L2. {{(pid=103638) provisioning_complete /opt/stack/neutron/neutron/db/provisioning_blocks.py:134}}
Mar 09 06:08:06.427044 dv-cinder-831154-2-iscsi neutron-server[103638]: DEBUG neutron.db.provisioning_blocks [None req-e296f928-06b6-475b-8d63-f56802c31d6a None None] Provisioning complete for port 7b03a4fb-f77d-49a6-8269-eb2e972cbee6 triggered by entity L2. {{(pid=103638) provisioning_complete /opt/stack/neutron/neutron/db/provisioning_blocks.py:140}}
Mar 09 06:08:06.427387 dv-cinder-831154-2-iscsi neutron-server[103638]: DEBUG neutron_lib.callbacks.manager [None req-e296f928-06b6-475b-8d63-f56802c31d6a None None] Publish callbacks ['neutron.plugins.ml2.plugin.Ml2Plugin._port_provisioned-7802429'] for port (7b03a4fb-f77d-49a6-8269-eb2e972cbee6), provisioning_complete {{(pid=103638) _notify_loop /usr/local/lib/python3.8/dist-packages/neutron_lib/callbacks/manager.py:176}}
Mar 09 06:08:06.462480 dv-cinder-831154-2-iscsi neutron-server[103637]: DEBUG neutron_lib.callbacks.manager [None req-ac8aa994-29a4-4980-ac09-bf8bb202c048 admin admin] Publish callbacks ['neutron.plugins.ml2.ovo_rpc._ObjectChangeHandler.handle_event-318712'] for security_group (814d06ae-c703-48ca-8262-0839c7eeae10), after_delete {{(pid=103637) _notify_loop /usr/local/lib/python3.8/dist-packages/neutron_lib/callbacks/manager.py:176}}
Mar 09 06:08:06.465148 dv-cinder-831154-2-iscsi neutron-server[103637]: DEBUG neutron_lib.callbacks.manager [None req-ac8aa994-29a4-4980-ac09-bf8bb202c048 admin admin] Publish callbacks [] for security_group (None), before_response {{(pid=103637) _notify_loop /usr/local/lib/python3.8/dist-packages/neutron_lib/callbacks/manager.py:176}}
Mar 09 06:08:06.468675 dv-cinder-831154-2-iscsi neutron-server[103637]: INFO neutron.wsgi [None req-ac8aa994-29a4-4980-ac09-bf8bb202c048 admin admin] 10.222.0.18 "DELETE /v2.0/security-groups/814d06ae-c703-48ca-8262-0839c7eeae10 HTTP/1.1" status: 204 len: 168 time: 0.3934739
Mar 09 06:08:06.478648 dv-cinder-831154-2-iscsi neutron-server[103637]: DEBUG neutron.api.rpc.handlers.resources_rpc [None req-ac8aa994-29a4-4980-ac09-bf8bb202c048 admin admin] Pushing event deleted for resources: {'SecurityGroup': ['ID=814d06ae-c703-48ca-8262-0839c7eeae10,revision_number=None']} {{(pid=103637) push /opt/stack/neutron/neutron/api/rpc/handlers/resources_rpc.py:237}}
Mar 09 06:08:06.480618 dv-cinder-831154-2-iscsi neutron-server[103638]: DEBUG neutron_lib.callbacks.manager [None req-c8236ff3-b8e5-488b-8deb-749e9133dc9b None None] Publish callbacks ['neutron.services.segments.db._update_segment_host_mapping_for_agent-8763892612181', 'neutron.plugins.ml2.plugin.Ml2Plugin._retry_binding_revived_agents-7802459'] for agent (b442941b-b3d8-476a-b77b-0dffe211479c), after_update {{(pid=103638) _notify_loop /usr/local/lib/python3.8/dist-packages/neutron_lib/callbacks/manager.py:176}}
Mar 09 06:08:06.547455 dv-cinder-831154-2-iscsi neutron-server[103638]: DEBUG neutron.plugins.ml2.plugin [None req-e296f928-06b6-475b-8d63-f56802c31d6a None None] Current status of the port 7b03a4fb-f77d-49a6-8269-eb2e972cbee6 is: BUILD; New status is: ACTIVE {{(pid=103638) _update_individual_port_db_status /opt/stack/neutron/neutron/plugins/ml2/plugin.py:2232}}
Mar 09 06:08:06.547853 dv-cinder-831154-2-iscsi neutron-server[103638]: DEBUG neutron_lib.callbacks.manager [None req-e296f928-06b6-475b-8d63-f56802c31d6a None None] Publish callbacks ['neutron.plugins.ml2.plugin.SecurityGroupDbMixin._ensure_default_security_group_handler-7830538'] for port (7b03a4fb-f77d-49a6-8269-eb2e972cbee6), before_update {{(pid=103638) _notify_loop /usr/local/lib/python3.8/dist-packages/neutron_lib/callbacks/manager.py:176}}
Mar 09 06:08:06.586760 dv-cinder-831154-2-iscsi neutron-server[103638]: DEBUG neutron.plugins.ml2.db [None req-e296f928-06b6-475b-8d63-f56802c31d6a None None] For port 7b03a4fb-f77d-49a6-8269-eb2e972cbee6, host hv-cinder-83115, got binding levels [PortBindingLevel(driver='hyperv',host='hv-cinder-83115',level=0,port_id=7b03a4fb-f77d-49a6-8269-eb2e972cbee6,segment=NetworkSegment(9c94e193-33d3-44ab-afd0-5574d32cbc9e),segment_id=9c94e193-33d3-44ab-afd0-5574d32cbc9e)] {{(pid=103638) get_binding_level_objs /opt/stack/neutron/neutron/plugins/ml2/db.py:74}}
Mar 09 06:08:06.685754 dv-cinder-831154-2-iscsi neutron-server[103638]: DEBUG neutron_lib.callbacks.manager [None req-e296f928-06b6-475b-8d63-f56802c31d6a None None] Publish callbacks ['neutron.plugins.ml2.plugin.SecurityGroupServerNotifierRpcMixin._notify_sg_on_port_change-7830597', 'neutron.plugins.ml2.ovo_rpc._ObjectChangeHandler.handle_event-91489', 'neutron.api.rpc.agentnotifiers.dhcp_rpc_agent_api.DhcpAgentNotifyAPI._native_event_send_dhcp_notification-563514', 'neutron.db.l3_db.L3RpcNotifierMixin._notify_gateway_port_ip_changed-8763892850616', 'neutron.db.l3_dvrscheduler_db._notify_l3_agent_port_update-8763892276417', 'neutron.db.l3_hascheduler_db._notify_l3_agent_ha_port_update-8763892276435'] for port (7b03a4fb-f77d-49a6-8269-eb2e972cbee6), after_update {{(pid=103638) _notify_loop /usr/local/lib/python3.8/dist-packages/neutron_lib/callbacks/manager.py:176}}
Mar 09 06:08:06.686498 dv-cinder-831154-2-iscsi neutron-server[103638]: DEBUG neutron.plugins.ml2.rpc [None req-e296f928-06b6-475b-8d63-f56802c31d6a None None] Device 477575e8-e9e2-4cfd-9a46-715db6132777 up at agent hyperv_hv-cinder-83115 {{(pid=103638) update_device_up /opt/stack/neutron/neutron/plugins/ml2/rpc.py:296}}
Mar 09 06:08:06.761064 dv-cinder-831154-2-iscsi neutron-server[103638]: DEBUG neutron.api.rpc.handlers.resources_rpc [None req-e296f928-06b6-475b-8d63-f56802c31d6a None None] Pushing event updated for resources: {'Port': ['ID=7b03a4fb-f77d-49a6-8269-eb2e972cbee6,revision_number=5']} {{(pid=103638) push /opt/stack/neutron/neutron/api/rpc/handlers/resources_rpc.py:237}}
Mar 09 06:08:06.776113 dv-cinder-831154-2-iscsi neutron-server[103637]: DEBUG neutron.pecan_wsgi.hooks.policy_enforcement [req-a5c0955a-44c0-40c9-8e72-32cce4d8b715 req-95dcffb0-af15-4261-adc0-deaafcca8691 tempest-VolumesActionsTest-1796078008 tempest-VolumesActionsTest-1796078008-project] Attributes excluded by policy engine: ['standard_attr_id', 'vlan_transparent', 'provider:network_type', 'provider:physical_network', 'provider:segmentation_id'] {{(pid=103637) _exclude_attributes_by_policy /opt/stack/neutron/neutron/pecan_wsgi/hooks/policy_enforcement.py:255}}
Mar 09 06:08:06.776113 dv-cinder-831154-2-iscsi neutron-server[103637]: INFO neutron.wsgi [req-a5c0955a-44c0-40c9-8e72-32cce4d8b715 req-95dcffb0-af15-4261-adc0-deaafcca8691 tempest-VolumesActionsTest-1796078008 tempest-VolumesActionsTest-1796078008-project] 10.222.0.18 "GET /v2.0/networks?id=5f612a6a-31a3-4e5e-958b-260f8615652d HTTP/1.1" status: 200 len: 809 time: 0.1143150
Mar 09 06:08:06.790299 dv-cinder-831154-2-iscsi neutron-server[103637]: INFO neutron.wsgi [req-a5c0955a-44c0-40c9-8e72-32cce4d8b715 req-83679266-5e88-4503-b0aa-eb91cae02a90 tempest-VolumesActionsTest-1796078008 tempest-VolumesActionsTest-1796078008-project] 10.222.0.18 "GET /v2.0/quotas/a60dc1d368c94ddbb2b3e6bba69d224b HTTP/1.1" status: 200 len: 375 time: 0.0096245
Mar 09 06:08:06.823152 dv-cinder-831154-2-iscsi neutron-server[103637]: INFO neutron.wsgi [req-a5c0955a-44c0-40c9-8e72-32cce4d8b715 req-9ae1ca5f-3c1b-4d94-aeb9-45f87122a26b tempest-VolumesActionsTest-1796078008 tempest-VolumesActionsTest-1796078008-project] 10.222.0.18 "GET /v2.0/ports?tenant_id=a60dc1d368c94ddbb2b3e6bba69d224b&fields=id HTTP/1.1" status: 200 len: 210 time: 0.0269473
Mar 09 06:08:06.901125 dv-cinder-831154-2-iscsi neutron-server[103638]: DEBUG neutron.plugins.ml2.db [None req-e296f928-06b6-475b-8d63-f56802c31d6a None None] get_ports_and_sgs() called for port_ids ['214495d5-d481-42bc-acdc-e507061a96f8'] {{(pid=103638) get_ports_and_sgs /opt/stack/neutron/neutron/plugins/ml2/db.py:156}}
Mar 09 06:08:06.918190 dv-cinder-831154-2-iscsi neutron-server[103637]: INFO neutron.wsgi [req-a5c0955a-44c0-40c9-8e72-32cce4d8b715 req-d3cc7fe7-0f3d-453e-8474-ec73a433bdc8 service neutron] 10.222.0.18 "GET /v2.0/networks/5f612a6a-31a3-4e5e-958b-260f8615652d?fields=segments HTTP/1.1" status: 200 len: 212 time: 0.0886769
Mar 09 06:08:07.010878 dv-cinder-831154-2-iscsi neutron-server[103638]: DEBUG neutron.db.provisioning_blocks [None req-e296f928-06b6-475b-8d63-f56802c31d6a None None] Provisioning for port 477575e8-e9e2-4cfd-9a46-715db6132777 completed by entity L2. {{(pid=103638) provisioning_complete /opt/stack/neutron/neutron/db/provisioning_blocks.py:134}}
Mar 09 06:08:07.010878 dv-cinder-831154-2-iscsi neutron-server[103638]: DEBUG neutron.db.provisioning_blocks [None req-e296f928-06b6-475b-8d63-f56802c31d6a None None] Provisioning complete for port 477575e8-e9e2-4cfd-9a46-715db6132777 triggered by entity L2. {{(pid=103638) provisioning_complete /opt/stack/neutron/neutron/db/provisioning_blocks.py:140}}
Mar 09 06:08:07.010878 dv-cinder-831154-2-iscsi neutron-server[103638]: DEBUG neutron_lib.callbacks.manager [None req-e296f928-06b6-475b-8d63-f56802c31d6a None None] Publish callbacks ['neutron.plugins.ml2.plugin.Ml2Plugin._port_provisioned-7802429'] for port (477575e8-e9e2-4cfd-9a46-715db6132777), provisioning_complete {{(pid=103638) _notify_loop /usr/local/lib/python3.8/dist-packages/neutron_lib/callbacks/manager.py:176}}
Mar 09 06:08:07.062010 dv-cinder-831154-2-iscsi neutron-server[103637]: INFO neutron.wsgi [req-a5c0955a-44c0-40c9-8e72-32cce4d8b715 req-2aa4a182-ad41-4db3-9043-030de89aa333 service neutron] 10.222.0.18 "GET /v2.0/networks/5f612a6a-31a3-4e5e-958b-260f8615652d?fields=provider%3Aphysical_network&fields=provider%3Anetwork_type HTTP/1.1" status: 200 len: 281 time: 0.1378286
Mar 09 06:08:07.076893 dv-cinder-831154-2-iscsi neutron-server[103637]: DEBUG neutron.pecan_wsgi.hooks.policy_enforcement [req-7a86569a-37d1-41e6-80e0-b955143cd7bc req-9213fadd-9eea-4d30-9e61-682d65e2540f tempest-ServerRescueNegativeTestJSON-1298618337 tempest-ServerRescueNegativeTestJSON-1298618337-project] Attributes excluded by policy engine: ['standard_attr_id', 'binding:profile', 'binding:host_id', 'binding:vif_type', 'binding:vif_details'] {{(pid=103637) _exclude_attributes_by_policy /opt/stack/neutron/neutron/pecan_wsgi/hooks/policy_enforcement.py:255}}
Mar 09 06:08:07.078454 dv-cinder-831154-2-iscsi neutron-server[103637]: INFO neutron.wsgi [req-7a86569a-37d1-41e6-80e0-b955143cd7bc req-9213fadd-9eea-4d30-9e61-682d65e2540f tempest-ServerRescueNegativeTestJSON-1298618337 tempest-ServerRescueNegativeTestJSON-1298618337-project] 10.222.0.18 "GET /v2.0/ports?device_id=702c8f2f-71ff-4b2e-90bd-62113f5080b8 HTTP/1.1" status: 200 len: 945 time: 0.0792665
Mar 09 06:08:07.113495 dv-cinder-831154-2-iscsi neutron-server[103638]: DEBUG neutron.plugins.ml2.plugin [None req-e296f928-06b6-475b-8d63-f56802c31d6a None None] Current status of the port 477575e8-e9e2-4cfd-9a46-715db6132777 is: BUILD; New status is: ACTIVE {{(pid=103638) _update_individual_port_db_status /opt/stack/neutron/neutron/plugins/ml2/plugin.py:2232}}
Mar 09 06:08:07.113933 dv-cinder-831154-2-iscsi neutron-server[103638]: DEBUG neutron_lib.callbacks.manager [None req-e296f928-06b6-475b-8d63-f56802c31d6a None None] Publish callbacks ['neutron.plugins.ml2.plugin.SecurityGroupDbMixin._ensure_default_security_group_handler-7830538'] for port (477575e8-e9e2-4cfd-9a46-715db6132777), before_update {{(pid=103638) _notify_loop /usr/local/lib/python3.8/dist-packages/neutron_lib/callbacks/manager.py:176}}
Mar 09 06:08:07.152574 dv-cinder-831154-2-iscsi neutron-server[103637]: INFO neutron.wsgi [req-7a86569a-37d1-41e6-80e0-b955143cd7bc req-a05c5977-b8e4-4c87-86d8-514d4e72cb78 tempest-ServerRescueNegativeTestJSON-1298618337 tempest-ServerRescueNegativeTestJSON-1298618337-project] 10.222.0.18 "GET /v2.0/security-groups?id=8d80687b-0c65-4b22-9e3b-89809994bd9d&fields=id&fields=name HTTP/1.1" status: 200 len: 286 time: 0.0634427
Mar 09 06:08:07.174399 dv-cinder-831154-2-iscsi neutron-server[103638]: DEBUG neutron.plugins.ml2.db [None req-e296f928-06b6-475b-8d63-f56802c31d6a None None] For port 477575e8-e9e2-4cfd-9a46-715db6132777, host hv-cinder-83115, got binding levels [PortBindingLevel(driver='hyperv',host='hv-cinder-83115',level=0,port_id=477575e8-e9e2-4cfd-9a46-715db6132777,segment=NetworkSegment(1319448a-ee44-40f9-8948-c4d03a88c8d6),segment_id=1319448a-ee44-40f9-8948-c4d03a88c8d6)] {{(pid=103638) get_binding_level_objs /opt/stack/neutron/neutron/plugins/ml2/db.py:74}}
Mar 09 06:08:07.260060 dv-cinder-831154-2-iscsi neutron-server[103637]: DEBUG neutron.pecan_wsgi.hooks.policy_enforcement [req-6712a498-e21f-40df-bcd2-95184df5f281 req-4558fbd5-4707-402d-aa15-9cc9144f11bb tempest-AttachVolumeNegativeTest-81289758 tempest-AttachVolumeNegativeTest-81289758-project] Attributes excluded by policy engine: ['standard_attr_id', 'binding:profile', 'binding:host_id', 'binding:vif_type', 'binding:vif_details'] {{(pid=103637) _exclude_attributes_by_policy /opt/stack/neutron/neutron/pecan_wsgi/hooks/policy_enforcement.py:255}}
Mar 09 06:08:07.261699 dv-cinder-831154-2-iscsi neutron-server[103637]: INFO neutron.wsgi [req-6712a498-e21f-40df-bcd2-95184df5f281 req-4558fbd5-4707-402d-aa15-9cc9144f11bb tempest-AttachVolumeNegativeTest-81289758 tempest-AttachVolumeNegativeTest-81289758-project] 10.222.0.18 "GET /v2.0/ports?device_id=b199d6f1-5448-4fca-ad6f-d5689a0b0cbc HTTP/1.1" status: 200 len: 945 time: 0.0606894
Mar 09 06:08:07.313583 dv-cinder-831154-2-iscsi neutron-server[103637]: INFO neutron.wsgi [req-6712a498-e21f-40df-bcd2-95184df5f281 req-76fe1b2c-7a68-4ed1-ad59-b18eadb9e85c tempest-AttachVolumeNegativeTest-81289758 tempest-AttachVolumeNegativeTest-81289758-project] 10.222.0.18 "GET /v2.0/security-groups?id=2f2cf5dd-ac84-4e5b-bce0-2e586a7b05d5&fields=id&fields=name HTTP/1.1" status: 200 len: 313 time: 0.0464175
Mar 09 06:08:07.432921 dv-cinder-831154-2-iscsi neutron-server[103637]: DEBUG neutron.pecan_wsgi.hooks.policy_enforcement [req-8fde7924-ff2e-449f-b044-a535ed4751bd req-88dc88a5-747a-4643-81bd-a6503728483d tempest-DeleteServersTestJSON-1932537615 tempest-DeleteServersTestJSON-1932537615-project] Attributes excluded by policy engine: ['standard_attr_id', 'binding:profile', 'binding:host_id', 'binding:vif_type', 'binding:vif_details'] {{(pid=103637) _exclude_attributes_by_policy /opt/stack/neutron/neutron/pecan_wsgi/hooks/policy_enforcement.py:255}}
Mar 09 06:08:07.438396 dv-cinder-831154-2-iscsi neutron-server[103638]: DEBUG neutron_lib.callbacks.manager [None req-e296f928-06b6-475b-8d63-f56802c31d6a None None] Publish callbacks ['neutron.plugins.ml2.plugin.SecurityGroupServerNotifierRpcMixin._notify_sg_on_port_change-7830597', 'neutron.plugins.ml2.ovo_rpc._ObjectChangeHandler.handle_event-91489', 'neutron.api.rpc.agentnotifiers.dhcp_rpc_agent_api.DhcpAgentNotifyAPI._native_event_send_dhcp_notification-563514', 'neutron.db.l3_db.L3RpcNotifierMixin._notify_gateway_port_ip_changed-8763892850616', 'neutron.db.l3_dvrscheduler_db._notify_l3_agent_port_update-8763892276417', 'neutron.db.l3_hascheduler_db._notify_l3_agent_ha_port_update-8763892276435'] for port (477575e8-e9e2-4cfd-9a46-715db6132777), after_update {{(pid=103638) _notify_loop /usr/local/lib/python3.8/dist-packages/neutron_lib/callbacks/manager.py:176}}
Mar 09 06:08:07.438836 dv-cinder-831154-2-iscsi neutron-server[103637]: INFO neutron.wsgi [req-8fde7924-ff2e-449f-b044-a535ed4751bd req-88dc88a5-747a-4643-81bd-a6503728483d tempest-DeleteServersTestJSON-1932537615 tempest-DeleteServersTestJSON-1932537615-project] 10.222.0.18 "GET /v2.0/ports?device_id=a1c0f202-5e95-451e-950d-5ee2cb038f48 HTTP/1.1" status: 200 len: 945 time: 0.0612786
Mar 09 06:08:07.526952 dv-cinder-831154-2-iscsi neutron-server[103637]: INFO neutron.wsgi [req-8fde7924-ff2e-449f-b044-a535ed4751bd req-f1166261-5904-44c2-a90d-8b67dd32c092 tempest-DeleteServersTestJSON-1932537615 tempest-DeleteServersTestJSON-1932537615-project] 10.222.0.18 "GET /v2.0/security-groups?id=ec52b882-0734-4c67-8608-176790fb652b&fields=id&fields=name HTTP/1.1" status: 200 len: 286 time: 0.0869789
Mar 09 06:08:07.548939 dv-cinder-831154-2-iscsi neutron-server[103638]: DEBUG neutron.api.rpc.handlers.resources_rpc [None req-e296f928-06b6-475b-8d63-f56802c31d6a None None] Pushing event updated for resources: {'Port': ['ID=477575e8-e9e2-4cfd-9a46-715db6132777,revision_number=5']} {{(pid=103638) push /opt/stack/neutron/neutron/api/rpc/handlers/resources_rpc.py:237}}
Mar 09 06:08:07.651515 dv-cinder-831154-2-iscsi neutron-server[103637]: INFO neutron.wsgi [req-874e82dd-506b-4c2b-a611-9e86af7fd899 req-76717418-9ccb-49d2-ac52-5666743409ae tempest-VolumesActionsTest-1796078008 tempest-VolumesActionsTest-1796078008-project] 10.222.0.18 "GET /v2.0/ports?device_id=87c52fa0-7909-47c9-83a4-e104542d6952 HTTP/1.1" status: 200 len: 210 time: 0.0381110
Mar 09 06:08:07.665085 dv-cinder-831154-2-iscsi neutron-server[103637]: DEBUG neutron.pecan_wsgi.hooks.policy_enforcement [req-85c5fb93-7977-4f65-816d-273222b82c9b req-cce9d2ab-edb8-4ff8-a653-60a4ffbf185e tempest-AttachVolumeShelveTestJSON-1074226872 tempest-AttachVolumeShelveTestJSON-1074226872-project] Attributes excluded by policy engine: ['standard_attr_id', 'binding:profile', 'binding:host_id', 'binding:vif_type', 'binding:vif_details'] {{(pid=103637) _exclude_attributes_by_policy /opt/stack/neutron/neutron/pecan_wsgi/hooks/policy_enforcement.py:255}}
Mar 09 06:08:07.670742 dv-cinder-831154-2-iscsi neutron-server[103637]: INFO neutron.wsgi [req-85c5fb93-7977-4f65-816d-273222b82c9b req-cce9d2ab-edb8-4ff8-a653-60a4ffbf185e tempest-AttachVolumeShelveTestJSON-1074226872 tempest-AttachVolumeShelveTestJSON-1074226872-project] 10.222.0.18 "GET /v2.0/ports?device_id=5d97f264-e424-4a29-b3e3-a451c56f04c5 HTTP/1.1" status: 200 len: 946 time: 0.1059270
Mar 09 06:08:07.714844 dv-cinder-831154-2-iscsi neutron-server[103637]: INFO neutron.wsgi [req-85c5fb93-7977-4f65-816d-273222b82c9b req-96bcfe53-99e5-40b0-bd64-1b94237d992d tempest-AttachVolumeShelveTestJSON-1074226872 tempest-AttachVolumeShelveTestJSON-1074226872-project] 10.222.0.18 "GET /v2.0/security-groups?id=d7c95868-76a5-42b3-b26e-32dea67f4b17&fields=id&fields=name HTTP/1.1" status: 200 len: 313 time: 0.0432613
Mar 09 06:08:08.075501 dv-cinder-831154-2-iscsi neutron-server[103638]: DEBUG neutron.notifiers.nova [-] Sending events: [{'server_uuid': '702c8f2f-71ff-4b2e-90bd-62113f5080b8', 'name': 'network-vif-plugged', 'status': 'completed', 'tag': '664be92f-edde-441a-bd22-50a7fb01b7f7'}, {'server_uuid': 'c653d675-84c3-432c-bcf2-0169d9fcd2f2', 'name': 'network-vif-plugged', 'status': 'completed', 'tag': '7b03a4fb-f77d-49a6-8269-eb2e972cbee6'}, {'server_uuid': '5d97f264-e424-4a29-b3e3-a451c56f04c5', 'name': 'network-vif-plugged', 'status': 'completed', 'tag': '477575e8-e9e2-4cfd-9a46-715db6132777'}] {{(pid=103638) send_events /opt/stack/neutron/neutron/notifiers/nova.py:271}}
Mar 09 06:08:08.078464 dv-cinder-831154-2-iscsi neutron-server[103638]: DEBUG novaclient.v2.client [-] REQ: curl -g -i --cacert "/opt/stack/data/ca-bundle.pem" -X POST http://10.222.0.18/compute/v2.1/os-server-external-events -H "Accept: application/json" -H "Content-Type: application/json" -H "User-Agent: python-novaclient" -H "X-Auth-Token: {SHA256}b218200dae2ebfe8fbf56133377a06ebb7382a4591f1382683b3f6d84dca639e" -H "X-OpenStack-Nova-API-Version: 2.1" -H "X-OpenStack-Request-ID: req-2c9f12b1-3a80-494e-bc0d-b8a13b17ad81" -d '{"events": [{"server_uuid": "702c8f2f-71ff-4b2e-90bd-62113f5080b8", "name": "network-vif-plugged", "status": "completed", "tag": "664be92f-edde-441a-bd22-50a7fb01b7f7"}, {"server_uuid": "c653d675-84c3-432c-bcf2-0169d9fcd2f2", "name": "network-vif-plugged", "status": "completed", "tag": "7b03a4fb-f77d-49a6-8269-eb2e972cbee6"}, {"server_uuid": "5d97f264-e424-4a29-b3e3-a451c56f04c5", "name": "network-vif-plugged", "status": "completed", "tag": "477575e8-e9e2-4cfd-9a46-715db6132777"}]}' {{(pid=103638) _http_log_request /usr/local/lib/python3.8/dist-packages/keystoneauth1/session.py:519}}
Mar 09 06:08:08.121492 dv-cinder-831154-2-iscsi neutron-server[103638]: DEBUG novaclient.v2.client [-] RESP: [200] Connection: close Content-Length: 525 Content-Type: application/json Date: Wed, 09 Mar 2022 06:08:08 GMT OpenStack-API-Version: compute 2.1 Server: Apache/2.4.41 (Ubuntu) Vary: OpenStack-API-Version,X-OpenStack-Nova-API-Version X-OpenStack-Nova-API-Version: 2.1 x-compute-request-id: req-fe6f08ee-48fa-4d6b-a55f-c028259c87e8 x-openstack-request-id: req-fe6f08ee-48fa-4d6b-a55f-c028259c87e8 {{(pid=103638) _http_log_response /usr/local/lib/python3.8/dist-packages/keystoneauth1/session.py:550}}
Mar 09 06:08:08.121792 dv-cinder-831154-2-iscsi neutron-server[103638]: DEBUG novaclient.v2.client [-] RESP BODY: {"events": [{"server_uuid": "702c8f2f-71ff-4b2e-90bd-62113f5080b8", "name": "network-vif-plugged", "status": "completed", "tag": "664be92f-edde-441a-bd22-50a7fb01b7f7", "code": 200}, {"server_uuid": "c653d675-84c3-432c-bcf2-0169d9fcd2f2", "name": "network-vif-plugged", "status": "completed", "tag": "7b03a4fb-f77d-49a6-8269-eb2e972cbee6", "code": 200}, {"server_uuid": "5d97f264-e424-4a29-b3e3-a451c56f04c5", "name": "network-vif-plugged", "status": "completed", "tag": "477575e8-e9e2-4cfd-9a46-715db6132777", "code": 200}]} {{(pid=103638) _http_log_response /usr/local/lib/python3.8/dist-packages/keystoneauth1/session.py:582}}
Mar 09 06:08:08.122040 dv-cinder-831154-2-iscsi neutron-server[103638]: DEBUG novaclient.v2.client [-] POST call to compute for http://10.222.0.18/compute/v2.1/os-server-external-events used request id req-fe6f08ee-48fa-4d6b-a55f-c028259c87e8 {{(pid=103638) request /usr/local/lib/python3.8/dist-packages/keystoneauth1/session.py:954}}
Mar 09 06:08:08.122433 dv-cinder-831154-2-iscsi neutron-server[103638]: INFO neutron.notifiers.nova [-] Nova event response: {'server_uuid': '702c8f2f-71ff-4b2e-90bd-62113f5080b8', 'name': 'network-vif-plugged', 'status': 'completed', 'tag': '664be92f-edde-441a-bd22-50a7fb01b7f7', 'code': 200}
Mar 09 06:08:08.122684 dv-cinder-831154-2-iscsi neutron-server[103638]: INFO neutron.notifiers.nova [-] Nova event response: {'server_uuid': 'c653d675-84c3-432c-bcf2-0169d9fcd2f2', 'name': 'network-vif-plugged', 'status': 'completed', 'tag': '7b03a4fb-f77d-49a6-8269-eb2e972cbee6', 'code': 200}
Mar 09 06:08:08.122927 dv-cinder-831154-2-iscsi neutron-server[103638]: INFO neutron.notifiers.nova [-] Nova event response: {'server_uuid': '5d97f264-e424-4a29-b3e3-a451c56f04c5', 'name': 'network-vif-plugged', 'status': 'completed', 'tag': '477575e8-e9e2-4cfd-9a46-715db6132777', 'code': 200}
Mar 09 06:08:08.262616 dv-cinder-831154-2-iscsi neutron-server[103637]: DEBUG neutron.pecan_wsgi.hooks.policy_enforcement [req-92576e51-9f94-48d7-9678-dd55d3aa3d67 req-302edbb8-4116-4362-8153-91ebeaaf6397 tempest-ServerRescueNegativeTestJSON-1298618337 tempest-ServerRescueNegativeTestJSON-1298618337-project] Attributes excluded by policy engine: ['standard_attr_id', 'binding:profile', 'binding:host_id', 'binding:vif_type', 'binding:vif_details'] {{(pid=103637) _exclude_attributes_by_policy /opt/stack/neutron/neutron/pecan_wsgi/hooks/policy_enforcement.py:255}}
Mar 09 06:08:08.264095 dv-cinder-831154-2-iscsi neutron-server[103637]: INFO neutron.wsgi [req-92576e51-9f94-48d7-9678-dd55d3aa3d67 req-302edbb8-4116-4362-8153-91ebeaaf6397 tempest-ServerRescueNegativeTestJSON-1298618337 tempest-ServerRescueNegativeTestJSON-1298618337-project] 10.222.0.18 "GET /v2.0/ports?device_id=702c8f2f-71ff-4b2e-90bd-62113f5080b8 HTTP/1.1" status: 200 len: 945 time: 0.0525651
Mar 09 06:08:08.310389 dv-cinder-831154-2-iscsi neutron-server[103637]: INFO neutron.wsgi [req-92576e51-9f94-48d7-9678-dd55d3aa3d67 req-15df5199-2d06-433f-b398-425b04ff9b30 tempest-ServerRescueNegativeTestJSON-1298618337 tempest-ServerRescueNegativeTestJSON-1298618337-project] 10.222.0.18 "GET /v2.0/security-groups?id=8d80687b-0c65-4b22-9e3b-89809994bd9d&fields=id&fields=name HTTP/1.1" status: 200 len: 286 time: 0.0402822
Mar 09 06:08:08.431022 dv-cinder-831154-2-iscsi neutron-server[103637]: DEBUG neutron.pecan_wsgi.hooks.policy_enforcement [req-57b8df73-104c-43cd-af59-481aa5999d57 req-66a92ae4-e2b6-41d3-8af1-c3a50698a731 tempest-AttachVolumeNegativeTest-81289758 tempest-AttachVolumeNegativeTest-81289758-project] Attributes excluded by policy engine: ['standard_attr_id', 'binding:profile', 'binding:host_id', 'binding:vif_type', 'binding:vif_details'] {{(pid=103637) _exclude_attributes_by_policy /opt/stack/neutron/neutron/pecan_wsgi/hooks/policy_enforcement.py:255}}
Mar 09 06:08:08.432526 dv-cinder-831154-2-iscsi neutron-server[103637]: INFO neutron.wsgi [req-57b8df73-104c-43cd-af59-481aa5999d57 req-66a92ae4-e2b6-41d3-8af1-c3a50698a731 tempest-AttachVolumeNegativeTest-81289758 tempest-AttachVolumeNegativeTest-81289758-project] 10.222.0.18 "GET /v2.0/ports?device_id=b199d6f1-5448-4fca-ad6f-d5689a0b0cbc HTTP/1.1" status: 200 len: 945 time: 0.0519578
Mar 09 06:08:08.479883 dv-cinder-831154-2-iscsi neutron-server[103637]: INFO neutron.wsgi [req-57b8df73-104c-43cd-af59-481aa5999d57 req-c7825d36-7acc-4867-8717-f4756565c44f tempest-AttachVolumeNegativeTest-81289758 tempest-AttachVolumeNegativeTest-81289758-project] 10.222.0.18 "GET /v2.0/security-groups?id=2f2cf5dd-ac84-4e5b-bce0-2e586a7b05d5&fields=id&fields=name HTTP/1.1" status: 200 len: 313 time: 0.0416279
Mar 09 06:08:08.653314 dv-cinder-831154-2-iscsi neutron-server[103637]: DEBUG neutron.pecan_wsgi.hooks.policy_enforcement [req-e887a243-d5a3-44a1-9903-f0aeb0d44bcd req-5d49cac0-bf2c-4120-8791-85401eccc4fe tempest-DeleteServersTestJSON-1932537615 tempest-DeleteServersTestJSON-1932537615-project] Attributes excluded by policy engine: ['standard_attr_id', 'binding:profile', 'binding:host_id', 'binding:vif_type', 'binding:vif_details'] {{(pid=103637) _exclude_attributes_by_policy /opt/stack/neutron/neutron/pecan_wsgi/hooks/policy_enforcement.py:255}}
Mar 09 06:08:08.654765 dv-cinder-831154-2-iscsi neutron-server[103637]: INFO neutron.wsgi [req-e887a243-d5a3-44a1-9903-f0aeb0d44bcd req-5d49cac0-bf2c-4120-8791-85401eccc4fe tempest-DeleteServersTestJSON-1932537615 tempest-DeleteServersTestJSON-1932537615-project] 10.222.0.18 "GET /v2.0/ports?device_id=a1c0f202-5e95-451e-950d-5ee2cb038f48 HTTP/1.1" status: 200 len: 945 time: 0.0577500
Mar 09 06:08:08.702891 dv-cinder-831154-2-iscsi neutron-server[103637]: INFO neutron.wsgi [req-e887a243-d5a3-44a1-9903-f0aeb0d44bcd req-3d90b12e-ce0b-4532-a35e-b49e402b6aec tempest-DeleteServersTestJSON-1932537615 tempest-DeleteServersTestJSON-1932537615-project] 10.222.0.18 "GET /v2.0/security-groups?id=ec52b882-0734-4c67-8608-176790fb652b&fields=id&fields=name HTTP/1.1" status: 200 len: 286 time: 0.0421057
Mar 09 06:08:08.730281 dv-cinder-831154-2-iscsi neutron-server[103638]: DEBUG neutron_lib.callbacks.manager [None req-6ef89d2e-2f1b-4c02-8312-22c5b1be3528 None None] Publish callbacks ['neutron.services.segments.db._update_segment_host_mapping_for_agent-8763892612181', 'neutron.plugins.ml2.plugin.Ml2Plugin._retry_binding_revived_agents-7802459'] for agent (fe87d9ee-fd75-4ba6-a479-5a76e4704d94), after_update {{(pid=103638) _notify_loop /usr/local/lib/python3.8/dist-packages/neutron_lib/callbacks/manager.py:176}}
Mar 09 06:08:08.733162 dv-cinder-831154-2-iscsi neutron-server[103637]: INFO neutron.wsgi [req-0544ac94-66cd-4edd-a192-f2c8a42570b3 req-742086db-127f-433a-9f52-6c40c20f12cd tempest-VolumesActionsTest-1796078008 tempest-VolumesActionsTest-1796078008-project] 10.222.0.18 "GET /v2.0/ports?device_id=87c52fa0-7909-47c9-83a4-e104542d6952 HTTP/1.1" status: 200 len: 210 time: 0.0291190
Mar 09 06:08:08.845083 dv-cinder-831154-2-iscsi neutron-server[103637]: DEBUG neutron.pecan_wsgi.hooks.policy_enforcement [req-db19f7d1-95d0-4464-bd99-626c9d4df8c1 req-f32f0e96-ac6d-41a3-8305-c45bd2a306e5 tempest-AttachVolumeShelveTestJSON-1074226872 tempest-AttachVolumeShelveTestJSON-1074226872-project] Attributes excluded by policy engine: ['standard_attr_id', 'binding:profile', 'binding:host_id', 'binding:vif_type', 'binding:vif_details'] {{(pid=103637) _exclude_attributes_by_policy /opt/stack/neutron/neutron/pecan_wsgi/hooks/policy_enforcement.py:255}}
Mar 09 06:08:08.847216 dv-cinder-831154-2-iscsi neutron-server[103637]: INFO neutron.wsgi [req-db19f7d1-95d0-4464-bd99-626c9d4df8c1 req-f32f0e96-ac6d-41a3-8305-c45bd2a306e5 tempest-AttachVolumeShelveTestJSON-1074226872 tempest-AttachVolumeShelveTestJSON-1074226872-project] 10.222.0.18 "GET /v2.0/ports?device_id=5d97f264-e424-4a29-b3e3-a451c56f04c5 HTTP/1.1" status: 200 len: 946 time: 0.0514710
Mar 09 06:08:08.897391 dv-cinder-831154-2-iscsi neutron-server[103637]: INFO neutron.wsgi [req-db19f7d1-95d0-4464-bd99-626c9d4df8c1 req-3a3369cf-ece9-4bee-aa13-eae73347e454 tempest-AttachVolumeShelveTestJSON-1074226872 tempest-AttachVolumeShelveTestJSON-1074226872-project] 10.222.0.18 "GET /v2.0/security-groups?id=d7c95868-76a5-42b3-b26e-32dea67f4b17&fields=id&fields=name HTTP/1.1" status: 200 len: 313 time: 0.0444448
Mar 09 06:08:09.137885 dv-cinder-831154-2-iscsi neutron-server[103636]: DEBUG neutron.pecan_wsgi.hooks.policy_enforcement [req-b6e5a20b-813f-4854-a22c-00e1c3627d9b req-3ac8ca4d-bf61-4c88-9d3e-884bc372a0a9 service neutron] Attributes excluded by policy engine: ['standard_attr_id'] {{(pid=103636) _exclude_attributes_by_policy /opt/stack/neutron/neutron/pecan_wsgi/hooks/policy_enforcement.py:255}}
Mar 09 06:08:09.139446 dv-cinder-831154-2-iscsi neutron-server[103636]: INFO neutron.wsgi [req-b6e5a20b-813f-4854-a22c-00e1c3627d9b req-3ac8ca4d-bf61-4c88-9d3e-884bc372a0a9 service neutron] 10.222.0.20 "GET /v2.0/ports?device_id=a1c0f202-5e95-451e-950d-5ee2cb038f48 HTTP/1.1" status: 200 len: 1129 time: 0.0763812
Mar 09 06:08:09.431849 dv-cinder-831154-2-iscsi neutron-server[103637]: DEBUG neutron.pecan_wsgi.hooks.policy_enforcement [req-1d787a7a-1f6a-4f24-bfaf-1d7c589ea36d req-b05ff1fd-6fbf-45ae-8829-f4badf3836a6 tempest-ServerRescueNegativeTestJSON-1298618337 tempest-ServerRescueNegativeTestJSON-1298618337-project] Attributes excluded by policy engine: ['standard_attr_id', 'binding:profile', 'binding:host_id', 'binding:vif_type', 'binding:vif_details'] {{(pid=103637) _exclude_attributes_by_policy /opt/stack/neutron/neutron/pecan_wsgi/hooks/policy_enforcement.py:255}}
Mar 09 06:08:09.433485 dv-cinder-831154-2-iscsi neutron-server[103637]: INFO neutron.wsgi [req-1d787a7a-1f6a-4f24-bfaf-1d7c589ea36d req-b05ff1fd-6fbf-45ae-8829-f4badf3836a6 tempest-ServerRescueNegativeTestJSON-1298618337 tempest-ServerRescueNegativeTestJSON-1298618337-project] 10.222.0.18 "GET /v2.0/ports?device_id=702c8f2f-71ff-4b2e-90bd-62113f5080b8 HTTP/1.1" status: 200 len: 945 time: 0.0560029
Mar 09 06:08:09.472841 dv-cinder-831154-2-iscsi neutron-server[103636]: DEBUG neutron_lib.callbacks.manager [req-b6e5a20b-813f-4854-a22c-00e1c3627d9b req-79aed8b2-64f5-493a-97e0-72dca45fd661 service neutron] Publish callbacks [] for security_group (None), before_create {{(pid=103636) _notify_loop /usr/local/lib/python3.8/dist-packages/neutron_lib/callbacks/manager.py:176}}
Mar 09 06:08:09.485224 dv-cinder-831154-2-iscsi neutron-server[103637]: INFO neutron.wsgi [req-1d787a7a-1f6a-4f24-bfaf-1d7c589ea36d req-30cc066f-1e94-4b8a-a220-1873c9d7db22 tempest-ServerRescueNegativeTestJSON-1298618337 tempest-ServerRescueNegativeTestJSON-1298618337-project] 10.222.0.18 "GET /v2.0/security-groups?id=8d80687b-0c65-4b22-9e3b-89809994bd9d&fields=id&fields=name HTTP/1.1" status: 200 len: 286 time: 0.0458992
Mar 09 06:08:09.607390 dv-cinder-831154-2-iscsi neutron-server[103637]: DEBUG neutron.pecan_wsgi.hooks.policy_enforcement [req-e025dbed-6230-4f45-adf3-f9299e3e9346 req-32ae1705-84e1-4945-9fdd-515cd0bec4b2 tempest-AttachVolumeNegativeTest-81289758 tempest-AttachVolumeNegativeTest-81289758-project] Attributes excluded by policy engine: ['standard_attr_id', 'binding:profile', 'binding:host_id', 'binding:vif_type', 'binding:vif_details'] {{(pid=103637) _exclude_attributes_by_policy /opt/stack/neutron/neutron/pecan_wsgi/hooks/policy_enforcement.py:255}}
Mar 09 06:08:09.609135 dv-cinder-831154-2-iscsi neutron-server[103637]: INFO neutron.wsgi [req-e025dbed-6230-4f45-adf3-f9299e3e9346 req-32ae1705-84e1-4945-9fdd-515cd0bec4b2 tempest-AttachVolumeNegativeTest-81289758 tempest-AttachVolumeNegativeTest-81289758-project] 10.222.0.18 "GET /v2.0/ports?device_id=b199d6f1-5448-4fca-ad6f-d5689a0b0cbc HTTP/1.1" status: 200 len: 945 time: 0.0616758
Mar 09 06:08:09.663392 dv-cinder-831154-2-iscsi neutron-server[103637]: INFO neutron.wsgi [req-e025dbed-6230-4f45-adf3-f9299e3e9346 req-0d7e5cfd-4069-43c7-b2da-981b3d391347 tempest-AttachVolumeNegativeTest-81289758 tempest-AttachVolumeNegativeTest-81289758-project] 10.222.0.18 "GET /v2.0/security-groups?id=2f2cf5dd-ac84-4e5b-bce0-2e586a7b05d5&fields=id&fields=name HTTP/1.1" status: 200 len: 313 time: 0.0418475
Mar 09 06:08:09.723982 dv-cinder-831154-2-iscsi neutron-server[103636]: DEBUG neutron_lib.callbacks.manager [req-b6e5a20b-813f-4854-a22c-00e1c3627d9b req-79aed8b2-64f5-493a-97e0-72dca45fd661 service neutron] Publish callbacks [] for security_group (ee6c8668-d543-42f1-bde2-1606478d16c5), precommit_create {{(pid=103636) _notify_loop /usr/local/lib/python3.8/dist-packages/neutron_lib/callbacks/manager.py:176}}
Mar 09 06:08:09.811137 dv-cinder-831154-2-iscsi neutron-server[103636]: DEBUG neutron.pecan_wsgi.hooks.policy_enforcement [req-5b72090d-1e25-482e-9330-473cb53c90a3 req-019fd584-7308-475a-bb7b-3e1c9e02761a service neutron] Attributes excluded by policy engine: ['standard_attr_id'] {{(pid=103636) _exclude_attributes_by_policy /opt/stack/neutron/neutron/pecan_wsgi/hooks/policy_enforcement.py:255}}
Mar 09 06:08:09.812861 dv-cinder-831154-2-iscsi neutron-server[103636]: INFO neutron.wsgi [req-5b72090d-1e25-482e-9330-473cb53c90a3 req-019fd584-7308-475a-bb7b-3e1c9e02761a service neutron] 10.222.0.20 "GET /v2.0/ports?device_id=c653d675-84c3-432c-bcf2-0169d9fcd2f2 HTTP/1.1" status: 200 len: 1130 time: 0.0522971
Mar 09 06:08:09.843531 dv-cinder-831154-2-iscsi neutron-server[103636]: DEBUG neutron_lib.callbacks.manager [req-b6e5a20b-813f-4854-a22c-00e1c3627d9b req-79aed8b2-64f5-493a-97e0-72dca45fd661 service neutron] Publish callbacks ['neutron.plugins.ml2.ovo_rpc._ObjectChangeHandler.handle_event-318712'] for security_group (ee6c8668-d543-42f1-bde2-1606478d16c5), after_create {{(pid=103636) _notify_loop /usr/local/lib/python3.8/dist-packages/neutron_lib/callbacks/manager.py:176}}
