Mar 03 11:30:50.377275 dv-cinder-831090-7-smb devstack@n-api.service[102852]: [pid: 102852|app: 0|req: 14/29] 10.222.0.37 () {64 vars in 1332 bytes} [Thu Mar 3 11:30:50 2022] POST /compute/v2.1/flavors/3/os-extra_specs => generated 43 bytes in 87 msecs (HTTP/1.1 200) 9 headers in 358 bytes (1 switches on core 0)
Mar 03 11:30:52.736907 dv-cinder-831090-7-smb devstack@n-api.service[102851]: DEBUG nova.api.openstack.wsgi [None req-e16ed70f-d756-4294-be62-222c56c776a7 admin admin] Calling method '>' {{(pid=102851) _process_stack /opt/stack/nova/nova/api/openstack/wsgi.py:513}}
Mar 03 11:30:52.738523 dv-cinder-831090-7-smb devstack@n-api.service[102851]: INFO nova.api.openstack.requestlog [None req-e16ed70f-d756-4294-be62-222c56c776a7 admin admin] 10.222.0.37 "GET /compute/v2.1" status: 200 len: 388 microversion: 2.1 time: 0.002100
Mar 03 11:30:52.739182 dv-cinder-831090-7-smb devstack@n-api.service[102851]: [pid: 102851|app: 0|req: 16/30] 10.222.0.37 () {54 vars in 930 bytes} [Thu Mar 3 11:30:52 2022] GET /compute/v2.1 => generated 388 bytes in 3 msecs (HTTP/1.1 200) 9 headers in 357 bytes (1 switches on core 0)
Mar 03 11:30:52.801019 dv-cinder-831090-7-smb devstack@n-api.service[102852]: DEBUG nova.api.openstack.wsgi [None req-46f20668-9ecd-4b7e-aaef-0d47af05ad6a admin admin] Action: 'create', calling method: >, body: {"flavor": {"ram": 8192, "disk": 80, "OS-FLV-EXT-DATA:ephemeral": 0, "rxtx_factor": 1.0, "os-flavor-access:is_public": true, "swap": 0, "vcpus": 4, "name": "m1.large", "id": "4"}} {{(pid=102852) _process_stack /opt/stack/nova/nova/api/openstack/wsgi.py:511}}
Mar 03 11:30:52.916961 dv-cinder-831090-7-smb devstack@n-api.service[102852]: INFO nova.api.openstack.requestlog [None req-46f20668-9ecd-4b7e-aaef-0d47af05ad6a admin admin] 10.222.0.37 "POST /compute/v2.1/flavors" status: 200 len: 405 microversion: 2.61 time: 0.172210
Mar 03 11:30:52.917519 dv-cinder-831090-7-smb devstack@n-api.service[102852]: [pid: 102852|app: 0|req: 15/31] 10.222.0.37 () {64 vars in 1282 bytes} [Thu Mar 3 11:30:52 2022] POST /compute/v2.1/flavors => generated 405 bytes in 173 msecs (HTTP/1.1 200) 9 headers in 359 bytes (2 switches on core 0)
Mar 03 11:30:52.931608 dv-cinder-831090-7-smb devstack@n-api.service[102851]: DEBUG nova.api.openstack.wsgi [None req-98855323-ba0b-4ad5-9116-59d726fc390c admin admin] Action: 'create', calling method: >, body: {"extra_specs": {"hw_rng:allowed": "True"}} {{(pid=102851) _process_stack /opt/stack/nova/nova/api/openstack/wsgi.py:511}}
Mar 03 11:30:53.008721 dv-cinder-831090-7-smb devstack@n-api.service[102851]: INFO nova.api.openstack.requestlog [None req-98855323-ba0b-4ad5-9116-59d726fc390c admin admin] 10.222.0.37 "POST /compute/v2.1/flavors/4/os-extra_specs" status: 200 len: 43 microversion: 2.61 time: 0.083095
Mar 03 11:30:53.009576 dv-cinder-831090-7-smb devstack@n-api.service[102851]: [pid: 102851|app: 0|req: 17/32] 10.222.0.37 () {64 vars in 1332 bytes} [Thu Mar 3 11:30:52 2022] POST /compute/v2.1/flavors/4/os-extra_specs => generated 43 bytes in 84 msecs (HTTP/1.1 200) 9 headers in 358 bytes (2 switches on core 0)
Mar 03 11:30:55.410681 dv-cinder-831090-7-smb devstack@n-api.service[102852]: DEBUG nova.api.openstack.wsgi [None req-46f20668-9ecd-4b7e-aaef-0d47af05ad6a admin admin] Calling method '>' {{(pid=102852) _process_stack /opt/stack/nova/nova/api/openstack/wsgi.py:513}}
Mar 03 11:30:55.411695 dv-cinder-831090-7-smb devstack@n-api.service[102852]: INFO nova.api.openstack.requestlog [None req-46f20668-9ecd-4b7e-aaef-0d47af05ad6a admin admin] 10.222.0.37 "GET /compute/v2.1" status: 200 len: 388 microversion: 2.1 time: 0.001449
Mar 03 11:30:55.412093 dv-cinder-831090-7-smb devstack@n-api.service[102852]: [pid: 102852|app: 0|req: 16/33] 10.222.0.37 () {54 vars in 930 bytes} [Thu Mar 3 11:30:55 2022] GET /compute/v2.1 => generated 388 bytes in 2 msecs (HTTP/1.1 200) 9 headers in 357 bytes (1 switches on core 0)
Mar 03 11:30:55.473992 dv-cinder-831090-7-smb devstack@n-api.service[102851]: DEBUG nova.api.openstack.wsgi [None req-d818479c-8953-4cfe-a02d-9246a046d15d admin admin] Action: 'create', calling method: >, body: {"flavor": {"ram": 16384, "OS-FLV-EXT-DATA:ephemeral": 0, "os-flavor-access:is_public": true, "rxtx_factor": 1.0, "vcpus": 8, "disk": 160, "name": "m1.xlarge", "swap": 0, "id": "5"}} {{(pid=102851) _process_stack /opt/stack/nova/nova/api/openstack/wsgi.py:511}}
Mar 03 11:30:55.552043 dv-cinder-831090-7-smb devstack@n-api.service[102851]: INFO nova.api.openstack.requestlog [None req-d818479c-8953-4cfe-a02d-9246a046d15d admin admin] 10.222.0.37 "POST /compute/v2.1/flavors" status: 200 len: 408 microversion: 2.61 time: 0.133768
Mar 03 11:30:55.552595 dv-cinder-831090-7-smb devstack@n-api.service[102851]: [pid: 102851|app: 0|req: 18/34] 10.222.0.37 () {64 vars in 1282 bytes} [Thu Mar 3 11:30:55 2022] POST /compute/v2.1/flavors => generated 408 bytes in 135 msecs (HTTP/1.1 200) 9 headers in 359 bytes (1 switches on core 0)
Mar 03 11:30:55.565422 dv-cinder-831090-7-smb devstack@n-api.service[102852]: DEBUG nova.api.openstack.wsgi [None req-06aa92ae-7187-4010-8c4f-255f0228c443 admin admin] Action: 'create', calling method: >, body: {"extra_specs": {"hw_rng:allowed": "True"}} {{(pid=102852) _process_stack /opt/stack/nova/nova/api/openstack/wsgi.py:511}}
Mar 03 11:30:55.646195 dv-cinder-831090-7-smb devstack@n-api.service[102852]: INFO nova.api.openstack.requestlog [None req-06aa92ae-7187-4010-8c4f-255f0228c443 admin admin] 10.222.0.37 "POST /compute/v2.1/flavors/5/os-extra_specs" status: 200 len: 43 microversion: 2.61 time: 0.085262
Mar 03 11:30:55.661048 dv-cinder-831090-7-smb devstack@n-api.service[102852]: [pid: 102852|app: 0|req: 17/35] 10.222.0.37 () {64 vars in 1332 bytes} [Thu Mar 3 11:30:55 2022] POST /compute/v2.1/flavors/5/os-extra_specs => generated 43 bytes in 86 msecs (HTTP/1.1 200) 9 headers in 358 bytes (1 switches on core 0)
Mar 03 11:31:18.914258 dv-cinder-831090-7-smb devstack@n-api.service[102851]: DEBUG nova.api.openstack.wsgi [None req-d818479c-8953-4cfe-a02d-9246a046d15d admin admin] Calling method '>' {{(pid=102851) _process_stack /opt/stack/nova/nova/api/openstack/wsgi.py:513}}
Mar 03 11:31:18.915260 dv-cinder-831090-7-smb devstack@n-api.service[102851]: INFO nova.api.openstack.requestlog [None req-d818479c-8953-4cfe-a02d-9246a046d15d admin admin] 10.222.0.37 "GET /compute/v2.1" status: 200 len: 388 microversion: 2.1 time: 0.001410
Mar 03 11:31:18.915655 dv-cinder-831090-7-smb devstack@n-api.service[102851]: [pid: 102851|app: 0|req: 19/36] 10.222.0.37 () {54 vars in 930 bytes} [Thu Mar 3 11:31:18 2022] GET /compute/v2.1 => generated 388 bytes in 2 msecs (HTTP/1.1 200) 9 headers in 357 bytes (1 switches on core 0)
Mar 03 11:31:18.971941 dv-cinder-831090-7-smb devstack@n-api.service[102852]: DEBUG nova.api.openstack.wsgi [None req-ebbfdc24-38f0-4da8-ae6b-a36bca6c4ab2 admin admin] Calling method '>' {{(pid=102852) _process_stack /opt/stack/nova/nova/api/openstack/wsgi.py:513}}
Mar 03 11:31:18.989090 dv-cinder-831090-7-smb devstack@n-api.service[102852]: INFO nova.api.openstack.requestlog [None req-ebbfdc24-38f0-4da8-ae6b-a36bca6c4ab2 admin admin] 10.222.0.37 "GET /compute/v2.1/flavors/detail?is_public=True" status: 200 len: 4202 microversion: 2.61 time: 0.067849
Mar 03 11:31:18.989648 dv-cinder-831090-7-smb devstack@n-api.service[102852]: [pid: 102852|app: 0|req: 18/37] 10.222.0.37 () {60 vars in 1291 bytes} [Thu Mar 3 11:31:18 2022] GET /compute/v2.1/flavors/detail?is_public=True => generated 4202 bytes in 69 msecs (HTTP/1.1 200) 9 headers in 360 bytes (1 switches on core 0)
Mar 03 11:31:20.387411 dv-cinder-831090-7-smb devstack@n-api.service[102851]: DEBUG nova.api.openstack.wsgi [None req-d818479c-8953-4cfe-a02d-9246a046d15d admin admin] Calling method '>' {{(pid=102851) _process_stack /opt/stack/nova/nova/api/openstack/wsgi.py:513}}
Mar 03 11:31:20.388415 dv-cinder-831090-7-smb devstack@n-api.service[102851]: INFO nova.api.openstack.requestlog [None req-d818479c-8953-4cfe-a02d-9246a046d15d admin admin] 10.222.0.37 "GET /compute/v2.1" status: 200 len: 388 microversion: 2.1 time: 0.001437
Mar 03 11:31:20.388841 dv-cinder-831090-7-smb devstack@n-api.service[102851]: [pid: 102851|app: 0|req: 20/38] 10.222.0.37 () {56 vars in 1074 bytes} [Thu Mar 3 11:31:20 2022] GET /compute/v2.1 => generated 388 bytes in 2 msecs (HTTP/1.1 200) 9 headers in 357 bytes (1 switches on core 0)
Mar 03 11:31:20.591387 dv-cinder-831090-7-smb devstack@n-api.service[102852]: DEBUG nova.api.openstack.wsgi [None req-48127a70-336c-42de-b784-342419fbb6cc admin admin] Calling method '>' {{(pid=102852) _process_stack /opt/stack/nova/nova/api/openstack/wsgi.py:513}}
Mar 03 11:31:20.597424 dv-cinder-831090-7-smb devstack@n-api.service[102852]: INFO nova.api.openstack.wsgi [None req-48127a70-336c-42de-b784-342419fbb6cc admin admin] HTTP exception thrown: Flavor 42 could not be found.
Mar 03 11:31:20.597941 dv-cinder-831090-7-smb devstack@n-api.service[102852]: DEBUG nova.api.openstack.wsgi [None req-48127a70-336c-42de-b784-342419fbb6cc admin admin] Returning 404 to user: Flavor 42 could not be found. {{(pid=102852) __call__ /opt/stack/nova/nova/api/openstack/wsgi.py:936}}
Mar 03 11:31:20.598735 dv-cinder-831090-7-smb devstack@n-api.service[102852]: INFO nova.api.openstack.requestlog [None req-48127a70-336c-42de-b784-342419fbb6cc admin admin] 10.222.0.37 "GET /compute/v2.1/flavors/42" status: 404 len: 75 microversion: 2.90 time: 0.057015
Mar 03 11:31:20.599245 dv-cinder-831090-7-smb devstack@n-api.service[102852]: [pid: 102852|app: 0|req: 19/39] 10.222.0.37 () {60 vars in 1190 bytes} [Thu Mar 3 11:31:20 2022] GET /compute/v2.1/flavors/42 => generated 75 bytes in 58 msecs (HTTP/1.1 404) 9 headers in 380 bytes (1 switches on core 0)
Mar 03 11:31:20.608483 dv-cinder-831090-7-smb devstack@n-api.service[102851]: DEBUG nova.api.openstack.wsgi [None req-b4587daa-1ae4-429f-a7ad-0584b9958dfb admin admin] Calling method '>' {{(pid=102851) _process_stack /opt/stack/nova/nova/api/openstack/wsgi.py:513}}
Mar 03 11:31:20.629405 dv-cinder-831090-7-smb devstack@n-api.service[102851]: INFO nova.api.openstack.requestlog [None req-b4587daa-1ae4-429f-a7ad-0584b9958dfb admin admin] 10.222.0.37 "GET /compute/v2.1/flavors?is_public=None" status: 200 len: 2056 microversion: 2.90 time: 0.024527
Mar 03 11:31:20.629929 dv-cinder-831090-7-smb devstack@n-api.service[102851]: [pid: 102851|app: 0|req: 21/40] 10.222.0.37 () {60 vars in 1210 bytes} [Thu Mar 3 11:31:20 2022] GET /compute/v2.1/flavors?is_public=None => generated 2056 bytes in 26 msecs (HTTP/1.1 200) 9 headers in 360 bytes (1 switches on core 0)
Mar 03 11:31:20.639130 dv-cinder-831090-7-smb devstack@n-api.service[102852]: DEBUG nova.api.openstack.wsgi [None req-d3ef80d5-e8f4-4419-9275-caa50f8af1e2 admin admin] Calling method '>' {{(pid=102852) _process_stack /opt/stack/nova/nova/api/openstack/wsgi.py:513}}
Mar 03 11:31:20.660102 dv-cinder-831090-7-smb devstack@n-api.service[102852]: INFO nova.api.openstack.requestlog [None req-d3ef80d5-e8f4-4419-9275-caa50f8af1e2 admin admin] 10.222.0.37 "GET /compute/v2.1/flavors?is_public=None" status: 200 len: 2056 microversion: 2.90 time: 0.024429
Mar 03 11:31:20.660641 dv-cinder-831090-7-smb devstack@n-api.service[102852]: [pid: 102852|app: 0|req: 20/41] 10.222.0.37 () {60 vars in 1210 bytes} [Thu Mar 3 11:31:20 2022] GET /compute/v2.1/flavors?is_public=None => generated 2056 bytes in 25 msecs (HTTP/1.1 200) 9 headers in 360 bytes (1 switches on core 0)
Mar 03 11:31:20.669530 dv-cinder-831090-7-smb devstack@n-api.service[102851]: DEBUG nova.api.openstack.wsgi [None req-4a704b0c-ff54-48c4-b868-e8581d26174f admin admin] Calling method '>' {{(pid=102851) _process_stack /opt/stack/nova/nova/api/openstack/wsgi.py:513}}
Mar 03 11:31:20.675391 dv-cinder-831090-7-smb devstack@n-api.service[102851]: INFO nova.api.openstack.wsgi [None req-4a704b0c-ff54-48c4-b868-e8581d26174f admin admin] HTTP exception thrown: Flavor 42 could not be found.
Mar 03 11:31:20.675952 dv-cinder-831090-7-smb devstack@n-api.service[102851]: DEBUG nova.api.openstack.wsgi [None req-4a704b0c-ff54-48c4-b868-e8581d26174f admin admin] Returning 404 to user: Flavor 42 could not be found. {{(pid=102851) __call__ /opt/stack/nova/nova/api/openstack/wsgi.py:936}}
Mar 03 11:31:20.676736 dv-cinder-831090-7-smb devstack@n-api.service[102851]: INFO nova.api.openstack.requestlog [None req-4a704b0c-ff54-48c4-b868-e8581d26174f admin admin] 10.222.0.37 "GET /compute/v2.1/flavors/42" status: 404 len: 75 microversion: 2.90 time: 0.010795
Mar 03 11:31:20.677261 dv-cinder-831090-7-smb devstack@n-api.service[102851]: [pid: 102851|app: 0|req: 22/42] 10.222.0.37 () {60 vars in 1190 bytes} [Thu Mar 3 11:31:20 2022] GET /compute/v2.1/flavors/42 => generated 75 bytes in 12 msecs (HTTP/1.1 404) 9 headers in 380 bytes (1 switches on core 0)
Mar 03 11:31:21.930377 dv-cinder-831090-7-smb devstack@n-api.service[102852]: DEBUG nova.api.openstack.wsgi [None req-d3ef80d5-e8f4-4419-9275-caa50f8af1e2 admin admin] Calling method '>' {{(pid=102852) _process_stack /opt/stack/nova/nova/api/openstack/wsgi.py:513}}
Mar 03 11:31:21.931384 dv-cinder-831090-7-smb devstack@n-api.service[102852]: INFO nova.api.openstack.requestlog [None req-d3ef80d5-e8f4-4419-9275-caa50f8af1e2 admin admin] 10.222.0.37 "GET /compute/v2.1" status: 200 len: 388 microversion: 2.1 time: 0.001446
Mar 03 11:31:21.931781 dv-cinder-831090-7-smb devstack@n-api.service[102852]: [pid: 102852|app: 0|req: 21/43] 10.222.0.37 () {56 vars in 1074 bytes} [Thu Mar 3 11:31:21 2022] GET /compute/v2.1 => generated 388 bytes in 2 msecs (HTTP/1.1 200) 9 headers in 357 bytes (1 switches on core 0)
Mar 03 11:31:22.123049 dv-cinder-831090-7-smb devstack@n-api.service[102851]: DEBUG nova.api.openstack.wsgi [None req-966e9291-86d9-4074-aa4f-11074fbcb94e admin admin] Calling method '>' {{(pid=102851) _process_stack /opt/stack/nova/nova/api/openstack/wsgi.py:513}}
Mar 03 11:31:22.128193 dv-cinder-831090-7-smb devstack@n-api.service[102851]: INFO nova.api.openstack.wsgi [None req-966e9291-86d9-4074-aa4f-11074fbcb94e admin admin] HTTP exception thrown: Flavor 84 could not be found.
Mar 03 11:31:22.128745 dv-cinder-831090-7-smb devstack@n-api.service[102851]: DEBUG nova.api.openstack.wsgi [None req-966e9291-86d9-4074-aa4f-11074fbcb94e admin admin] Returning 404 to user: Flavor 84 could not be found. {{(pid=102851) __call__ /opt/stack/nova/nova/api/openstack/wsgi.py:936}}
Mar 03 11:31:22.129563 dv-cinder-831090-7-smb devstack@n-api.service[102851]: INFO nova.api.openstack.requestlog [None req-966e9291-86d9-4074-aa4f-11074fbcb94e admin admin] 10.222.0.37 "GET /compute/v2.1/flavors/84" status: 404 len: 75 microversion: 2.90 time: 0.057571
Mar 03 11:31:22.130064 dv-cinder-831090-7-smb devstack@n-api.service[102851]: [pid: 102851|app: 0|req: 23/44] 10.222.0.37 () {60 vars in 1190 bytes} [Thu Mar 3 11:31:22 2022] GET /compute/v2.1/flavors/84 => generated 75 bytes in 59 msecs (HTTP/1.1 404) 9 headers in 380 bytes (1 switches on core 0)
Mar 03 11:31:22.139399 dv-cinder-831090-7-smb devstack@n-api.service[102852]: DEBUG nova.api.openstack.wsgi [None req-9a93558a-1ba9-4c0e-96c2-6021ec2932dd admin admin] Calling method '>' {{(pid=102852) _process_stack /opt/stack/nova/nova/api/openstack/wsgi.py:513}}
Mar 03 11:31:22.152839 dv-cinder-831090-7-smb devstack@n-api.service[102852]: INFO nova.api.openstack.requestlog [None req-9a93558a-1ba9-4c0e-96c2-6021ec2932dd admin admin] 10.222.0.37 "GET /compute/v2.1/flavors?is_public=None" status: 200 len: 2056 microversion: 2.90 time: 0.016991
Mar 03 11:31:22.153391 dv-cinder-831090-7-smb devstack@n-api.service[102852]: [pid: 102852|app: 0|req: 22/45] 10.222.0.37 () {60 vars in 1210 bytes} [Thu Mar 3 11:31:22 2022] GET /compute/v2.1/flavors?is_public=None => generated 2056 bytes in 18 msecs (HTTP/1.1 200) 9 headers in 360 bytes (1 switches on core 0)
Mar 03 11:31:22.162858 dv-cinder-831090-7-smb devstack@n-api.service[102851]: DEBUG nova.api.openstack.wsgi [None req-7f3ff8dd-e8b6-4b20-9c5e-0179746cba0d admin admin] Calling method '>' {{(pid=102851) _process_stack /opt/stack/nova/nova/api/openstack/wsgi.py:513}}
Mar 03 11:31:22.177048 dv-cinder-831090-7-smb devstack@n-api.service[102851]: INFO nova.api.openstack.requestlog [None req-7f3ff8dd-e8b6-4b20-9c5e-0179746cba0d admin admin] 10.222.0.37 "GET /compute/v2.1/flavors?is_public=None" status: 200 len: 2056 microversion: 2.90 time: 0.017496
Mar 03 11:31:22.177587 dv-cinder-831090-7-smb devstack@n-api.service[102851]: [pid: 102851|app: 0|req: 24/46] 10.222.0.37 () {60 vars in 1210 bytes} [Thu Mar 3 11:31:22 2022] GET /compute/v2.1/flavors?is_public=None => generated 2056 bytes in 19 msecs (HTTP/1.1 200) 9 headers in 360 bytes (2 switches on core 0)
Mar 03 11:31:22.186496 dv-cinder-831090-7-smb devstack@n-api.service[102852]: DEBUG nova.api.openstack.wsgi [None req-bf610d93-8ae7-4518-ac91-4ded66960fc0 admin admin] Calling method '>' {{(pid=102852) _process_stack /opt/stack/nova/nova/api/openstack/wsgi.py:513}}
Mar 03 11:31:22.191535 dv-cinder-831090-7-smb devstack@n-api.service[102852]: INFO nova.api.openstack.wsgi [None req-bf610d93-8ae7-4518-ac91-4ded66960fc0 admin admin] HTTP exception thrown: Flavor 84 could not be found.
Mar 03 11:31:22.192092 dv-cinder-831090-7-smb devstack@n-api.service[102852]: DEBUG nova.api.openstack.wsgi [None req-bf610d93-8ae7-4518-ac91-4ded66960fc0 admin admin] Returning 404 to user: Flavor 84 could not be found. {{(pid=102852) __call__ /opt/stack/nova/nova/api/openstack/wsgi.py:936}}
Mar 03 11:31:22.192927 dv-cinder-831090-7-smb devstack@n-api.service[102852]: INFO nova.api.openstack.requestlog [None req-bf610d93-8ae7-4518-ac91-4ded66960fc0 admin admin] 10.222.0.37 "GET /compute/v2.1/flavors/84" status: 404 len: 75 microversion: 2.90 time: 0.009932
Mar 03 11:31:22.193410 dv-cinder-831090-7-smb devstack@n-api.service[102852]: [pid: 102852|app: 0|req: 23/47] 10.222.0.37 () {60 vars in 1190 bytes} [Thu Mar 3 11:31:22 2022] GET /compute/v2.1/flavors/84 => generated 75 bytes in 11 msecs (HTTP/1.1 404) 9 headers in 380 bytes (2 switches on core 0)
Mar 03 11:31:23.442475 dv-cinder-831090-7-smb devstack@n-api.service[102851]: DEBUG nova.api.openstack.wsgi [None req-7f3ff8dd-e8b6-4b20-9c5e-0179746cba0d admin admin] Calling method '>' {{(pid=102851) _process_stack /opt/stack/nova/nova/api/openstack/wsgi.py:513}}
Mar 03 11:31:23.443473 dv-cinder-831090-7-smb devstack@n-api.service[102851]: INFO nova.api.openstack.requestlog [None req-7f3ff8dd-e8b6-4b20-9c5e-0179746cba0d admin admin] 10.222.0.37 "GET /compute/v2.1" status: 200 len: 388 microversion: 2.1 time: 0.001409
Mar 03 11:31:23.443862 dv-cinder-831090-7-smb devstack@n-api.service[102851]: [pid: 102851|app: 0|req: 25/48] 10.222.0.37 () {56 vars in 1074 bytes} [Thu Mar 3 11:31:23 2022] GET /compute/v2.1 => generated 388 bytes in 2 msecs (HTTP/1.1 200) 9 headers in 357 bytes (1 switches on core 0)
Mar 03 11:31:23.630303 dv-cinder-831090-7-smb devstack@n-api.service[102852]: DEBUG nova.api.openstack.wsgi [None req-b221a794-100a-4bbc-874e-30c781955494 admin admin] Calling method '>' {{(pid=102852) _process_stack /opt/stack/nova/nova/api/openstack/wsgi.py:513}}
Mar 03 11:31:23.635495 dv-cinder-831090-7-smb devstack@n-api.service[102852]: INFO nova.api.openstack.wsgi [None req-b221a794-100a-4bbc-874e-30c781955494 admin admin] HTTP exception thrown: Flavor 451 could not be found.
Mar 03 11:31:23.636059 dv-cinder-831090-7-smb devstack@n-api.service[102852]: DEBUG nova.api.openstack.wsgi [None req-b221a794-100a-4bbc-874e-30c781955494 admin admin] Returning 404 to user: Flavor 451 could not be found. {{(pid=102852) __call__ /opt/stack/nova/nova/api/openstack/wsgi.py:936}}
Mar 03 11:31:23.636877 dv-cinder-831090-7-smb devstack@n-api.service[102852]: INFO nova.api.openstack.requestlog [None req-b221a794-100a-4bbc-874e-30c781955494 admin admin] 10.222.0.37 "GET /compute/v2.1/flavors/451" status: 404 len: 76 microversion: 2.90 time: 0.057653
Mar 03 11:31:23.637381 dv-cinder-831090-7-smb devstack@n-api.service[102852]: [pid: 102852|app: 0|req: 24/49] 10.222.0.37 () {60 vars in 1193 bytes} [Thu Mar 3 11:31:23 2022] GET /compute/v2.1/flavors/451 => generated 76 bytes in 59 msecs (HTTP/1.1 404) 9 headers in 380 bytes (1 switches on core 0)
Mar 03 11:31:23.646542 dv-cinder-831090-7-smb devstack@n-api.service[102851]: DEBUG nova.api.openstack.wsgi [None req-a5db2ab8-13eb-4b7e-a9cd-76d137e10f83 admin admin] Calling method '>' {{(pid=102851) _process_stack /opt/stack/nova/nova/api/openstack/wsgi.py:513}}
Mar 03 11:31:23.660352 dv-cinder-831090-7-smb devstack@n-api.service[102851]: INFO nova.api.openstack.requestlog [None req-a5db2ab8-13eb-4b7e-a9cd-76d137e10f83 admin admin] 10.222.0.37 "GET /compute/v2.1/flavors?is_public=None" status: 200 len: 2056 microversion: 2.90 time: 0.017318
Mar 03 11:31:23.660824 dv-cinder-831090-7-smb devstack@n-api.service[102851]: [pid: 102851|app: 0|req: 26/50] 10.222.0.37 () {60 vars in 1210 bytes} [Thu Mar 3 11:31:23 2022] GET /compute/v2.1/flavors?is_public=None => generated 2056 bytes in 18 msecs (HTTP/1.1 200) 9 headers in 360 bytes (1 switches on core 0)
Mar 03 11:31:23.671294 dv-cinder-831090-7-smb devstack@n-api.service[102852]: DEBUG nova.api.openstack.wsgi [None req-b8f2a425-5914-4098-bd89-0717f2d5710c admin admin] Calling method '>' {{(pid=102852) _process_stack /opt/stack/nova/nova/api/openstack/wsgi.py:513}}
Mar 03 11:31:23.684686 dv-cinder-831090-7-smb devstack@n-api.service[102852]: INFO nova.api.openstack.requestlog [None req-b8f2a425-5914-4098-bd89-0717f2d5710c admin admin] 10.222.0.37 "GET /compute/v2.1/flavors?is_public=None" status: 200 len: 2056 microversion: 2.90 time: 0.018454
Mar 03 11:31:23.685237 dv-cinder-831090-7-smb devstack@n-api.service[102852]: [pid: 102852|app: 0|req: 25/51] 10.222.0.37 () {60 vars in 1210 bytes} [Thu Mar 3 11:31:23 2022] GET /compute/v2.1/flavors?is_public=None => generated 2056 bytes in 19 msecs (HTTP/1.1 200) 9 headers in 360 bytes (1 switches on core 0)
Mar 03 11:31:23.694375 dv-cinder-831090-7-smb devstack@n-api.service[102851]: DEBUG nova.api.openstack.wsgi [None req-1a7206b0-e18d-4fd0-8f1b-a77a8adc9cab admin admin] Calling method '>' {{(pid=102851) _process_stack /opt/stack/nova/nova/api/openstack/wsgi.py:513}}
Mar 03 11:31:23.699319 dv-cinder-831090-7-smb devstack@n-api.service[102851]: INFO nova.api.openstack.wsgi [None req-1a7206b0-e18d-4fd0-8f1b-a77a8adc9cab admin admin] HTTP exception thrown: Flavor 451 could not be found.
Mar 03 11:31:23.699871 dv-cinder-831090-7-smb devstack@n-api.service[102851]: DEBUG nova.api.openstack.wsgi [None req-1a7206b0-e18d-4fd0-8f1b-a77a8adc9cab admin admin] Returning 404 to user: Flavor 451 could not be found. {{(pid=102851) __call__ /opt/stack/nova/nova/api/openstack/wsgi.py:936}}
Mar 03 11:31:23.700649 dv-cinder-831090-7-smb devstack@n-api.service[102851]: INFO nova.api.openstack.requestlog [None req-1a7206b0-e18d-4fd0-8f1b-a77a8adc9cab admin admin] 10.222.0.37 "GET /compute/v2.1/flavors/451" status: 404 len: 76 microversion: 2.90 time: 0.009831
Mar 03 11:31:23.701169 dv-cinder-831090-7-smb devstack@n-api.service[102851]: [pid: 102851|app: 0|req: 27/52] 10.222.0.37 () {60 vars in 1193 bytes} [Thu Mar 3 11:31:23 2022] GET /compute/v2.1/flavors/451 => generated 76 bytes in 11 msecs (HTTP/1.1 404) 9 headers in 380 bytes (1 switches on core 0)
Mar 03 11:31:24.952553 dv-cinder-831090-7-smb devstack@n-api.service[102852]: DEBUG nova.api.openstack.wsgi [None req-b8f2a425-5914-4098-bd89-0717f2d5710c admin admin] Calling method '>' {{(pid=102852) _process_stack /opt/stack/nova/nova/api/openstack/wsgi.py:513}}
Mar 03 11:31:24.953592 dv-cinder-831090-7-smb devstack@n-api.service[102852]: INFO nova.api.openstack.requestlog [None req-b8f2a425-5914-4098-bd89-0717f2d5710c admin admin] 10.222.0.37 "GET /compute/v2.1" status: 200 len: 388 microversion: 2.1 time: 0.001430
Mar 03 11:31:24.953975 dv-cinder-831090-7-smb devstack@n-api.service[102852]: [pid: 102852|app: 0|req: 26/53] 10.222.0.37 () {56 vars in 1074 bytes} [Thu Mar 3 11:31:24 2022] GET /compute/v2.1 => generated 388 bytes in 2 msecs (HTTP/1.1 200) 9 headers in 357 bytes (1 switches on core 0)
Mar 03 11:31:25.145651 dv-cinder-831090-7-smb devstack@n-api.service[102851]: DEBUG nova.api.openstack.wsgi [None req-10ea9773-cab1-455e-80d2-b5159d1a12cd admin admin] Action: 'create', calling method: >, body: {"flavor": {"name": "m1.nano", "ram": 256, "vcpus": 1, "disk": 1, "id": "42", "swap": 0, "OS-FLV-EXT-DATA:ephemeral": 0, "rxtx_factor": 1.0, "os-flavor-access:is_public": true}} {{(pid=102851) _process_stack /opt/stack/nova/nova/api/openstack/wsgi.py:511}}
Mar 03 11:31:25.254647 dv-cinder-831090-7-smb devstack@n-api.service[102851]: INFO nova.api.openstack.requestlog [None req-10ea9773-cab1-455e-80d2-b5159d1a12cd admin admin] 10.222.0.37 "POST /compute/v2.1/flavors" status: 200 len: 404 microversion: 2.90 time: 0.159056
Mar 03 11:31:25.255190 dv-cinder-831090-7-smb devstack@n-api.service[102851]: [pid: 102851|app: 0|req: 28/54] 10.222.0.37 () {64 vars in 1235 bytes} [Thu Mar 3 11:31:25 2022] POST /compute/v2.1/flavors => generated 404 bytes in 160 msecs (HTTP/1.1 200) 9 headers in 359 bytes (2 switches on core 0)
Mar 03 11:31:26.534306 dv-cinder-831090-7-smb devstack@n-api.service[102852]: DEBUG nova.api.openstack.wsgi [None req-b8f2a425-5914-4098-bd89-0717f2d5710c admin admin] Calling method '>' {{(pid=102852) _process_stack /opt/stack/nova/nova/api/openstack/wsgi.py:513}}
Mar 03 11:31:26.535335 dv-cinder-831090-7-smb devstack@n-api.service[102852]: INFO nova.api.openstack.requestlog [None req-b8f2a425-5914-4098-bd89-0717f2d5710c admin admin] 10.222.0.37 "GET /compute/v2.1" status: 200 len: 388 microversion: 2.1 time: 0.001431
Mar 03 11:31:26.535767 dv-cinder-831090-7-smb devstack@n-api.service[102852]: [pid: 102852|app: 0|req: 27/55] 10.222.0.37 () {56 vars in 1074 bytes} [Thu Mar 3 11:31:26 2022] GET /compute/v2.1 => generated 388 bytes in 2 msecs (HTTP/1.1 200) 9 headers in 357 bytes (1 switches on core 0)
Mar 03 11:31:26.723875 dv-cinder-831090-7-smb devstack@n-api.service[102851]: DEBUG nova.api.openstack.wsgi [None req-99580de2-7d59-4429-984f-54925cdba23e admin admin] Action: 'create', calling method: >, body: {"flavor": {"name": "m1.micro", "ram": 256, "vcpus": 1, "disk": 2, "id": "84", "swap": 0, "OS-FLV-EXT-DATA:ephemeral": 0, "rxtx_factor": 1.0, "os-flavor-access:is_public": true}} {{(pid=102851) _process_stack /opt/stack/nova/nova/api/openstack/wsgi.py:511}}
Mar 03 11:31:26.819300 dv-cinder-831090-7-smb devstack@n-api.service[102851]: INFO nova.api.openstack.requestlog [None req-99580de2-7d59-4429-984f-54925cdba23e admin admin] 10.222.0.37 "POST /compute/v2.1/flavors" status: 200 len: 405 microversion: 2.90 time: 0.145496
Mar 03 11:31:26.819775 dv-cinder-831090-7-smb devstack@n-api.service[102851]: [pid: 102851|app: 0|req: 29/56] 10.222.0.37 () {64 vars in 1235 bytes} [Thu Mar 3 11:31:26 2022] POST /compute/v2.1/flavors => generated 405 bytes in 147 msecs (HTTP/1.1 200) 9 headers in 359 bytes (1 switches on core 0)
Mar 03 11:31:28.190188 dv-cinder-831090-7-smb devstack@n-api.service[102852]: DEBUG nova.api.openstack.wsgi [None req-b8f2a425-5914-4098-bd89-0717f2d5710c admin admin] Calling method '>' {{(pid=102852) _process_stack /opt/stack/nova/nova/api/openstack/wsgi.py:513}}
Mar 03 11:31:28.191244 dv-cinder-831090-7-smb devstack@n-api.service[102852]: INFO nova.api.openstack.requestlog [None req-b8f2a425-5914-4098-bd89-0717f2d5710c admin admin] 10.222.0.37 "GET /compute/v2.1" status: 200 len: 388 microversion: 2.1 time: 0.001455
Mar 03 11:31:28.194887 dv-cinder-831090-7-smb devstack@n-api.service[102852]: [pid: 102852|app: 0|req: 28/57] 10.222.0.37 () {56 vars in 1074 bytes} [Thu Mar 3 11:31:28 2022] GET /compute/v2.1 => generated 388 bytes in 2 msecs (HTTP/1.1 200) 9 headers in 357 bytes (2 switches on core 0)
Mar 03 11:31:28.381101 dv-cinder-831090-7-smb devstack@n-api.service[102851]: DEBUG nova.api.openstack.wsgi [None req-232f085f-3fcc-4b95-b0e5-4abb83dbf78c admin admin] Action: 'create', calling method: >, body: {"flavor": {"name": "m1.heat", "ram": 512, "vcpus": 1, "disk": 1, "id": "451", "swap": 0, "OS-FLV-EXT-DATA:ephemeral": 0, "rxtx_factor": 1.0, "os-flavor-access:is_public": true}} {{(pid=102851) _process_stack /opt/stack/nova/nova/api/openstack/wsgi.py:511}}
Mar 03 11:31:28.485839 dv-cinder-831090-7-smb devstack@n-api.service[102851]: INFO nova.api.openstack.requestlog [None req-232f085f-3fcc-4b95-b0e5-4abb83dbf78c admin admin] 10.222.0.37 "POST /compute/v2.1/flavors" status: 200 len: 407 microversion: 2.90 time: 0.155832
Mar 03 11:31:28.486339 dv-cinder-831090-7-smb devstack@n-api.service[102851]: [pid: 102851|app: 0|req: 30/58] 10.222.0.37 () {64 vars in 1235 bytes} [Thu Mar 3 11:31:28 2022] POST /compute/v2.1/flavors => generated 407 bytes in 157 msecs (HTTP/1.1 200) 9 headers in 359 bytes (1 switches on core 0)
Mar 03 11:31:29.757281 dv-cinder-831090-7-smb devstack@n-api.service[102852]: DEBUG nova.api.openstack.wsgi [None req-b8f2a425-5914-4098-bd89-0717f2d5710c admin admin] Calling method '>' {{(pid=102852) _process_stack /opt/stack/nova/nova/api/openstack/wsgi.py:513}}
Mar 03 11:31:29.758306 dv-cinder-831090-7-smb devstack@n-api.service[102852]: INFO nova.api.openstack.requestlog [None req-b8f2a425-5914-4098-bd89-0717f2d5710c admin admin] 10.222.0.37 "GET /compute/v2.1" status: 200 len: 388 microversion: 2.1 time: 0.001415
Mar 03 11:31:29.758695 dv-cinder-831090-7-smb devstack@n-api.service[102852]: [pid: 102852|app: 0|req: 29/59] 10.222.0.37 () {56 vars in 1074 bytes} [Thu Mar 3 11:31:29 2022] GET /compute/v2.1 => generated 388 bytes in 2 msecs (HTTP/1.1 200) 9 headers in 357 bytes (1 switches on core 0)
Mar 03 11:31:29.945119 dv-cinder-831090-7-smb devstack@n-api.service[102851]: DEBUG nova.api.openstack.wsgi [None req-a596e66f-f13e-4f5d-90fd-331358aefaa7 admin admin] Action: 'create', calling method: >, body: {"flavor": {"name": "m1.heat2", "ram": 1024, "vcpus": 1, "disk": 1, "id": "452", "swap": 0, "OS-FLV-EXT-DATA:ephemeral": 0, "rxtx_factor": 1.0, "os-flavor-access:is_public": true}} {{(pid=102851) _process_stack /opt/stack/nova/nova/api/openstack/wsgi.py:511}}
Mar 03 11:31:30.033559 dv-cinder-831090-7-smb devstack@n-api.service[102851]: INFO nova.api.openstack.requestlog [None req-a596e66f-f13e-4f5d-90fd-331358aefaa7 admin admin] 10.222.0.37 "POST /compute/v2.1/flavors" status: 200 len: 409 microversion: 2.90 time: 0.138589
Mar 03 11:31:30.034022 dv-cinder-831090-7-smb devstack@n-api.service[102851]: [pid: 102851|app: 0|req: 31/60] 10.222.0.37 () {64 vars in 1235 bytes} [Thu Mar 3 11:31:29 2022] POST /compute/v2.1/flavors => generated 409 bytes in 140 msecs (HTTP/1.1 200) 9 headers in 359 bytes (1 switches on core 0)
Mar 03 11:31:31.302291 dv-cinder-831090-7-smb devstack@n-api.service[102852]: DEBUG nova.api.openstack.wsgi [None req-b8f2a425-5914-4098-bd89-0717f2d5710c admin admin] Calling method '>' {{(pid=102852) _process_stack /opt/stack/nova/nova/api/openstack/wsgi.py:513}}
Mar 03 11:31:31.303291 dv-cinder-831090-7-smb devstack@n-api.service[102852]: INFO nova.api.openstack.requestlog [None req-b8f2a425-5914-4098-bd89-0717f2d5710c admin admin] 10.222.0.37 "GET /compute/v2.1" status: 200 len: 388 microversion: 2.1 time: 0.001500
Mar 03 11:31:31.303675 dv-cinder-831090-7-smb devstack@n-api.service[102852]: [pid: 102852|app: 0|req: 30/61] 10.222.0.37 () {56 vars in 1074 bytes} [Thu Mar 3 11:31:31 2022] GET /compute/v2.1 => generated 388 bytes in 2 msecs (HTTP/1.1 200) 9 headers in 357 bytes (1 switches on core 0)
Mar 03 11:31:31.491937 dv-cinder-831090-7-smb devstack@n-api.service[102851]: DEBUG nova.api.openstack.wsgi [None req-186d4387-2e67-4cc9-9271-d05ecb81630e admin admin] Calling method '>' {{(pid=102851) _process_stack /opt/stack/nova/nova/api/openstack/wsgi.py:513}}
Mar 03 11:31:31.511102 dv-cinder-831090-7-smb devstack@n-api.service[102851]: INFO nova.api.openstack.requestlog [None req-186d4387-2e67-4cc9-9271-d05ecb81630e admin admin] 10.222.0.37 "GET /compute/v2.1/flavors/detail" status: 200 len: 5777 microversion: 2.90 time: 0.069481
Mar 03 11:31:31.511569 dv-cinder-831090-7-smb devstack@n-api.service[102851]: [pid: 102851|app: 0|req: 32/62] 10.222.0.37 () {60 vars in 1202 bytes} [Thu Mar 3 11:31:31 2022] GET /compute/v2.1/flavors/detail => generated 5777 bytes in 71 msecs (HTTP/1.1 200) 9 headers in 360 bytes (1 switches on core 0)
Mar 03 11:32:21.612105 dv-cinder-831090-7-smb devstack@n-api.service[102852]: DEBUG nova.api.openstack.wsgi [None req-b8f2a425-5914-4098-bd89-0717f2d5710c admin admin] Calling method '>' {{(pid=102852) _process_stack /opt/stack/nova/nova/api/openstack/wsgi.py:513}}
Mar 03 11:32:21.613141 dv-cinder-831090-7-smb devstack@n-api.service[102852]: INFO nova.api.openstack.requestlog [None req-b8f2a425-5914-4098-bd89-0717f2d5710c admin admin] 10.222.0.37 "GET /compute/v2.1" status: 200 len: 388 microversion: 2.1 time: 0.001406
Mar 03 11:32:21.613541 dv-cinder-831090-7-smb devstack@n-api.service[102852]: [pid: 102852|app: 0|req: 31/63] 10.222.0.37 () {54 vars in 930 bytes} [Thu Mar 3 11:32:21 2022] GET /compute/v2.1 => generated 388 bytes in 2 msecs (HTTP/1.1 200) 9 headers in 357 bytes (1 switches on core 0)
Mar 03 11:32:21.671067 dv-cinder-831090-7-smb devstack@n-api.service[102851]: DEBUG nova.api.openstack.wsgi [None req-8a2ed826-0e1e-43bb-a848-a661e0ac2b79 admin admin] Calling method '>' {{(pid=102851) _process_stack /opt/stack/nova/nova/api/openstack/wsgi.py:513}}
Mar 03 11:32:21.690118 dv-cinder-831090-7-smb devstack@n-api.service[102851]: INFO nova.api.openstack.requestlog [None req-8a2ed826-0e1e-43bb-a848-a661e0ac2b79 admin admin] 10.222.0.37 "GET /compute/v2.1/flavors/detail?is_public=True" status: 200 len: 5791 microversion: 2.61 time: 0.070722
Mar 03 11:32:21.690655 dv-cinder-831090-7-smb devstack@n-api.service[102851]: [pid: 102851|app: 0|req: 33/64] 10.222.0.37 () {60 vars in 1291 bytes} [Thu Mar 3 11:32:21 2022] GET /compute/v2.1/flavors/detail?is_public=True => generated 5791 bytes in 72 msecs (HTTP/1.1 200) 9 headers in 360 bytes (2 switches on core 0)
Mar 03 11:32:21.712329 dv-cinder-831090-7-smb devstack@n-api.service[102852]: DEBUG nova.api.openstack.wsgi [None req-7ce6784f-d393-42c0-8092-6a429a2dde6e admin admin] Calling method '>' {{(pid=102852) _process_stack /opt/stack/nova/nova/api/openstack/wsgi.py:513}}
Mar 03 11:32:21.720343 dv-cinder-831090-7-smb devstack@n-api.service[102852]: INFO nova.api.openstack.requestlog [None req-7ce6784f-d393-42c0-8092-6a429a2dde6e admin admin] 10.222.0.37 "GET /compute/v2.1/flavors/42/os-extra_specs" status: 200 len: 19 microversion: 2.61 time: 0.011605
Mar 03 11:32:21.720871 dv-cinder-831090-7-smb devstack@n-api.service[102852]: [pid: 102852|app: 0|req: 32/65] 10.222.0.37 () {60 vars in 1282 bytes} [Thu Mar 3 11:32:21 2022] GET /compute/v2.1/flavors/42/os-extra_specs => generated 19 bytes in 13 msecs (HTTP/1.1 200) 9 headers in 358 bytes (2 switches on core 0)
Mar 03 11:32:21.731610 dv-cinder-831090-7-smb devstack@n-api.service[102851]: DEBUG nova.api.openstack.wsgi [None req-5327ca43-bf85-463d-8fe2-6b03ea91e965 admin admin] Calling method '>' {{(pid=102851) _process_stack /opt/stack/nova/nova/api/openstack/wsgi.py:513}}
Mar 03 11:32:21.739181 dv-cinder-831090-7-smb devstack@n-api.service[102851]: INFO nova.api.openstack.requestlog [None req-5327ca43-bf85-463d-8fe2-6b03ea91e965 admin admin] 10.222.0.37 "GET /compute/v2.1/flavors/451/os-extra_specs" status: 200 len: 19 microversion: 2.61 time: 0.011119
Mar 03 11:32:21.739688 dv-cinder-831090-7-smb devstack@n-api.service[102851]: [pid: 102851|app: 0|req: 34/66] 10.222.0.37 () {60 vars in 1285 bytes} [Thu Mar 3 11:32:21 2022] GET /compute/v2.1/flavors/451/os-extra_specs => generated 19 bytes in 12 msecs (HTTP/1.1 200) 9 headers in 358 bytes (1 switches on core 0)
Mar 03 11:32:21.750206 dv-cinder-831090-7-smb devstack@n-api.service[102852]: DEBUG nova.api.openstack.wsgi [None req-6c122217-5f8a-45b3-b885-82786d1f8091 admin admin] Calling method '>' {{(pid=102852) _process_stack /opt/stack/nova/nova/api/openstack/wsgi.py:513}}
Mar 03 11:32:21.757375 dv-cinder-831090-7-smb devstack@n-api.service[102852]: INFO nova.api.openstack.requestlog [None req-6c122217-5f8a-45b3-b885-82786d1f8091 admin admin] 10.222.0.37 "GET /compute/v2.1/flavors/452/os-extra_specs" status: 200 len: 19 microversion: 2.61 time: 0.010634
Mar 03 11:32:21.757889 dv-cinder-831090-7-smb devstack@n-api.service[102852]: [pid: 102852|app: 0|req: 33/67] 10.222.0.37 () {60 vars in 1285 bytes} [Thu Mar 3 11:32:21 2022] GET /compute/v2.1/flavors/452/os-extra_specs => generated 19 bytes in 12 msecs (HTTP/1.1 200) 9 headers in 358 bytes (1 switches on core 0)
Mar 03 11:32:21.768963 dv-cinder-831090-7-smb devstack@n-api.service[102851]: DEBUG nova.api.openstack.wsgi [None req-3f426035-efba-4416-b9ed-c80636492851 admin admin] Calling method '>' {{(pid=102851) _process_stack /opt/stack/nova/nova/api/openstack/wsgi.py:513}}
Mar 03 11:32:21.776093 dv-cinder-831090-7-smb devstack@n-api.service[102851]: INFO nova.api.openstack.requestlog [None req-3f426035-efba-4416-b9ed-c80636492851 admin admin] 10.222.0.37 "GET /compute/v2.1/flavors/84/os-extra_specs" status: 200 len: 19 microversion: 2.61 time: 0.010604
Mar 03 11:32:21.776592 dv-cinder-831090-7-smb devstack@n-api.service[102851]: [pid: 102851|app: 0|req: 35/68] 10.222.0.37 () {60 vars in 1282 bytes} [Thu Mar 3 11:32:21 2022] GET /compute/v2.1/flavors/84/os-extra_specs => generated 19 bytes in 12 msecs (HTTP/1.1 200) 9 headers in 358 bytes (1 switches on core 0)
Mar 03 11:34:00.145063 dv-cinder-831090-7-smb devstack@n-api.service[102852]: DEBUG nova.api.openstack.wsgi [None req-a6c14cdb-1797-47d2-b650-6cd52bf850fb tempest-verify_tempest_config-16447041 tempest-verify_tempest_config-16447041-project] Calling method '>' {{(pid=102852) _process_stack /opt/stack/nova/nova/api/openstack/wsgi.py:513}}
Mar 03 11:34:00.147004 dv-cinder-831090-7-smb devstack@n-api.service[102852]: INFO nova.api.openstack.requestlog [None req-a6c14cdb-1797-47d2-b650-6cd52bf850fb tempest-verify_tempest_config-16447041 tempest-verify_tempest_config-16447041-project] 10.222.0.37 "GET /compute/v2.1/extensions" status: 200 len: 22700 microversion: 2.1 time: 0.119609
Mar 03 11:34:00.147525 dv-cinder-831090-7-smb devstack@n-api.service[102852]: [pid: 102852|app: 0|req: 34/69] 10.222.0.37 () {58 vars in 1133 bytes} [Thu Mar 3 11:34:00 2022] GET /compute/v2.1/extensions => generated 22700 bytes in 121 msecs (HTTP/1.1 200) 9 headers in 359 bytes (1 switches on core 0)
Mar 03 11:35:44.501976 dv-cinder-831090-7-smb devstack@n-api.service[102851]: DEBUG nova.api.openstack.wsgi [None req-3f426035-efba-4416-b9ed-c80636492851 admin admin] Calling method '>' {{(pid=102851) _process_stack /opt/stack/nova/nova/api/openstack/wsgi.py:513}}
Mar 03 11:35:44.503015 dv-cinder-831090-7-smb devstack@n-api.service[102851]: INFO nova.api.openstack.requestlog [None req-3f426035-efba-4416-b9ed-c80636492851 admin admin] 10.222.0.37 "GET /compute/v2.1" status: 200 len: 388 microversion: 2.1 time: 0.001428
Mar 03 11:35:44.503414 dv-cinder-831090-7-smb devstack@n-api.service[102851]: [pid: 102851|app: 0|req: 36/70] 10.222.0.37 () {56 vars in 1074 bytes} [Thu Mar 3 11:35:44 2022] GET /compute/v2.1 => generated 388 bytes in 2 msecs (HTTP/1.1 200) 9 headers in 357 bytes (1 switches on core 0)
Mar 03 11:35:44.759482 dv-cinder-831090-7-smb devstack@n-api.service[102852]: DEBUG nova.api.openstack.wsgi [None req-bb7a3d53-2805-4541-b59a-f59bc0974d47 admin admin] Calling method '>' {{(pid=102852) _process_stack /opt/stack/nova/nova/api/openstack/wsgi.py:513}}
Mar 03 11:35:44.760637 dv-cinder-831090-7-smb devstack@n-api.service[102852]: /usr/local/lib/python3.8/dist-packages/oslo_policy/policy.py:1119: UserWarning: Policy "os_compute_api:os-services:list": "rule:context_is_admin" failed scope check. The token used to make the request was project scoped but the policy requires ['system'] scope. This behavior may change in the future where using the intended scope is required
Mar 03 11:35:44.760637 dv-cinder-831090-7-smb devstack@n-api.service[102852]: warnings.warn(msg)
Mar 03 11:35:44.761885 dv-cinder-831090-7-smb devstack@n-api.service[102852]: DEBUG oslo_concurrency.lockutils [None req-bb7a3d53-2805-4541-b59a-f59bc0974d47 admin admin] Lock "00000000-0000-0000-0000-000000000000" acquired by "nova.context.set_target_cell..get_or_set_cached_cell_and_set_connections" :: waited 0.000s {{(pid=102852) inner /usr/local/lib/python3.8/dist-packages/oslo_concurrency/lockutils.py:386}}
Mar 03 11:35:44.762325 dv-cinder-831090-7-smb devstack@n-api.service[102852]: DEBUG oslo_concurrency.lockutils [None req-bb7a3d53-2805-4541-b59a-f59bc0974d47 admin admin] Lock "00000000-0000-0000-0000-000000000000" "released" by "nova.context.set_target_cell..get_or_set_cached_cell_and_set_connections" :: held 0.000s {{(pid=102852) inner /usr/local/lib/python3.8/dist-packages/oslo_concurrency/lockutils.py:400}}
Mar 03 11:35:44.763116 dv-cinder-831090-7-smb devstack@n-api.service[102852]: DEBUG oslo_concurrency.lockutils [None req-bb7a3d53-2805-4541-b59a-f59bc0974d47 admin admin] Lock "70730c01-068a-406f-b403-59f94ec2d2b6" acquired by "nova.context.set_target_cell..get_or_set_cached_cell_and_set_connections" :: waited 0.000s {{(pid=102852) inner /usr/local/lib/python3.8/dist-packages/oslo_concurrency/lockutils.py:386}}
Mar 03 11:35:44.763543 dv-cinder-831090-7-smb devstack@n-api.service[102852]: DEBUG oslo_concurrency.lockutils [None req-bb7a3d53-2805-4541-b59a-f59bc0974d47 admin admin] Lock "70730c01-068a-406f-b403-59f94ec2d2b6" "released" by "nova.context.set_target_cell..get_or_set_cached_cell_and_set_connections" :: held 0.000s {{(pid=102852) inner /usr/local/lib/python3.8/dist-packages/oslo_concurrency/lockutils.py:400}}
Mar 03 11:35:44.796019 dv-cinder-831090-7-smb devstack@n-api.service[102852]: INFO nova.api.openstack.requestlog [None req-bb7a3d53-2805-4541-b59a-f59bc0974d47 admin admin] 10.222.0.37 "GET /compute/v2.1/os-services" status: 200 len: 785 microversion: 2.90 time: 0.149128
Mar 03 11:35:44.796562 dv-cinder-831090-7-smb devstack@n-api.service[102852]: [pid: 102852|app: 0|req: 35/71] 10.222.0.37 () {60 vars in 1193 bytes} [Thu Mar 3 11:35:44 2022] GET /compute/v2.1/os-services => generated 785 bytes in 150 msecs (HTTP/1.1 200) 9 headers in 359 bytes (1 switches on core 0)
Mar 03 11:35:46.093792 dv-cinder-831090-7-smb devstack@n-api.service[102851]: DEBUG nova.api.openstack.wsgi [None req-3f426035-efba-4416-b9ed-c80636492851 admin admin] Calling method '>' {{(pid=102851) _process_stack /opt/stack/nova/nova/api/openstack/wsgi.py:513}}
Mar 03 11:35:46.094806 dv-cinder-831090-7-smb devstack@n-api.service[102851]: INFO nova.api.openstack.requestlog [None req-3f426035-efba-4416-b9ed-c80636492851 admin admin] 10.222.0.37 "GET /compute/v2.1" status: 200 len: 388 microversion: 2.1 time: 0.001432
Mar 03 11:35:46.095206 dv-cinder-831090-7-smb devstack@n-api.service[102851]: [pid: 102851|app: 0|req: 37/72] 10.222.0.37 () {56 vars in 1074 bytes} [Thu Mar 3 11:35:46 2022] GET /compute/v2.1 => generated 388 bytes in 2 msecs (HTTP/1.1 200) 9 headers in 357 bytes (1 switches on core 0)
Mar 03 11:35:46.291600 dv-cinder-831090-7-smb devstack@n-api.service[102852]: DEBUG nova.api.openstack.wsgi [None req-f4d11dde-8ac2-4c0e-a075-3d25488e1337 admin admin] Calling method '>' {{(pid=102852) _process_stack /opt/stack/nova/nova/api/openstack/wsgi.py:513}}
Mar 03 11:35:46.292756 dv-cinder-831090-7-smb devstack@n-api.service[102852]: /usr/local/lib/python3.8/dist-packages/oslo_policy/policy.py:1119: UserWarning: Policy "os_compute_api:os-services:list": "rule:context_is_admin" failed scope check. The token used to make the request was project scoped but the policy requires ['system'] scope. This behavior may change in the future where using the intended scope is required
Mar 03 11:35:46.292756 dv-cinder-831090-7-smb devstack@n-api.service[102852]: warnings.warn(msg)
Mar 03 11:35:46.294015 dv-cinder-831090-7-smb devstack@n-api.service[102852]: DEBUG oslo_concurrency.lockutils [None req-f4d11dde-8ac2-4c0e-a075-3d25488e1337 admin admin] Lock "00000000-0000-0000-0000-000000000000" acquired by "nova.context.set_target_cell..get_or_set_cached_cell_and_set_connections" :: waited 0.000s {{(pid=102852) inner /usr/local/lib/python3.8/dist-packages/oslo_concurrency/lockutils.py:386}}
Mar 03 11:35:46.294481 dv-cinder-831090-7-smb devstack@n-api.service[102852]: DEBUG oslo_concurrency.lockutils [None req-f4d11dde-8ac2-4c0e-a075-3d25488e1337 admin admin] Lock "00000000-0000-0000-0000-000000000000" "released" by "nova.context.set_target_cell..get_or_set_cached_cell_and_set_connections" :: held 0.000s {{(pid=102852) inner /usr/local/lib/python3.8/dist-packages/oslo_concurrency/lockutils.py:400}}
Mar 03 11:35:46.295313 dv-cinder-831090-7-smb devstack@n-api.service[102852]: DEBUG oslo_concurrency.lockutils [None req-f4d11dde-8ac2-4c0e-a075-3d25488e1337 admin admin] Lock "70730c01-068a-406f-b403-59f94ec2d2b6" acquired by "nova.context.set_target_cell..get_or_set_cached_cell_and_set_connections" :: waited 0.000s {{(pid=102852) inner /usr/local/lib/python3.8/dist-packages/oslo_concurrency/lockutils.py:386}}
Mar 03 11:35:46.295767 dv-cinder-831090-7-smb devstack@n-api.service[102852]: DEBUG oslo_concurrency.lockutils [None req-f4d11dde-8ac2-4c0e-a075-3d25488e1337 admin admin] Lock "70730c01-068a-406f-b403-59f94ec2d2b6" "released" by "nova.context.set_target_cell..get_or_set_cached_cell_and_set_connections" :: held 0.000s {{(pid=102852) inner /usr/local/lib/python3.8/dist-packages/oslo_concurrency/lockutils.py:400}}
Mar 03 11:35:46.314332 dv-cinder-831090-7-smb devstack@n-api.service[102852]: INFO nova.api.openstack.requestlog [None req-f4d11dde-8ac2-4c0e-a075-3d25488e1337 admin admin] 10.222.0.37 "GET /compute/v2.1/os-services" status: 200 len: 785 microversion: 2.90 time: 0.073836
Mar 03 11:35:46.314867 dv-cinder-831090-7-smb devstack@n-api.service[102852]: [pid: 102852|app: 0|req: 36/73] 10.222.0.37 () {60 vars in 1193 bytes} [Thu Mar 3 11:35:46 2022] GET /compute/v2.1/os-services => generated 785 bytes in 75 msecs (HTTP/1.1 200) 9 headers in 359 bytes (1 switches on core 0)
Mar 03 11:35:58.021507 dv-cinder-831090-7-smb devstack@n-api.service[102851]: DEBUG nova.api.openstack.wsgi [None req-3f426035-efba-4416-b9ed-c80636492851 admin admin] Calling method '>' {{(pid=102851) _process_stack /opt/stack/nova/nova/api/openstack/wsgi.py:513}}
Mar 03 11:35:58.022560 dv-cinder-831090-7-smb devstack@n-api.service[102851]: INFO nova.api.openstack.requestlog [None req-3f426035-efba-4416-b9ed-c80636492851 admin admin] 10.222.0.37 "GET /compute/v2.1" status: 200 len: 388 microversion: 2.1 time: 0.001499
Mar 03 11:35:58.022949 dv-cinder-831090-7-smb devstack@n-api.service[102851]: [pid: 102851|app: 0|req: 38/74] 10.222.0.37 () {56 vars in 1074 bytes} [Thu Mar 3 11:35:58 2022] GET /compute/v2.1 => generated 388 bytes in 2 msecs (HTTP/1.1 200) 9 headers in 357 bytes (1 switches on core 0)
Mar 03 11:35:58.217368 dv-cinder-831090-7-smb devstack@n-api.service[102852]: DEBUG nova.api.openstack.wsgi [None req-c8f29589-674c-4012-a2d2-1a4271851622 admin admin] Calling method '>' {{(pid=102852) _process_stack /opt/stack/nova/nova/api/openstack/wsgi.py:513}}
Mar 03 11:35:58.218512 dv-cinder-831090-7-smb devstack@n-api.service[102852]: /usr/local/lib/python3.8/dist-packages/oslo_policy/policy.py:1119: UserWarning: Policy "os_compute_api:os-services:list": "rule:context_is_admin" failed scope check. The token used to make the request was project scoped but the policy requires ['system'] scope. This behavior may change in the future where using the intended scope is required
Mar 03 11:35:58.218512 dv-cinder-831090-7-smb devstack@n-api.service[102852]: warnings.warn(msg)
Mar 03 11:35:58.219728 dv-cinder-831090-7-smb devstack@n-api.service[102852]: DEBUG oslo_concurrency.lockutils [None req-c8f29589-674c-4012-a2d2-1a4271851622 admin admin] Lock "00000000-0000-0000-0000-000000000000" acquired by "nova.context.set_target_cell..get_or_set_cached_cell_and_set_connections" :: waited 0.000s {{(pid=102852) inner /usr/local/lib/python3.8/dist-packages/oslo_concurrency/lockutils.py:386}}
Mar 03 11:35:58.220158 dv-cinder-831090-7-smb devstack@n-api.service[102852]: DEBUG oslo_concurrency.lockutils [None req-c8f29589-674c-4012-a2d2-1a4271851622 admin admin] Lock "00000000-0000-0000-0000-000000000000" "released" by "nova.context.set_target_cell..get_or_set_cached_cell_and_set_connections" :: held 0.000s {{(pid=102852) inner /usr/local/lib/python3.8/dist-packages/oslo_concurrency/lockutils.py:400}}
Mar 03 11:35:58.220983 dv-cinder-831090-7-smb devstack@n-api.service[102852]: DEBUG oslo_concurrency.lockutils [None req-c8f29589-674c-4012-a2d2-1a4271851622 admin admin] Lock "70730c01-068a-406f-b403-59f94ec2d2b6" acquired by "nova.context.set_target_cell..get_or_set_cached_cell_and_set_connections" :: waited 0.000s {{(pid=102852) inner /usr/local/lib/python3.8/dist-packages/oslo_concurrency/lockutils.py:386}}
Mar 03 11:35:58.221403 dv-cinder-831090-7-smb devstack@n-api.service[102852]: DEBUG oslo_concurrency.lockutils [None req-c8f29589-674c-4012-a2d2-1a4271851622 admin admin] Lock "70730c01-068a-406f-b403-59f94ec2d2b6" "released" by "nova.context.set_target_cell..get_or_set_cached_cell_and_set_connections" :: held 0.000s {{(pid=102852) inner /usr/local/lib/python3.8/dist-packages/oslo_concurrency/lockutils.py:400}}
Mar 03 11:35:58.245885 dv-cinder-831090-7-smb devstack@n-api.service[102852]: INFO nova.api.openstack.requestlog [None req-c8f29589-674c-4012-a2d2-1a4271851622 admin admin] 10.222.0.37 "GET /compute/v2.1/os-services" status: 200 len: 1029 microversion: 2.90 time: 0.078652
Mar 03 11:35:58.246418 dv-cinder-831090-7-smb devstack@n-api.service[102852]: [pid: 102852|app: 0|req: 37/75] 10.222.0.37 () {60 vars in 1193 bytes} [Thu Mar 3 11:35:58 2022] GET /compute/v2.1/os-services => generated 1029 bytes in 80 msecs (HTTP/1.1 200) 9 headers in 360 bytes (1 switches on core 0)
