Mar 03 11:38:25.832842 dv-cinder-831090-7-smb devstack@c-api.service[111655]: DEBUG cinder.api.v3.groups [None req-43dde5e8-6f25-4c09-ad52-887b6c2a3ffa tempest-GroupsTest-1587955315 tempest-GroupsTest-1587955315-project] delete called for group 4dd1ab77-cba8-42b2-9a38-dab7315fb0d5 {{(pid=111655) _delete /opt/stack/cinder/cinder/api/v3/groups.py:117}}
Mar 03 11:38:25.833138 dv-cinder-831090-7-smb devstack@c-api.service[111655]: INFO cinder.api.v3.groups [None req-43dde5e8-6f25-4c09-ad52-887b6c2a3ffa tempest-GroupsTest-1587955315 tempest-GroupsTest-1587955315-project] Delete group with id: 4dd1ab77-cba8-42b2-9a38-dab7315fb0d5
Mar 03 11:38:25.845346 dv-cinder-831090-7-smb devstack@c-api.service[111655]: INFO cinder.api.openstack.wsgi [None req-43dde5e8-6f25-4c09-ad52-887b6c2a3ffa tempest-GroupsTest-1587955315 tempest-GroupsTest-1587955315-project] http://10.222.0.37/volume/v3/c556d356d725483899fe62ff139b16de/groups/4dd1ab77-cba8-42b2-9a38-dab7315fb0d5/action returned with HTTP 404
Mar 03 11:38:25.851040 dv-cinder-831090-7-smb devstack@c-api.service[111655]: [pid: 111655|app: 0|req: 103/207] 10.222.0.37 () {62 vars in 1404 bytes} [Thu Mar 3 11:38:25 2022] POST /volume/v3/c556d356d725483899fe62ff139b16de/groups/4dd1ab77-cba8-42b2-9a38-dab7315fb0d5/action => generated 108 bytes in 25 msecs (HTTP/1.1 404) 7 headers in 293 bytes (2 switches on core 0)
Mar 03 11:38:25.853508 dv-cinder-831090-7-smb devstack@c-api.service[111655]: DEBUG cinder.api.middleware.request_id [None req-d43ed67f-6e2c-4de0-9399-9ebd35408084 None None] RequestId filter calling following filter/app {{(pid=111655) _context_setter /opt/stack/cinder/cinder/api/middleware/request_id.py:62}}
Mar 03 11:38:25.859083 dv-cinder-831090-7-smb devstack@c-api.service[111655]: INFO cinder.api.openstack.wsgi [None req-d43ed67f-6e2c-4de0-9399-9ebd35408084 tempest-GroupsTest-1314662507 tempest-GroupsTest-1314662507-project-admin] DELETE http://10.222.0.37/volume/v3/7dc8f36739c94bb4aeb8109a2a47de36/group_types/b24135d7-56f9-4d20-9267-877e9428ef27
Mar 03 11:38:25.859864 dv-cinder-831090-7-smb devstack@c-api.service[111655]: DEBUG cinder.api.openstack.wsgi [None req-d43ed67f-6e2c-4de0-9399-9ebd35408084 tempest-GroupsTest-1314662507 tempest-GroupsTest-1314662507-project-admin] Empty body provided in request {{(pid=111655) get_body /opt/stack/cinder/cinder/api/openstack/wsgi.py:715}}
Mar 03 11:38:25.863882 dv-cinder-831090-7-smb devstack@c-api.service[111655]: DEBUG cinder.api.openstack.wsgi [None req-d43ed67f-6e2c-4de0-9399-9ebd35408084 tempest-GroupsTest-1314662507 tempest-GroupsTest-1314662507-project-admin] Calling method 'version_select' {{(pid=111655) _process_stack /opt/stack/cinder/cinder/api/openstack/wsgi.py:868}}
Mar 03 11:38:26.032900 dv-cinder-831090-7-smb devstack@c-api.service[111655]: INFO cinder.api.openstack.wsgi [None req-d43ed67f-6e2c-4de0-9399-9ebd35408084 tempest-GroupsTest-1314662507 tempest-GroupsTest-1314662507-project-admin] http://10.222.0.37/volume/v3/7dc8f36739c94bb4aeb8109a2a47de36/group_types/b24135d7-56f9-4d20-9267-877e9428ef27 returned with HTTP 202
Mar 03 11:38:26.034757 dv-cinder-831090-7-smb devstack@c-api.service[111655]: [pid: 111655|app: 0|req: 104/208] 10.222.0.37 () {60 vars in 1380 bytes} [Thu Mar 3 11:38:25 2022] DELETE /volume/v3/7dc8f36739c94bb4aeb8109a2a47de36/group_types/b24135d7-56f9-4d20-9267-877e9428ef27 => generated 0 bytes in 182 msecs (HTTP/1.1 202) 6 headers in 234 bytes (1 switches on core 0)
Mar 03 11:38:26.051145 dv-cinder-831090-7-smb devstack@c-api.service[111655]: DEBUG cinder.api.middleware.request_id [None req-765a28d4-852d-4b83-84f4-4419f41ef4cf None None] RequestId filter calling following filter/app {{(pid=111655) _context_setter /opt/stack/cinder/cinder/api/middleware/request_id.py:62}}
Mar 03 11:38:26.055529 dv-cinder-831090-7-smb devstack@c-api.service[111655]: INFO cinder.api.openstack.wsgi [None req-765a28d4-852d-4b83-84f4-4419f41ef4cf tempest-GroupsTest-1314662507 tempest-GroupsTest-1314662507-project-admin] POST http://10.222.0.37/volume/v3/7dc8f36739c94bb4aeb8109a2a47de36/types
Mar 03 11:38:26.058634 dv-cinder-831090-7-smb devstack@c-api.service[111654]: INFO cinder.volume.api [None req-ce1ab2cc-8f0b-42fe-9cec-5dd9b8f00e47 tempest-SnapshotsActionsTest-1758797271 tempest-SnapshotsActionsTest-1758797271-project] Snapshot create request issued successfully.
Mar 03 11:38:26.062948 dv-cinder-831090-7-smb devstack@c-api.service[111654]: INFO cinder.api.openstack.wsgi [None req-ce1ab2cc-8f0b-42fe-9cec-5dd9b8f00e47 tempest-SnapshotsActionsTest-1758797271 tempest-SnapshotsActionsTest-1758797271-project] http://10.222.0.37/volume/v3/282526ff2bf042a39cf4f152e86eb352/snapshots returned with HTTP 202
Mar 03 11:38:26.065752 dv-cinder-831090-7-smb devstack@c-api.service[111655]: DEBUG cinder.api.openstack.wsgi [None req-765a28d4-852d-4b83-84f4-4419f41ef4cf tempest-GroupsTest-1314662507 tempest-GroupsTest-1314662507-project-admin] Action: 'create', calling method: _create, body: {"volume_type": {"name": "tempest-GroupsTest-volume-type-1643288124"}} {{(pid=111655) _process_stack /opt/stack/cinder/cinder/api/openstack/wsgi.py:866}}
Mar 03 11:38:26.078073 dv-cinder-831090-7-smb devstack@c-api.service[111654]: [pid: 111654|app: 0|req: 105/209] 10.222.0.37 () {60 vars in 1241 bytes} [Thu Mar 3 11:38:25 2022] POST /volume/v3/282526ff2bf042a39cf4f152e86eb352/snapshots => generated 306 bytes in 500 msecs (HTTP/1.1 202) 7 headers in 291 bytes (2 switches on core 0)
Mar 03 11:38:26.078073 dv-cinder-831090-7-smb devstack@c-api.service[111654]: DEBUG cinder.api.middleware.request_id [None req-a7929b9f-d134-466a-904c-17100be3e5a4 None None] RequestId filter calling following filter/app {{(pid=111654) _context_setter /opt/stack/cinder/cinder/api/middleware/request_id.py:62}}
Mar 03 11:38:26.089332 dv-cinder-831090-7-smb devstack@c-api.service[111654]: INFO cinder.api.openstack.wsgi [None req-a7929b9f-d134-466a-904c-17100be3e5a4 tempest-SnapshotsActionsTest-1758797271 tempest-SnapshotsActionsTest-1758797271-project] GET http://10.222.0.37/volume/v3/282526ff2bf042a39cf4f152e86eb352/snapshots/ba1f2702-d2a2-40fe-b622-f9f23ad9b04b
Mar 03 11:38:26.089790 dv-cinder-831090-7-smb devstack@c-api.service[111654]: DEBUG cinder.api.openstack.wsgi [None req-a7929b9f-d134-466a-904c-17100be3e5a4 tempest-SnapshotsActionsTest-1758797271 tempest-SnapshotsActionsTest-1758797271-project] Empty body provided in request {{(pid=111654) get_body /opt/stack/cinder/cinder/api/openstack/wsgi.py:715}}
Mar 03 11:38:26.090248 dv-cinder-831090-7-smb devstack@c-api.service[111654]: DEBUG cinder.api.openstack.wsgi [None req-a7929b9f-d134-466a-904c-17100be3e5a4 tempest-SnapshotsActionsTest-1758797271 tempest-SnapshotsActionsTest-1758797271-project] Calling method 'show' {{(pid=111654) _process_stack /opt/stack/cinder/cinder/api/openstack/wsgi.py:868}}
Mar 03 11:38:26.111508 dv-cinder-831090-7-smb devstack@c-api.service[111654]: /usr/local/lib/python3.8/dist-packages/oslo_context/context.py:105: DeprecationWarning: Policy enforcement is depending on the value of is_admin. This key is deprecated. Please update your policy file to use the standard policy values.
Mar 03 11:38:26.111508 dv-cinder-831090-7-smb devstack@c-api.service[111654]: warnings.warn('Policy enforcement is depending on the value of '
Mar 03 11:38:26.111508 dv-cinder-831090-7-smb devstack@c-api.service[111654]: INFO cinder.volume.api [None req-a7929b9f-d134-466a-904c-17100be3e5a4 tempest-SnapshotsActionsTest-1758797271 tempest-SnapshotsActionsTest-1758797271-project] Snapshot retrieved successfully.
Mar 03 11:38:26.111508 dv-cinder-831090-7-smb devstack@c-api.service[111654]: INFO cinder.api.openstack.wsgi [None req-a7929b9f-d134-466a-904c-17100be3e5a4 tempest-SnapshotsActionsTest-1758797271 tempest-SnapshotsActionsTest-1758797271-project] http://10.222.0.37/volume/v3/282526ff2bf042a39cf4f152e86eb352/snapshots/ba1f2702-d2a2-40fe-b622-f9f23ad9b04b returned with HTTP 200
Mar 03 11:38:26.111508 dv-cinder-831090-7-smb devstack@c-api.service[111654]: [pid: 111654|app: 0|req: 106/210] 10.222.0.37 () {58 vars in 1330 bytes} [Thu Mar 3 11:38:26 2022] GET /volume/v3/282526ff2bf042a39cf4f152e86eb352/snapshots/ba1f2702-d2a2-40fe-b622-f9f23ad9b04b => generated 438 bytes in 38 msecs (HTTP/1.1 200) 7 headers in 285 bytes (1 switches on core 0)
Mar 03 11:38:26.208866 dv-cinder-831090-7-smb devstack@c-api.service[111655]: INFO cinder.api.openstack.wsgi [None req-765a28d4-852d-4b83-84f4-4419f41ef4cf tempest-GroupsTest-1314662507 tempest-GroupsTest-1314662507-project-admin] http://10.222.0.37/volume/v3/7dc8f36739c94bb4aeb8109a2a47de36/types returned with HTTP 200
Mar 03 11:38:26.214296 dv-cinder-831090-7-smb devstack@c-api.service[111655]: [pid: 111655|app: 0|req: 105/211] 10.222.0.37 () {60 vars in 1228 bytes} [Thu Mar 3 11:38:26 2022] POST /volume/v3/7dc8f36739c94bb4aeb8109a2a47de36/types => generated 216 bytes in 161 msecs (HTTP/1.1 200) 7 headers in 285 bytes (1 switches on core 0)
Mar 03 11:38:26.216530 dv-cinder-831090-7-smb devstack@c-api.service[111654]: DEBUG cinder.api.middleware.request_id [None req-fd78bc3d-7420-4af3-a186-6a7b6bbb4964 None None] RequestId filter calling following filter/app {{(pid=111654) _context_setter /opt/stack/cinder/cinder/api/middleware/request_id.py:62}}
Mar 03 11:38:26.221467 dv-cinder-831090-7-smb devstack@c-api.service[111654]: INFO cinder.api.openstack.wsgi [None req-fd78bc3d-7420-4af3-a186-6a7b6bbb4964 tempest-GroupsTest-1314662507 tempest-GroupsTest-1314662507-project-admin] POST http://10.222.0.37/volume/v3/7dc8f36739c94bb4aeb8109a2a47de36/group_types
Mar 03 11:38:26.222343 dv-cinder-831090-7-smb devstack@c-api.service[111654]: DEBUG cinder.api.openstack.wsgi [None req-fd78bc3d-7420-4af3-a186-6a7b6bbb4964 tempest-GroupsTest-1314662507 tempest-GroupsTest-1314662507-project-admin] Action: 'create', calling method: version_select, body: {"group_type": {"name": "tempest-GroupsTest-group-type-632465709"}} {{(pid=111654) _process_stack /opt/stack/cinder/cinder/api/openstack/wsgi.py:866}}
Mar 03 11:38:26.332854 dv-cinder-831090-7-smb devstack@c-api.service[111655]: DEBUG cinder.api.middleware.request_id [None req-ed051a5c-9893-43b6-a101-7dd504417801 None None] RequestId filter calling following filter/app {{(pid=111655) _context_setter /opt/stack/cinder/cinder/api/middleware/request_id.py:62}}
Mar 03 11:38:26.337174 dv-cinder-831090-7-smb devstack@c-api.service[111655]: INFO cinder.api.openstack.wsgi [None req-ed051a5c-9893-43b6-a101-7dd504417801 tempest-GroupSnapshotsTest-2014294502 tempest-GroupSnapshotsTest-2014294502-project] GET http://10.222.0.37/volume/v3/ce11d77ad38c4a5ca7ab35c721d227eb/groups/7916b296-77b3-40c5-87e5-6bad65cc5a25
Mar 03 11:38:26.337663 dv-cinder-831090-7-smb devstack@c-api.service[111655]: DEBUG cinder.api.openstack.wsgi [None req-ed051a5c-9893-43b6-a101-7dd504417801 tempest-GroupSnapshotsTest-2014294502 tempest-GroupSnapshotsTest-2014294502-project] Empty body provided in request {{(pid=111655) get_body /opt/stack/cinder/cinder/api/openstack/wsgi.py:715}}
Mar 03 11:38:26.338108 dv-cinder-831090-7-smb devstack@c-api.service[111655]: DEBUG cinder.api.openstack.wsgi [None req-ed051a5c-9893-43b6-a101-7dd504417801 tempest-GroupSnapshotsTest-2014294502 tempest-GroupSnapshotsTest-2014294502-project] Calling method 'version_select' {{(pid=111655) _process_stack /opt/stack/cinder/cinder/api/openstack/wsgi.py:868}}
Mar 03 11:38:26.338445 dv-cinder-831090-7-smb devstack@c-api.service[111655]: DEBUG cinder.api.v3.groups [None req-ed051a5c-9893-43b6-a101-7dd504417801 tempest-GroupSnapshotsTest-2014294502 tempest-GroupSnapshotsTest-2014294502-project] show called for member 7916b296-77b3-40c5-87e5-6bad65cc5a25 {{(pid=111655) show /opt/stack/cinder/cinder/api/v3/groups.py:58}}
Mar 03 11:38:26.359496 dv-cinder-831090-7-smb devstack@c-api.service[111654]: INFO cinder.api.openstack.wsgi [None req-fd78bc3d-7420-4af3-a186-6a7b6bbb4964 tempest-GroupsTest-1314662507 tempest-GroupsTest-1314662507-project-admin] http://10.222.0.37/volume/v3/7dc8f36739c94bb4aeb8109a2a47de36/group_types returned with HTTP 202
Mar 03 11:38:26.360524 dv-cinder-831090-7-smb devstack@c-api.service[111654]: [pid: 111654|app: 0|req: 107/212] 10.222.0.37 () {62 vars in 1287 bytes} [Thu Mar 3 11:38:26 2022] POST /volume/v3/7dc8f36739c94bb4aeb8109a2a47de36/group_types => generated 172 bytes in 145 msecs (HTTP/1.1 202) 7 headers in 292 bytes (1 switches on core 0)
Mar 03 11:38:26.361538 dv-cinder-831090-7-smb devstack@c-api.service[111655]: /usr/local/lib/python3.8/dist-packages/oslo_context/context.py:105: DeprecationWarning: Policy enforcement is depending on the value of is_admin. This key is deprecated. Please update your policy file to use the standard policy values.
Mar 03 11:38:26.361538 dv-cinder-831090-7-smb devstack@c-api.service[111655]: warnings.warn('Policy enforcement is depending on the value of '
Mar 03 11:38:26.366309 dv-cinder-831090-7-smb devstack@c-api.service[111654]: DEBUG cinder.api.middleware.request_id [None req-e7397c6b-0c23-4a5e-a352-e34ca028cf7e None None] RequestId filter calling following filter/app {{(pid=111654) _context_setter /opt/stack/cinder/cinder/api/middleware/request_id.py:62}}
Mar 03 11:38:26.370221 dv-cinder-831090-7-smb devstack@c-api.service[111654]: INFO cinder.api.openstack.wsgi [None req-e7397c6b-0c23-4a5e-a352-e34ca028cf7e tempest-GroupsTest-1587955315 tempest-GroupsTest-1587955315-project] POST http://10.222.0.37/volume/v3/c556d356d725483899fe62ff139b16de/groups
Mar 03 11:38:26.370983 dv-cinder-831090-7-smb devstack@c-api.service[111654]: DEBUG cinder.api.openstack.wsgi [None req-e7397c6b-0c23-4a5e-a352-e34ca028cf7e tempest-GroupsTest-1587955315 tempest-GroupsTest-1587955315-project] Action: 'create', calling method: version_select, body: {"group": {"group_type": "e5cf6f5e-d285-44e4-b5a8-ebfc352c2784", "volume_types": ["0e891251-5b34-4dc4-a1cf-bfdee8f9ee20"], "name": "tempest-GroupsTest-Group-1190034506"}} {{(pid=111654) _process_stack /opt/stack/cinder/cinder/api/openstack/wsgi.py:866}}
Mar 03 11:38:26.377927 dv-cinder-831090-7-smb devstack@c-api.service[111654]: DEBUG cinder.api.v3.groups [None req-e7397c6b-0c23-4a5e-a352-e34ca028cf7e tempest-GroupsTest-1587955315 tempest-GroupsTest-1587955315-project] Creating new group {'group': {'group_type': 'e5cf6f5e-d285-44e4-b5a8-ebfc352c2784', 'volume_types': ['0e891251-5b34-4dc4-a1cf-bfdee8f9ee20'], 'name': 'tempest-GroupsTest-Group-1190034506'}} {{(pid=111654) create /opt/stack/cinder/cinder/api/v3/groups.py:190}}
Mar 03 11:38:26.389511 dv-cinder-831090-7-smb devstack@c-api.service[111654]: INFO cinder.api.v3.groups [None req-e7397c6b-0c23-4a5e-a352-e34ca028cf7e tempest-GroupsTest-1587955315 tempest-GroupsTest-1587955315-project] Creating group tempest-GroupsTest-Group-1190034506.
Mar 03 11:38:26.410440 dv-cinder-831090-7-smb devstack@c-api.service[111655]: INFO cinder.api.openstack.wsgi [None req-ed051a5c-9893-43b6-a101-7dd504417801 tempest-GroupSnapshotsTest-2014294502 tempest-GroupSnapshotsTest-2014294502-project] http://10.222.0.37/volume/v3/ce11d77ad38c4a5ca7ab35c721d227eb/groups/7916b296-77b3-40c5-87e5-6bad65cc5a25 returned with HTTP 200
Mar 03 11:38:26.413793 dv-cinder-831090-7-smb devstack@c-api.service[111655]: [pid: 111655|app: 0|req: 106/213] 10.222.0.37 () {60 vars in 1362 bytes} [Thu Mar 3 11:38:26 2022] GET /volume/v3/ce11d77ad38c4a5ca7ab35c721d227eb/groups/7916b296-77b3-40c5-87e5-6bad65cc5a25 => generated 392 bytes in 82 msecs (HTTP/1.1 200) 7 headers in 286 bytes (1 switches on core 0)
Mar 03 11:38:26.416890 dv-cinder-831090-7-smb devstack@c-api.service[111654]: INFO cinder.volume.api [None req-e7397c6b-0c23-4a5e-a352-e34ca028cf7e tempest-GroupsTest-1587955315 tempest-GroupsTest-1587955315-project] Availability Zones retrieved successfully.
Mar 03 11:38:26.422487 dv-cinder-831090-7-smb devstack@c-api.service[111655]: DEBUG cinder.api.middleware.request_id [None req-9b5eae06-c8d0-4ee4-85f7-7a39aa043f5f None None] RequestId filter calling following filter/app {{(pid=111655) _context_setter /opt/stack/cinder/cinder/api/middleware/request_id.py:62}}
Mar 03 11:38:26.430507 dv-cinder-831090-7-smb devstack@c-api.service[111655]: INFO cinder.api.openstack.wsgi [None req-9b5eae06-c8d0-4ee4-85f7-7a39aa043f5f tempest-GroupSnapshotsTest-2014294502 tempest-GroupSnapshotsTest-2014294502-project] PUT http://10.222.0.37/volume/v3/ce11d77ad38c4a5ca7ab35c721d227eb/groups/7916b296-77b3-40c5-87e5-6bad65cc5a25
Mar 03 11:38:26.431223 dv-cinder-831090-7-smb devstack@c-api.service[111655]: DEBUG cinder.api.openstack.wsgi [None req-9b5eae06-c8d0-4ee4-85f7-7a39aa043f5f tempest-GroupSnapshotsTest-2014294502 tempest-GroupSnapshotsTest-2014294502-project] Action: 'update', calling method: version_select, body: {"group": {"add_volumes": "2a01de42-6d72-4e18-80d7-99570438602f"}} {{(pid=111655) _process_stack /opt/stack/cinder/cinder/api/openstack/wsgi.py:866}}
Mar 03 11:38:26.432527 dv-cinder-831090-7-smb devstack@c-api.service[111655]: DEBUG cinder.api.v3.groups [None req-9b5eae06-c8d0-4ee4-85f7-7a39aa043f5f tempest-GroupSnapshotsTest-2014294502 tempest-GroupSnapshotsTest-2014294502-project] Update called for group 7916b296-77b3-40c5-87e5-6bad65cc5a25. {{(pid=111655) update /opt/stack/cinder/cinder/api/v3/groups.py:302}}
Mar 03 11:38:26.432846 dv-cinder-831090-7-smb devstack@c-api.service[111655]: INFO cinder.api.v3.groups [None req-9b5eae06-c8d0-4ee4-85f7-7a39aa043f5f tempest-GroupSnapshotsTest-2014294502 tempest-GroupSnapshotsTest-2014294502-project] Updating group 7916b296-77b3-40c5-87e5-6bad65cc5a25 with name None description: None add_volumes: 2a01de42-6d72-4e18-80d7-99570438602f remove_volumes: None.
Mar 03 11:38:26.439791 dv-cinder-831090-7-smb devstack@c-api.service[111655]: /usr/local/lib/python3.8/dist-packages/oslo_context/context.py:105: DeprecationWarning: Policy enforcement is depending on the value of is_admin. This key is deprecated. Please update your policy file to use the standard policy values.
Mar 03 11:38:26.439791 dv-cinder-831090-7-smb devstack@c-api.service[111655]: warnings.warn('Policy enforcement is depending on the value of '
Mar 03 11:38:26.519684 dv-cinder-831090-7-smb devstack@c-api.service[111654]: DEBUG cinder.quota [None req-e7397c6b-0c23-4a5e-a352-e34ca028cf7e tempest-GroupsTest-1587955315 tempest-GroupsTest-1587955315-project] Created reservations ['d4645f81-5204-44d8-9357-593fba1415e1'] {{(pid=111654) reserve /opt/stack/cinder/cinder/quota.py:755}}
Mar 03 11:38:26.599159 dv-cinder-831090-7-smb devstack@c-api.service[111655]: INFO cinder.api.openstack.wsgi [None req-9b5eae06-c8d0-4ee4-85f7-7a39aa043f5f tempest-GroupSnapshotsTest-2014294502 tempest-GroupSnapshotsTest-2014294502-project] http://10.222.0.37/volume/v3/ce11d77ad38c4a5ca7ab35c721d227eb/groups/7916b296-77b3-40c5-87e5-6bad65cc5a25 returned with HTTP 202
Mar 03 11:38:26.599159 dv-cinder-831090-7-smb devstack@c-api.service[111655]: [pid: 111655|app: 0|req: 107/214] 10.222.0.37 () {62 vars in 1382 bytes} [Thu Mar 3 11:38:26 2022] PUT /volume/v3/ce11d77ad38c4a5ca7ab35c721d227eb/groups/7916b296-77b3-40c5-87e5-6bad65cc5a25 => generated 0 bytes in 175 msecs (HTTP/1.1 202) 6 headers in 234 bytes (1 switches on core 0)
Mar 03 11:38:26.601776 dv-cinder-831090-7-smb devstack@c-api.service[111655]: DEBUG cinder.api.middleware.request_id [None req-c34cf597-2455-45ac-8527-5c30b70b478b None None] RequestId filter calling following filter/app {{(pid=111655) _context_setter /opt/stack/cinder/cinder/api/middleware/request_id.py:62}}
Mar 03 11:38:26.610582 dv-cinder-831090-7-smb devstack@c-api.service[111655]: INFO cinder.api.openstack.wsgi [None req-c34cf597-2455-45ac-8527-5c30b70b478b tempest-GroupSnapshotsTest-2014294502 tempest-GroupSnapshotsTest-2014294502-project] GET http://10.222.0.37/volume/v3/ce11d77ad38c4a5ca7ab35c721d227eb/groups/7916b296-77b3-40c5-87e5-6bad65cc5a25
Mar 03 11:38:26.617363 dv-cinder-831090-7-smb devstack@c-api.service[111655]: DEBUG cinder.api.openstack.wsgi [None req-c34cf597-2455-45ac-8527-5c30b70b478b tempest-GroupSnapshotsTest-2014294502 tempest-GroupSnapshotsTest-2014294502-project] Empty body provided in request {{(pid=111655) get_body /opt/stack/cinder/cinder/api/openstack/wsgi.py:715}}
Mar 03 11:38:26.617363 dv-cinder-831090-7-smb devstack@c-api.service[111655]: DEBUG cinder.api.openstack.wsgi [None req-c34cf597-2455-45ac-8527-5c30b70b478b tempest-GroupSnapshotsTest-2014294502 tempest-GroupSnapshotsTest-2014294502-project] Calling method 'version_select' {{(pid=111655) _process_stack /opt/stack/cinder/cinder/api/openstack/wsgi.py:868}}
Mar 03 11:38:26.617363 dv-cinder-831090-7-smb devstack@c-api.service[111655]: DEBUG cinder.api.v3.groups [None req-c34cf597-2455-45ac-8527-5c30b70b478b tempest-GroupSnapshotsTest-2014294502 tempest-GroupSnapshotsTest-2014294502-project] show called for member 7916b296-77b3-40c5-87e5-6bad65cc5a25 {{(pid=111655) show /opt/stack/cinder/cinder/api/v3/groups.py:58}}
Mar 03 11:38:26.619387 dv-cinder-831090-7-smb devstack@c-api.service[111655]: /usr/local/lib/python3.8/dist-packages/oslo_context/context.py:105: DeprecationWarning: Policy enforcement is depending on the value of is_admin. This key is deprecated. Please update your policy file to use the standard policy values.
Mar 03 11:38:26.619387 dv-cinder-831090-7-smb devstack@c-api.service[111655]: warnings.warn('Policy enforcement is depending on the value of '
Mar 03 11:38:26.638637 dv-cinder-831090-7-smb devstack@c-api.service[111655]: INFO cinder.api.openstack.wsgi [None req-c34cf597-2455-45ac-8527-5c30b70b478b tempest-GroupSnapshotsTest-2014294502 tempest-GroupSnapshotsTest-2014294502-project] http://10.222.0.37/volume/v3/ce11d77ad38c4a5ca7ab35c721d227eb/groups/7916b296-77b3-40c5-87e5-6bad65cc5a25 returned with HTTP 200
Mar 03 11:38:26.641812 dv-cinder-831090-7-smb devstack@c-api.service[111655]: [pid: 111655|app: 0|req: 108/215] 10.222.0.37 () {60 vars in 1362 bytes} [Thu Mar 3 11:38:26 2022] GET /volume/v3/ce11d77ad38c4a5ca7ab35c721d227eb/groups/7916b296-77b3-40c5-87e5-6bad65cc5a25 => generated 391 bytes in 40 msecs (HTTP/1.1 200) 7 headers in 286 bytes (1 switches on core 0)
Mar 03 11:38:26.727705 dv-cinder-831090-7-smb devstack@c-api.service[111654]: INFO cinder.api.openstack.wsgi [None req-e7397c6b-0c23-4a5e-a352-e34ca028cf7e tempest-GroupsTest-1587955315 tempest-GroupsTest-1587955315-project] http://10.222.0.37/volume/v3/c556d356d725483899fe62ff139b16de/groups returned with HTTP 202
Mar 03 11:38:26.728884 dv-cinder-831090-7-smb devstack@c-api.service[111654]: [pid: 111654|app: 0|req: 108/216] 10.222.0.37 () {62 vars in 1273 bytes} [Thu Mar 3 11:38:26 2022] POST /volume/v3/c556d356d725483899fe62ff139b16de/groups => generated 104 bytes in 363 msecs (HTTP/1.1 202) 7 headers in 292 bytes (2 switches on core 0)
Mar 03 11:38:26.739195 dv-cinder-831090-7-smb devstack@c-api.service[111655]: DEBUG cinder.api.middleware.request_id [None req-098f5751-c7d7-44dc-8e40-55e7d01ca47b None None] RequestId filter calling following filter/app {{(pid=111655) _context_setter /opt/stack/cinder/cinder/api/middleware/request_id.py:62}}
Mar 03 11:38:26.746680 dv-cinder-831090-7-smb devstack@c-api.service[111655]: INFO cinder.api.openstack.wsgi [None req-098f5751-c7d7-44dc-8e40-55e7d01ca47b tempest-GroupsTest-1587955315 tempest-GroupsTest-1587955315-project] GET http://10.222.0.37/volume/v3/c556d356d725483899fe62ff139b16de/groups/2fb4f944-6fee-4acd-ae55-1766ae38e57e
Mar 03 11:38:26.749589 dv-cinder-831090-7-smb devstack@c-api.service[111655]: DEBUG cinder.api.openstack.wsgi [None req-098f5751-c7d7-44dc-8e40-55e7d01ca47b tempest-GroupsTest-1587955315 tempest-GroupsTest-1587955315-project] Empty body provided in request {{(pid=111655) get_body /opt/stack/cinder/cinder/api/openstack/wsgi.py:715}}
Mar 03 11:38:26.750581 dv-cinder-831090-7-smb devstack@c-api.service[111655]: DEBUG cinder.api.openstack.wsgi [None req-098f5751-c7d7-44dc-8e40-55e7d01ca47b tempest-GroupsTest-1587955315 tempest-GroupsTest-1587955315-project] Calling method 'version_select' {{(pid=111655) _process_stack /opt/stack/cinder/cinder/api/openstack/wsgi.py:868}}
Mar 03 11:38:26.750951 dv-cinder-831090-7-smb devstack@c-api.service[111655]: DEBUG cinder.api.v3.groups [None req-098f5751-c7d7-44dc-8e40-55e7d01ca47b tempest-GroupsTest-1587955315 tempest-GroupsTest-1587955315-project] show called for member 2fb4f944-6fee-4acd-ae55-1766ae38e57e {{(pid=111655) show /opt/stack/cinder/cinder/api/v3/groups.py:58}}
Mar 03 11:38:26.765921 dv-cinder-831090-7-smb devstack@c-api.service[111655]: /usr/local/lib/python3.8/dist-packages/oslo_context/context.py:105: DeprecationWarning: Policy enforcement is depending on the value of is_admin. This key is deprecated. Please update your policy file to use the standard policy values.
Mar 03 11:38:26.765921 dv-cinder-831090-7-smb devstack@c-api.service[111655]: warnings.warn('Policy enforcement is depending on the value of '
Mar 03 11:38:26.803998 dv-cinder-831090-7-smb devstack@c-api.service[111655]: INFO cinder.api.openstack.wsgi [None req-098f5751-c7d7-44dc-8e40-55e7d01ca47b tempest-GroupsTest-1587955315 tempest-GroupsTest-1587955315-project] http://10.222.0.37/volume/v3/c556d356d725483899fe62ff139b16de/groups/2fb4f944-6fee-4acd-ae55-1766ae38e57e returned with HTTP 200
Mar 03 11:38:26.810072 dv-cinder-831090-7-smb devstack@c-api.service[111655]: [pid: 111655|app: 0|req: 109/217] 10.222.0.37 () {60 vars in 1362 bytes} [Thu Mar 3 11:38:26 2022] GET /volume/v3/c556d356d725483899fe62ff139b16de/groups/2fb4f944-6fee-4acd-ae55-1766ae38e57e => generated 332 bytes in 74 msecs (HTTP/1.1 200) 7 headers in 286 bytes (1 switches on core 0)
Mar 03 11:38:27.119225 dv-cinder-831090-7-smb devstack@c-api.service[111654]: DEBUG cinder.api.middleware.request_id [None req-9eef7823-3979-4ec5-93df-aaad2f08ac68 None None] RequestId filter calling following filter/app {{(pid=111654) _context_setter /opt/stack/cinder/cinder/api/middleware/request_id.py:62}}
Mar 03 11:38:27.123234 dv-cinder-831090-7-smb devstack@c-api.service[111654]: INFO cinder.api.openstack.wsgi [None req-9eef7823-3979-4ec5-93df-aaad2f08ac68 tempest-SnapshotsActionsTest-1758797271 tempest-SnapshotsActionsTest-1758797271-project] GET http://10.222.0.37/volume/v3/282526ff2bf042a39cf4f152e86eb352/snapshots/ba1f2702-d2a2-40fe-b622-f9f23ad9b04b
Mar 03 11:38:27.123703 dv-cinder-831090-7-smb devstack@c-api.service[111654]: DEBUG cinder.api.openstack.wsgi [None req-9eef7823-3979-4ec5-93df-aaad2f08ac68 tempest-SnapshotsActionsTest-1758797271 tempest-SnapshotsActionsTest-1758797271-project] Empty body provided in request {{(pid=111654) get_body /opt/stack/cinder/cinder/api/openstack/wsgi.py:715}}
Mar 03 11:38:27.124194 dv-cinder-831090-7-smb devstack@c-api.service[111654]: DEBUG cinder.api.openstack.wsgi [None req-9eef7823-3979-4ec5-93df-aaad2f08ac68 tempest-SnapshotsActionsTest-1758797271 tempest-SnapshotsActionsTest-1758797271-project] Calling method 'show' {{(pid=111654) _process_stack /opt/stack/cinder/cinder/api/openstack/wsgi.py:868}}
Mar 03 11:38:27.134158 dv-cinder-831090-7-smb devstack@c-api.service[111654]: /usr/local/lib/python3.8/dist-packages/oslo_context/context.py:105: DeprecationWarning: Policy enforcement is depending on the value of is_admin. This key is deprecated. Please update your policy file to use the standard policy values.
Mar 03 11:38:27.134158 dv-cinder-831090-7-smb devstack@c-api.service[111654]: warnings.warn('Policy enforcement is depending on the value of '
Mar 03 11:38:27.135301 dv-cinder-831090-7-smb devstack@c-api.service[111654]: INFO cinder.volume.api [None req-9eef7823-3979-4ec5-93df-aaad2f08ac68 tempest-SnapshotsActionsTest-1758797271 tempest-SnapshotsActionsTest-1758797271-project] Snapshot retrieved successfully.
Mar 03 11:38:27.137435 dv-cinder-831090-7-smb devstack@c-api.service[111654]: INFO cinder.api.openstack.wsgi [None req-9eef7823-3979-4ec5-93df-aaad2f08ac68 tempest-SnapshotsActionsTest-1758797271 tempest-SnapshotsActionsTest-1758797271-project] http://10.222.0.37/volume/v3/282526ff2bf042a39cf4f152e86eb352/snapshots/ba1f2702-d2a2-40fe-b622-f9f23ad9b04b returned with HTTP 200
Mar 03 11:38:27.138451 dv-cinder-831090-7-smb devstack@c-api.service[111654]: [pid: 111654|app: 0|req: 109/218] 10.222.0.37 () {58 vars in 1330 bytes} [Thu Mar 3 11:38:27 2022] GET /volume/v3/282526ff2bf042a39cf4f152e86eb352/snapshots/ba1f2702-d2a2-40fe-b622-f9f23ad9b04b => generated 568 bytes in 20 msecs (HTTP/1.1 200) 7 headers in 285 bytes (1 switches on core 0)
Mar 03 11:38:27.149844 dv-cinder-831090-7-smb devstack@c-api.service[111655]: DEBUG cinder.api.middleware.request_id [None req-509683a6-a3ba-4e32-b22a-00e3bcf24bdd None None] RequestId filter calling following filter/app {{(pid=111655) _context_setter /opt/stack/cinder/cinder/api/middleware/request_id.py:62}}
Mar 03 11:38:27.154121 dv-cinder-831090-7-smb devstack@c-api.service[111655]: INFO cinder.api.openstack.wsgi [None req-509683a6-a3ba-4e32-b22a-00e3bcf24bdd tempest-SnapshotsActionsTest-2026749312 tempest-SnapshotsActionsTest-2026749312-project-admin] POST http://10.222.0.37/volume/v3/b6420d9f745548e7823db0e7c2917fea/snapshots/ba1f2702-d2a2-40fe-b622-f9f23ad9b04b/action
Mar 03 11:38:27.154845 dv-cinder-831090-7-smb devstack@c-api.service[111655]: DEBUG cinder.api.openstack.wsgi [None req-509683a6-a3ba-4e32-b22a-00e3bcf24bdd tempest-SnapshotsActionsTest-2026749312 tempest-SnapshotsActionsTest-2026749312-project-admin] Action body: b'{"os-reset_status": {"status": "error"}}' {{(pid=111655) get_method /opt/stack/cinder/cinder/api/openstack/wsgi.py:983}}
Mar 03 11:38:27.155165 dv-cinder-831090-7-smb devstack@c-api.service[111655]: DEBUG cinder.api.openstack.wsgi [None req-509683a6-a3ba-4e32-b22a-00e3bcf24bdd tempest-SnapshotsActionsTest-2026749312 tempest-SnapshotsActionsTest-2026749312-project-admin] Action: 'action', calling method: _reset_status, body: {"os-reset_status": {"status": "error"}} {{(pid=111655) _process_stack /opt/stack/cinder/cinder/api/openstack/wsgi.py:866}}
Mar 03 11:38:27.155956 dv-cinder-831090-7-smb devstack@c-api.service[111655]: DEBUG cinder.api.contrib.admin_actions [None req-509683a6-a3ba-4e32-b22a-00e3bcf24bdd tempest-SnapshotsActionsTest-2026749312 tempest-SnapshotsActionsTest-2026749312-project-admin] Updating snapshot 'ba1f2702-d2a2-40fe-b622-f9f23ad9b04b' with '{'status': 'error'}' {{(pid=111655) _reset_status /opt/stack/cinder/cinder/api/contrib/admin_actions.py:100}}
Mar 03 11:38:27.173893 dv-cinder-831090-7-smb devstack@c-api.service[111655]: /usr/local/lib/python3.8/dist-packages/oslo_context/context.py:105: DeprecationWarning: Policy enforcement is depending on the value of is_admin. This key is deprecated. Please update your policy file to use the standard policy values.
Mar 03 11:38:27.173893 dv-cinder-831090-7-smb devstack@c-api.service[111655]: warnings.warn('Policy enforcement is depending on the value of '
Mar 03 11:38:27.283315 dv-cinder-831090-7-smb devstack@c-api.service[111655]: INFO cinder.api.openstack.wsgi [None req-509683a6-a3ba-4e32-b22a-00e3bcf24bdd tempest-SnapshotsActionsTest-2026749312 tempest-SnapshotsActionsTest-2026749312-project-admin] http://10.222.0.37/volume/v3/b6420d9f745548e7823db0e7c2917fea/snapshots/ba1f2702-d2a2-40fe-b622-f9f23ad9b04b/action returned with HTTP 202
Mar 03 11:38:27.285101 dv-cinder-831090-7-smb devstack@c-api.service[111655]: [pid: 111655|app: 0|req: 110/219] 10.222.0.37 () {60 vars in 1372 bytes} [Thu Mar 3 11:38:27 2022] POST /volume/v3/b6420d9f745548e7823db0e7c2917fea/snapshots/ba1f2702-d2a2-40fe-b622-f9f23ad9b04b/action => generated 0 bytes in 136 msecs (HTTP/1.1 202) 7 headers in 289 bytes (1 switches on core 0)
Mar 03 11:38:27.289694 dv-cinder-831090-7-smb devstack@c-api.service[111654]: DEBUG cinder.api.middleware.request_id [None req-e2314a05-218f-4eb5-9125-f7e74cae211e None None] RequestId filter calling following filter/app {{(pid=111654) _context_setter /opt/stack/cinder/cinder/api/middleware/request_id.py:62}}
Mar 03 11:38:27.295524 dv-cinder-831090-7-smb devstack@c-api.service[111654]: INFO cinder.api.openstack.wsgi [None req-e2314a05-218f-4eb5-9125-f7e74cae211e tempest-SnapshotsActionsTest-1758797271 tempest-SnapshotsActionsTest-1758797271-project] GET http://10.222.0.37/volume/v3/282526ff2bf042a39cf4f152e86eb352/snapshots/ba1f2702-d2a2-40fe-b622-f9f23ad9b04b
Mar 03 11:38:27.298364 dv-cinder-831090-7-smb devstack@c-api.service[111654]: DEBUG cinder.api.openstack.wsgi [None req-e2314a05-218f-4eb5-9125-f7e74cae211e tempest-SnapshotsActionsTest-1758797271 tempest-SnapshotsActionsTest-1758797271-project] Empty body provided in request {{(pid=111654) get_body /opt/stack/cinder/cinder/api/openstack/wsgi.py:715}}
Mar 03 11:38:27.299361 dv-cinder-831090-7-smb devstack@c-api.service[111654]: DEBUG cinder.api.openstack.wsgi [None req-e2314a05-218f-4eb5-9125-f7e74cae211e tempest-SnapshotsActionsTest-1758797271 tempest-SnapshotsActionsTest-1758797271-project] Calling method 'show' {{(pid=111654) _process_stack /opt/stack/cinder/cinder/api/openstack/wsgi.py:868}}
Mar 03 11:38:27.325328 dv-cinder-831090-7-smb devstack@c-api.service[111654]: /usr/local/lib/python3.8/dist-packages/oslo_context/context.py:105: DeprecationWarning: Policy enforcement is depending on the value of is_admin. This key is deprecated. Please update your policy file to use the standard policy values.
Mar 03 11:38:27.325328 dv-cinder-831090-7-smb devstack@c-api.service[111654]: warnings.warn('Policy enforcement is depending on the value of '
Mar 03 11:38:27.331084 dv-cinder-831090-7-smb devstack@c-api.service[111654]: INFO cinder.volume.api [None req-e2314a05-218f-4eb5-9125-f7e74cae211e tempest-SnapshotsActionsTest-1758797271 tempest-SnapshotsActionsTest-1758797271-project] Snapshot retrieved successfully.
Mar 03 11:38:27.336101 dv-cinder-831090-7-smb devstack@c-api.service[111654]: INFO cinder.api.openstack.wsgi [None req-e2314a05-218f-4eb5-9125-f7e74cae211e tempest-SnapshotsActionsTest-1758797271 tempest-SnapshotsActionsTest-1758797271-project] http://10.222.0.37/volume/v3/282526ff2bf042a39cf4f152e86eb352/snapshots/ba1f2702-d2a2-40fe-b622-f9f23ad9b04b returned with HTTP 200
Mar 03 11:38:27.338886 dv-cinder-831090-7-smb devstack@c-api.service[111654]: [pid: 111654|app: 0|req: 110/220] 10.222.0.37 () {58 vars in 1330 bytes} [Thu Mar 3 11:38:27 2022] GET /volume/v3/282526ff2bf042a39cf4f152e86eb352/snapshots/ba1f2702-d2a2-40fe-b622-f9f23ad9b04b => generated 564 bytes in 50 msecs (HTTP/1.1 200) 7 headers in 285 bytes (1 switches on core 0)
Mar 03 11:38:27.346399 dv-cinder-831090-7-smb devstack@c-api.service[111655]: DEBUG cinder.api.middleware.request_id [None req-39cdbebe-6d43-454f-a252-87965b614a59 None None] RequestId filter calling following filter/app {{(pid=111655) _context_setter /opt/stack/cinder/cinder/api/middleware/request_id.py:62}}
Mar 03 11:38:27.352231 dv-cinder-831090-7-smb devstack@c-api.service[111655]: INFO cinder.api.openstack.wsgi [None req-39cdbebe-6d43-454f-a252-87965b614a59 tempest-SnapshotsActionsTest-2026749312 tempest-SnapshotsActionsTest-2026749312-project-admin] POST http://10.222.0.37/volume/v3/b6420d9f745548e7823db0e7c2917fea/snapshots/ba1f2702-d2a2-40fe-b622-f9f23ad9b04b/action
Mar 03 11:38:27.354923 dv-cinder-831090-7-smb devstack@c-api.service[111655]: DEBUG cinder.api.openstack.wsgi [None req-39cdbebe-6d43-454f-a252-87965b614a59 tempest-SnapshotsActionsTest-2026749312 tempest-SnapshotsActionsTest-2026749312-project-admin] Action body: b'{"os-force_delete": {}}' {{(pid=111655) get_method /opt/stack/cinder/cinder/api/openstack/wsgi.py:983}}
Mar 03 11:38:27.354923 dv-cinder-831090-7-smb devstack@c-api.service[111655]: DEBUG cinder.api.openstack.wsgi [None req-39cdbebe-6d43-454f-a252-87965b614a59 tempest-SnapshotsActionsTest-2026749312 tempest-SnapshotsActionsTest-2026749312-project-admin] Action: 'action', calling method: _force_delete, body: {"os-force_delete": {}} {{(pid=111655) _process_stack /opt/stack/cinder/cinder/api/openstack/wsgi.py:866}}
Mar 03 11:38:27.369103 dv-cinder-831090-7-smb devstack@c-api.service[111655]: /usr/local/lib/python3.8/dist-packages/oslo_context/context.py:105: DeprecationWarning: Policy enforcement is depending on the value of is_admin. This key is deprecated. Please update your policy file to use the standard policy values.
Mar 03 11:38:27.369103 dv-cinder-831090-7-smb devstack@c-api.service[111655]: warnings.warn('Policy enforcement is depending on the value of '
Mar 03 11:38:27.370145 dv-cinder-831090-7-smb devstack@c-api.service[111655]: INFO cinder.volume.api [None req-39cdbebe-6d43-454f-a252-87965b614a59 tempest-SnapshotsActionsTest-2026749312 tempest-SnapshotsActionsTest-2026749312-project-admin] Snapshot retrieved successfully.
Mar 03 11:38:27.482601 dv-cinder-831090-7-smb devstack@c-api.service[111655]: INFO cinder.volume.api [None req-39cdbebe-6d43-454f-a252-87965b614a59 tempest-SnapshotsActionsTest-2026749312 tempest-SnapshotsActionsTest-2026749312-project-admin] Snapshot delete request issued successfully.
Mar 03 11:38:27.485731 dv-cinder-831090-7-smb devstack@c-api.service[111655]: INFO cinder.api.openstack.wsgi [None req-39cdbebe-6d43-454f-a252-87965b614a59 tempest-SnapshotsActionsTest-2026749312 tempest-SnapshotsActionsTest-2026749312-project-admin] http://10.222.0.37/volume/v3/b6420d9f745548e7823db0e7c2917fea/snapshots/ba1f2702-d2a2-40fe-b622-f9f23ad9b04b/action returned with HTTP 202
Mar 03 11:38:27.485731 dv-cinder-831090-7-smb devstack@c-api.service[111655]: [pid: 111655|app: 0|req: 111/221] 10.222.0.37 () {60 vars in 1372 bytes} [Thu Mar 3 11:38:27 2022] POST /volume/v3/b6420d9f745548e7823db0e7c2917fea/snapshots/ba1f2702-d2a2-40fe-b622-f9f23ad9b04b/action => generated 0 bytes in 139 msecs (HTTP/1.1 202) 7 headers in 289 bytes (2 switches on core 0)
Mar 03 11:38:27.488861 dv-cinder-831090-7-smb devstack@c-api.service[111654]: DEBUG cinder.api.middleware.request_id [None req-260da043-0123-4113-b7be-b1122dd9c8f0 None None] RequestId filter calling following filter/app {{(pid=111654) _context_setter /opt/stack/cinder/cinder/api/middleware/request_id.py:62}}
Mar 03 11:38:27.493936 dv-cinder-831090-7-smb devstack@c-api.service[111654]: INFO cinder.api.openstack.wsgi [None req-260da043-0123-4113-b7be-b1122dd9c8f0 tempest-SnapshotsActionsTest-1758797271 tempest-SnapshotsActionsTest-1758797271-project] GET http://10.222.0.37/volume/v3/282526ff2bf042a39cf4f152e86eb352/snapshots/ba1f2702-d2a2-40fe-b622-f9f23ad9b04b
Mar 03 11:38:27.495089 dv-cinder-831090-7-smb devstack@c-api.service[111654]: DEBUG cinder.api.openstack.wsgi [None req-260da043-0123-4113-b7be-b1122dd9c8f0 tempest-SnapshotsActionsTest-1758797271 tempest-SnapshotsActionsTest-1758797271-project] Empty body provided in request {{(pid=111654) get_body /opt/stack/cinder/cinder/api/openstack/wsgi.py:715}}
Mar 03 11:38:27.495553 dv-cinder-831090-7-smb devstack@c-api.service[111654]: DEBUG cinder.api.openstack.wsgi [None req-260da043-0123-4113-b7be-b1122dd9c8f0 tempest-SnapshotsActionsTest-1758797271 tempest-SnapshotsActionsTest-1758797271-project] Calling method 'show' {{(pid=111654) _process_stack /opt/stack/cinder/cinder/api/openstack/wsgi.py:868}}
Mar 03 11:38:27.510281 dv-cinder-831090-7-smb devstack@c-api.service[111654]: /usr/local/lib/python3.8/dist-packages/oslo_context/context.py:105: DeprecationWarning: Policy enforcement is depending on the value of is_admin. This key is deprecated. Please update your policy file to use the standard policy values.
Mar 03 11:38:27.510281 dv-cinder-831090-7-smb devstack@c-api.service[111654]: warnings.warn('Policy enforcement is depending on the value of '
Mar 03 11:38:27.511303 dv-cinder-831090-7-smb devstack@c-api.service[111654]: INFO cinder.volume.api [None req-260da043-0123-4113-b7be-b1122dd9c8f0 tempest-SnapshotsActionsTest-1758797271 tempest-SnapshotsActionsTest-1758797271-project] Snapshot retrieved successfully.
Mar 03 11:38:27.513149 dv-cinder-831090-7-smb devstack@c-api.service[111654]: INFO cinder.api.openstack.wsgi [None req-260da043-0123-4113-b7be-b1122dd9c8f0 tempest-SnapshotsActionsTest-1758797271 tempest-SnapshotsActionsTest-1758797271-project] http://10.222.0.37/volume/v3/282526ff2bf042a39cf4f152e86eb352/snapshots/ba1f2702-d2a2-40fe-b622-f9f23ad9b04b returned with HTTP 200
Mar 03 11:38:27.513862 dv-cinder-831090-7-smb devstack@c-api.service[111654]: [pid: 111654|app: 0|req: 111/222] 10.222.0.37 () {58 vars in 1330 bytes} [Thu Mar 3 11:38:27 2022] GET /volume/v3/282526ff2bf042a39cf4f152e86eb352/snapshots/ba1f2702-d2a2-40fe-b622-f9f23ad9b04b => generated 567 bytes in 26 msecs (HTTP/1.1 200) 7 headers in 285 bytes (1 switches on core 0)
Mar 03 11:38:27.648066 dv-cinder-831090-7-smb devstack@c-api.service[111655]: DEBUG cinder.api.middleware.request_id [None req-6cc5fa09-ffdb-4a36-aed2-220f731750b5 None None] RequestId filter calling following filter/app {{(pid=111655) _context_setter /opt/stack/cinder/cinder/api/middleware/request_id.py:62}}
Mar 03 11:38:27.651945 dv-cinder-831090-7-smb devstack@c-api.service[111655]: INFO cinder.api.openstack.wsgi [None req-6cc5fa09-ffdb-4a36-aed2-220f731750b5 tempest-GroupSnapshotsTest-2014294502 tempest-GroupSnapshotsTest-2014294502-project] GET http://10.222.0.37/volume/v3/ce11d77ad38c4a5ca7ab35c721d227eb/groups/7916b296-77b3-40c5-87e5-6bad65cc5a25
Mar 03 11:38:27.652559 dv-cinder-831090-7-smb devstack@c-api.service[111655]: DEBUG cinder.api.openstack.wsgi [None req-6cc5fa09-ffdb-4a36-aed2-220f731750b5 tempest-GroupSnapshotsTest-2014294502 tempest-GroupSnapshotsTest-2014294502-project] Empty body provided in request {{(pid=111655) get_body /opt/stack/cinder/cinder/api/openstack/wsgi.py:715}}
Mar 03 11:38:27.653197 dv-cinder-831090-7-smb devstack@c-api.service[111655]: DEBUG cinder.api.openstack.wsgi [None req-6cc5fa09-ffdb-4a36-aed2-220f731750b5 tempest-GroupSnapshotsTest-2014294502 tempest-GroupSnapshotsTest-2014294502-project] Calling method 'version_select' {{(pid=111655) _process_stack /opt/stack/cinder/cinder/api/openstack/wsgi.py:868}}
Mar 03 11:38:27.653696 dv-cinder-831090-7-smb devstack@c-api.service[111655]: DEBUG cinder.api.v3.groups [None req-6cc5fa09-ffdb-4a36-aed2-220f731750b5 tempest-GroupSnapshotsTest-2014294502 tempest-GroupSnapshotsTest-2014294502-project] show called for member 7916b296-77b3-40c5-87e5-6bad65cc5a25 {{(pid=111655) show /opt/stack/cinder/cinder/api/v3/groups.py:58}}
Mar 03 11:38:27.659700 dv-cinder-831090-7-smb devstack@c-api.service[111655]: /usr/local/lib/python3.8/dist-packages/oslo_context/context.py:105: DeprecationWarning: Policy enforcement is depending on the value of is_admin. This key is deprecated. Please update your policy file to use the standard policy values.
Mar 03 11:38:27.659700 dv-cinder-831090-7-smb devstack@c-api.service[111655]: warnings.warn('Policy enforcement is depending on the value of '
Mar 03 11:38:27.683280 dv-cinder-831090-7-smb devstack@c-api.service[111655]: INFO cinder.api.openstack.wsgi [None req-6cc5fa09-ffdb-4a36-aed2-220f731750b5 tempest-GroupSnapshotsTest-2014294502 tempest-GroupSnapshotsTest-2014294502-project] http://10.222.0.37/volume/v3/ce11d77ad38c4a5ca7ab35c721d227eb/groups/7916b296-77b3-40c5-87e5-6bad65cc5a25 returned with HTTP 200
Mar 03 11:38:27.684041 dv-cinder-831090-7-smb devstack@c-api.service[111655]: [pid: 111655|app: 0|req: 112/223] 10.222.0.37 () {60 vars in 1362 bytes} [Thu Mar 3 11:38:27 2022] GET /volume/v3/ce11d77ad38c4a5ca7ab35c721d227eb/groups/7916b296-77b3-40c5-87e5-6bad65cc5a25 => generated 392 bytes in 37 msecs (HTTP/1.1 200) 7 headers in 286 bytes (1 switches on core 0)
Mar 03 11:38:27.691411 dv-cinder-831090-7-smb devstack@c-api.service[111654]: DEBUG cinder.api.middleware.request_id [None req-da2dbb29-4bf7-4acd-96e9-38dae6a5ab52 None None] RequestId filter calling following filter/app {{(pid=111654) _context_setter /opt/stack/cinder/cinder/api/middleware/request_id.py:62}}
Mar 03 11:38:27.695171 dv-cinder-831090-7-smb devstack@c-api.service[111654]: INFO cinder.api.openstack.wsgi [None req-da2dbb29-4bf7-4acd-96e9-38dae6a5ab52 tempest-GroupSnapshotsTest-2014294502 tempest-GroupSnapshotsTest-2014294502-project] PUT http://10.222.0.37/volume/v3/ce11d77ad38c4a5ca7ab35c721d227eb/groups/7916b296-77b3-40c5-87e5-6bad65cc5a25
Mar 03 11:38:27.695901 dv-cinder-831090-7-smb devstack@c-api.service[111654]: DEBUG cinder.api.openstack.wsgi [None req-da2dbb29-4bf7-4acd-96e9-38dae6a5ab52 tempest-GroupSnapshotsTest-2014294502 tempest-GroupSnapshotsTest-2014294502-project] Action: 'update', calling method: version_select, body: {"group": {"remove_volumes": "ab03aa42-e727-484a-85a0-9f2c9bc0040d"}} {{(pid=111654) _process_stack /opt/stack/cinder/cinder/api/openstack/wsgi.py:866}}
Mar 03 11:38:27.705166 dv-cinder-831090-7-smb devstack@c-api.service[111654]: DEBUG cinder.api.v3.groups [None req-da2dbb29-4bf7-4acd-96e9-38dae6a5ab52 tempest-GroupSnapshotsTest-2014294502 tempest-GroupSnapshotsTest-2014294502-project] Update called for group 7916b296-77b3-40c5-87e5-6bad65cc5a25. {{(pid=111654) update /opt/stack/cinder/cinder/api/v3/groups.py:302}}
Mar 03 11:38:27.705459 dv-cinder-831090-7-smb devstack@c-api.service[111654]: INFO cinder.api.v3.groups [None req-da2dbb29-4bf7-4acd-96e9-38dae6a5ab52 tempest-GroupSnapshotsTest-2014294502 tempest-GroupSnapshotsTest-2014294502-project] Updating group 7916b296-77b3-40c5-87e5-6bad65cc5a25 with name None description: None add_volumes: None remove_volumes: ab03aa42-e727-484a-85a0-9f2c9bc0040d.
Mar 03 11:38:27.711746 dv-cinder-831090-7-smb devstack@c-api.service[111654]: /usr/local/lib/python3.8/dist-packages/oslo_context/context.py:105: DeprecationWarning: Policy enforcement is depending on the value of is_admin. This key is deprecated. Please update your policy file to use the standard policy values.
Mar 03 11:38:27.711746 dv-cinder-831090-7-smb devstack@c-api.service[111654]: warnings.warn('Policy enforcement is depending on the value of '
Mar 03 11:38:27.814011 dv-cinder-831090-7-smb devstack@c-api.service[111655]: DEBUG cinder.api.middleware.request_id [None req-0634d56d-e9b0-4d1e-903c-d26210d4eca3 None None] RequestId filter calling following filter/app {{(pid=111655) _context_setter /opt/stack/cinder/cinder/api/middleware/request_id.py:62}}
Mar 03 11:38:27.819166 dv-cinder-831090-7-smb devstack@c-api.service[111654]: INFO cinder.api.openstack.wsgi [None req-da2dbb29-4bf7-4acd-96e9-38dae6a5ab52 tempest-GroupSnapshotsTest-2014294502 tempest-GroupSnapshotsTest-2014294502-project] http://10.222.0.37/volume/v3/ce11d77ad38c4a5ca7ab35c721d227eb/groups/7916b296-77b3-40c5-87e5-6bad65cc5a25 returned with HTTP 202
Mar 03 11:38:27.819458 dv-cinder-831090-7-smb devstack@c-api.service[111655]: INFO cinder.api.openstack.wsgi [None req-0634d56d-e9b0-4d1e-903c-d26210d4eca3 tempest-GroupsTest-1587955315 tempest-GroupsTest-1587955315-project] GET http://10.222.0.37/volume/v3/c556d356d725483899fe62ff139b16de/groups/2fb4f944-6fee-4acd-ae55-1766ae38e57e
Mar 03 11:38:27.819945 dv-cinder-831090-7-smb devstack@c-api.service[111655]: DEBUG cinder.api.openstack.wsgi [None req-0634d56d-e9b0-4d1e-903c-d26210d4eca3 tempest-GroupsTest-1587955315 tempest-GroupsTest-1587955315-project] Empty body provided in request {{(pid=111655) get_body /opt/stack/cinder/cinder/api/openstack/wsgi.py:715}}
Mar 03 11:38:27.823419 dv-cinder-831090-7-smb devstack@c-api.service[111655]: DEBUG cinder.api.openstack.wsgi [None req-0634d56d-e9b0-4d1e-903c-d26210d4eca3 tempest-GroupsTest-1587955315 tempest-GroupsTest-1587955315-project] Calling method 'version_select' {{(pid=111655) _process_stack /opt/stack/cinder/cinder/api/openstack/wsgi.py:868}}
Mar 03 11:38:27.823564 dv-cinder-831090-7-smb devstack@c-api.service[111654]: [pid: 111654|app: 0|req: 112/224] 10.222.0.37 () {62 vars in 1382 bytes} [Thu Mar 3 11:38:27 2022] PUT /volume/v3/ce11d77ad38c4a5ca7ab35c721d227eb/groups/7916b296-77b3-40c5-87e5-6bad65cc5a25 => generated 0 bytes in 130 msecs (HTTP/1.1 202) 6 headers in 234 bytes (1 switches on core 0)
Mar 03 11:38:27.823656 dv-cinder-831090-7-smb devstack@c-api.service[111655]: DEBUG cinder.api.v3.groups [None req-0634d56d-e9b0-4d1e-903c-d26210d4eca3 tempest-GroupsTest-1587955315 tempest-GroupsTest-1587955315-project] show called for member 2fb4f944-6fee-4acd-ae55-1766ae38e57e {{(pid=111655) show /opt/stack/cinder/cinder/api/v3/groups.py:58}}
Mar 03 11:38:27.826873 dv-cinder-831090-7-smb devstack@c-api.service[111655]: /usr/local/lib/python3.8/dist-packages/oslo_context/context.py:105: DeprecationWarning: Policy enforcement is depending on the value of is_admin. This key is deprecated. Please update your policy file to use the standard policy values.
Mar 03 11:38:27.826873 dv-cinder-831090-7-smb devstack@c-api.service[111655]: warnings.warn('Policy enforcement is depending on the value of '
Mar 03 11:38:27.829005 dv-cinder-831090-7-smb devstack@c-api.service[111654]: DEBUG cinder.api.middleware.request_id [None req-18d11ec8-ac09-4ac6-bd1f-3ffc755562a2 None None] RequestId filter calling following filter/app {{(pid=111654) _context_setter /opt/stack/cinder/cinder/api/middleware/request_id.py:62}}
Mar 03 11:38:27.833841 dv-cinder-831090-7-smb devstack@c-api.service[111654]: INFO cinder.api.openstack.wsgi [None req-18d11ec8-ac09-4ac6-bd1f-3ffc755562a2 tempest-GroupSnapshotsTest-2014294502 tempest-GroupSnapshotsTest-2014294502-project] GET http://10.222.0.37/volume/v3/ce11d77ad38c4a5ca7ab35c721d227eb/groups/7916b296-77b3-40c5-87e5-6bad65cc5a25
Mar 03 11:38:27.834459 dv-cinder-831090-7-smb devstack@c-api.service[111654]: DEBUG cinder.api.openstack.wsgi [None req-18d11ec8-ac09-4ac6-bd1f-3ffc755562a2 tempest-GroupSnapshotsTest-2014294502 tempest-GroupSnapshotsTest-2014294502-project] Empty body provided in request {{(pid=111654) get_body /opt/stack/cinder/cinder/api/openstack/wsgi.py:715}}
