Mar 03 11:37:55.236294 dv-cinder-831090-7-iscsi devstack@c-api.service[110397]: DEBUG cinder.api.api_utils [None req-2da7f6c0-bef6-492a-b32a-74f8500e3405 tempest-GroupSnapshotsTest-2124004048 tempest-GroupSnapshotsTest-2124004048-project] Removing options '' from query. {{(pid=110397) remove_invalid_filter_options /opt/stack/cinder/cinder/api/api_utils.py:73}}
Mar 03 11:37:55.237685 dv-cinder-831090-7-iscsi devstack@c-api.service[110397]: /usr/local/lib/python3.8/dist-packages/oslo_context/context.py:105: DeprecationWarning: Policy enforcement is depending on the value of is_admin. This key is deprecated. Please update your policy file to use the standard policy values.
Mar 03 11:37:55.237685 dv-cinder-831090-7-iscsi devstack@c-api.service[110397]: warnings.warn('Policy enforcement is depending on the value of '
Mar 03 11:37:55.238662 dv-cinder-831090-7-iscsi devstack@c-api.service[110397]: DEBUG cinder.volume.api [None req-2da7f6c0-bef6-492a-b32a-74f8500e3405 tempest-GroupSnapshotsTest-2124004048 tempest-GroupSnapshotsTest-2124004048-project] Searching by: MultiDict([('no_migration_targets', True)]). {{(pid=110397) get_all /opt/stack/cinder/cinder/volume/api.py:662}}
Mar 03 11:37:55.290194 dv-cinder-831090-7-iscsi devstack@c-api.service[110397]: INFO cinder.volume.api [None req-2da7f6c0-bef6-492a-b32a-74f8500e3405 tempest-GroupSnapshotsTest-2124004048 tempest-GroupSnapshotsTest-2124004048-project] Get all volumes completed successfully.
Mar 03 11:37:55.291705 dv-cinder-831090-7-iscsi devstack@c-api.service[110397]: WARNING stevedore.named [None req-2da7f6c0-bef6-492a-b32a-74f8500e3405 tempest-GroupSnapshotsTest-2124004048 tempest-GroupSnapshotsTest-2124004048-project] Could not load cinder.keymgr.conf_key_mgr.ConfKeyManager
Mar 03 11:37:55.292111 dv-cinder-831090-7-iscsi devstack@c-api.service[110397]: WARNING castellan.key_manager [None req-2da7f6c0-bef6-492a-b32a-74f8500e3405 tempest-GroupSnapshotsTest-2124004048 tempest-GroupSnapshotsTest-2124004048-project] Deprecation Warning : cinder.keymgr.conf_key_mgr.ConfKeyManager is not a stevedore based driver, trying to load it as a class: stevedore.exception.NoMatches: No 'castellan.drivers' driver found, looking for 'cinder.keymgr.conf_key_mgr.ConfKeyManager'
Mar 03 11:37:55.299311 dv-cinder-831090-7-iscsi devstack@c-api.service[110397]: DEBUG oslo_db.sqlalchemy.engines [None req-2da7f6c0-bef6-492a-b32a-74f8500e3405 tempest-GroupSnapshotsTest-2124004048 tempest-GroupSnapshotsTest-2124004048-project] MySQL server mode set to STRICT_TRANS_TABLES,STRICT_ALL_TABLES,NO_ZERO_IN_DATE,NO_ZERO_DATE,ERROR_FOR_DIVISION_BY_ZERO,TRADITIONAL,NO_ENGINE_SUBSTITUTION {{(pid=110397) _check_effective_sql_mode /usr/local/lib/python3.8/dist-packages/oslo_db/sqlalchemy/engines.py:314}}
Mar 03 11:37:55.304691 dv-cinder-831090-7-iscsi devstack@c-api.service[110397]: /usr/local/lib/python3.8/dist-packages/oslo_context/context.py:105: DeprecationWarning: Policy enforcement is depending on the value of is_admin. This key is deprecated. Please update your policy file to use the standard policy values.
Mar 03 11:37:55.304691 dv-cinder-831090-7-iscsi devstack@c-api.service[110397]: warnings.warn('Policy enforcement is depending on the value of '
Mar 03 11:37:55.311843 dv-cinder-831090-7-iscsi devstack@c-api.service[110397]: WARNING stevedore.named [None req-2da7f6c0-bef6-492a-b32a-74f8500e3405 tempest-GroupSnapshotsTest-2124004048 tempest-GroupSnapshotsTest-2124004048-project] Could not load cinder.keymgr.conf_key_mgr.ConfKeyManager
Mar 03 11:37:55.312845 dv-cinder-831090-7-iscsi devstack@c-api.service[110397]: WARNING castellan.key_manager [None req-2da7f6c0-bef6-492a-b32a-74f8500e3405 tempest-GroupSnapshotsTest-2124004048 tempest-GroupSnapshotsTest-2124004048-project] Deprecation Warning : cinder.keymgr.conf_key_mgr.ConfKeyManager is not a stevedore based driver, trying to load it as a class: stevedore.exception.NoMatches: No 'castellan.drivers' driver found, looking for 'cinder.keymgr.conf_key_mgr.ConfKeyManager'
Mar 03 11:37:55.319414 dv-cinder-831090-7-iscsi devstack@c-api.service[110397]: DEBUG oslo_db.sqlalchemy.engines [None req-2da7f6c0-bef6-492a-b32a-74f8500e3405 tempest-GroupSnapshotsTest-2124004048 tempest-GroupSnapshotsTest-2124004048-project] MySQL server mode set to STRICT_TRANS_TABLES,STRICT_ALL_TABLES,NO_ZERO_IN_DATE,NO_ZERO_DATE,ERROR_FOR_DIVISION_BY_ZERO,TRADITIONAL,NO_ENGINE_SUBSTITUTION {{(pid=110397) _check_effective_sql_mode /usr/local/lib/python3.8/dist-packages/oslo_db/sqlalchemy/engines.py:314}}
Mar 03 11:37:55.325357 dv-cinder-831090-7-iscsi devstack@c-api.service[110397]: /usr/local/lib/python3.8/dist-packages/oslo_context/context.py:105: DeprecationWarning: Policy enforcement is depending on the value of is_admin. This key is deprecated. Please update your policy file to use the standard policy values.
Mar 03 11:37:55.325357 dv-cinder-831090-7-iscsi devstack@c-api.service[110397]: warnings.warn('Policy enforcement is depending on the value of '
Mar 03 11:37:55.340366 dv-cinder-831090-7-iscsi devstack@c-api.service[110397]: INFO cinder.api.openstack.wsgi [None req-2da7f6c0-bef6-492a-b32a-74f8500e3405 tempest-GroupSnapshotsTest-2124004048 tempest-GroupSnapshotsTest-2124004048-project] http://10.222.0.18/volume/v3/2a139e9f9ad542bfb351a156c9d386a0/volumes/detail returned with HTTP 200
Mar 03 11:37:55.345297 dv-cinder-831090-7-iscsi devstack@c-api.service[110397]: [pid: 110397|app: 0|req: 115/212] 10.222.0.18 () {60 vars in 1275 bytes} [Thu Mar 3 11:37:55 2022] GET /volume/v3/2a139e9f9ad542bfb351a156c9d386a0/volumes/detail => generated 1985 bytes in 113 msecs (HTTP/1.1 200) 7 headers in 287 bytes (2 switches on core 0)
Mar 03 11:37:55.351172 dv-cinder-831090-7-iscsi devstack@c-api.service[110398]: INFO cinder.api.openstack.wsgi [None req-656df688-39fc-405c-8fbd-b44c490c2f80 tempest-VolumeTypesAccessTest-652039450 tempest-VolumeTypesAccessTest-652039450-project-admin] http://10.222.0.18/volume/v3/a478f80155ff4f6fb95e7d6a71ce595c/types/619f4878-df23-4723-85fe-eb450c7cfe59/action returned with HTTP 202
Mar 03 11:37:55.351932 dv-cinder-831090-7-iscsi devstack@c-api.service[110398]: [pid: 110398|app: 0|req: 98/213] 10.222.0.18 () {60 vars in 1360 bytes} [Thu Mar 3 11:37:55 2022] POST /volume/v3/a478f80155ff4f6fb95e7d6a71ce595c/types/619f4878-df23-4723-85fe-eb450c7cfe59/action => generated 0 bytes in 153 msecs (HTTP/1.1 202) 6 headers in 233 bytes (2 switches on core 0)
Mar 03 11:37:55.356560 dv-cinder-831090-7-iscsi devstack@c-api.service[110398]: DEBUG cinder.api.middleware.request_id [None req-f93fd3fc-127c-4935-ab56-e5d4bc445a78 None None] RequestId filter calling following filter/app {{(pid=110398) _context_setter /opt/stack/cinder/cinder/api/middleware/request_id.py:62}}
Mar 03 11:37:55.356682 dv-cinder-831090-7-iscsi devstack@c-api.service[110397]: DEBUG cinder.api.middleware.request_id [None req-50eb6f0c-07be-4ad9-803a-352da8453869 None None] RequestId filter calling following filter/app {{(pid=110397) _context_setter /opt/stack/cinder/cinder/api/middleware/request_id.py:62}}
Mar 03 11:37:55.361006 dv-cinder-831090-7-iscsi devstack@c-api.service[110397]: INFO cinder.api.openstack.wsgi [None req-50eb6f0c-07be-4ad9-803a-352da8453869 tempest-GroupSnapshotsTest-2124004048 tempest-GroupSnapshotsTest-2124004048-project] GET http://10.222.0.18/volume/v3/2a139e9f9ad542bfb351a156c9d386a0/volumes/75813d69-4153-42f3-a1e2-88a4fd17df14
Mar 03 11:37:55.361141 dv-cinder-831090-7-iscsi devstack@c-api.service[110398]: INFO cinder.api.openstack.wsgi [None req-f93fd3fc-127c-4935-ab56-e5d4bc445a78 tempest-VolumeTypesAccessTest-652039450 tempest-VolumeTypesAccessTest-652039450-project-admin] POST http://10.222.0.18/volume/v3/a478f80155ff4f6fb95e7d6a71ce595c/types/619f4878-df23-4723-85fe-eb450c7cfe59/action
Mar 03 11:37:55.361244 dv-cinder-831090-7-iscsi devstack@c-api.service[110397]: DEBUG cinder.api.openstack.wsgi [None req-50eb6f0c-07be-4ad9-803a-352da8453869 tempest-GroupSnapshotsTest-2124004048 tempest-GroupSnapshotsTest-2124004048-project] Empty body provided in request {{(pid=110397) get_body /opt/stack/cinder/cinder/api/openstack/wsgi.py:715}}
Mar 03 11:37:55.361544 dv-cinder-831090-7-iscsi devstack@c-api.service[110397]: DEBUG cinder.api.openstack.wsgi [None req-50eb6f0c-07be-4ad9-803a-352da8453869 tempest-GroupSnapshotsTest-2124004048 tempest-GroupSnapshotsTest-2124004048-project] Calling method 'show' {{(pid=110397) _process_stack /opt/stack/cinder/cinder/api/openstack/wsgi.py:868}}
Mar 03 11:37:55.361985 dv-cinder-831090-7-iscsi devstack@c-api.service[110398]: DEBUG cinder.api.openstack.wsgi [None req-f93fd3fc-127c-4935-ab56-e5d4bc445a78 tempest-VolumeTypesAccessTest-652039450 tempest-VolumeTypesAccessTest-652039450-project-admin] Action body: b'{"removeProjectAccess": {"project": "5ff63729520f4bc2b1c8a4a31bd5ca9a"}}' {{(pid=110398) get_method /opt/stack/cinder/cinder/api/openstack/wsgi.py:983}}
Mar 03 11:37:55.362325 dv-cinder-831090-7-iscsi devstack@c-api.service[110398]: DEBUG cinder.api.openstack.wsgi [None req-f93fd3fc-127c-4935-ab56-e5d4bc445a78 tempest-VolumeTypesAccessTest-652039450 tempest-VolumeTypesAccessTest-652039450-project-admin] Action: 'action', calling method: _removeProjectAccess, body: {"removeProjectAccess": {"project": "5ff63729520f4bc2b1c8a4a31bd5ca9a"}} {{(pid=110398) _process_stack /opt/stack/cinder/cinder/api/openstack/wsgi.py:866}}
Mar 03 11:37:55.375083 dv-cinder-831090-7-iscsi devstack@c-api.service[110397]: /usr/local/lib/python3.8/dist-packages/oslo_context/context.py:105: DeprecationWarning: Policy enforcement is depending on the value of is_admin. This key is deprecated. Please update your policy file to use the standard policy values.
Mar 03 11:37:55.375083 dv-cinder-831090-7-iscsi devstack@c-api.service[110397]: warnings.warn('Policy enforcement is depending on the value of '
Mar 03 11:37:55.384158 dv-cinder-831090-7-iscsi devstack@c-api.service[110397]: INFO cinder.volume.api [None req-50eb6f0c-07be-4ad9-803a-352da8453869 tempest-GroupSnapshotsTest-2124004048 tempest-GroupSnapshotsTest-2124004048-project] Volume info retrieved successfully.
Mar 03 11:37:55.384158 dv-cinder-831090-7-iscsi devstack@c-api.service[110397]: WARNING stevedore.named [None req-50eb6f0c-07be-4ad9-803a-352da8453869 tempest-GroupSnapshotsTest-2124004048 tempest-GroupSnapshotsTest-2124004048-project] Could not load cinder.keymgr.conf_key_mgr.ConfKeyManager
Mar 03 11:37:55.384827 dv-cinder-831090-7-iscsi devstack@c-api.service[110397]: WARNING castellan.key_manager [None req-50eb6f0c-07be-4ad9-803a-352da8453869 tempest-GroupSnapshotsTest-2124004048 tempest-GroupSnapshotsTest-2124004048-project] Deprecation Warning : cinder.keymgr.conf_key_mgr.ConfKeyManager is not a stevedore based driver, trying to load it as a class: stevedore.exception.NoMatches: No 'castellan.drivers' driver found, looking for 'cinder.keymgr.conf_key_mgr.ConfKeyManager'
Mar 03 11:37:55.392449 dv-cinder-831090-7-iscsi devstack@c-api.service[110397]: DEBUG oslo_db.sqlalchemy.engines [None req-50eb6f0c-07be-4ad9-803a-352da8453869 tempest-GroupSnapshotsTest-2124004048 tempest-GroupSnapshotsTest-2124004048-project] MySQL server mode set to STRICT_TRANS_TABLES,STRICT_ALL_TABLES,NO_ZERO_IN_DATE,NO_ZERO_DATE,ERROR_FOR_DIVISION_BY_ZERO,TRADITIONAL,NO_ENGINE_SUBSTITUTION {{(pid=110397) _check_effective_sql_mode /usr/local/lib/python3.8/dist-packages/oslo_db/sqlalchemy/engines.py:314}}
Mar 03 11:37:55.398408 dv-cinder-831090-7-iscsi devstack@c-api.service[110397]: /usr/local/lib/python3.8/dist-packages/oslo_context/context.py:105: DeprecationWarning: Policy enforcement is depending on the value of is_admin. This key is deprecated. Please update your policy file to use the standard policy values.
Mar 03 11:37:55.398408 dv-cinder-831090-7-iscsi devstack@c-api.service[110397]: warnings.warn('Policy enforcement is depending on the value of '
Mar 03 11:37:55.413366 dv-cinder-831090-7-iscsi devstack@c-api.service[110397]: INFO cinder.api.openstack.wsgi [None req-50eb6f0c-07be-4ad9-803a-352da8453869 tempest-GroupSnapshotsTest-2124004048 tempest-GroupSnapshotsTest-2124004048-project] http://10.222.0.18/volume/v3/2a139e9f9ad542bfb351a156c9d386a0/volumes/75813d69-4153-42f3-a1e2-88a4fd17df14 returned with HTTP 200
Mar 03 11:37:55.422468 dv-cinder-831090-7-iscsi devstack@c-api.service[110397]: [pid: 110397|app: 0|req: 116/214] 10.222.0.18 () {60 vars in 1365 bytes} [Thu Mar 3 11:37:55 2022] GET /volume/v3/2a139e9f9ad542bfb351a156c9d386a0/volumes/75813d69-4153-42f3-a1e2-88a4fd17df14 => generated 992 bytes in 59 msecs (HTTP/1.1 200) 7 headers in 286 bytes (2 switches on core 0)
Mar 03 11:37:55.459611 dv-cinder-831090-7-iscsi devstack@c-api.service[110398]: INFO cinder.api.openstack.wsgi [None req-f93fd3fc-127c-4935-ab56-e5d4bc445a78 tempest-VolumeTypesAccessTest-652039450 tempest-VolumeTypesAccessTest-652039450-project-admin] http://10.222.0.18/volume/v3/a478f80155ff4f6fb95e7d6a71ce595c/types/619f4878-df23-4723-85fe-eb450c7cfe59/action returned with HTTP 202
Mar 03 11:37:55.460872 dv-cinder-831090-7-iscsi devstack@c-api.service[110398]: [pid: 110398|app: 0|req: 99/215] 10.222.0.18 () {60 vars in 1360 bytes} [Thu Mar 3 11:37:55 2022] POST /volume/v3/a478f80155ff4f6fb95e7d6a71ce595c/types/619f4878-df23-4723-85fe-eb450c7cfe59/action => generated 0 bytes in 105 msecs (HTTP/1.1 202) 6 headers in 233 bytes (2 switches on core 0)
Mar 03 11:37:55.467768 dv-cinder-831090-7-iscsi devstack@c-api.service[110397]: DEBUG cinder.api.middleware.request_id [None req-efe6f83c-4c66-4e1f-af10-33e0a8053b32 None None] RequestId filter calling following filter/app {{(pid=110397) _context_setter /opt/stack/cinder/cinder/api/middleware/request_id.py:62}}
Mar 03 11:37:55.473635 dv-cinder-831090-7-iscsi devstack@c-api.service[110397]: INFO cinder.api.openstack.wsgi [None req-efe6f83c-4c66-4e1f-af10-33e0a8053b32 tempest-VolumeTypesAccessTest-652039450 tempest-VolumeTypesAccessTest-652039450-project-admin] DELETE http://10.222.0.18/volume/v3/a478f80155ff4f6fb95e7d6a71ce595c/types/619f4878-df23-4723-85fe-eb450c7cfe59
Mar 03 11:37:55.474326 dv-cinder-831090-7-iscsi devstack@c-api.service[110397]: DEBUG cinder.api.openstack.wsgi [None req-efe6f83c-4c66-4e1f-af10-33e0a8053b32 tempest-VolumeTypesAccessTest-652039450 tempest-VolumeTypesAccessTest-652039450-project-admin] Empty body provided in request {{(pid=110397) get_body /opt/stack/cinder/cinder/api/openstack/wsgi.py:715}}
Mar 03 11:37:55.475311 dv-cinder-831090-7-iscsi devstack@c-api.service[110397]: DEBUG cinder.api.openstack.wsgi [None req-efe6f83c-4c66-4e1f-af10-33e0a8053b32 tempest-VolumeTypesAccessTest-652039450 tempest-VolumeTypesAccessTest-652039450-project-admin] Calling method '_delete' {{(pid=110397) _process_stack /opt/stack/cinder/cinder/api/openstack/wsgi.py:868}}
Mar 03 11:37:55.625458 dv-cinder-831090-7-iscsi devstack@c-api.service[110397]: INFO cinder.api.openstack.wsgi [None req-efe6f83c-4c66-4e1f-af10-33e0a8053b32 tempest-VolumeTypesAccessTest-652039450 tempest-VolumeTypesAccessTest-652039450-project-admin] http://10.222.0.18/volume/v3/a478f80155ff4f6fb95e7d6a71ce595c/types/619f4878-df23-4723-85fe-eb450c7cfe59 returned with HTTP 202
Mar 03 11:37:55.626428 dv-cinder-831090-7-iscsi devstack@c-api.service[110397]: [pid: 110397|app: 0|req: 117/216] 10.222.0.18 () {58 vars in 1321 bytes} [Thu Mar 3 11:37:55 2022] DELETE /volume/v3/a478f80155ff4f6fb95e7d6a71ce595c/types/619f4878-df23-4723-85fe-eb450c7cfe59 => generated 0 bytes in 161 msecs (HTTP/1.1 202) 6 headers in 233 bytes (1 switches on core 0)
Mar 03 11:37:55.632446 dv-cinder-831090-7-iscsi devstack@c-api.service[110398]: DEBUG cinder.api.middleware.request_id [None req-29ed8f86-33de-41a7-83b8-e860267d6322 None None] RequestId filter calling following filter/app {{(pid=110398) _context_setter /opt/stack/cinder/cinder/api/middleware/request_id.py:62}}
Mar 03 11:37:55.635417 dv-cinder-831090-7-iscsi devstack@c-api.service[110398]: INFO cinder.api.openstack.wsgi [None req-29ed8f86-33de-41a7-83b8-e860267d6322 tempest-VolumeTypesAccessTest-652039450 tempest-VolumeTypesAccessTest-652039450-project-admin] GET http://10.222.0.18/volume/v3/a478f80155ff4f6fb95e7d6a71ce595c/types/619f4878-df23-4723-85fe-eb450c7cfe59
Mar 03 11:37:55.635837 dv-cinder-831090-7-iscsi devstack@c-api.service[110398]: DEBUG cinder.api.openstack.wsgi [None req-29ed8f86-33de-41a7-83b8-e860267d6322 tempest-VolumeTypesAccessTest-652039450 tempest-VolumeTypesAccessTest-652039450-project-admin] Empty body provided in request {{(pid=110398) get_body /opt/stack/cinder/cinder/api/openstack/wsgi.py:715}}
Mar 03 11:37:55.636262 dv-cinder-831090-7-iscsi devstack@c-api.service[110398]: DEBUG cinder.api.openstack.wsgi [None req-29ed8f86-33de-41a7-83b8-e860267d6322 tempest-VolumeTypesAccessTest-652039450 tempest-VolumeTypesAccessTest-652039450-project-admin] Calling method 'show' {{(pid=110398) _process_stack /opt/stack/cinder/cinder/api/openstack/wsgi.py:868}}
Mar 03 11:37:55.642204 dv-cinder-831090-7-iscsi devstack@c-api.service[110398]: INFO cinder.api.openstack.wsgi [None req-29ed8f86-33de-41a7-83b8-e860267d6322 tempest-VolumeTypesAccessTest-652039450 tempest-VolumeTypesAccessTest-652039450-project-admin] http://10.222.0.18/volume/v3/a478f80155ff4f6fb95e7d6a71ce595c/types/619f4878-df23-4723-85fe-eb450c7cfe59 returned with HTTP 404
Mar 03 11:37:55.643283 dv-cinder-831090-7-iscsi devstack@c-api.service[110398]: [pid: 110398|app: 0|req: 100/217] 10.222.0.18 () {58 vars in 1318 bytes} [Thu Mar 3 11:37:55 2022] GET /volume/v3/a478f80155ff4f6fb95e7d6a71ce595c/types/619f4878-df23-4723-85fe-eb450c7cfe59 => generated 114 bytes in 13 msecs (HTTP/1.1 404) 7 headers in 292 bytes (1 switches on core 0)
Mar 03 11:37:55.647974 dv-cinder-831090-7-iscsi devstack@c-api.service[110397]: DEBUG cinder.api.middleware.request_id [None req-1d00c5f0-4452-4369-9c6b-2ebd02a070f7 None None] RequestId filter calling following filter/app {{(pid=110397) _context_setter /opt/stack/cinder/cinder/api/middleware/request_id.py:62}}
Mar 03 11:37:55.652740 dv-cinder-831090-7-iscsi devstack@c-api.service[110397]: INFO cinder.api.openstack.wsgi [None req-1d00c5f0-4452-4369-9c6b-2ebd02a070f7 tempest-VolumeTypesAccessTest-337092225 tempest-VolumeTypesAccessTest-337092225-project] DELETE http://10.222.0.18/volume/v3/5ff63729520f4bc2b1c8a4a31bd5ca9a/volumes/152f42ef-9821-40e9-b288-a08a599994bf
Mar 03 11:37:55.653305 dv-cinder-831090-7-iscsi devstack@c-api.service[110397]: DEBUG cinder.api.openstack.wsgi [None req-1d00c5f0-4452-4369-9c6b-2ebd02a070f7 tempest-VolumeTypesAccessTest-337092225 tempest-VolumeTypesAccessTest-337092225-project] Empty body provided in request {{(pid=110397) get_body /opt/stack/cinder/cinder/api/openstack/wsgi.py:715}}
Mar 03 11:37:55.659113 dv-cinder-831090-7-iscsi devstack@c-api.service[110397]: DEBUG cinder.api.openstack.wsgi [None req-1d00c5f0-4452-4369-9c6b-2ebd02a070f7 tempest-VolumeTypesAccessTest-337092225 tempest-VolumeTypesAccessTest-337092225-project] Calling method 'delete' {{(pid=110397) _process_stack /opt/stack/cinder/cinder/api/openstack/wsgi.py:868}}
Mar 03 11:37:55.659113 dv-cinder-831090-7-iscsi devstack@c-api.service[110397]: INFO cinder.api.v3.volumes [None req-1d00c5f0-4452-4369-9c6b-2ebd02a070f7 tempest-VolumeTypesAccessTest-337092225 tempest-VolumeTypesAccessTest-337092225-project] Delete volume with id: 152f42ef-9821-40e9-b288-a08a599994bf
Mar 03 11:37:55.668709 dv-cinder-831090-7-iscsi devstack@c-api.service[110397]: /usr/local/lib/python3.8/dist-packages/oslo_context/context.py:105: DeprecationWarning: Policy enforcement is depending on the value of is_admin. This key is deprecated. Please update your policy file to use the standard policy values.
Mar 03 11:37:55.668709 dv-cinder-831090-7-iscsi devstack@c-api.service[110397]: warnings.warn('Policy enforcement is depending on the value of '
Mar 03 11:37:55.670520 dv-cinder-831090-7-iscsi devstack@c-api.service[110397]: INFO cinder.volume.api [None req-1d00c5f0-4452-4369-9c6b-2ebd02a070f7 tempest-VolumeTypesAccessTest-337092225 tempest-VolumeTypesAccessTest-337092225-project] Volume info retrieved successfully.
Mar 03 11:37:55.847373 dv-cinder-831090-7-iscsi devstack@c-api.service[110397]: INFO cinder.volume.api [None req-1d00c5f0-4452-4369-9c6b-2ebd02a070f7 tempest-VolumeTypesAccessTest-337092225 tempest-VolumeTypesAccessTest-337092225-project] Delete volume request issued successfully.
Mar 03 11:37:55.847839 dv-cinder-831090-7-iscsi devstack@c-api.service[110397]: INFO cinder.api.openstack.wsgi [None req-1d00c5f0-4452-4369-9c6b-2ebd02a070f7 tempest-VolumeTypesAccessTest-337092225 tempest-VolumeTypesAccessTest-337092225-project] http://10.222.0.18/volume/v3/5ff63729520f4bc2b1c8a4a31bd5ca9a/volumes/152f42ef-9821-40e9-b288-a08a599994bf returned with HTTP 202
Mar 03 11:37:55.849000 dv-cinder-831090-7-iscsi devstack@c-api.service[110397]: [pid: 110397|app: 0|req: 118/218] 10.222.0.18 () {58 vars in 1327 bytes} [Thu Mar 3 11:37:55 2022] DELETE /volume/v3/5ff63729520f4bc2b1c8a4a31bd5ca9a/volumes/152f42ef-9821-40e9-b288-a08a599994bf => generated 0 bytes in 202 msecs (HTTP/1.1 202) 6 headers in 233 bytes (1 switches on core 0)
Mar 03 11:37:55.853588 dv-cinder-831090-7-iscsi devstack@c-api.service[110398]: DEBUG cinder.api.middleware.request_id [None req-5009bb4b-124f-4db3-bae4-074d2bcd517e None None] RequestId filter calling following filter/app {{(pid=110398) _context_setter /opt/stack/cinder/cinder/api/middleware/request_id.py:62}}
Mar 03 11:37:55.857859 dv-cinder-831090-7-iscsi devstack@c-api.service[110398]: INFO cinder.api.openstack.wsgi [None req-5009bb4b-124f-4db3-bae4-074d2bcd517e tempest-VolumeTypesAccessTest-337092225 tempest-VolumeTypesAccessTest-337092225-project] GET http://10.222.0.18/volume/v3/5ff63729520f4bc2b1c8a4a31bd5ca9a/volumes/152f42ef-9821-40e9-b288-a08a599994bf
Mar 03 11:37:55.858420 dv-cinder-831090-7-iscsi devstack@c-api.service[110398]: DEBUG cinder.api.openstack.wsgi [None req-5009bb4b-124f-4db3-bae4-074d2bcd517e tempest-VolumeTypesAccessTest-337092225 tempest-VolumeTypesAccessTest-337092225-project] Empty body provided in request {{(pid=110398) get_body /opt/stack/cinder/cinder/api/openstack/wsgi.py:715}}
Mar 03 11:37:55.859502 dv-cinder-831090-7-iscsi devstack@c-api.service[110398]: DEBUG cinder.api.openstack.wsgi [None req-5009bb4b-124f-4db3-bae4-074d2bcd517e tempest-VolumeTypesAccessTest-337092225 tempest-VolumeTypesAccessTest-337092225-project] Calling method 'show' {{(pid=110398) _process_stack /opt/stack/cinder/cinder/api/openstack/wsgi.py:868}}
Mar 03 11:37:55.877505 dv-cinder-831090-7-iscsi devstack@c-api.service[110398]: /usr/local/lib/python3.8/dist-packages/oslo_context/context.py:105: DeprecationWarning: Policy enforcement is depending on the value of is_admin. This key is deprecated. Please update your policy file to use the standard policy values.
Mar 03 11:37:55.877505 dv-cinder-831090-7-iscsi devstack@c-api.service[110398]: warnings.warn('Policy enforcement is depending on the value of '
Mar 03 11:37:55.887446 dv-cinder-831090-7-iscsi devstack@c-api.service[110398]: INFO cinder.volume.api [None req-5009bb4b-124f-4db3-bae4-074d2bcd517e tempest-VolumeTypesAccessTest-337092225 tempest-VolumeTypesAccessTest-337092225-project] Volume info retrieved successfully.
Mar 03 11:37:55.897619 dv-cinder-831090-7-iscsi devstack@c-api.service[110398]: INFO cinder.api.openstack.wsgi [None req-5009bb4b-124f-4db3-bae4-074d2bcd517e tempest-VolumeTypesAccessTest-337092225 tempest-VolumeTypesAccessTest-337092225-project] http://10.222.0.18/volume/v3/5ff63729520f4bc2b1c8a4a31bd5ca9a/volumes/152f42ef-9821-40e9-b288-a08a599994bf returned with HTTP 200
Mar 03 11:37:55.901902 dv-cinder-831090-7-iscsi devstack@c-api.service[110398]: [pid: 110398|app: 0|req: 101/219] 10.222.0.18 () {58 vars in 1324 bytes} [Thu Mar 3 11:37:55 2022] GET /volume/v3/5ff63729520f4bc2b1c8a4a31bd5ca9a/volumes/152f42ef-9821-40e9-b288-a08a599994bf => generated 953 bytes in 46 msecs (HTTP/1.1 200) 7 headers in 285 bytes (1 switches on core 0)
Mar 03 11:37:56.426993 dv-cinder-831090-7-iscsi devstack@c-api.service[110397]: DEBUG cinder.api.middleware.request_id [None req-10ee73b0-60f7-4ac1-a424-0fcd04a7dae3 None None] RequestId filter calling following filter/app {{(pid=110397) _context_setter /opt/stack/cinder/cinder/api/middleware/request_id.py:62}}
Mar 03 11:37:56.430699 dv-cinder-831090-7-iscsi devstack@c-api.service[110397]: INFO cinder.api.openstack.wsgi [None req-10ee73b0-60f7-4ac1-a424-0fcd04a7dae3 tempest-GroupSnapshotsTest-2124004048 tempest-GroupSnapshotsTest-2124004048-project] GET http://10.222.0.18/volume/v3/2a139e9f9ad542bfb351a156c9d386a0/volumes/75813d69-4153-42f3-a1e2-88a4fd17df14
Mar 03 11:37:56.431614 dv-cinder-831090-7-iscsi devstack@c-api.service[110397]: DEBUG cinder.api.openstack.wsgi [None req-10ee73b0-60f7-4ac1-a424-0fcd04a7dae3 tempest-GroupSnapshotsTest-2124004048 tempest-GroupSnapshotsTest-2124004048-project] Empty body provided in request {{(pid=110397) get_body /opt/stack/cinder/cinder/api/openstack/wsgi.py:715}}
Mar 03 11:37:56.432099 dv-cinder-831090-7-iscsi devstack@c-api.service[110397]: DEBUG cinder.api.openstack.wsgi [None req-10ee73b0-60f7-4ac1-a424-0fcd04a7dae3 tempest-GroupSnapshotsTest-2124004048 tempest-GroupSnapshotsTest-2124004048-project] Calling method 'show' {{(pid=110397) _process_stack /opt/stack/cinder/cinder/api/openstack/wsgi.py:868}}
Mar 03 11:37:56.447761 dv-cinder-831090-7-iscsi devstack@c-api.service[110397]: /usr/local/lib/python3.8/dist-packages/oslo_context/context.py:105: DeprecationWarning: Policy enforcement is depending on the value of is_admin. This key is deprecated. Please update your policy file to use the standard policy values.
Mar 03 11:37:56.447761 dv-cinder-831090-7-iscsi devstack@c-api.service[110397]: warnings.warn('Policy enforcement is depending on the value of '
Mar 03 11:37:56.455448 dv-cinder-831090-7-iscsi devstack@c-api.service[110397]: INFO cinder.volume.api [None req-10ee73b0-60f7-4ac1-a424-0fcd04a7dae3 tempest-GroupSnapshotsTest-2124004048 tempest-GroupSnapshotsTest-2124004048-project] Volume info retrieved successfully.
Mar 03 11:37:56.457341 dv-cinder-831090-7-iscsi devstack@c-api.service[110397]: WARNING stevedore.named [None req-10ee73b0-60f7-4ac1-a424-0fcd04a7dae3 tempest-GroupSnapshotsTest-2124004048 tempest-GroupSnapshotsTest-2124004048-project] Could not load cinder.keymgr.conf_key_mgr.ConfKeyManager
Mar 03 11:37:56.457688 dv-cinder-831090-7-iscsi devstack@c-api.service[110397]: WARNING castellan.key_manager [None req-10ee73b0-60f7-4ac1-a424-0fcd04a7dae3 tempest-GroupSnapshotsTest-2124004048 tempest-GroupSnapshotsTest-2124004048-project] Deprecation Warning : cinder.keymgr.conf_key_mgr.ConfKeyManager is not a stevedore based driver, trying to load it as a class: stevedore.exception.NoMatches: No 'castellan.drivers' driver found, looking for 'cinder.keymgr.conf_key_mgr.ConfKeyManager'
Mar 03 11:37:56.464315 dv-cinder-831090-7-iscsi devstack@c-api.service[110397]: DEBUG oslo_db.sqlalchemy.engines [None req-10ee73b0-60f7-4ac1-a424-0fcd04a7dae3 tempest-GroupSnapshotsTest-2124004048 tempest-GroupSnapshotsTest-2124004048-project] MySQL server mode set to STRICT_TRANS_TABLES,STRICT_ALL_TABLES,NO_ZERO_IN_DATE,NO_ZERO_DATE,ERROR_FOR_DIVISION_BY_ZERO,TRADITIONAL,NO_ENGINE_SUBSTITUTION {{(pid=110397) _check_effective_sql_mode /usr/local/lib/python3.8/dist-packages/oslo_db/sqlalchemy/engines.py:314}}
Mar 03 11:37:56.471569 dv-cinder-831090-7-iscsi devstack@c-api.service[110397]: /usr/local/lib/python3.8/dist-packages/oslo_context/context.py:105: DeprecationWarning: Policy enforcement is depending on the value of is_admin. This key is deprecated. Please update your policy file to use the standard policy values.
Mar 03 11:37:56.471569 dv-cinder-831090-7-iscsi devstack@c-api.service[110397]: warnings.warn('Policy enforcement is depending on the value of '
Mar 03 11:37:56.485097 dv-cinder-831090-7-iscsi devstack@c-api.service[110397]: INFO cinder.api.openstack.wsgi [None req-10ee73b0-60f7-4ac1-a424-0fcd04a7dae3 tempest-GroupSnapshotsTest-2124004048 tempest-GroupSnapshotsTest-2124004048-project] http://10.222.0.18/volume/v3/2a139e9f9ad542bfb351a156c9d386a0/volumes/75813d69-4153-42f3-a1e2-88a4fd17df14 returned with HTTP 200
Mar 03 11:37:56.492577 dv-cinder-831090-7-iscsi devstack@c-api.service[110397]: [pid: 110397|app: 0|req: 119/220] 10.222.0.18 () {60 vars in 1365 bytes} [Thu Mar 3 11:37:56 2022] GET /volume/v3/2a139e9f9ad542bfb351a156c9d386a0/volumes/75813d69-4153-42f3-a1e2-88a4fd17df14 => generated 993 bytes in 61 msecs (HTTP/1.1 200) 7 headers in 286 bytes (2 switches on core 0)
Mar 03 11:37:56.497845 dv-cinder-831090-7-iscsi devstack@c-api.service[110398]: DEBUG cinder.api.middleware.request_id [None req-801f03f9-e1d0-47f7-9858-0ca31e212af5 None None] RequestId filter calling following filter/app {{(pid=110398) _context_setter /opt/stack/cinder/cinder/api/middleware/request_id.py:62}}
Mar 03 11:37:56.503367 dv-cinder-831090-7-iscsi devstack@c-api.service[110398]: INFO cinder.api.openstack.wsgi [None req-801f03f9-e1d0-47f7-9858-0ca31e212af5 tempest-GroupSnapshotsTest-2124004048 tempest-GroupSnapshotsTest-2124004048-project] GET http://10.222.0.18/volume/v3/2a139e9f9ad542bfb351a156c9d386a0/groups/be57edc5-a34e-473f-9a9b-551f69008953
Mar 03 11:37:56.503863 dv-cinder-831090-7-iscsi devstack@c-api.service[110398]: DEBUG cinder.api.openstack.wsgi [None req-801f03f9-e1d0-47f7-9858-0ca31e212af5 tempest-GroupSnapshotsTest-2124004048 tempest-GroupSnapshotsTest-2124004048-project] Empty body provided in request {{(pid=110398) get_body /opt/stack/cinder/cinder/api/openstack/wsgi.py:715}}
Mar 03 11:37:56.504320 dv-cinder-831090-7-iscsi devstack@c-api.service[110398]: DEBUG cinder.api.openstack.wsgi [None req-801f03f9-e1d0-47f7-9858-0ca31e212af5 tempest-GroupSnapshotsTest-2124004048 tempest-GroupSnapshotsTest-2124004048-project] Calling method 'version_select' {{(pid=110398) _process_stack /opt/stack/cinder/cinder/api/openstack/wsgi.py:868}}
Mar 03 11:37:56.505205 dv-cinder-831090-7-iscsi devstack@c-api.service[110398]: DEBUG cinder.api.v3.groups [None req-801f03f9-e1d0-47f7-9858-0ca31e212af5 tempest-GroupSnapshotsTest-2124004048 tempest-GroupSnapshotsTest-2124004048-project] show called for member be57edc5-a34e-473f-9a9b-551f69008953 {{(pid=110398) show /opt/stack/cinder/cinder/api/v3/groups.py:58}}
Mar 03 11:37:56.511559 dv-cinder-831090-7-iscsi devstack@c-api.service[110398]: /usr/local/lib/python3.8/dist-packages/oslo_context/context.py:105: DeprecationWarning: Policy enforcement is depending on the value of is_admin. This key is deprecated. Please update your policy file to use the standard policy values.
Mar 03 11:37:56.511559 dv-cinder-831090-7-iscsi devstack@c-api.service[110398]: warnings.warn('Policy enforcement is depending on the value of '
Mar 03 11:37:56.531816 dv-cinder-831090-7-iscsi devstack@c-api.service[110398]: INFO cinder.api.openstack.wsgi [None req-801f03f9-e1d0-47f7-9858-0ca31e212af5 tempest-GroupSnapshotsTest-2124004048 tempest-GroupSnapshotsTest-2124004048-project] http://10.222.0.18/volume/v3/2a139e9f9ad542bfb351a156c9d386a0/groups/be57edc5-a34e-473f-9a9b-551f69008953 returned with HTTP 200
Mar 03 11:37:56.538563 dv-cinder-831090-7-iscsi devstack@c-api.service[110398]: [pid: 110398|app: 0|req: 102/221] 10.222.0.18 () {60 vars in 1362 bytes} [Thu Mar 3 11:37:56 2022] GET /volume/v3/2a139e9f9ad542bfb351a156c9d386a0/groups/be57edc5-a34e-473f-9a9b-551f69008953 => generated 417 bytes in 42 msecs (HTTP/1.1 200) 7 headers in 286 bytes (2 switches on core 0)
Mar 03 11:37:56.542614 dv-cinder-831090-7-iscsi devstack@c-api.service[110397]: DEBUG cinder.api.middleware.request_id [None req-6f521e70-015f-4978-91e2-6605e6f1d8a5 None None] RequestId filter calling following filter/app {{(pid=110397) _context_setter /opt/stack/cinder/cinder/api/middleware/request_id.py:62}}
Mar 03 11:37:56.546794 dv-cinder-831090-7-iscsi devstack@c-api.service[110397]: INFO cinder.api.openstack.wsgi [None req-6f521e70-015f-4978-91e2-6605e6f1d8a5 tempest-GroupSnapshotsTest-2124004048 tempest-GroupSnapshotsTest-2124004048-project] GET http://10.222.0.18/volume/v3/2a139e9f9ad542bfb351a156c9d386a0/volumes/detail
Mar 03 11:37:56.547369 dv-cinder-831090-7-iscsi devstack@c-api.service[110397]: DEBUG cinder.api.openstack.wsgi [None req-6f521e70-015f-4978-91e2-6605e6f1d8a5 tempest-GroupSnapshotsTest-2124004048 tempest-GroupSnapshotsTest-2124004048-project] Empty body provided in request {{(pid=110397) get_body /opt/stack/cinder/cinder/api/openstack/wsgi.py:715}}
Mar 03 11:37:56.547859 dv-cinder-831090-7-iscsi devstack@c-api.service[110397]: DEBUG cinder.api.openstack.wsgi [None req-6f521e70-015f-4978-91e2-6605e6f1d8a5 tempest-GroupSnapshotsTest-2124004048 tempest-GroupSnapshotsTest-2124004048-project] Calling method 'detail' {{(pid=110397) _process_stack /opt/stack/cinder/cinder/api/openstack/wsgi.py:868}}
Mar 03 11:37:56.548607 dv-cinder-831090-7-iscsi devstack@c-api.service[110397]: DEBUG cinder.api.api_utils [None req-6f521e70-015f-4978-91e2-6605e6f1d8a5 tempest-GroupSnapshotsTest-2124004048 tempest-GroupSnapshotsTest-2124004048-project] Removing options '' from query. {{(pid=110397) remove_invalid_filter_options /opt/stack/cinder/cinder/api/api_utils.py:73}}
Mar 03 11:37:56.550647 dv-cinder-831090-7-iscsi devstack@c-api.service[110397]: DEBUG cinder.volume.api [None req-6f521e70-015f-4978-91e2-6605e6f1d8a5 tempest-GroupSnapshotsTest-2124004048 tempest-GroupSnapshotsTest-2124004048-project] Searching by: MultiDict([('no_migration_targets', True)]). {{(pid=110397) get_all /opt/stack/cinder/cinder/volume/api.py:662}}
Mar 03 11:37:56.760456 dv-cinder-831090-7-iscsi devstack@c-api.service[110397]: INFO cinder.volume.api [None req-6f521e70-015f-4978-91e2-6605e6f1d8a5 tempest-GroupSnapshotsTest-2124004048 tempest-GroupSnapshotsTest-2124004048-project] Get all volumes completed successfully.
Mar 03 11:37:56.762001 dv-cinder-831090-7-iscsi devstack@c-api.service[110397]: WARNING stevedore.named [None req-6f521e70-015f-4978-91e2-6605e6f1d8a5 tempest-GroupSnapshotsTest-2124004048 tempest-GroupSnapshotsTest-2124004048-project] Could not load cinder.keymgr.conf_key_mgr.ConfKeyManager
Mar 03 11:37:56.762558 dv-cinder-831090-7-iscsi devstack@c-api.service[110397]: WARNING castellan.key_manager [None req-6f521e70-015f-4978-91e2-6605e6f1d8a5 tempest-GroupSnapshotsTest-2124004048 tempest-GroupSnapshotsTest-2124004048-project] Deprecation Warning : cinder.keymgr.conf_key_mgr.ConfKeyManager is not a stevedore based driver, trying to load it as a class: stevedore.exception.NoMatches: No 'castellan.drivers' driver found, looking for 'cinder.keymgr.conf_key_mgr.ConfKeyManager'
Mar 03 11:37:56.771774 dv-cinder-831090-7-iscsi devstack@c-api.service[110397]: DEBUG oslo_db.sqlalchemy.engines [None req-6f521e70-015f-4978-91e2-6605e6f1d8a5 tempest-GroupSnapshotsTest-2124004048 tempest-GroupSnapshotsTest-2124004048-project] MySQL server mode set to STRICT_TRANS_TABLES,STRICT_ALL_TABLES,NO_ZERO_IN_DATE,NO_ZERO_DATE,ERROR_FOR_DIVISION_BY_ZERO,TRADITIONAL,NO_ENGINE_SUBSTITUTION {{(pid=110397) _check_effective_sql_mode /usr/local/lib/python3.8/dist-packages/oslo_db/sqlalchemy/engines.py:314}}
Mar 03 11:37:56.777798 dv-cinder-831090-7-iscsi devstack@c-api.service[110397]: /usr/local/lib/python3.8/dist-packages/oslo_context/context.py:105: DeprecationWarning: Policy enforcement is depending on the value of is_admin. This key is deprecated. Please update your policy file to use the standard policy values.
Mar 03 11:37:56.777798 dv-cinder-831090-7-iscsi devstack@c-api.service[110397]: warnings.warn('Policy enforcement is depending on the value of '
Mar 03 11:37:56.785794 dv-cinder-831090-7-iscsi devstack@c-api.service[110397]: WARNING stevedore.named [None req-6f521e70-015f-4978-91e2-6605e6f1d8a5 tempest-GroupSnapshotsTest-2124004048 tempest-GroupSnapshotsTest-2124004048-project] Could not load cinder.keymgr.conf_key_mgr.ConfKeyManager
Mar 03 11:37:56.786494 dv-cinder-831090-7-iscsi devstack@c-api.service[110397]: WARNING castellan.key_manager [None req-6f521e70-015f-4978-91e2-6605e6f1d8a5 tempest-GroupSnapshotsTest-2124004048 tempest-GroupSnapshotsTest-2124004048-project] Deprecation Warning : cinder.keymgr.conf_key_mgr.ConfKeyManager is not a stevedore based driver, trying to load it as a class: stevedore.exception.NoMatches: No 'castellan.drivers' driver found, looking for 'cinder.keymgr.conf_key_mgr.ConfKeyManager'
Mar 03 11:37:56.797982 dv-cinder-831090-7-iscsi devstack@c-api.service[110397]: DEBUG oslo_db.sqlalchemy.engines [None req-6f521e70-015f-4978-91e2-6605e6f1d8a5 tempest-GroupSnapshotsTest-2124004048 tempest-GroupSnapshotsTest-2124004048-project] MySQL server mode set to STRICT_TRANS_TABLES,STRICT_ALL_TABLES,NO_ZERO_IN_DATE,NO_ZERO_DATE,ERROR_FOR_DIVISION_BY_ZERO,TRADITIONAL,NO_ENGINE_SUBSTITUTION {{(pid=110397) _check_effective_sql_mode /usr/local/lib/python3.8/dist-packages/oslo_db/sqlalchemy/engines.py:314}}
Mar 03 11:37:56.805158 dv-cinder-831090-7-iscsi devstack@c-api.service[110397]: /usr/local/lib/python3.8/dist-packages/oslo_context/context.py:105: DeprecationWarning: Policy enforcement is depending on the value of is_admin. This key is deprecated. Please update your policy file to use the standard policy values.
Mar 03 11:37:56.805158 dv-cinder-831090-7-iscsi devstack@c-api.service[110397]: warnings.warn('Policy enforcement is depending on the value of '
Mar 03 11:37:56.819468 dv-cinder-831090-7-iscsi devstack@c-api.service[110397]: INFO cinder.api.openstack.wsgi [None req-6f521e70-015f-4978-91e2-6605e6f1d8a5 tempest-GroupSnapshotsTest-2124004048 tempest-GroupSnapshotsTest-2124004048-project] http://10.222.0.18/volume/v3/2a139e9f9ad542bfb351a156c9d386a0/volumes/detail returned with HTTP 200
Mar 03 11:37:56.820443 dv-cinder-831090-7-iscsi devstack@c-api.service[110397]: [pid: 110397|app: 0|req: 120/222] 10.222.0.18 () {60 vars in 1275 bytes} [Thu Mar 3 11:37:56 2022] GET /volume/v3/2a139e9f9ad542bfb351a156c9d386a0/volumes/detail => generated 1986 bytes in 279 msecs (HTTP/1.1 200) 7 headers in 287 bytes (2 switches on core 0)
Mar 03 11:37:56.832469 dv-cinder-831090-7-iscsi devstack@c-api.service[110398]: DEBUG cinder.api.middleware.request_id [None req-12dbe584-1e55-4a0d-91e2-72ecc04bb880 None None] RequestId filter calling following filter/app {{(pid=110398) _context_setter /opt/stack/cinder/cinder/api/middleware/request_id.py:62}}
Mar 03 11:37:56.836300 dv-cinder-831090-7-iscsi devstack@c-api.service[110398]: INFO cinder.api.openstack.wsgi [None req-12dbe584-1e55-4a0d-91e2-72ecc04bb880 tempest-GroupSnapshotsTest-2124004048 tempest-GroupSnapshotsTest-2124004048-project] POST http://10.222.0.18/volume/v3/2a139e9f9ad542bfb351a156c9d386a0/groups/be57edc5-a34e-473f-9a9b-551f69008953/action
Mar 03 11:37:56.837585 dv-cinder-831090-7-iscsi devstack@c-api.service[110398]: DEBUG cinder.api.openstack.wsgi [None req-12dbe584-1e55-4a0d-91e2-72ecc04bb880 tempest-GroupSnapshotsTest-2124004048 tempest-GroupSnapshotsTest-2124004048-project] Action body: b'{"delete": {"delete-volumes": true}}' {{(pid=110398) get_method /opt/stack/cinder/cinder/api/openstack/wsgi.py:983}}
Mar 03 11:37:56.837913 dv-cinder-831090-7-iscsi devstack@c-api.service[110398]: DEBUG cinder.api.openstack.wsgi [None req-12dbe584-1e55-4a0d-91e2-72ecc04bb880 tempest-GroupSnapshotsTest-2124004048 tempest-GroupSnapshotsTest-2124004048-project] Action: 'action', calling method: delete_group, body: {"delete": {"delete-volumes": true}} {{(pid=110398) _process_stack /opt/stack/cinder/cinder/api/openstack/wsgi.py:866}}
Mar 03 11:37:56.838699 dv-cinder-831090-7-iscsi devstack@c-api.service[110398]: DEBUG cinder.api.v3.groups [None req-12dbe584-1e55-4a0d-91e2-72ecc04bb880 tempest-GroupSnapshotsTest-2124004048 tempest-GroupSnapshotsTest-2124004048-project] delete called for group be57edc5-a34e-473f-9a9b-551f69008953 {{(pid=110398) _delete /opt/stack/cinder/cinder/api/v3/groups.py:117}}
Mar 03 11:37:56.838987 dv-cinder-831090-7-iscsi devstack@c-api.service[110398]: INFO cinder.api.v3.groups [None req-12dbe584-1e55-4a0d-91e2-72ecc04bb880 tempest-GroupSnapshotsTest-2124004048 tempest-GroupSnapshotsTest-2124004048-project] Delete group with id: be57edc5-a34e-473f-9a9b-551f69008953
Mar 03 11:37:56.847767 dv-cinder-831090-7-iscsi devstack@c-api.service[110398]: /usr/local/lib/python3.8/dist-packages/oslo_context/context.py:105: DeprecationWarning: Policy enforcement is depending on the value of is_admin. This key is deprecated. Please update your policy file to use the standard policy values.
Mar 03 11:37:56.847767 dv-cinder-831090-7-iscsi devstack@c-api.service[110398]: warnings.warn('Policy enforcement is depending on the value of '
Mar 03 11:37:56.911477 dv-cinder-831090-7-iscsi devstack@c-api.service[110397]: DEBUG cinder.api.middleware.request_id [None req-c2e5f814-50e9-4d8e-b1e7-c2eb7388c139 None None] RequestId filter calling following filter/app {{(pid=110397) _context_setter /opt/stack/cinder/cinder/api/middleware/request_id.py:62}}
Mar 03 11:37:56.916643 dv-cinder-831090-7-iscsi devstack@c-api.service[110397]: INFO cinder.api.openstack.wsgi [None req-c2e5f814-50e9-4d8e-b1e7-c2eb7388c139 tempest-VolumeTypesAccessTest-337092225 tempest-VolumeTypesAccessTest-337092225-project] GET http://10.222.0.18/volume/v3/5ff63729520f4bc2b1c8a4a31bd5ca9a/volumes/152f42ef-9821-40e9-b288-a08a599994bf
Mar 03 11:37:56.917120 dv-cinder-831090-7-iscsi devstack@c-api.service[110397]: DEBUG cinder.api.openstack.wsgi [None req-c2e5f814-50e9-4d8e-b1e7-c2eb7388c139 tempest-VolumeTypesAccessTest-337092225 tempest-VolumeTypesAccessTest-337092225-project] Empty body provided in request {{(pid=110397) get_body /opt/stack/cinder/cinder/api/openstack/wsgi.py:715}}
Mar 03 11:37:56.917863 dv-cinder-831090-7-iscsi devstack@c-api.service[110397]: DEBUG cinder.api.openstack.wsgi [None req-c2e5f814-50e9-4d8e-b1e7-c2eb7388c139 tempest-VolumeTypesAccessTest-337092225 tempest-VolumeTypesAccessTest-337092225-project] Calling method 'show' {{(pid=110397) _process_stack /opt/stack/cinder/cinder/api/openstack/wsgi.py:868}}
Mar 03 11:37:56.931779 dv-cinder-831090-7-iscsi devstack@c-api.service[110397]: INFO cinder.api.openstack.wsgi [None req-c2e5f814-50e9-4d8e-b1e7-c2eb7388c139 tempest-VolumeTypesAccessTest-337092225 tempest-VolumeTypesAccessTest-337092225-project] http://10.222.0.18/volume/v3/5ff63729520f4bc2b1c8a4a31bd5ca9a/volumes/152f42ef-9821-40e9-b288-a08a599994bf returned with HTTP 404
Mar 03 11:37:56.933705 dv-cinder-831090-7-iscsi devstack@c-api.service[110397]: [pid: 110397|app: 0|req: 121/223] 10.222.0.18 () {58 vars in 1324 bytes} [Thu Mar 3 11:37:56 2022] GET /volume/v3/5ff63729520f4bc2b1c8a4a31bd5ca9a/volumes/152f42ef-9821-40e9-b288-a08a599994bf => generated 109 bytes in 24 msecs (HTTP/1.1 404) 7 headers in 292 bytes (2 switches on core 0)
Mar 03 11:37:56.938274 dv-cinder-831090-7-iscsi devstack@c-api.service[110397]: DEBUG cinder.api.middleware.request_id [None req-112a326f-65d5-4c46-b20d-75b472a4bf48 None None] RequestId filter calling following filter/app {{(pid=110397) _context_setter /opt/stack/cinder/cinder/api/middleware/request_id.py:62}}
Mar 03 11:37:56.948529 dv-cinder-831090-7-iscsi devstack@c-api.service[110397]: INFO cinder.api.openstack.wsgi [None req-112a326f-65d5-4c46-b20d-75b472a4bf48 tempest-VolumeTypesAccessTest-652039450 tempest-VolumeTypesAccessTest-652039450-project-admin] DELETE http://10.222.0.18/volume/v3/a478f80155ff4f6fb95e7d6a71ce595c/types/90273f65-348d-451f-a355-48f601b8a40e
Mar 03 11:37:56.948529 dv-cinder-831090-7-iscsi devstack@c-api.service[110397]: DEBUG cinder.api.openstack.wsgi [None req-112a326f-65d5-4c46-b20d-75b472a4bf48 tempest-VolumeTypesAccessTest-652039450 tempest-VolumeTypesAccessTest-652039450-project-admin] Empty body provided in request {{(pid=110397) get_body /opt/stack/cinder/cinder/api/openstack/wsgi.py:715}}
Mar 03 11:37:56.948529 dv-cinder-831090-7-iscsi devstack@c-api.service[110397]: DEBUG cinder.api.openstack.wsgi [None req-112a326f-65d5-4c46-b20d-75b472a4bf48 tempest-VolumeTypesAccessTest-652039450 tempest-VolumeTypesAccessTest-652039450-project-admin] Calling method '_delete' {{(pid=110397) _process_stack /opt/stack/cinder/cinder/api/openstack/wsgi.py:868}}
Mar 03 11:37:57.072297 dv-cinder-831090-7-iscsi devstack@c-api.service[110397]: INFO cinder.api.openstack.wsgi [None req-112a326f-65d5-4c46-b20d-75b472a4bf48 tempest-VolumeTypesAccessTest-652039450 tempest-VolumeTypesAccessTest-652039450-project-admin] http://10.222.0.18/volume/v3/a478f80155ff4f6fb95e7d6a71ce595c/types/90273f65-348d-451f-a355-48f601b8a40e returned with HTTP 202
Mar 03 11:37:57.074027 dv-cinder-831090-7-iscsi devstack@c-api.service[110398]: INFO cinder.api.openstack.wsgi [None req-12dbe584-1e55-4a0d-91e2-72ecc04bb880 tempest-GroupSnapshotsTest-2124004048 tempest-GroupSnapshotsTest-2124004048-project] http://10.222.0.18/volume/v3/2a139e9f9ad542bfb351a156c9d386a0/groups/be57edc5-a34e-473f-9a9b-551f69008953/action returned with HTTP 202
Mar 03 11:37:57.076890 dv-cinder-831090-7-iscsi devstack@c-api.service[110398]: [pid: 110398|app: 0|req: 103/224] 10.222.0.18 () {62 vars in 1404 bytes} [Thu Mar 3 11:37:56 2022] POST /volume/v3/2a139e9f9ad542bfb351a156c9d386a0/groups/be57edc5-a34e-473f-9a9b-551f69008953/action => generated 0 bytes in 245 msecs (HTTP/1.1 202) 6 headers in 234 bytes (1 switches on core 0)
Mar 03 11:37:57.078776 dv-cinder-831090-7-iscsi devstack@c-api.service[110398]: DEBUG cinder.api.middleware.request_id [None req-33d63fdd-39d0-49ff-844c-5444aba2f61f None None] RequestId filter calling following filter/app {{(pid=110398) _context_setter /opt/stack/cinder/cinder/api/middleware/request_id.py:62}}
Mar 03 11:37:57.080263 dv-cinder-831090-7-iscsi devstack@c-api.service[110397]: [pid: 110397|app: 0|req: 122/225] 10.222.0.18 () {58 vars in 1321 bytes} [Thu Mar 3 11:37:56 2022] DELETE /volume/v3/a478f80155ff4f6fb95e7d6a71ce595c/types/90273f65-348d-451f-a355-48f601b8a40e => generated 0 bytes in 143 msecs (HTTP/1.1 202) 6 headers in 233 bytes (1 switches on core 0)
Mar 03 11:37:57.081836 dv-cinder-831090-7-iscsi devstack@c-api.service[110397]: DEBUG cinder.api.middleware.request_id [None req-dfad735a-20c7-4a95-a681-9609a5409ee0 None None] RequestId filter calling following filter/app {{(pid=110397) _context_setter /opt/stack/cinder/cinder/api/middleware/request_id.py:62}}
Mar 03 11:37:57.086258 dv-cinder-831090-7-iscsi devstack@c-api.service[110398]: INFO cinder.api.openstack.wsgi [None req-33d63fdd-39d0-49ff-844c-5444aba2f61f tempest-DeleteServersTestJSON-860315814 tempest-DeleteServersTestJSON-860315814-project] POST http://10.222.0.18/volume/v3/eee96cf926c94e0cba953eb2860745d2/volumes
Mar 03 11:37:57.086258 dv-cinder-831090-7-iscsi devstack@c-api.service[110398]: DEBUG cinder.api.openstack.wsgi [None req-33d63fdd-39d0-49ff-844c-5444aba2f61f tempest-DeleteServersTestJSON-860315814 tempest-DeleteServersTestJSON-860315814-project] Action: 'create', calling method: create, body: {"volume": {"size": 1, "display_name": "tempest-DeleteServersTestJSON-volume-1338383691"}} {{(pid=110398) _process_stack /opt/stack/cinder/cinder/api/openstack/wsgi.py:866}}
Mar 03 11:37:57.086448 dv-cinder-831090-7-iscsi devstack@c-api.service[110397]: INFO cinder.api.openstack.wsgi [None req-dfad735a-20c7-4a95-a681-9609a5409ee0 tempest-VolumeTypesAccessTest-652039450 tempest-VolumeTypesAccessTest-652039450-project-admin] GET http://10.222.0.18/volume/v3/a478f80155ff4f6fb95e7d6a71ce595c/types/90273f65-348d-451f-a355-48f601b8a40e
Mar 03 11:37:57.086448 dv-cinder-831090-7-iscsi devstack@c-api.service[110397]: DEBUG cinder.api.openstack.wsgi [None req-dfad735a-20c7-4a95-a681-9609a5409ee0 tempest-VolumeTypesAccessTest-652039450 tempest-VolumeTypesAccessTest-652039450-project-admin] Empty body provided in request {{(pid=110397) get_body /opt/stack/cinder/cinder/api/openstack/wsgi.py:715}}
Mar 03 11:37:57.087218 dv-cinder-831090-7-iscsi devstack@c-api.service[110398]: DEBUG cinder.api.v3.volumes [None req-33d63fdd-39d0-49ff-844c-5444aba2f61f tempest-DeleteServersTestJSON-860315814 tempest-DeleteServersTestJSON-860315814-project] Create volume request body: {'volume': {'size': 1, 'display_name': 'tempest-DeleteServersTestJSON-volume-1338383691'}} {{(pid=110398) create /opt/stack/cinder/cinder/api/v3/volumes.py:298}}
Mar 03 11:37:57.087575 dv-cinder-831090-7-iscsi devstack@c-api.service[110397]: DEBUG cinder.api.openstack.wsgi [None req-dfad735a-20c7-4a95-a681-9609a5409ee0 tempest-VolumeTypesAccessTest-652039450 tempest-VolumeTypesAccessTest-652039450-project-admin] Calling method 'show' {{(pid=110397) _process_stack /opt/stack/cinder/cinder/api/openstack/wsgi.py:868}}
Mar 03 11:37:57.087949 dv-cinder-831090-7-iscsi devstack@c-api.service[110398]: INFO cinder.api.v3.volumes [None req-33d63fdd-39d0-49ff-844c-5444aba2f61f tempest-DeleteServersTestJSON-860315814 tempest-DeleteServersTestJSON-860315814-project] Create volume of 1 GB
Mar 03 11:37:57.097651 dv-cinder-831090-7-iscsi devstack@c-api.service[110398]: INFO cinder.volume.api [None req-33d63fdd-39d0-49ff-844c-5444aba2f61f tempest-DeleteServersTestJSON-860315814 tempest-DeleteServersTestJSON-860315814-project] Availability Zones retrieved successfully.
Mar 03 11:37:57.098124 dv-cinder-831090-7-iscsi devstack@c-api.service[110397]: INFO cinder.api.openstack.wsgi [None req-dfad735a-20c7-4a95-a681-9609a5409ee0 tempest-VolumeTypesAccessTest-652039450 tempest-VolumeTypesAccessTest-652039450-project-admin] http://10.222.0.18/volume/v3/a478f80155ff4f6fb95e7d6a71ce595c/types/90273f65-348d-451f-a355-48f601b8a40e returned with HTTP 404
Mar 03 11:37:57.104218 dv-cinder-831090-7-iscsi devstack@c-api.service[110397]: [pid: 110397|app: 0|req: 123/226] 10.222.0.18 () {58 vars in 1318 bytes} [Thu Mar 3 11:37:57 2022] GET /volume/v3/a478f80155ff4f6fb95e7d6a71ce595c/types/90273f65-348d-451f-a355-48f601b8a40e => generated 114 bytes in 23 msecs (HTTP/1.1 404) 7 headers in 292 bytes (1 switches on core 0)
