Mar 03 06:26:56.983554 dv-cinder-831090-6-iscsi devstack@n-api.service[102833]: [pid: 102833|app: 0|req: 12/25] 10.222.0.31 () {64 vars in 1282 bytes} [Thu Mar 3 06:26:56 2022] POST /compute/v2.1/flavors => generated 405 bytes in 158 msecs (HTTP/1.1 200) 9 headers in 359 bytes (2 switches on core 0)
Mar 03 06:26:57.005699 dv-cinder-831090-6-iscsi devstack@n-api.service[102832]: DEBUG nova.api.openstack.wsgi [None req-77a1b534-407b-4321-9b2e-2b9922165e5b admin admin] Action: 'create', calling method: >, body: {"extra_specs": {"hw_rng:allowed": "True"}} {{(pid=102832) _process_stack /opt/stack/nova/nova/api/openstack/wsgi.py:511}}
Mar 03 06:26:57.088617 dv-cinder-831090-6-iscsi devstack@n-api.service[102832]: INFO nova.api.openstack.requestlog [None req-77a1b534-407b-4321-9b2e-2b9922165e5b admin admin] 10.222.0.31 "POST /compute/v2.1/flavors/2/os-extra_specs" status: 200 len: 43 microversion: 2.61 time: 0.093541
Mar 03 06:26:57.089657 dv-cinder-831090-6-iscsi devstack@n-api.service[102832]: [pid: 102832|app: 0|req: 14/26] 10.222.0.31 () {64 vars in 1332 bytes} [Thu Mar 3 06:26:56 2022] POST /compute/v2.1/flavors/2/os-extra_specs => generated 43 bytes in 96 msecs (HTTP/1.1 200) 9 headers in 358 bytes (2 switches on core 0)
Mar 03 06:26:59.426356 dv-cinder-831090-6-iscsi devstack@n-api.service[102833]: DEBUG nova.api.openstack.wsgi [None req-def9adf8-1a93-4d60-af21-d396c5cfa6b1 admin admin] Calling method '>' {{(pid=102833) _process_stack /opt/stack/nova/nova/api/openstack/wsgi.py:513}}
Mar 03 06:26:59.427368 dv-cinder-831090-6-iscsi devstack@n-api.service[102833]: INFO nova.api.openstack.requestlog [None req-def9adf8-1a93-4d60-af21-d396c5cfa6b1 admin admin] 10.222.0.31 "GET /compute/v2.1" status: 200 len: 388 microversion: 2.1 time: 0.001563
Mar 03 06:26:59.427961 dv-cinder-831090-6-iscsi devstack@n-api.service[102833]: [pid: 102833|app: 0|req: 13/27] 10.222.0.31 () {54 vars in 930 bytes} [Thu Mar 3 06:26:59 2022] GET /compute/v2.1 => generated 388 bytes in 2 msecs (HTTP/1.1 200) 9 headers in 357 bytes (1 switches on core 0)
Mar 03 06:26:59.484318 dv-cinder-831090-6-iscsi devstack@n-api.service[102832]: DEBUG nova.api.openstack.wsgi [None req-bac83ba1-7413-4b79-ba4e-7f1b27992e48 admin admin] Action: 'create', calling method: >, body: {"flavor": {"disk": 40, "swap": 0, "os-flavor-access:is_public": true, "ram": 4096, "id": "3", "rxtx_factor": 1.0, "OS-FLV-EXT-DATA:ephemeral": 0, "vcpus": 2, "name": "m1.medium"}} {{(pid=102832) _process_stack /opt/stack/nova/nova/api/openstack/wsgi.py:511}}
Mar 03 06:26:59.543388 dv-cinder-831090-6-iscsi devstack@n-api.service[102832]: INFO nova.api.openstack.requestlog [None req-bac83ba1-7413-4b79-ba4e-7f1b27992e48 admin admin] 10.222.0.31 "POST /compute/v2.1/flavors" status: 200 len: 406 microversion: 2.61 time: 0.109907
Mar 03 06:26:59.543948 dv-cinder-831090-6-iscsi devstack@n-api.service[102832]: [pid: 102832|app: 0|req: 15/28] 10.222.0.31 () {64 vars in 1282 bytes} [Thu Mar 3 06:26:59 2022] POST /compute/v2.1/flavors => generated 406 bytes in 111 msecs (HTTP/1.1 200) 9 headers in 359 bytes (2 switches on core 0)
Mar 03 06:26:59.555678 dv-cinder-831090-6-iscsi devstack@n-api.service[102833]: DEBUG nova.api.openstack.wsgi [None req-9a1fb109-fb3e-45ef-bf44-fa21a167c2a7 admin admin] Action: 'create', calling method: >, body: {"extra_specs": {"hw_rng:allowed": "True"}} {{(pid=102833) _process_stack /opt/stack/nova/nova/api/openstack/wsgi.py:511}}
Mar 03 06:26:59.626362 dv-cinder-831090-6-iscsi devstack@n-api.service[102833]: INFO nova.api.openstack.requestlog [None req-9a1fb109-fb3e-45ef-bf44-fa21a167c2a7 admin admin] 10.222.0.31 "POST /compute/v2.1/flavors/3/os-extra_specs" status: 200 len: 43 microversion: 2.61 time: 0.074334
Mar 03 06:26:59.626981 dv-cinder-831090-6-iscsi devstack@n-api.service[102833]: [pid: 102833|app: 0|req: 14/29] 10.222.0.31 () {64 vars in 1332 bytes} [Thu Mar 3 06:26:59 2022] POST /compute/v2.1/flavors/3/os-extra_specs => generated 43 bytes in 76 msecs (HTTP/1.1 200) 9 headers in 358 bytes (1 switches on core 0)
Mar 03 06:27:01.985282 dv-cinder-831090-6-iscsi devstack@n-api.service[102832]: DEBUG nova.api.openstack.wsgi [None req-bac83ba1-7413-4b79-ba4e-7f1b27992e48 admin admin] Calling method '>' {{(pid=102832) _process_stack /opt/stack/nova/nova/api/openstack/wsgi.py:513}}
Mar 03 06:27:01.987154 dv-cinder-831090-6-iscsi devstack@n-api.service[102832]: INFO nova.api.openstack.requestlog [None req-bac83ba1-7413-4b79-ba4e-7f1b27992e48 admin admin] 10.222.0.31 "GET /compute/v2.1" status: 200 len: 388 microversion: 2.1 time: 0.002288
Mar 03 06:27:01.989914 dv-cinder-831090-6-iscsi devstack@n-api.service[102832]: [pid: 102832|app: 0|req: 16/30] 10.222.0.31 () {54 vars in 930 bytes} [Thu Mar 3 06:27:01 2022] GET /compute/v2.1 => generated 388 bytes in 5 msecs (HTTP/1.1 200) 9 headers in 357 bytes (1 switches on core 0)
Mar 03 06:27:02.053228 dv-cinder-831090-6-iscsi devstack@n-api.service[102833]: DEBUG nova.api.openstack.wsgi [None req-383e5674-9f97-4c2b-8dc1-516c1702db9e admin admin] Action: 'create', calling method: >, body: {"flavor": {"disk": 80, "rxtx_factor": 1.0, "vcpus": 4, "os-flavor-access:is_public": true, "swap": 0, "OS-FLV-EXT-DATA:ephemeral": 0, "ram": 8192, "id": "4", "name": "m1.large"}} {{(pid=102833) _process_stack /opt/stack/nova/nova/api/openstack/wsgi.py:511}}
Mar 03 06:27:02.140569 dv-cinder-831090-6-iscsi devstack@n-api.service[102833]: INFO nova.api.openstack.requestlog [None req-383e5674-9f97-4c2b-8dc1-516c1702db9e admin admin] 10.222.0.31 "POST /compute/v2.1/flavors" status: 200 len: 405 microversion: 2.61 time: 0.146128
Mar 03 06:27:02.141746 dv-cinder-831090-6-iscsi devstack@n-api.service[102833]: [pid: 102833|app: 0|req: 15/31] 10.222.0.31 () {64 vars in 1282 bytes} [Thu Mar 3 06:27:01 2022] POST /compute/v2.1/flavors => generated 405 bytes in 148 msecs (HTTP/1.1 200) 9 headers in 359 bytes (1 switches on core 0)
Mar 03 06:27:02.156004 dv-cinder-831090-6-iscsi devstack@n-api.service[102832]: DEBUG nova.api.openstack.wsgi [None req-f3f0c46b-5701-4518-97b1-e7b93d6fa7ab admin admin] Action: 'create', calling method: >, body: {"extra_specs": {"hw_rng:allowed": "True"}} {{(pid=102832) _process_stack /opt/stack/nova/nova/api/openstack/wsgi.py:511}}
Mar 03 06:27:02.247165 dv-cinder-831090-6-iscsi devstack@n-api.service[102832]: INFO nova.api.openstack.requestlog [None req-f3f0c46b-5701-4518-97b1-e7b93d6fa7ab admin admin] 10.222.0.31 "POST /compute/v2.1/flavors/4/os-extra_specs" status: 200 len: 43 microversion: 2.61 time: 0.096605
Mar 03 06:27:02.248193 dv-cinder-831090-6-iscsi devstack@n-api.service[102832]: [pid: 102832|app: 0|req: 17/32] 10.222.0.31 () {64 vars in 1332 bytes} [Thu Mar 3 06:27:02 2022] POST /compute/v2.1/flavors/4/os-extra_specs => generated 43 bytes in 98 msecs (HTTP/1.1 200) 9 headers in 358 bytes (1 switches on core 0)
Mar 03 06:27:04.619539 dv-cinder-831090-6-iscsi devstack@n-api.service[102833]: DEBUG nova.api.openstack.wsgi [None req-383e5674-9f97-4c2b-8dc1-516c1702db9e admin admin] Calling method '>' {{(pid=102833) _process_stack /opt/stack/nova/nova/api/openstack/wsgi.py:513}}
Mar 03 06:27:04.621508 dv-cinder-831090-6-iscsi devstack@n-api.service[102833]: INFO nova.api.openstack.requestlog [None req-383e5674-9f97-4c2b-8dc1-516c1702db9e admin admin] 10.222.0.31 "GET /compute/v2.1" status: 200 len: 388 microversion: 2.1 time: 0.002405
Mar 03 06:27:04.621954 dv-cinder-831090-6-iscsi devstack@n-api.service[102833]: [pid: 102833|app: 0|req: 16/33] 10.222.0.31 () {54 vars in 930 bytes} [Thu Mar 3 06:27:04 2022] GET /compute/v2.1 => generated 388 bytes in 3 msecs (HTTP/1.1 200) 9 headers in 357 bytes (1 switches on core 0)
Mar 03 06:27:04.685307 dv-cinder-831090-6-iscsi devstack@n-api.service[102832]: DEBUG nova.api.openstack.wsgi [None req-e2d219ee-d4ca-4fc6-89df-82bbb3bf1eae admin admin] Action: 'create', calling method: >, body: {"flavor": {"ram": 16384, "disk": 160, "OS-FLV-EXT-DATA:ephemeral": 0, "vcpus": 8, "rxtx_factor": 1.0, "id": "5", "swap": 0, "name": "m1.xlarge", "os-flavor-access:is_public": true}} {{(pid=102832) _process_stack /opt/stack/nova/nova/api/openstack/wsgi.py:511}}
Mar 03 06:27:04.764100 dv-cinder-831090-6-iscsi devstack@n-api.service[102832]: INFO nova.api.openstack.requestlog [None req-e2d219ee-d4ca-4fc6-89df-82bbb3bf1eae admin admin] 10.222.0.31 "POST /compute/v2.1/flavors" status: 200 len: 408 microversion: 2.61 time: 0.135661
Mar 03 06:27:04.764684 dv-cinder-831090-6-iscsi devstack@n-api.service[102832]: [pid: 102832|app: 0|req: 18/34] 10.222.0.31 () {64 vars in 1282 bytes} [Thu Mar 3 06:27:04 2022] POST /compute/v2.1/flavors => generated 408 bytes in 137 msecs (HTTP/1.1 200) 9 headers in 359 bytes (2 switches on core 0)
Mar 03 06:27:04.777142 dv-cinder-831090-6-iscsi devstack@n-api.service[102833]: DEBUG nova.api.openstack.wsgi [None req-ce3bdad0-5ab9-403d-a516-3c3b1e719639 admin admin] Action: 'create', calling method: >, body: {"extra_specs": {"hw_rng:allowed": "True"}} {{(pid=102833) _process_stack /opt/stack/nova/nova/api/openstack/wsgi.py:511}}
Mar 03 06:27:04.858886 dv-cinder-831090-6-iscsi devstack@n-api.service[102833]: INFO nova.api.openstack.requestlog [None req-ce3bdad0-5ab9-403d-a516-3c3b1e719639 admin admin] 10.222.0.31 "POST /compute/v2.1/flavors/5/os-extra_specs" status: 200 len: 43 microversion: 2.61 time: 0.085320
Mar 03 06:27:04.874138 dv-cinder-831090-6-iscsi devstack@n-api.service[102833]: [pid: 102833|app: 0|req: 17/35] 10.222.0.31 () {64 vars in 1332 bytes} [Thu Mar 3 06:27:04 2022] POST /compute/v2.1/flavors/5/os-extra_specs => generated 43 bytes in 101 msecs (HTTP/1.1 200) 9 headers in 358 bytes (2 switches on core 0)
Mar 03 06:27:27.755318 dv-cinder-831090-6-iscsi devstack@n-api.service[102832]: DEBUG nova.api.openstack.wsgi [None req-e2d219ee-d4ca-4fc6-89df-82bbb3bf1eae admin admin] Calling method '>' {{(pid=102832) _process_stack /opt/stack/nova/nova/api/openstack/wsgi.py:513}}
Mar 03 06:27:27.756312 dv-cinder-831090-6-iscsi devstack@n-api.service[102832]: INFO nova.api.openstack.requestlog [None req-e2d219ee-d4ca-4fc6-89df-82bbb3bf1eae admin admin] 10.222.0.31 "GET /compute/v2.1" status: 200 len: 388 microversion: 2.1 time: 0.001420
Mar 03 06:27:27.756712 dv-cinder-831090-6-iscsi devstack@n-api.service[102832]: [pid: 102832|app: 0|req: 19/36] 10.222.0.31 () {54 vars in 930 bytes} [Thu Mar 3 06:27:27 2022] GET /compute/v2.1 => generated 388 bytes in 3 msecs (HTTP/1.1 200) 9 headers in 357 bytes (1 switches on core 0)
Mar 03 06:27:27.822557 dv-cinder-831090-6-iscsi devstack@n-api.service[102833]: DEBUG nova.api.openstack.wsgi [None req-77bbbc69-9916-440c-8079-4f3aab921323 admin admin] Calling method '>' {{(pid=102833) _process_stack /opt/stack/nova/nova/api/openstack/wsgi.py:513}}
Mar 03 06:27:27.841173 dv-cinder-831090-6-iscsi devstack@n-api.service[102833]: INFO nova.api.openstack.requestlog [None req-77bbbc69-9916-440c-8079-4f3aab921323 admin admin] 10.222.0.31 "GET /compute/v2.1/flavors/detail?is_public=True" status: 200 len: 4202 microversion: 2.61 time: 0.078671
Mar 03 06:27:27.841755 dv-cinder-831090-6-iscsi devstack@n-api.service[102833]: [pid: 102833|app: 0|req: 18/37] 10.222.0.31 () {60 vars in 1291 bytes} [Thu Mar 3 06:27:27 2022] GET /compute/v2.1/flavors/detail?is_public=True => generated 4202 bytes in 80 msecs (HTTP/1.1 200) 9 headers in 360 bytes (1 switches on core 0)
Mar 03 06:27:29.249548 dv-cinder-831090-6-iscsi devstack@n-api.service[102832]: DEBUG nova.api.openstack.wsgi [None req-e2d219ee-d4ca-4fc6-89df-82bbb3bf1eae admin admin] Calling method '>' {{(pid=102832) _process_stack /opt/stack/nova/nova/api/openstack/wsgi.py:513}}
Mar 03 06:27:29.250587 dv-cinder-831090-6-iscsi devstack@n-api.service[102832]: INFO nova.api.openstack.requestlog [None req-e2d219ee-d4ca-4fc6-89df-82bbb3bf1eae admin admin] 10.222.0.31 "GET /compute/v2.1" status: 200 len: 388 microversion: 2.1 time: 0.001476
Mar 03 06:27:29.250987 dv-cinder-831090-6-iscsi devstack@n-api.service[102832]: [pid: 102832|app: 0|req: 20/38] 10.222.0.31 () {56 vars in 1074 bytes} [Thu Mar 3 06:27:29 2022] GET /compute/v2.1 => generated 388 bytes in 2 msecs (HTTP/1.1 200) 9 headers in 357 bytes (1 switches on core 0)
Mar 03 06:27:29.459018 dv-cinder-831090-6-iscsi devstack@n-api.service[102833]: DEBUG nova.api.openstack.wsgi [None req-50409e2b-ce5a-4dc8-a281-9fde6ba8b226 admin admin] Calling method '>' {{(pid=102833) _process_stack /opt/stack/nova/nova/api/openstack/wsgi.py:513}}
Mar 03 06:27:29.464436 dv-cinder-831090-6-iscsi devstack@n-api.service[102833]: INFO nova.api.openstack.wsgi [None req-50409e2b-ce5a-4dc8-a281-9fde6ba8b226 admin admin] HTTP exception thrown: Flavor 42 could not be found.
Mar 03 06:27:29.465054 dv-cinder-831090-6-iscsi devstack@n-api.service[102833]: DEBUG nova.api.openstack.wsgi [None req-50409e2b-ce5a-4dc8-a281-9fde6ba8b226 admin admin] Returning 404 to user: Flavor 42 could not be found. {{(pid=102833) __call__ /opt/stack/nova/nova/api/openstack/wsgi.py:936}}
Mar 03 06:27:29.465875 dv-cinder-831090-6-iscsi devstack@n-api.service[102833]: INFO nova.api.openstack.requestlog [None req-50409e2b-ce5a-4dc8-a281-9fde6ba8b226 admin admin] 10.222.0.31 "GET /compute/v2.1/flavors/42" status: 404 len: 75 microversion: 2.90 time: 0.058168
Mar 03 06:27:29.466381 dv-cinder-831090-6-iscsi devstack@n-api.service[102833]: [pid: 102833|app: 0|req: 19/39] 10.222.0.31 () {60 vars in 1190 bytes} [Thu Mar 3 06:27:29 2022] GET /compute/v2.1/flavors/42 => generated 75 bytes in 59 msecs (HTTP/1.1 404) 9 headers in 380 bytes (1 switches on core 0)
Mar 03 06:27:29.475747 dv-cinder-831090-6-iscsi devstack@n-api.service[102832]: DEBUG nova.api.openstack.wsgi [None req-057bb8a1-585a-4419-a891-85fb9036fe6c admin admin] Calling method '>' {{(pid=102832) _process_stack /opt/stack/nova/nova/api/openstack/wsgi.py:513}}
Mar 03 06:27:29.496206 dv-cinder-831090-6-iscsi devstack@n-api.service[102832]: INFO nova.api.openstack.requestlog [None req-057bb8a1-585a-4419-a891-85fb9036fe6c admin admin] 10.222.0.31 "GET /compute/v2.1/flavors?is_public=None" status: 200 len: 2056 microversion: 2.90 time: 0.024059
Mar 03 06:27:29.496726 dv-cinder-831090-6-iscsi devstack@n-api.service[102832]: [pid: 102832|app: 0|req: 21/40] 10.222.0.31 () {60 vars in 1210 bytes} [Thu Mar 3 06:27:29 2022] GET /compute/v2.1/flavors?is_public=None => generated 2056 bytes in 25 msecs (HTTP/1.1 200) 9 headers in 360 bytes (1 switches on core 0)
Mar 03 06:27:29.506583 dv-cinder-831090-6-iscsi devstack@n-api.service[102833]: DEBUG nova.api.openstack.wsgi [None req-7b7bb108-2ef0-469f-b2f5-e6800b757048 admin admin] Calling method '>' {{(pid=102833) _process_stack /opt/stack/nova/nova/api/openstack/wsgi.py:513}}
Mar 03 06:27:29.527139 dv-cinder-831090-6-iscsi devstack@n-api.service[102833]: INFO nova.api.openstack.requestlog [None req-7b7bb108-2ef0-469f-b2f5-e6800b757048 admin admin] 10.222.0.31 "GET /compute/v2.1/flavors?is_public=None" status: 200 len: 2056 microversion: 2.90 time: 0.024609
Mar 03 06:27:29.527667 dv-cinder-831090-6-iscsi devstack@n-api.service[102833]: [pid: 102833|app: 0|req: 20/41] 10.222.0.31 () {60 vars in 1210 bytes} [Thu Mar 3 06:27:29 2022] GET /compute/v2.1/flavors?is_public=None => generated 2056 bytes in 26 msecs (HTTP/1.1 200) 9 headers in 360 bytes (1 switches on core 0)
Mar 03 06:27:29.537085 dv-cinder-831090-6-iscsi devstack@n-api.service[102832]: DEBUG nova.api.openstack.wsgi [None req-0e208037-5ad6-443d-a0d8-b7dcd399516c admin admin] Calling method '>' {{(pid=102832) _process_stack /opt/stack/nova/nova/api/openstack/wsgi.py:513}}
Mar 03 06:27:29.542329 dv-cinder-831090-6-iscsi devstack@n-api.service[102832]: INFO nova.api.openstack.wsgi [None req-0e208037-5ad6-443d-a0d8-b7dcd399516c admin admin] HTTP exception thrown: Flavor 42 could not be found.
Mar 03 06:27:29.542884 dv-cinder-831090-6-iscsi devstack@n-api.service[102832]: DEBUG nova.api.openstack.wsgi [None req-0e208037-5ad6-443d-a0d8-b7dcd399516c admin admin] Returning 404 to user: Flavor 42 could not be found. {{(pid=102832) __call__ /opt/stack/nova/nova/api/openstack/wsgi.py:936}}
Mar 03 06:27:29.543667 dv-cinder-831090-6-iscsi devstack@n-api.service[102832]: INFO nova.api.openstack.requestlog [None req-0e208037-5ad6-443d-a0d8-b7dcd399516c admin admin] 10.222.0.31 "GET /compute/v2.1/flavors/42" status: 404 len: 75 microversion: 2.90 time: 0.010581
Mar 03 06:27:29.544153 dv-cinder-831090-6-iscsi devstack@n-api.service[102832]: [pid: 102832|app: 0|req: 22/42] 10.222.0.31 () {60 vars in 1190 bytes} [Thu Mar 3 06:27:29 2022] GET /compute/v2.1/flavors/42 => generated 75 bytes in 11 msecs (HTTP/1.1 404) 9 headers in 380 bytes (1 switches on core 0)
Mar 03 06:27:30.836644 dv-cinder-831090-6-iscsi devstack@n-api.service[102833]: DEBUG nova.api.openstack.wsgi [None req-7b7bb108-2ef0-469f-b2f5-e6800b757048 admin admin] Calling method '>' {{(pid=102833) _process_stack /opt/stack/nova/nova/api/openstack/wsgi.py:513}}
Mar 03 06:27:30.837680 dv-cinder-831090-6-iscsi devstack@n-api.service[102833]: INFO nova.api.openstack.requestlog [None req-7b7bb108-2ef0-469f-b2f5-e6800b757048 admin admin] 10.222.0.31 "GET /compute/v2.1" status: 200 len: 388 microversion: 2.1 time: 0.001422
Mar 03 06:27:30.838076 dv-cinder-831090-6-iscsi devstack@n-api.service[102833]: [pid: 102833|app: 0|req: 21/43] 10.222.0.31 () {56 vars in 1074 bytes} [Thu Mar 3 06:27:30 2022] GET /compute/v2.1 => generated 388 bytes in 2 msecs (HTTP/1.1 200) 9 headers in 357 bytes (1 switches on core 0)
Mar 03 06:27:31.027560 dv-cinder-831090-6-iscsi devstack@n-api.service[102832]: DEBUG nova.api.openstack.wsgi [None req-8b278be8-b8f4-4949-a87e-c9ad56b4778e admin admin] Calling method '>' {{(pid=102832) _process_stack /opt/stack/nova/nova/api/openstack/wsgi.py:513}}
Mar 03 06:27:31.032866 dv-cinder-831090-6-iscsi devstack@n-api.service[102832]: INFO nova.api.openstack.wsgi [None req-8b278be8-b8f4-4949-a87e-c9ad56b4778e admin admin] HTTP exception thrown: Flavor 84 could not be found.
Mar 03 06:27:31.033427 dv-cinder-831090-6-iscsi devstack@n-api.service[102832]: DEBUG nova.api.openstack.wsgi [None req-8b278be8-b8f4-4949-a87e-c9ad56b4778e admin admin] Returning 404 to user: Flavor 84 could not be found. {{(pid=102832) __call__ /opt/stack/nova/nova/api/openstack/wsgi.py:936}}
Mar 03 06:27:31.034275 dv-cinder-831090-6-iscsi devstack@n-api.service[102832]: INFO nova.api.openstack.requestlog [None req-8b278be8-b8f4-4949-a87e-c9ad56b4778e admin admin] 10.222.0.31 "GET /compute/v2.1/flavors/84" status: 404 len: 75 microversion: 2.90 time: 0.060868
Mar 03 06:27:31.035282 dv-cinder-831090-6-iscsi devstack@n-api.service[102832]: [pid: 102832|app: 0|req: 23/44] 10.222.0.31 () {60 vars in 1190 bytes} [Thu Mar 3 06:27:30 2022] GET /compute/v2.1/flavors/84 => generated 75 bytes in 62 msecs (HTTP/1.1 404) 9 headers in 380 bytes (1 switches on core 0)
Mar 03 06:27:31.044663 dv-cinder-831090-6-iscsi devstack@n-api.service[102833]: DEBUG nova.api.openstack.wsgi [None req-32a307cc-7b19-41e4-b006-06c7873d81cc admin admin] Calling method '>' {{(pid=102833) _process_stack /opt/stack/nova/nova/api/openstack/wsgi.py:513}}
Mar 03 06:27:31.058694 dv-cinder-831090-6-iscsi devstack@n-api.service[102833]: INFO nova.api.openstack.requestlog [None req-32a307cc-7b19-41e4-b006-06c7873d81cc admin admin] 10.222.0.31 "GET /compute/v2.1/flavors?is_public=None" status: 200 len: 2056 microversion: 2.90 time: 0.017601
Mar 03 06:27:31.059163 dv-cinder-831090-6-iscsi devstack@n-api.service[102833]: [pid: 102833|app: 0|req: 22/45] 10.222.0.31 () {60 vars in 1210 bytes} [Thu Mar 3 06:27:31 2022] GET /compute/v2.1/flavors?is_public=None => generated 2056 bytes in 19 msecs (HTTP/1.1 200) 9 headers in 360 bytes (2 switches on core 0)
Mar 03 06:27:31.068160 dv-cinder-831090-6-iscsi devstack@n-api.service[102832]: DEBUG nova.api.openstack.wsgi [None req-eeab7739-5f66-4d37-9d95-e5de164c63f1 admin admin] Calling method '>' {{(pid=102832) _process_stack /opt/stack/nova/nova/api/openstack/wsgi.py:513}}
Mar 03 06:27:31.081502 dv-cinder-831090-6-iscsi devstack@n-api.service[102832]: INFO nova.api.openstack.requestlog [None req-eeab7739-5f66-4d37-9d95-e5de164c63f1 admin admin] 10.222.0.31 "GET /compute/v2.1/flavors?is_public=None" status: 200 len: 2056 microversion: 2.90 time: 0.016742
Mar 03 06:27:31.082069 dv-cinder-831090-6-iscsi devstack@n-api.service[102832]: [pid: 102832|app: 0|req: 24/46] 10.222.0.31 () {60 vars in 1210 bytes} [Thu Mar 3 06:27:31 2022] GET /compute/v2.1/flavors?is_public=None => generated 2056 bytes in 18 msecs (HTTP/1.1 200) 9 headers in 360 bytes (1 switches on core 0)
Mar 03 06:27:31.090843 dv-cinder-831090-6-iscsi devstack@n-api.service[102833]: DEBUG nova.api.openstack.wsgi [None req-225f8e71-b554-4e8d-9e7e-be274e54fce7 admin admin] Calling method '>' {{(pid=102833) _process_stack /opt/stack/nova/nova/api/openstack/wsgi.py:513}}
Mar 03 06:27:31.095888 dv-cinder-831090-6-iscsi devstack@n-api.service[102833]: INFO nova.api.openstack.wsgi [None req-225f8e71-b554-4e8d-9e7e-be274e54fce7 admin admin] HTTP exception thrown: Flavor 84 could not be found.
Mar 03 06:27:31.096448 dv-cinder-831090-6-iscsi devstack@n-api.service[102833]: DEBUG nova.api.openstack.wsgi [None req-225f8e71-b554-4e8d-9e7e-be274e54fce7 admin admin] Returning 404 to user: Flavor 84 could not be found. {{(pid=102833) __call__ /opt/stack/nova/nova/api/openstack/wsgi.py:936}}
Mar 03 06:27:31.097762 dv-cinder-831090-6-iscsi devstack@n-api.service[102833]: INFO nova.api.openstack.requestlog [None req-225f8e71-b554-4e8d-9e7e-be274e54fce7 admin admin] 10.222.0.31 "GET /compute/v2.1/flavors/84" status: 404 len: 75 microversion: 2.90 time: 0.009871
Mar 03 06:27:31.098245 dv-cinder-831090-6-iscsi devstack@n-api.service[102833]: [pid: 102833|app: 0|req: 23/47] 10.222.0.31 () {60 vars in 1190 bytes} [Thu Mar 3 06:27:31 2022] GET /compute/v2.1/flavors/84 => generated 75 bytes in 11 msecs (HTTP/1.1 404) 9 headers in 380 bytes (1 switches on core 0)
Mar 03 06:27:32.353433 dv-cinder-831090-6-iscsi devstack@n-api.service[102832]: DEBUG nova.api.openstack.wsgi [None req-eeab7739-5f66-4d37-9d95-e5de164c63f1 admin admin] Calling method '>' {{(pid=102832) _process_stack /opt/stack/nova/nova/api/openstack/wsgi.py:513}}
Mar 03 06:27:32.354530 dv-cinder-831090-6-iscsi devstack@n-api.service[102832]: INFO nova.api.openstack.requestlog [None req-eeab7739-5f66-4d37-9d95-e5de164c63f1 admin admin] 10.222.0.31 "GET /compute/v2.1" status: 200 len: 388 microversion: 2.1 time: 0.001480
Mar 03 06:27:32.354909 dv-cinder-831090-6-iscsi devstack@n-api.service[102832]: [pid: 102832|app: 0|req: 25/48] 10.222.0.31 () {56 vars in 1074 bytes} [Thu Mar 3 06:27:32 2022] GET /compute/v2.1 => generated 388 bytes in 2 msecs (HTTP/1.1 200) 9 headers in 357 bytes (1 switches on core 0)
Mar 03 06:27:32.541347 dv-cinder-831090-6-iscsi devstack@n-api.service[102833]: DEBUG nova.api.openstack.wsgi [None req-85a52c5a-b762-4954-acea-b2eb9bb1770b admin admin] Calling method '>' {{(pid=102833) _process_stack /opt/stack/nova/nova/api/openstack/wsgi.py:513}}
Mar 03 06:27:32.546436 dv-cinder-831090-6-iscsi devstack@n-api.service[102833]: INFO nova.api.openstack.wsgi [None req-85a52c5a-b762-4954-acea-b2eb9bb1770b admin admin] HTTP exception thrown: Flavor 451 could not be found.
Mar 03 06:27:32.546995 dv-cinder-831090-6-iscsi devstack@n-api.service[102833]: DEBUG nova.api.openstack.wsgi [None req-85a52c5a-b762-4954-acea-b2eb9bb1770b admin admin] Returning 404 to user: Flavor 451 could not be found. {{(pid=102833) __call__ /opt/stack/nova/nova/api/openstack/wsgi.py:936}}
Mar 03 06:27:32.547787 dv-cinder-831090-6-iscsi devstack@n-api.service[102833]: INFO nova.api.openstack.requestlog [None req-85a52c5a-b762-4954-acea-b2eb9bb1770b admin admin] 10.222.0.31 "GET /compute/v2.1/flavors/451" status: 404 len: 76 microversion: 2.90 time: 0.056722
Mar 03 06:27:32.548283 dv-cinder-831090-6-iscsi devstack@n-api.service[102833]: [pid: 102833|app: 0|req: 24/49] 10.222.0.31 () {60 vars in 1193 bytes} [Thu Mar 3 06:27:32 2022] GET /compute/v2.1/flavors/451 => generated 76 bytes in 58 msecs (HTTP/1.1 404) 9 headers in 380 bytes (1 switches on core 0)
Mar 03 06:27:32.557990 dv-cinder-831090-6-iscsi devstack@n-api.service[102832]: DEBUG nova.api.openstack.wsgi [None req-bfb52b62-4983-4e9c-98a3-43b55f5ccda4 admin admin] Calling method '>' {{(pid=102832) _process_stack /opt/stack/nova/nova/api/openstack/wsgi.py:513}}
Mar 03 06:27:32.571101 dv-cinder-831090-6-iscsi devstack@n-api.service[102832]: INFO nova.api.openstack.requestlog [None req-bfb52b62-4983-4e9c-98a3-43b55f5ccda4 admin admin] 10.222.0.31 "GET /compute/v2.1/flavors?is_public=None" status: 200 len: 2056 microversion: 2.90 time: 0.016654
Mar 03 06:27:32.571618 dv-cinder-831090-6-iscsi devstack@n-api.service[102832]: [pid: 102832|app: 0|req: 26/50] 10.222.0.31 () {60 vars in 1210 bytes} [Thu Mar 3 06:27:32 2022] GET /compute/v2.1/flavors?is_public=None => generated 2056 bytes in 18 msecs (HTTP/1.1 200) 9 headers in 360 bytes (1 switches on core 0)
Mar 03 06:27:32.582217 dv-cinder-831090-6-iscsi devstack@n-api.service[102833]: DEBUG nova.api.openstack.wsgi [None req-d46b9229-07a4-46ef-92ac-7cb3cfecc355 admin admin] Calling method '>' {{(pid=102833) _process_stack /opt/stack/nova/nova/api/openstack/wsgi.py:513}}
Mar 03 06:27:32.595045 dv-cinder-831090-6-iscsi devstack@n-api.service[102833]: INFO nova.api.openstack.requestlog [None req-d46b9229-07a4-46ef-92ac-7cb3cfecc355 admin admin] 10.222.0.31 "GET /compute/v2.1/flavors?is_public=None" status: 200 len: 2056 microversion: 2.90 time: 0.018036
Mar 03 06:27:32.595532 dv-cinder-831090-6-iscsi devstack@n-api.service[102833]: [pid: 102833|app: 0|req: 25/51] 10.222.0.31 () {60 vars in 1210 bytes} [Thu Mar 3 06:27:32 2022] GET /compute/v2.1/flavors?is_public=None => generated 2056 bytes in 19 msecs (HTTP/1.1 200) 9 headers in 360 bytes (2 switches on core 0)
Mar 03 06:27:32.604926 dv-cinder-831090-6-iscsi devstack@n-api.service[102832]: DEBUG nova.api.openstack.wsgi [None req-63b55b32-5a53-49dc-b653-e1ab816a7ff4 admin admin] Calling method '>' {{(pid=102832) _process_stack /opt/stack/nova/nova/api/openstack/wsgi.py:513}}
Mar 03 06:27:32.610238 dv-cinder-831090-6-iscsi devstack@n-api.service[102832]: INFO nova.api.openstack.wsgi [None req-63b55b32-5a53-49dc-b653-e1ab816a7ff4 admin admin] HTTP exception thrown: Flavor 451 could not be found.
Mar 03 06:27:32.610799 dv-cinder-831090-6-iscsi devstack@n-api.service[102832]: DEBUG nova.api.openstack.wsgi [None req-63b55b32-5a53-49dc-b653-e1ab816a7ff4 admin admin] Returning 404 to user: Flavor 451 could not be found. {{(pid=102832) __call__ /opt/stack/nova/nova/api/openstack/wsgi.py:936}}
Mar 03 06:27:32.611596 dv-cinder-831090-6-iscsi devstack@n-api.service[102832]: INFO nova.api.openstack.requestlog [None req-63b55b32-5a53-49dc-b653-e1ab816a7ff4 admin admin] 10.222.0.31 "GET /compute/v2.1/flavors/451" status: 404 len: 76 microversion: 2.90 time: 0.010213
Mar 03 06:27:32.612108 dv-cinder-831090-6-iscsi devstack@n-api.service[102832]: [pid: 102832|app: 0|req: 27/52] 10.222.0.31 () {60 vars in 1193 bytes} [Thu Mar 3 06:27:32 2022] GET /compute/v2.1/flavors/451 => generated 76 bytes in 11 msecs (HTTP/1.1 404) 9 headers in 380 bytes (2 switches on core 0)
Mar 03 06:27:33.877963 dv-cinder-831090-6-iscsi devstack@n-api.service[102833]: DEBUG nova.api.openstack.wsgi [None req-d46b9229-07a4-46ef-92ac-7cb3cfecc355 admin admin] Calling method '>' {{(pid=102833) _process_stack /opt/stack/nova/nova/api/openstack/wsgi.py:513}}
Mar 03 06:27:33.879672 dv-cinder-831090-6-iscsi devstack@n-api.service[102833]: INFO nova.api.openstack.requestlog [None req-d46b9229-07a4-46ef-92ac-7cb3cfecc355 admin admin] 10.222.0.31 "GET /compute/v2.1" status: 200 len: 388 microversion: 2.1 time: 0.002151
Mar 03 06:27:33.880062 dv-cinder-831090-6-iscsi devstack@n-api.service[102833]: [pid: 102833|app: 0|req: 26/53] 10.222.0.31 () {56 vars in 1074 bytes} [Thu Mar 3 06:27:33 2022] GET /compute/v2.1 => generated 388 bytes in 3 msecs (HTTP/1.1 200) 9 headers in 357 bytes (1 switches on core 0)
Mar 03 06:27:34.065466 dv-cinder-831090-6-iscsi devstack@n-api.service[102832]: DEBUG nova.api.openstack.wsgi [None req-06b812df-3a73-4da9-b5f8-94d356299365 admin admin] Action: 'create', calling method: >, body: {"flavor": {"name": "m1.nano", "ram": 256, "vcpus": 1, "disk": 1, "id": "42", "swap": 0, "OS-FLV-EXT-DATA:ephemeral": 0, "rxtx_factor": 1.0, "os-flavor-access:is_public": true}} {{(pid=102832) _process_stack /opt/stack/nova/nova/api/openstack/wsgi.py:511}}
Mar 03 06:27:34.163822 dv-cinder-831090-6-iscsi devstack@n-api.service[102832]: INFO nova.api.openstack.requestlog [None req-06b812df-3a73-4da9-b5f8-94d356299365 admin admin] 10.222.0.31 "POST /compute/v2.1/flavors" status: 200 len: 404 microversion: 2.90 time: 0.148935
Mar 03 06:27:34.164285 dv-cinder-831090-6-iscsi devstack@n-api.service[102832]: [pid: 102832|app: 0|req: 28/54] 10.222.0.31 () {64 vars in 1235 bytes} [Thu Mar 3 06:27:34 2022] POST /compute/v2.1/flavors => generated 404 bytes in 150 msecs (HTTP/1.1 200) 9 headers in 359 bytes (2 switches on core 0)
Mar 03 06:27:35.418012 dv-cinder-831090-6-iscsi devstack@n-api.service[102833]: DEBUG nova.api.openstack.wsgi [None req-d46b9229-07a4-46ef-92ac-7cb3cfecc355 admin admin] Calling method '>' {{(pid=102833) _process_stack /opt/stack/nova/nova/api/openstack/wsgi.py:513}}
Mar 03 06:27:35.419018 dv-cinder-831090-6-iscsi devstack@n-api.service[102833]: INFO nova.api.openstack.requestlog [None req-d46b9229-07a4-46ef-92ac-7cb3cfecc355 admin admin] 10.222.0.31 "GET /compute/v2.1" status: 200 len: 388 microversion: 2.1 time: 0.001489
Mar 03 06:27:35.419438 dv-cinder-831090-6-iscsi devstack@n-api.service[102833]: [pid: 102833|app: 0|req: 27/55] 10.222.0.31 () {56 vars in 1074 bytes} [Thu Mar 3 06:27:35 2022] GET /compute/v2.1 => generated 388 bytes in 2 msecs (HTTP/1.1 200) 9 headers in 357 bytes (1 switches on core 0)
Mar 03 06:27:35.605508 dv-cinder-831090-6-iscsi devstack@n-api.service[102832]: DEBUG nova.api.openstack.wsgi [None req-63edf969-e851-46b9-9f0d-4bb6f5687c44 admin admin] Action: 'create', calling method: >, body: {"flavor": {"name": "m1.micro", "ram": 256, "vcpus": 1, "disk": 2, "id": "84", "swap": 0, "OS-FLV-EXT-DATA:ephemeral": 0, "rxtx_factor": 1.0, "os-flavor-access:is_public": true}} {{(pid=102832) _process_stack /opt/stack/nova/nova/api/openstack/wsgi.py:511}}
Mar 03 06:27:35.687707 dv-cinder-831090-6-iscsi devstack@n-api.service[102832]: INFO nova.api.openstack.requestlog [None req-63edf969-e851-46b9-9f0d-4bb6f5687c44 admin admin] 10.222.0.31 "POST /compute/v2.1/flavors" status: 200 len: 405 microversion: 2.90 time: 0.132250
Mar 03 06:27:35.688245 dv-cinder-831090-6-iscsi devstack@n-api.service[102832]: [pid: 102832|app: 0|req: 29/56] 10.222.0.31 () {64 vars in 1235 bytes} [Thu Mar 3 06:27:35 2022] POST /compute/v2.1/flavors => generated 405 bytes in 133 msecs (HTTP/1.1 200) 9 headers in 359 bytes (1 switches on core 0)
Mar 03 06:27:36.959431 dv-cinder-831090-6-iscsi devstack@n-api.service[102833]: DEBUG nova.api.openstack.wsgi [None req-d46b9229-07a4-46ef-92ac-7cb3cfecc355 admin admin] Calling method '>' {{(pid=102833) _process_stack /opt/stack/nova/nova/api/openstack/wsgi.py:513}}
Mar 03 06:27:36.960454 dv-cinder-831090-6-iscsi devstack@n-api.service[102833]: INFO nova.api.openstack.requestlog [None req-d46b9229-07a4-46ef-92ac-7cb3cfecc355 admin admin] 10.222.0.31 "GET /compute/v2.1" status: 200 len: 388 microversion: 2.1 time: 0.001432
Mar 03 06:27:36.960917 dv-cinder-831090-6-iscsi devstack@n-api.service[102833]: [pid: 102833|app: 0|req: 28/57] 10.222.0.31 () {56 vars in 1074 bytes} [Thu Mar 3 06:27:36 2022] GET /compute/v2.1 => generated 388 bytes in 2 msecs (HTTP/1.1 200) 9 headers in 357 bytes (1 switches on core 0)
Mar 03 06:27:37.153963 dv-cinder-831090-6-iscsi devstack@n-api.service[102832]: DEBUG nova.api.openstack.wsgi [None req-26ed7b91-dcd5-4c9b-906f-5ebe1724f28d admin admin] Action: 'create', calling method: >, body: {"flavor": {"name": "m1.heat", "ram": 512, "vcpus": 1, "disk": 1, "id": "451", "swap": 0, "OS-FLV-EXT-DATA:ephemeral": 0, "rxtx_factor": 1.0, "os-flavor-access:is_public": true}} {{(pid=102832) _process_stack /opt/stack/nova/nova/api/openstack/wsgi.py:511}}
Mar 03 06:27:37.230350 dv-cinder-831090-6-iscsi devstack@n-api.service[102832]: INFO nova.api.openstack.requestlog [None req-26ed7b91-dcd5-4c9b-906f-5ebe1724f28d admin admin] 10.222.0.31 "POST /compute/v2.1/flavors" status: 200 len: 407 microversion: 2.90 time: 0.130357
Mar 03 06:27:37.230818 dv-cinder-831090-6-iscsi devstack@n-api.service[102832]: [pid: 102832|app: 0|req: 30/58] 10.222.0.31 () {64 vars in 1235 bytes} [Thu Mar 3 06:27:37 2022] POST /compute/v2.1/flavors => generated 407 bytes in 132 msecs (HTTP/1.1 200) 9 headers in 359 bytes (1 switches on core 0)
Mar 03 06:27:38.494420 dv-cinder-831090-6-iscsi devstack@n-api.service[102833]: DEBUG nova.api.openstack.wsgi [None req-d46b9229-07a4-46ef-92ac-7cb3cfecc355 admin admin] Calling method '>' {{(pid=102833) _process_stack /opt/stack/nova/nova/api/openstack/wsgi.py:513}}
Mar 03 06:27:38.495450 dv-cinder-831090-6-iscsi devstack@n-api.service[102833]: INFO nova.api.openstack.requestlog [None req-d46b9229-07a4-46ef-92ac-7cb3cfecc355 admin admin] 10.222.0.31 "GET /compute/v2.1" status: 200 len: 388 microversion: 2.1 time: 0.001421
Mar 03 06:27:38.495846 dv-cinder-831090-6-iscsi devstack@n-api.service[102833]: [pid: 102833|app: 0|req: 29/59] 10.222.0.31 () {56 vars in 1074 bytes} [Thu Mar 3 06:27:38 2022] GET /compute/v2.1 => generated 388 bytes in 2 msecs (HTTP/1.1 200) 9 headers in 357 bytes (1 switches on core 0)
Mar 03 06:27:38.682615 dv-cinder-831090-6-iscsi devstack@n-api.service[102832]: DEBUG nova.api.openstack.wsgi [None req-4c12513c-88cd-40b6-92e0-06fce8df0ae5 admin admin] Action: 'create', calling method: >, body: {"flavor": {"name": "m1.heat2", "ram": 1024, "vcpus": 1, "disk": 1, "id": "452", "swap": 0, "OS-FLV-EXT-DATA:ephemeral": 0, "rxtx_factor": 1.0, "os-flavor-access:is_public": true}} {{(pid=102832) _process_stack /opt/stack/nova/nova/api/openstack/wsgi.py:511}}
Mar 03 06:27:38.752850 dv-cinder-831090-6-iscsi devstack@n-api.service[102832]: INFO nova.api.openstack.requestlog [None req-4c12513c-88cd-40b6-92e0-06fce8df0ae5 admin admin] 10.222.0.31 "POST /compute/v2.1/flavors" status: 200 len: 409 microversion: 2.90 time: 0.120911
Mar 03 06:27:38.753894 dv-cinder-831090-6-iscsi devstack@n-api.service[102832]: [pid: 102832|app: 0|req: 31/60] 10.222.0.31 () {64 vars in 1235 bytes} [Thu Mar 3 06:27:38 2022] POST /compute/v2.1/flavors => generated 409 bytes in 123 msecs (HTTP/1.1 200) 9 headers in 359 bytes (1 switches on core 0)
Mar 03 06:27:40.055132 dv-cinder-831090-6-iscsi devstack@n-api.service[102833]: DEBUG nova.api.openstack.wsgi [None req-d46b9229-07a4-46ef-92ac-7cb3cfecc355 admin admin] Calling method '>' {{(pid=102833) _process_stack /opt/stack/nova/nova/api/openstack/wsgi.py:513}}
Mar 03 06:27:40.056140 dv-cinder-831090-6-iscsi devstack@n-api.service[102833]: INFO nova.api.openstack.requestlog [None req-d46b9229-07a4-46ef-92ac-7cb3cfecc355 admin admin] 10.222.0.31 "GET /compute/v2.1" status: 200 len: 388 microversion: 2.1 time: 0.001452
Mar 03 06:27:40.056526 dv-cinder-831090-6-iscsi devstack@n-api.service[102833]: [pid: 102833|app: 0|req: 30/61] 10.222.0.31 () {56 vars in 1074 bytes} [Thu Mar 3 06:27:40 2022] GET /compute/v2.1 => generated 388 bytes in 2 msecs (HTTP/1.1 200) 9 headers in 357 bytes (1 switches on core 0)
Mar 03 06:27:40.240933 dv-cinder-831090-6-iscsi devstack@n-api.service[102832]: DEBUG nova.api.openstack.wsgi [None req-817e2cdb-d392-49ed-a19c-0fef10f9b349 admin admin] Calling method '>' {{(pid=102832) _process_stack /opt/stack/nova/nova/api/openstack/wsgi.py:513}}
Mar 03 06:27:40.259807 dv-cinder-831090-6-iscsi devstack@n-api.service[102832]: INFO nova.api.openstack.requestlog [None req-817e2cdb-d392-49ed-a19c-0fef10f9b349 admin admin] 10.222.0.31 "GET /compute/v2.1/flavors/detail" status: 200 len: 5777 microversion: 2.90 time: 0.068015
Mar 03 06:27:40.260338 dv-cinder-831090-6-iscsi devstack@n-api.service[102832]: [pid: 102832|app: 0|req: 32/62] 10.222.0.31 () {60 vars in 1202 bytes} [Thu Mar 3 06:27:40 2022] GET /compute/v2.1/flavors/detail => generated 5777 bytes in 70 msecs (HTTP/1.1 200) 9 headers in 360 bytes (2 switches on core 0)
Mar 03 06:28:30.750465 dv-cinder-831090-6-iscsi devstack@n-api.service[102833]: DEBUG nova.api.openstack.wsgi [None req-d46b9229-07a4-46ef-92ac-7cb3cfecc355 admin admin] Calling method '>' {{(pid=102833) _process_stack /opt/stack/nova/nova/api/openstack/wsgi.py:513}}
Mar 03 06:28:30.751475 dv-cinder-831090-6-iscsi devstack@n-api.service[102833]: INFO nova.api.openstack.requestlog [None req-d46b9229-07a4-46ef-92ac-7cb3cfecc355 admin admin] 10.222.0.31 "GET /compute/v2.1" status: 200 len: 388 microversion: 2.1 time: 0.001414
Mar 03 06:28:30.751868 dv-cinder-831090-6-iscsi devstack@n-api.service[102833]: [pid: 102833|app: 0|req: 31/63] 10.222.0.31 () {54 vars in 930 bytes} [Thu Mar 3 06:28:30 2022] GET /compute/v2.1 => generated 388 bytes in 2 msecs (HTTP/1.1 200) 9 headers in 357 bytes (1 switches on core 0)
Mar 03 06:28:30.808071 dv-cinder-831090-6-iscsi devstack@n-api.service[102832]: DEBUG nova.api.openstack.wsgi [None req-5821435b-df60-4d11-9e30-ecf3506dff34 admin admin] Calling method '>' {{(pid=102832) _process_stack /opt/stack/nova/nova/api/openstack/wsgi.py:513}}
Mar 03 06:28:30.832635 dv-cinder-831090-6-iscsi devstack@n-api.service[102832]: INFO nova.api.openstack.requestlog [None req-5821435b-df60-4d11-9e30-ecf3506dff34 admin admin] 10.222.0.31 "GET /compute/v2.1/flavors/detail?is_public=True" status: 200 len: 5791 microversion: 2.61 time: 0.075140
Mar 03 06:28:30.833204 dv-cinder-831090-6-iscsi devstack@n-api.service[102832]: [pid: 102832|app: 0|req: 33/64] 10.222.0.31 () {60 vars in 1291 bytes} [Thu Mar 3 06:28:30 2022] GET /compute/v2.1/flavors/detail?is_public=True => generated 5791 bytes in 76 msecs (HTTP/1.1 200) 9 headers in 360 bytes (1 switches on core 0)
Mar 03 06:28:30.855321 dv-cinder-831090-6-iscsi devstack@n-api.service[102833]: DEBUG nova.api.openstack.wsgi [None req-98d15eb0-7d1a-4670-bc00-9e96880ccf5d admin admin] Calling method '>' {{(pid=102833) _process_stack /opt/stack/nova/nova/api/openstack/wsgi.py:513}}
Mar 03 06:28:30.862828 dv-cinder-831090-6-iscsi devstack@n-api.service[102833]: INFO nova.api.openstack.requestlog [None req-98d15eb0-7d1a-4670-bc00-9e96880ccf5d admin admin] 10.222.0.31 "GET /compute/v2.1/flavors/42/os-extra_specs" status: 200 len: 19 microversion: 2.61 time: 0.011183
Mar 03 06:28:30.863360 dv-cinder-831090-6-iscsi devstack@n-api.service[102833]: [pid: 102833|app: 0|req: 32/65] 10.222.0.31 () {60 vars in 1282 bytes} [Thu Mar 3 06:28:30 2022] GET /compute/v2.1/flavors/42/os-extra_specs => generated 19 bytes in 12 msecs (HTTP/1.1 200) 9 headers in 358 bytes (2 switches on core 0)
Mar 03 06:28:30.874312 dv-cinder-831090-6-iscsi devstack@n-api.service[102832]: DEBUG nova.api.openstack.wsgi [None req-58b0a5e4-1dc4-4c5b-a760-a3e3115a7b5e admin admin] Calling method '>' {{(pid=102832) _process_stack /opt/stack/nova/nova/api/openstack/wsgi.py:513}}
Mar 03 06:28:30.881708 dv-cinder-831090-6-iscsi devstack@n-api.service[102832]: INFO nova.api.openstack.requestlog [None req-58b0a5e4-1dc4-4c5b-a760-a3e3115a7b5e admin admin] 10.222.0.31 "GET /compute/v2.1/flavors/451/os-extra_specs" status: 200 len: 19 microversion: 2.61 time: 0.010979
Mar 03 06:28:30.882223 dv-cinder-831090-6-iscsi devstack@n-api.service[102832]: [pid: 102832|app: 0|req: 34/66] 10.222.0.31 () {60 vars in 1285 bytes} [Thu Mar 3 06:28:30 2022] GET /compute/v2.1/flavors/451/os-extra_specs => generated 19 bytes in 12 msecs (HTTP/1.1 200) 9 headers in 358 bytes (1 switches on core 0)
Mar 03 06:28:30.893386 dv-cinder-831090-6-iscsi devstack@n-api.service[102833]: DEBUG nova.api.openstack.wsgi [None req-46d01f34-8987-411c-aa32-457ba4b5aefe admin admin] Calling method '>' {{(pid=102833) _process_stack /opt/stack/nova/nova/api/openstack/wsgi.py:513}}
Mar 03 06:28:30.900926 dv-cinder-831090-6-iscsi devstack@n-api.service[102833]: INFO nova.api.openstack.requestlog [None req-46d01f34-8987-411c-aa32-457ba4b5aefe admin admin] 10.222.0.31 "GET /compute/v2.1/flavors/452/os-extra_specs" status: 200 len: 19 microversion: 2.61 time: 0.011662
Mar 03 06:28:30.901441 dv-cinder-831090-6-iscsi devstack@n-api.service[102833]: [pid: 102833|app: 0|req: 33/67] 10.222.0.31 () {60 vars in 1285 bytes} [Thu Mar 3 06:28:30 2022] GET /compute/v2.1/flavors/452/os-extra_specs => generated 19 bytes in 13 msecs (HTTP/1.1 200) 9 headers in 358 bytes (1 switches on core 0)
Mar 03 06:28:30.913412 dv-cinder-831090-6-iscsi devstack@n-api.service[102832]: DEBUG nova.api.openstack.wsgi [None req-45ce188c-c583-42d1-b36e-410bcbf8e8a3 admin admin] Calling method '>' {{(pid=102832) _process_stack /opt/stack/nova/nova/api/openstack/wsgi.py:513}}
Mar 03 06:28:30.920872 dv-cinder-831090-6-iscsi devstack@n-api.service[102832]: INFO nova.api.openstack.requestlog [None req-45ce188c-c583-42d1-b36e-410bcbf8e8a3 admin admin] 10.222.0.31 "GET /compute/v2.1/flavors/84/os-extra_specs" status: 200 len: 19 microversion: 2.61 time: 0.011012
Mar 03 06:28:30.921381 dv-cinder-831090-6-iscsi devstack@n-api.service[102832]: [pid: 102832|app: 0|req: 35/68] 10.222.0.31 () {60 vars in 1282 bytes} [Thu Mar 3 06:28:30 2022] GET /compute/v2.1/flavors/84/os-extra_specs => generated 19 bytes in 12 msecs (HTTP/1.1 200) 9 headers in 358 bytes (1 switches on core 0)
Mar 03 06:30:14.701160 dv-cinder-831090-6-iscsi devstack@n-api.service[102833]: DEBUG nova.api.openstack.wsgi [None req-23c1b3c4-84f3-458c-b782-835c55018531 tempest-verify_tempest_config-272408460 tempest-verify_tempest_config-272408460-project] Calling method '>' {{(pid=102833) _process_stack /opt/stack/nova/nova/api/openstack/wsgi.py:513}}
Mar 03 06:30:14.703232 dv-cinder-831090-6-iscsi devstack@n-api.service[102833]: INFO nova.api.openstack.requestlog [None req-23c1b3c4-84f3-458c-b782-835c55018531 tempest-verify_tempest_config-272408460 tempest-verify_tempest_config-272408460-project] 10.222.0.31 "GET /compute/v2.1/extensions" status: 200 len: 22700 microversion: 2.1 time: 0.107548
Mar 03 06:30:14.703793 dv-cinder-831090-6-iscsi devstack@n-api.service[102833]: [pid: 102833|app: 0|req: 34/69] 10.222.0.31 () {58 vars in 1133 bytes} [Thu Mar 3 06:30:14 2022] GET /compute/v2.1/extensions => generated 22700 bytes in 109 msecs (HTTP/1.1 200) 9 headers in 359 bytes (1 switches on core 0)
Mar 03 06:31:50.529101 dv-cinder-831090-6-iscsi devstack@n-api.service[102832]: DEBUG nova.api.openstack.wsgi [None req-45ce188c-c583-42d1-b36e-410bcbf8e8a3 admin admin] Calling method '>' {{(pid=102832) _process_stack /opt/stack/nova/nova/api/openstack/wsgi.py:513}}
Mar 03 06:31:50.530260 dv-cinder-831090-6-iscsi devstack@n-api.service[102832]: INFO nova.api.openstack.requestlog [None req-45ce188c-c583-42d1-b36e-410bcbf8e8a3 admin admin] 10.222.0.31 "GET /compute/v2.1" status: 200 len: 388 microversion: 2.1 time: 0.001558
Mar 03 06:31:50.530654 dv-cinder-831090-6-iscsi devstack@n-api.service[102832]: [pid: 102832|app: 0|req: 36/70] 10.222.0.31 () {56 vars in 1074 bytes} [Thu Mar 3 06:31:50 2022] GET /compute/v2.1 => generated 388 bytes in 2 msecs (HTTP/1.1 200) 9 headers in 357 bytes (1 switches on core 0)
Mar 03 06:31:50.782858 dv-cinder-831090-6-iscsi devstack@n-api.service[102833]: DEBUG nova.api.openstack.wsgi [None req-1d5f8143-46f6-4cb6-9cad-e3dab2b37060 admin admin] Calling method '>' {{(pid=102833) _process_stack /opt/stack/nova/nova/api/openstack/wsgi.py:513}}
Mar 03 06:31:50.783931 dv-cinder-831090-6-iscsi devstack@n-api.service[102833]: /usr/local/lib/python3.8/dist-packages/oslo_policy/policy.py:1119: UserWarning: Policy "os_compute_api:os-services:list": "rule:context_is_admin" failed scope check. The token used to make the request was project scoped but the policy requires ['system'] scope. This behavior may change in the future where using the intended scope is required
Mar 03 06:31:50.783931 dv-cinder-831090-6-iscsi devstack@n-api.service[102833]: warnings.warn(msg)
Mar 03 06:31:50.785122 dv-cinder-831090-6-iscsi devstack@n-api.service[102833]: DEBUG oslo_concurrency.lockutils [None req-1d5f8143-46f6-4cb6-9cad-e3dab2b37060 admin admin] Lock "00000000-0000-0000-0000-000000000000" acquired by "nova.context.set_target_cell..get_or_set_cached_cell_and_set_connections" :: waited 0.000s {{(pid=102833) inner /usr/local/lib/python3.8/dist-packages/oslo_concurrency/lockutils.py:386}}
Mar 03 06:31:50.785635 dv-cinder-831090-6-iscsi devstack@n-api.service[102833]: DEBUG oslo_concurrency.lockutils [None req-1d5f8143-46f6-4cb6-9cad-e3dab2b37060 admin admin] Lock "00000000-0000-0000-0000-000000000000" "released" by "nova.context.set_target_cell..get_or_set_cached_cell_and_set_connections" :: held 0.000s {{(pid=102833) inner /usr/local/lib/python3.8/dist-packages/oslo_concurrency/lockutils.py:400}}
Mar 03 06:31:50.786404 dv-cinder-831090-6-iscsi devstack@n-api.service[102833]: DEBUG oslo_concurrency.lockutils [None req-1d5f8143-46f6-4cb6-9cad-e3dab2b37060 admin admin] Lock "f6883678-c9f0-4dd3-864f-661c9b977a4c" acquired by "nova.context.set_target_cell..get_or_set_cached_cell_and_set_connections" :: waited 0.000s {{(pid=102833) inner /usr/local/lib/python3.8/dist-packages/oslo_concurrency/lockutils.py:386}}
Mar 03 06:31:50.786832 dv-cinder-831090-6-iscsi devstack@n-api.service[102833]: DEBUG oslo_concurrency.lockutils [None req-1d5f8143-46f6-4cb6-9cad-e3dab2b37060 admin admin] Lock "f6883678-c9f0-4dd3-864f-661c9b977a4c" "released" by "nova.context.set_target_cell..get_or_set_cached_cell_and_set_connections" :: held 0.000s {{(pid=102833) inner /usr/local/lib/python3.8/dist-packages/oslo_concurrency/lockutils.py:400}}
Mar 03 06:31:50.819946 dv-cinder-831090-6-iscsi devstack@n-api.service[102833]: INFO nova.api.openstack.requestlog [None req-1d5f8143-46f6-4cb6-9cad-e3dab2b37060 admin admin] 10.222.0.31 "GET /compute/v2.1/os-services" status: 200 len: 791 microversion: 2.90 time: 0.149663
Mar 03 06:31:50.821095 dv-cinder-831090-6-iscsi devstack@n-api.service[102833]: [pid: 102833|app: 0|req: 35/71] 10.222.0.31 () {60 vars in 1193 bytes} [Thu Mar 3 06:31:50 2022] GET /compute/v2.1/os-services => generated 791 bytes in 151 msecs (HTTP/1.1 200) 9 headers in 359 bytes (1 switches on core 0)
Mar 03 06:31:52.100436 dv-cinder-831090-6-iscsi devstack@n-api.service[102832]: DEBUG nova.api.openstack.wsgi [None req-45ce188c-c583-42d1-b36e-410bcbf8e8a3 admin admin] Calling method '>' {{(pid=102832) _process_stack /opt/stack/nova/nova/api/openstack/wsgi.py:513}}
Mar 03 06:31:52.101507 dv-cinder-831090-6-iscsi devstack@n-api.service[102832]: INFO nova.api.openstack.requestlog [None req-45ce188c-c583-42d1-b36e-410bcbf8e8a3 admin admin] 10.222.0.31 "GET /compute/v2.1" status: 200 len: 388 microversion: 2.1 time: 0.001443
Mar 03 06:31:52.101932 dv-cinder-831090-6-iscsi devstack@n-api.service[102832]: [pid: 102832|app: 0|req: 37/72] 10.222.0.31 () {56 vars in 1074 bytes} [Thu Mar 3 06:31:52 2022] GET /compute/v2.1 => generated 388 bytes in 2 msecs (HTTP/1.1 200) 9 headers in 357 bytes (1 switches on core 0)
Mar 03 06:31:52.301062 dv-cinder-831090-6-iscsi devstack@n-api.service[102833]: DEBUG nova.api.openstack.wsgi [None req-a4fab510-3fe4-4c31-afb2-ef84a129359d admin admin] Calling method '>' {{(pid=102833) _process_stack /opt/stack/nova/nova/api/openstack/wsgi.py:513}}
Mar 03 06:31:52.302263 dv-cinder-831090-6-iscsi devstack@n-api.service[102833]: /usr/local/lib/python3.8/dist-packages/oslo_policy/policy.py:1119: UserWarning: Policy "os_compute_api:os-services:list": "rule:context_is_admin" failed scope check. The token used to make the request was project scoped but the policy requires ['system'] scope. This behavior may change in the future where using the intended scope is required
Mar 03 06:31:52.302263 dv-cinder-831090-6-iscsi devstack@n-api.service[102833]: warnings.warn(msg)
Mar 03 06:31:52.303445 dv-cinder-831090-6-iscsi devstack@n-api.service[102833]: DEBUG oslo_concurrency.lockutils [None req-a4fab510-3fe4-4c31-afb2-ef84a129359d admin admin] Lock "00000000-0000-0000-0000-000000000000" acquired by "nova.context.set_target_cell..get_or_set_cached_cell_and_set_connections" :: waited 0.000s {{(pid=102833) inner /usr/local/lib/python3.8/dist-packages/oslo_concurrency/lockutils.py:386}}
Mar 03 06:31:52.303881 dv-cinder-831090-6-iscsi devstack@n-api.service[102833]: DEBUG oslo_concurrency.lockutils [None req-a4fab510-3fe4-4c31-afb2-ef84a129359d admin admin] Lock "00000000-0000-0000-0000-000000000000" "released" by "nova.context.set_target_cell..get_or_set_cached_cell_and_set_connections" :: held 0.000s {{(pid=102833) inner /usr/local/lib/python3.8/dist-packages/oslo_concurrency/lockutils.py:400}}
Mar 03 06:31:52.305181 dv-cinder-831090-6-iscsi devstack@n-api.service[102833]: DEBUG oslo_concurrency.lockutils [None req-a4fab510-3fe4-4c31-afb2-ef84a129359d admin admin] Lock "f6883678-c9f0-4dd3-864f-661c9b977a4c" acquired by "nova.context.set_target_cell..get_or_set_cached_cell_and_set_connections" :: waited 0.000s {{(pid=102833) inner /usr/local/lib/python3.8/dist-packages/oslo_concurrency/lockutils.py:386}}
Mar 03 06:31:52.305720 dv-cinder-831090-6-iscsi devstack@n-api.service[102833]: DEBUG oslo_concurrency.lockutils [None req-a4fab510-3fe4-4c31-afb2-ef84a129359d admin admin] Lock "f6883678-c9f0-4dd3-864f-661c9b977a4c" "released" by "nova.context.set_target_cell..get_or_set_cached_cell_and_set_connections" :: held 0.001s {{(pid=102833) inner /usr/local/lib/python3.8/dist-packages/oslo_concurrency/lockutils.py:400}}
Mar 03 06:31:52.324570 dv-cinder-831090-6-iscsi devstack@n-api.service[102833]: INFO nova.api.openstack.requestlog [None req-a4fab510-3fe4-4c31-afb2-ef84a129359d admin admin] 10.222.0.31 "GET /compute/v2.1/os-services" status: 200 len: 791 microversion: 2.90 time: 0.073876
