Mar 02 01:18:12.862566 dv-cinder-831090-2-smb devstack@n-api.service[116811]: DEBUG oslo_concurrency.lockutils [None req-25780f17-1a71-4abb-b472-688e0aca403d tempest-ServerRescueNegativeTestJSON-1680293387 tempest-ServerRescueNegativeTestJSON-1680293387-project] Lock "cac7dc86-71ac-46ec-bbb3-75a1fe9a3015" "released" by "nova.context.set_target_cell..get_or_set_cached_cell_and_set_connections" :: held 0.001s {{(pid=116811) inner /usr/local/lib/python3.8/dist-packages/oslo_concurrency/lockutils.py:400}}
Mar 02 01:18:12.863347 dv-cinder-831090-2-smb devstack@n-api.service[116811]: DEBUG oslo_concurrency.lockutils [None req-25780f17-1a71-4abb-b472-688e0aca403d tempest-ServerRescueNegativeTestJSON-1680293387 tempest-ServerRescueNegativeTestJSON-1680293387-project] Lock "cac7dc86-71ac-46ec-bbb3-75a1fe9a3015" acquired by "nova.context.set_target_cell..get_or_set_cached_cell_and_set_connections" :: waited 0.000s {{(pid=116811) inner /usr/local/lib/python3.8/dist-packages/oslo_concurrency/lockutils.py:386}}
Mar 02 01:18:12.864428 dv-cinder-831090-2-smb devstack@n-api.service[116811]: DEBUG oslo_concurrency.lockutils [None req-25780f17-1a71-4abb-b472-688e0aca403d tempest-ServerRescueNegativeTestJSON-1680293387 tempest-ServerRescueNegativeTestJSON-1680293387-project] Lock "cac7dc86-71ac-46ec-bbb3-75a1fe9a3015" "released" by "nova.context.set_target_cell..get_or_set_cached_cell_and_set_connections" :: held 0.000s {{(pid=116811) inner /usr/local/lib/python3.8/dist-packages/oslo_concurrency/lockutils.py:400}}
Mar 02 01:18:13.131240 dv-cinder-831090-2-smb devstack@n-api.service[116811]: DEBUG nova.policy [None req-25780f17-1a71-4abb-b472-688e0aca403d tempest-ServerRescueNegativeTestJSON-1680293387 tempest-ServerRescueNegativeTestJSON-1680293387-project] Policy check for os_compute_api:os-extended-server-attributes failed with credentials {'is_admin': False, 'user_id': '8c91ca18c6c24245a0b93dc13e5aef6c', 'user_domain_id': 'default', 'system_scope': None, 'domain_id': None, 'project_id': '3d873cb8092041ef89667f806265cc0b', 'project_domain_id': 'default', 'roles': ['member', 'reader'], 'is_admin_project': True, 'service_user_id': None, 'service_user_domain_id': None, 'service_project_id': None, 'service_project_domain_id': None, 'service_roles': []} {{(pid=116811) authorize /opt/stack/nova/nova/policy.py:199}}
Mar 02 01:18:13.138669 dv-cinder-831090-2-smb devstack@n-api.service[116811]: INFO nova.api.openstack.requestlog [None req-25780f17-1a71-4abb-b472-688e0aca403d tempest-ServerRescueNegativeTestJSON-1680293387 tempest-ServerRescueNegativeTestJSON-1680293387-project] 10.222.0.11 "GET /compute/v2.1/servers/8c3120f7-5458-4fda-829b-7ef0c804416b" status: 200 len: 1521 microversion: 2.1 time: 0.287418
Mar 02 01:18:13.139317 dv-cinder-831090-2-smb devstack@n-api.service[116811]: [pid: 116811|app: 0|req: 87/180] 10.222.0.11 () {58 vars in 1235 bytes} [Wed Mar 2 01:18:12 2022] GET /compute/v2.1/servers/8c3120f7-5458-4fda-829b-7ef0c804416b => generated 1521 bytes in 289 msecs (HTTP/1.1 200) 9 headers in 358 bytes (1 switches on core 0)
Mar 02 01:18:13.144086 dv-cinder-831090-2-smb devstack@n-api.service[116811]: DEBUG nova.api.openstack.wsgi [None req-f83505ec-b4c9-45f9-aec2-5ef1d0adce9f tempest-VolumesSnapshotsTestJSON-1436562542 tempest-VolumesSnapshotsTestJSON-1436562542-project] Calling method '.version_select at 0x7fad597020d0>' {{(pid=116811) _process_stack /opt/stack/nova/nova/api/openstack/wsgi.py:513}}
Mar 02 01:18:13.165938 dv-cinder-831090-2-smb devstack@n-api.service[116810]: DEBUG nova.virt.hardware [None req-19e172a2-161c-43d9-b914-6e8a7581955f tempest-VolumesSnapshotTestJSON-1523393812 tempest-VolumesSnapshotTestJSON-1523393812-project] Flavor limits 0:0:0 {{(pid=116810) get_cpu_topology_constraints /opt/stack/nova/nova/virt/hardware.py:343}}
Mar 02 01:18:13.166642 dv-cinder-831090-2-smb devstack@n-api.service[116810]: DEBUG nova.virt.hardware [None req-19e172a2-161c-43d9-b914-6e8a7581955f tempest-VolumesSnapshotTestJSON-1523393812 tempest-VolumesSnapshotTestJSON-1523393812-project] Image limits 0:0:0 {{(pid=116810) get_cpu_topology_constraints /opt/stack/nova/nova/virt/hardware.py:347}}
Mar 02 01:18:13.167119 dv-cinder-831090-2-smb devstack@n-api.service[116810]: DEBUG nova.virt.hardware [None req-19e172a2-161c-43d9-b914-6e8a7581955f tempest-VolumesSnapshotTestJSON-1523393812 tempest-VolumesSnapshotTestJSON-1523393812-project] Flavor pref 0:0:0 {{(pid=116810) get_cpu_topology_constraints /opt/stack/nova/nova/virt/hardware.py:383}}
Mar 02 01:18:13.167523 dv-cinder-831090-2-smb devstack@n-api.service[116810]: DEBUG nova.virt.hardware [None req-19e172a2-161c-43d9-b914-6e8a7581955f tempest-VolumesSnapshotTestJSON-1523393812 tempest-VolumesSnapshotTestJSON-1523393812-project] Image pref 0:0:0 {{(pid=116810) get_cpu_topology_constraints /opt/stack/nova/nova/virt/hardware.py:387}}
Mar 02 01:18:13.168134 dv-cinder-831090-2-smb devstack@n-api.service[116810]: DEBUG nova.virt.hardware [None req-19e172a2-161c-43d9-b914-6e8a7581955f tempest-VolumesSnapshotTestJSON-1523393812 tempest-VolumesSnapshotTestJSON-1523393812-project] Chose sockets=0, cores=0, threads=0; limits were sockets=65536, cores=65536, threads=65536 {{(pid=116810) get_cpu_topology_constraints /opt/stack/nova/nova/virt/hardware.py:425}}
Mar 02 01:18:13.175802 dv-cinder-831090-2-smb devstack@n-api.service[116811]: INFO nova.api.openstack.wsgi [None req-f83505ec-b4c9-45f9-aec2-5ef1d0adce9f tempest-VolumesSnapshotsTestJSON-1436562542 tempest-VolumesSnapshotsTestJSON-1436562542-project] HTTP exception thrown: Volume 7777a30a-1626-4d31-b0f9-1165e951d626 could not be found.
Mar 02 01:18:13.176491 dv-cinder-831090-2-smb devstack@n-api.service[116811]: DEBUG nova.api.openstack.wsgi [None req-f83505ec-b4c9-45f9-aec2-5ef1d0adce9f tempest-VolumesSnapshotsTestJSON-1436562542 tempest-VolumesSnapshotsTestJSON-1436562542-project] Returning 404 to user: Volume 7777a30a-1626-4d31-b0f9-1165e951d626 could not be found. {{(pid=116811) __call__ /opt/stack/nova/nova/api/openstack/wsgi.py:936}}
Mar 02 01:18:13.177027 dv-cinder-831090-2-smb devstack@n-api.service[116810]: DEBUG oslo_concurrency.lockutils [None req-19e172a2-161c-43d9-b914-6e8a7581955f tempest-VolumesSnapshotTestJSON-1523393812 tempest-VolumesSnapshotTestJSON-1523393812-project] Lock "00000000-0000-0000-0000-000000000000" acquired by "nova.context.set_target_cell..get_or_set_cached_cell_and_set_connections" :: waited 0.000s {{(pid=116810) inner /usr/local/lib/python3.8/dist-packages/oslo_concurrency/lockutils.py:386}}
Mar 02 01:18:13.177313 dv-cinder-831090-2-smb devstack@n-api.service[116811]: INFO nova.api.openstack.requestlog [None req-f83505ec-b4c9-45f9-aec2-5ef1d0adce9f tempest-VolumesSnapshotsTestJSON-1436562542 tempest-VolumesSnapshotsTestJSON-1436562542-project] 10.222.0.11 "GET /compute/v2.1/os-volumes/7777a30a-1626-4d31-b0f9-1165e951d626" status: 404 len: 109 microversion: 2.1 time: 0.036716
Mar 02 01:18:13.177440 dv-cinder-831090-2-smb devstack@n-api.service[116810]: DEBUG oslo_concurrency.lockutils [None req-19e172a2-161c-43d9-b914-6e8a7581955f tempest-VolumesSnapshotTestJSON-1523393812 tempest-VolumesSnapshotTestJSON-1523393812-project] Lock "00000000-0000-0000-0000-000000000000" "released" by "nova.context.set_target_cell..get_or_set_cached_cell_and_set_connections" :: held 0.001s {{(pid=116810) inner /usr/local/lib/python3.8/dist-packages/oslo_concurrency/lockutils.py:400}}
Mar 02 01:18:13.177847 dv-cinder-831090-2-smb devstack@n-api.service[116811]: [pid: 116811|app: 0|req: 88/181] 10.222.0.11 () {58 vars in 1244 bytes} [Wed Mar 2 01:18:13 2022] GET /compute/v2.1/os-volumes/7777a30a-1626-4d31-b0f9-1165e951d626 => generated 109 bytes in 38 msecs (HTTP/1.1 404) 9 headers in 379 bytes (1 switches on core 0)
Mar 02 01:18:13.183013 dv-cinder-831090-2-smb devstack@n-api.service[116811]: DEBUG nova.api.openstack.wsgi [None req-cfcb2d93-b108-49b0-8d85-2cf01dcb5bc8 tempest-VolumesActionsTest-453193135 tempest-VolumesActionsTest-453193135-project] Calling method '>' {{(pid=116811) _process_stack /opt/stack/nova/nova/api/openstack/wsgi.py:513}}
Mar 02 01:18:13.183839 dv-cinder-831090-2-smb devstack@n-api.service[116811]: DEBUG nova.compute.api [None req-cfcb2d93-b108-49b0-8d85-2cf01dcb5bc8 tempest-VolumesActionsTest-453193135 tempest-VolumesActionsTest-453193135-project] [instance: afa6ae7f-c4dd-409e-8b82-6e5f41957032] Fetching instance by UUID {{(pid=116811) get /opt/stack/nova/nova/compute/api.py:2918}}
Mar 02 01:18:13.186836 dv-cinder-831090-2-smb devstack@n-api.service[116810]: DEBUG oslo_concurrency.lockutils [None req-19e172a2-161c-43d9-b914-6e8a7581955f tempest-VolumesSnapshotTestJSON-1523393812 tempest-VolumesSnapshotTestJSON-1523393812-project] Lock "cac7dc86-71ac-46ec-bbb3-75a1fe9a3015" acquired by "nova.context.set_target_cell..get_or_set_cached_cell_and_set_connections" :: waited 0.000s {{(pid=116810) inner /usr/local/lib/python3.8/dist-packages/oslo_concurrency/lockutils.py:386}}
Mar 02 01:18:13.188089 dv-cinder-831090-2-smb devstack@n-api.service[116810]: DEBUG oslo_concurrency.lockutils [None req-19e172a2-161c-43d9-b914-6e8a7581955f tempest-VolumesSnapshotTestJSON-1523393812 tempest-VolumesSnapshotTestJSON-1523393812-project] Lock "cac7dc86-71ac-46ec-bbb3-75a1fe9a3015" "released" by "nova.context.set_target_cell..get_or_set_cached_cell_and_set_connections" :: held 0.010s {{(pid=116810) inner /usr/local/lib/python3.8/dist-packages/oslo_concurrency/lockutils.py:400}}
Mar 02 01:18:13.191127 dv-cinder-831090-2-smb devstack@n-api.service[116811]: DEBUG oslo_concurrency.lockutils [None req-cfcb2d93-b108-49b0-8d85-2cf01dcb5bc8 tempest-VolumesActionsTest-453193135 tempest-VolumesActionsTest-453193135-project] Lock "cac7dc86-71ac-46ec-bbb3-75a1fe9a3015" acquired by "nova.context.set_target_cell..get_or_set_cached_cell_and_set_connections" :: waited 0.000s {{(pid=116811) inner /usr/local/lib/python3.8/dist-packages/oslo_concurrency/lockutils.py:386}}
Mar 02 01:18:13.191578 dv-cinder-831090-2-smb devstack@n-api.service[116811]: DEBUG oslo_concurrency.lockutils [None req-cfcb2d93-b108-49b0-8d85-2cf01dcb5bc8 tempest-VolumesActionsTest-453193135 tempest-VolumesActionsTest-453193135-project] Lock "cac7dc86-71ac-46ec-bbb3-75a1fe9a3015" "released" by "nova.context.set_target_cell..get_or_set_cached_cell_and_set_connections" :: held 0.001s {{(pid=116811) inner /usr/local/lib/python3.8/dist-packages/oslo_concurrency/lockutils.py:400}}
Mar 02 01:18:13.193520 dv-cinder-831090-2-smb devstack@n-api.service[116811]: DEBUG oslo_concurrency.lockutils [None req-cfcb2d93-b108-49b0-8d85-2cf01dcb5bc8 tempest-VolumesActionsTest-453193135 tempest-VolumesActionsTest-453193135-project] Lock "cac7dc86-71ac-46ec-bbb3-75a1fe9a3015" acquired by "nova.context.set_target_cell..get_or_set_cached_cell_and_set_connections" :: waited 0.000s {{(pid=116811) inner /usr/local/lib/python3.8/dist-packages/oslo_concurrency/lockutils.py:386}}
Mar 02 01:18:13.193958 dv-cinder-831090-2-smb devstack@n-api.service[116811]: DEBUG oslo_concurrency.lockutils [None req-cfcb2d93-b108-49b0-8d85-2cf01dcb5bc8 tempest-VolumesActionsTest-453193135 tempest-VolumesActionsTest-453193135-project] Lock "cac7dc86-71ac-46ec-bbb3-75a1fe9a3015" "released" by "nova.context.set_target_cell..get_or_set_cached_cell_and_set_connections" :: held 0.000s {{(pid=116811) inner /usr/local/lib/python3.8/dist-packages/oslo_concurrency/lockutils.py:400}}
Mar 02 01:18:13.205061 dv-cinder-831090-2-smb devstack@n-api.service[116810]: DEBUG nova.quota [None req-19e172a2-161c-43d9-b914-6e8a7581955f tempest-VolumesSnapshotTestJSON-1523393812 tempest-VolumesSnapshotTestJSON-1523393812-project] Getting quotas for project 04f1235d30be40e2891e6d293cb900a9. Resources: {'cores', 'ram', 'instances'} {{(pid=116810) _get_quotas /opt/stack/nova/nova/quota.py:393}}
Mar 02 01:18:13.206666 dv-cinder-831090-2-smb devstack@n-api.service[116811]: INFO nova.api.openstack.wsgi [None req-cfcb2d93-b108-49b0-8d85-2cf01dcb5bc8 tempest-VolumesActionsTest-453193135 tempest-VolumesActionsTest-453193135-project] HTTP exception thrown: Instance afa6ae7f-c4dd-409e-8b82-6e5f41957032 could not be found.
Mar 02 01:18:13.207253 dv-cinder-831090-2-smb devstack@n-api.service[116811]: DEBUG nova.api.openstack.wsgi [None req-cfcb2d93-b108-49b0-8d85-2cf01dcb5bc8 tempest-VolumesActionsTest-453193135 tempest-VolumesActionsTest-453193135-project] Returning 404 to user: Instance afa6ae7f-c4dd-409e-8b82-6e5f41957032 could not be found. {{(pid=116811) __call__ /opt/stack/nova/nova/api/openstack/wsgi.py:936}}
Mar 02 01:18:13.209215 dv-cinder-831090-2-smb devstack@n-api.service[116811]: INFO nova.api.openstack.requestlog [None req-cfcb2d93-b108-49b0-8d85-2cf01dcb5bc8 tempest-VolumesActionsTest-453193135 tempest-VolumesActionsTest-453193135-project] 10.222.0.11 "GET /compute/v2.1/servers/afa6ae7f-c4dd-409e-8b82-6e5f41957032" status: 404 len: 111 microversion: 2.1 time: 0.030281
Mar 02 01:18:13.209641 dv-cinder-831090-2-smb devstack@n-api.service[116810]: DEBUG nova.quota [None req-19e172a2-161c-43d9-b914-6e8a7581955f tempest-VolumesSnapshotTestJSON-1523393812 tempest-VolumesSnapshotTestJSON-1523393812-project] Getting quotas for user d9027a264d1041b38d4f19140f553b5d and project 04f1235d30be40e2891e6d293cb900a9. Resources: {'cores', 'ram', 'instances'} {{(pid=116810) _get_quotas /opt/stack/nova/nova/quota.py:383}}
Mar 02 01:18:13.209759 dv-cinder-831090-2-smb devstack@n-api.service[116811]: [pid: 116811|app: 0|req: 89/182] 10.222.0.11 () {58 vars in 1235 bytes} [Wed Mar 2 01:18:13 2022] GET /compute/v2.1/servers/afa6ae7f-c4dd-409e-8b82-6e5f41957032 => generated 111 bytes in 31 msecs (HTTP/1.1 404) 9 headers in 379 bytes (1 switches on core 0)
Mar 02 01:18:13.214210 dv-cinder-831090-2-smb devstack@n-api.service[116811]: DEBUG nova.api.openstack.wsgi [None req-dea5b99d-6a94-47ef-b1f0-e76d3b92536a tempest-VolumesSnapshotsTestJSON-1436562542 tempest-VolumesSnapshotsTestJSON-1436562542-project] Calling method '.version_select at 0x7fad596da0d0>' {{(pid=116811) _process_stack /opt/stack/nova/nova/api/openstack/wsgi.py:513}}
Mar 02 01:18:13.229733 dv-cinder-831090-2-smb devstack@n-api.service[116810]: DEBUG nova.compute.api [None req-19e172a2-161c-43d9-b914-6e8a7581955f tempest-VolumesSnapshotTestJSON-1523393812 tempest-VolumesSnapshotTestJSON-1523393812-project] Going to run 1 instances... {{(pid=116810) _provision_instances /opt/stack/nova/nova/compute/api.py:1389}}
Mar 02 01:18:13.232878 dv-cinder-831090-2-smb devstack@n-api.service[116810]: DEBUG nova.compute.api [None req-19e172a2-161c-43d9-b914-6e8a7581955f tempest-VolumesSnapshotTestJSON-1523393812 tempest-VolumesSnapshotTestJSON-1523393812-project] [instance: 7a75b5ff-8a67-4c48-a90c-a7c42263f01f] block_device_mapping [BlockDeviceMapping(attachment_id=,boot_index=0,connection_info=None,created_at=,delete_on_termination=True,deleted=,deleted_at=,destination_type='local',device_name=None,device_type='disk',disk_bus=None,guest_format=None,id=,image_id='18b5db1f-e942-4476-9aab-9868b7c1db19',instance=,instance_uuid=,no_device=False,snapshot_id=None,source_type='image',tag=None,updated_at=,uuid=,volume_id=None,volume_size=None,volume_type=None)] {{(pid=116810) _bdm_validate_set_size_and_instance /opt/stack/nova/nova/compute/api.py:1807}}
Mar 02 01:18:13.245687 dv-cinder-831090-2-smb devstack@n-api.service[116811]: INFO nova.api.openstack.wsgi [None req-dea5b99d-6a94-47ef-b1f0-e76d3b92536a tempest-VolumesSnapshotsTestJSON-1436562542 tempest-VolumesSnapshotsTestJSON-1436562542-project] HTTP exception thrown: Volume 7777a30a-1626-4d31-b0f9-1165e951d626 could not be found.
Mar 02 01:18:13.246311 dv-cinder-831090-2-smb devstack@n-api.service[116811]: DEBUG nova.api.openstack.wsgi [None req-dea5b99d-6a94-47ef-b1f0-e76d3b92536a tempest-VolumesSnapshotsTestJSON-1436562542 tempest-VolumesSnapshotsTestJSON-1436562542-project] Returning 404 to user: Volume 7777a30a-1626-4d31-b0f9-1165e951d626 could not be found. {{(pid=116811) __call__ /opt/stack/nova/nova/api/openstack/wsgi.py:936}}
Mar 02 01:18:13.247136 dv-cinder-831090-2-smb devstack@n-api.service[116811]: INFO nova.api.openstack.requestlog [None req-dea5b99d-6a94-47ef-b1f0-e76d3b92536a tempest-VolumesSnapshotsTestJSON-1436562542 tempest-VolumesSnapshotsTestJSON-1436562542-project] 10.222.0.11 "DELETE /compute/v2.1/os-volumes/7777a30a-1626-4d31-b0f9-1165e951d626" status: 404 len: 109 microversion: 2.1 time: 0.036512
Mar 02 01:18:13.248001 dv-cinder-831090-2-smb devstack@n-api.service[116811]: [pid: 116811|app: 0|req: 90/183] 10.222.0.11 () {58 vars in 1247 bytes} [Wed Mar 2 01:18:13 2022] DELETE /compute/v2.1/os-volumes/7777a30a-1626-4d31-b0f9-1165e951d626 => generated 109 bytes in 38 msecs (HTTP/1.1 404) 9 headers in 379 bytes (1 switches on core 0)
Mar 02 01:18:13.261352 dv-cinder-831090-2-smb devstack@n-api.service[116811]: DEBUG nova.api.openstack.wsgi [None req-2d9a37eb-8f50-4d23-91a7-c73e82e32d67 tempest-VolumesSnapshotsTestJSON-1436562542 tempest-VolumesSnapshotsTestJSON-1436562542-project] Calling method '.version_select at 0x7fad59813ca0>' {{(pid=116811) _process_stack /opt/stack/nova/nova/api/openstack/wsgi.py:513}}
Mar 02 01:18:13.281081 dv-cinder-831090-2-smb devstack@n-api.service[116810]: INFO nova.api.openstack.requestlog [None req-19e172a2-161c-43d9-b914-6e8a7581955f tempest-VolumesSnapshotTestJSON-1523393812 tempest-VolumesSnapshotTestJSON-1523393812-project] 10.222.0.11 "POST /compute/v2.1/servers" status: 202 len: 380 microversion: 2.1 time: 0.668932
Mar 02 01:18:13.282091 dv-cinder-831090-2-smb devstack@n-api.service[116810]: [pid: 116810|app: 0|req: 94/184] 10.222.0.11 () {60 vars in 1146 bytes} [Wed Mar 2 01:18:12 2022] POST /compute/v2.1/servers => generated 380 bytes in 670 msecs (HTTP/1.1 202) 10 headers in 451 bytes (2 switches on core 0)
Mar 02 01:18:13.291152 dv-cinder-831090-2-smb devstack@n-api.service[116811]: INFO nova.api.openstack.wsgi [None req-2d9a37eb-8f50-4d23-91a7-c73e82e32d67 tempest-VolumesSnapshotsTestJSON-1436562542 tempest-VolumesSnapshotsTestJSON-1436562542-project] HTTP exception thrown: Volume 7777a30a-1626-4d31-b0f9-1165e951d626 could not be found.
Mar 02 01:18:13.291741 dv-cinder-831090-2-smb devstack@n-api.service[116811]: DEBUG nova.api.openstack.wsgi [None req-2d9a37eb-8f50-4d23-91a7-c73e82e32d67 tempest-VolumesSnapshotsTestJSON-1436562542 tempest-VolumesSnapshotsTestJSON-1436562542-project] Returning 404 to user: Volume 7777a30a-1626-4d31-b0f9-1165e951d626 could not be found. {{(pid=116811) __call__ /opt/stack/nova/nova/api/openstack/wsgi.py:936}}
Mar 02 01:18:13.292598 dv-cinder-831090-2-smb devstack@n-api.service[116811]: INFO nova.api.openstack.requestlog [None req-2d9a37eb-8f50-4d23-91a7-c73e82e32d67 tempest-VolumesSnapshotsTestJSON-1436562542 tempest-VolumesSnapshotsTestJSON-1436562542-project] 10.222.0.11 "GET /compute/v2.1/os-volumes/7777a30a-1626-4d31-b0f9-1165e951d626" status: 404 len: 109 microversion: 2.1 time: 0.039939
Mar 02 01:18:13.293309 dv-cinder-831090-2-smb devstack@n-api.service[116811]: [pid: 116811|app: 0|req: 91/185] 10.222.0.11 () {58 vars in 1244 bytes} [Wed Mar 2 01:18:13 2022] GET /compute/v2.1/os-volumes/7777a30a-1626-4d31-b0f9-1165e951d626 => generated 109 bytes in 41 msecs (HTTP/1.1 404) 9 headers in 379 bytes (1 switches on core 0)
Mar 02 01:18:13.298177 dv-cinder-831090-2-smb devstack@n-api.service[116810]: DEBUG nova.api.openstack.wsgi [None req-b8569271-4830-4f7c-8ffb-91d388178f8f tempest-VolumesSnapshotTestJSON-1523393812 tempest-VolumesSnapshotTestJSON-1523393812-project] Calling method '>' {{(pid=116810) _process_stack /opt/stack/nova/nova/api/openstack/wsgi.py:513}}
Mar 02 01:18:13.299002 dv-cinder-831090-2-smb devstack@n-api.service[116810]: DEBUG nova.compute.api [None req-b8569271-4830-4f7c-8ffb-91d388178f8f tempest-VolumesSnapshotTestJSON-1523393812 tempest-VolumesSnapshotTestJSON-1523393812-project] [instance: 7a75b5ff-8a67-4c48-a90c-a7c42263f01f] Fetching instance by UUID {{(pid=116810) get /opt/stack/nova/nova/compute/api.py:2918}}
Mar 02 01:18:13.357733 dv-cinder-831090-2-smb devstack@n-api.service[116810]: DEBUG nova.policy [None req-b8569271-4830-4f7c-8ffb-91d388178f8f tempest-VolumesSnapshotTestJSON-1523393812 tempest-VolumesSnapshotTestJSON-1523393812-project] Policy check for os_compute_api:os-extended-server-attributes failed with credentials {'is_admin': False, 'user_id': 'd9027a264d1041b38d4f19140f553b5d', 'user_domain_id': 'default', 'system_scope': None, 'domain_id': None, 'project_id': '04f1235d30be40e2891e6d293cb900a9', 'project_domain_id': 'default', 'roles': ['member', 'reader'], 'is_admin_project': True, 'service_user_id': None, 'service_user_domain_id': None, 'service_project_id': None, 'service_project_domain_id': None, 'service_roles': []} {{(pid=116810) authorize /opt/stack/nova/nova/policy.py:199}}
Mar 02 01:18:13.366551 dv-cinder-831090-2-smb devstack@n-api.service[116810]: INFO nova.api.openstack.requestlog [None req-b8569271-4830-4f7c-8ffb-91d388178f8f tempest-VolumesSnapshotTestJSON-1523393812 tempest-VolumesSnapshotTestJSON-1523393812-project] 10.222.0.11 "GET /compute/v2.1/servers/7a75b5ff-8a67-4c48-a90c-a7c42263f01f" status: 200 len: 1219 microversion: 2.1 time: 0.073716
Mar 02 01:18:13.376479 dv-cinder-831090-2-smb devstack@n-api.service[116810]: [pid: 116810|app: 0|req: 95/186] 10.222.0.11 () {58 vars in 1235 bytes} [Wed Mar 2 01:18:13 2022] GET /compute/v2.1/servers/7a75b5ff-8a67-4c48-a90c-a7c42263f01f => generated 1219 bytes in 75 msecs (HTTP/1.1 200) 9 headers in 358 bytes (1 switches on core 0)
Mar 02 01:18:13.868218 dv-cinder-831090-2-smb devstack@n-api.service[116811]: DEBUG nova.api.openstack.wsgi [None req-1a9e476a-59c4-43b1-94c6-4035f6dd8afa tempest-AttachVolumeNegativeTest-1439188673 tempest-AttachVolumeNegativeTest-1439188673-project] Calling method '>' {{(pid=116811) _process_stack /opt/stack/nova/nova/api/openstack/wsgi.py:513}}
Mar 02 01:18:13.868960 dv-cinder-831090-2-smb devstack@n-api.service[116811]: DEBUG nova.compute.api [None req-1a9e476a-59c4-43b1-94c6-4035f6dd8afa tempest-AttachVolumeNegativeTest-1439188673 tempest-AttachVolumeNegativeTest-1439188673-project] [instance: 4f946f27-d752-46ae-95bb-4089c792e9e6] Fetching instance by UUID {{(pid=116811) get /opt/stack/nova/nova/compute/api.py:2918}}
Mar 02 01:18:13.875628 dv-cinder-831090-2-smb devstack@n-api.service[116811]: DEBUG oslo_concurrency.lockutils [None req-1a9e476a-59c4-43b1-94c6-4035f6dd8afa tempest-AttachVolumeNegativeTest-1439188673 tempest-AttachVolumeNegativeTest-1439188673-project] Lock "cac7dc86-71ac-46ec-bbb3-75a1fe9a3015" acquired by "nova.context.set_target_cell..get_or_set_cached_cell_and_set_connections" :: waited 0.000s {{(pid=116811) inner /usr/local/lib/python3.8/dist-packages/oslo_concurrency/lockutils.py:386}}
Mar 02 01:18:13.876704 dv-cinder-831090-2-smb devstack@n-api.service[116811]: DEBUG oslo_concurrency.lockutils [None req-1a9e476a-59c4-43b1-94c6-4035f6dd8afa tempest-AttachVolumeNegativeTest-1439188673 tempest-AttachVolumeNegativeTest-1439188673-project] Lock "cac7dc86-71ac-46ec-bbb3-75a1fe9a3015" "released" by "nova.context.set_target_cell..get_or_set_cached_cell_and_set_connections" :: held 0.001s {{(pid=116811) inner /usr/local/lib/python3.8/dist-packages/oslo_concurrency/lockutils.py:400}}
Mar 02 01:18:13.877498 dv-cinder-831090-2-smb devstack@n-api.service[116811]: DEBUG oslo_concurrency.lockutils [None req-1a9e476a-59c4-43b1-94c6-4035f6dd8afa tempest-AttachVolumeNegativeTest-1439188673 tempest-AttachVolumeNegativeTest-1439188673-project] Lock "cac7dc86-71ac-46ec-bbb3-75a1fe9a3015" acquired by "nova.context.set_target_cell..get_or_set_cached_cell_and_set_connections" :: waited 0.000s {{(pid=116811) inner /usr/local/lib/python3.8/dist-packages/oslo_concurrency/lockutils.py:386}}
Mar 02 01:18:13.877943 dv-cinder-831090-2-smb devstack@n-api.service[116811]: DEBUG oslo_concurrency.lockutils [None req-1a9e476a-59c4-43b1-94c6-4035f6dd8afa tempest-AttachVolumeNegativeTest-1439188673 tempest-AttachVolumeNegativeTest-1439188673-project] Lock "cac7dc86-71ac-46ec-bbb3-75a1fe9a3015" "released" by "nova.context.set_target_cell..get_or_set_cached_cell_and_set_connections" :: held 0.000s {{(pid=116811) inner /usr/local/lib/python3.8/dist-packages/oslo_concurrency/lockutils.py:400}}
Mar 02 01:18:14.042222 dv-cinder-831090-2-smb devstack@n-api.service[116811]: DEBUG nova.policy [None req-1a9e476a-59c4-43b1-94c6-4035f6dd8afa tempest-AttachVolumeNegativeTest-1439188673 tempest-AttachVolumeNegativeTest-1439188673-project] Policy check for os_compute_api:os-extended-server-attributes failed with credentials {'is_admin': False, 'user_id': '91535ff7a0594d9eb04ca7d26079b3cd', 'user_domain_id': 'default', 'system_scope': None, 'domain_id': None, 'project_id': '8cbceb60c87f446498a7f43f047f610d', 'project_domain_id': 'default', 'roles': ['member', 'reader'], 'is_admin_project': True, 'service_user_id': None, 'service_user_domain_id': None, 'service_project_id': None, 'service_project_domain_id': None, 'service_roles': []} {{(pid=116811) authorize /opt/stack/nova/nova/policy.py:199}}
Mar 02 01:18:14.050152 dv-cinder-831090-2-smb devstack@n-api.service[116811]: INFO nova.api.openstack.requestlog [None req-1a9e476a-59c4-43b1-94c6-4035f6dd8afa tempest-AttachVolumeNegativeTest-1439188673 tempest-AttachVolumeNegativeTest-1439188673-project] 10.222.0.11 "GET /compute/v2.1/servers/4f946f27-d752-46ae-95bb-4089c792e9e6" status: 200 len: 1507 microversion: 2.1 time: 0.187242
Mar 02 01:18:14.050707 dv-cinder-831090-2-smb devstack@n-api.service[116811]: [pid: 116811|app: 0|req: 92/187] 10.222.0.11 () {58 vars in 1235 bytes} [Wed Mar 2 01:18:13 2022] GET /compute/v2.1/servers/4f946f27-d752-46ae-95bb-4089c792e9e6 => generated 1507 bytes in 189 msecs (HTTP/1.1 200) 9 headers in 358 bytes (1 switches on core 0)
Mar 02 01:18:14.068332 dv-cinder-831090-2-smb devstack@n-api.service[116810]: DEBUG nova.api.openstack.wsgi [None req-893abc75-ae16-4d3d-9cf1-ed4bbfb3c62d tempest-AttachVolumeNegativeTest-1439188673 tempest-AttachVolumeNegativeTest-1439188673-project] Action: 'create', calling method: >, body: {"volumeAttachment": {"volumeId": "3e46e3b0-2975-44b7-90cd-8b85dbdfd89b"}} {{(pid=116810) _process_stack /opt/stack/nova/nova/api/openstack/wsgi.py:511}}
Mar 02 01:18:14.069541 dv-cinder-831090-2-smb devstack@n-api.service[116810]: DEBUG nova.compute.api [None req-893abc75-ae16-4d3d-9cf1-ed4bbfb3c62d tempest-AttachVolumeNegativeTest-1439188673 tempest-AttachVolumeNegativeTest-1439188673-project] [instance: 4f946f27-d752-46ae-95bb-4089c792e9e6] Fetching instance by UUID {{(pid=116810) get /opt/stack/nova/nova/compute/api.py:2918}}
Mar 02 01:18:14.076188 dv-cinder-831090-2-smb devstack@n-api.service[116810]: DEBUG oslo_concurrency.lockutils [None req-893abc75-ae16-4d3d-9cf1-ed4bbfb3c62d tempest-AttachVolumeNegativeTest-1439188673 tempest-AttachVolumeNegativeTest-1439188673-project] Lock "cac7dc86-71ac-46ec-bbb3-75a1fe9a3015" acquired by "nova.context.set_target_cell..get_or_set_cached_cell_and_set_connections" :: waited 0.000s {{(pid=116810) inner /usr/local/lib/python3.8/dist-packages/oslo_concurrency/lockutils.py:386}}
Mar 02 01:18:14.076617 dv-cinder-831090-2-smb devstack@n-api.service[116810]: DEBUG oslo_concurrency.lockutils [None req-893abc75-ae16-4d3d-9cf1-ed4bbfb3c62d tempest-AttachVolumeNegativeTest-1439188673 tempest-AttachVolumeNegativeTest-1439188673-project] Lock "cac7dc86-71ac-46ec-bbb3-75a1fe9a3015" "released" by "nova.context.set_target_cell..get_or_set_cached_cell_and_set_connections" :: held 0.001s {{(pid=116810) inner /usr/local/lib/python3.8/dist-packages/oslo_concurrency/lockutils.py:400}}
Mar 02 01:18:14.077410 dv-cinder-831090-2-smb devstack@n-api.service[116810]: DEBUG oslo_concurrency.lockutils [None req-893abc75-ae16-4d3d-9cf1-ed4bbfb3c62d tempest-AttachVolumeNegativeTest-1439188673 tempest-AttachVolumeNegativeTest-1439188673-project] Lock "cac7dc86-71ac-46ec-bbb3-75a1fe9a3015" acquired by "nova.context.set_target_cell..get_or_set_cached_cell_and_set_connections" :: waited 0.000s {{(pid=116810) inner /usr/local/lib/python3.8/dist-packages/oslo_concurrency/lockutils.py:386}}
Mar 02 01:18:14.077849 dv-cinder-831090-2-smb devstack@n-api.service[116810]: DEBUG oslo_concurrency.lockutils [None req-893abc75-ae16-4d3d-9cf1-ed4bbfb3c62d tempest-AttachVolumeNegativeTest-1439188673 tempest-AttachVolumeNegativeTest-1439188673-project] Lock "cac7dc86-71ac-46ec-bbb3-75a1fe9a3015" "released" by "nova.context.set_target_cell..get_or_set_cached_cell_and_set_connections" :: held 0.000s {{(pid=116810) inner /usr/local/lib/python3.8/dist-packages/oslo_concurrency/lockutils.py:400}}
Mar 02 01:18:14.156318 dv-cinder-831090-2-smb devstack@n-api.service[116811]: DEBUG nova.api.openstack.wsgi [None req-9c6c3656-7dd9-4873-8fef-20d982486ad6 tempest-ServerRescueNegativeTestJSON-1680293387 tempest-ServerRescueNegativeTestJSON-1680293387-project] Calling method '>' {{(pid=116811) _process_stack /opt/stack/nova/nova/api/openstack/wsgi.py:513}}
Mar 02 01:18:14.157137 dv-cinder-831090-2-smb devstack@n-api.service[116811]: DEBUG nova.compute.api [None req-9c6c3656-7dd9-4873-8fef-20d982486ad6 tempest-ServerRescueNegativeTestJSON-1680293387 tempest-ServerRescueNegativeTestJSON-1680293387-project] [instance: 8c3120f7-5458-4fda-829b-7ef0c804416b] Fetching instance by UUID {{(pid=116811) get /opt/stack/nova/nova/compute/api.py:2918}}
Mar 02 01:18:14.158397 dv-cinder-831090-2-smb devstack@n-api.service[116810]: INFO nova.api.openstack.wsgi [None req-893abc75-ae16-4d3d-9cf1-ed4bbfb3c62d tempest-AttachVolumeNegativeTest-1439188673 tempest-AttachVolumeNegativeTest-1439188673-project] HTTP exception thrown: Invalid volume: volume 3e46e3b0-2975-44b7-90cd-8b85dbdfd89b is already attached to instances: 5cad3177-efe4-466d-a4ac-3308f6141065
Mar 02 01:18:14.158993 dv-cinder-831090-2-smb devstack@n-api.service[116810]: DEBUG nova.api.openstack.wsgi [None req-893abc75-ae16-4d3d-9cf1-ed4bbfb3c62d tempest-AttachVolumeNegativeTest-1439188673 tempest-AttachVolumeNegativeTest-1439188673-project] Returning 400 to user: Invalid volume: volume 3e46e3b0-2975-44b7-90cd-8b85dbdfd89b is already attached to instances: 5cad3177-efe4-466d-a4ac-3308f6141065 {{(pid=116810) __call__ /opt/stack/nova/nova/api/openstack/wsgi.py:936}}
Mar 02 01:18:14.159842 dv-cinder-831090-2-smb devstack@n-api.service[116810]: INFO nova.api.openstack.requestlog [None req-893abc75-ae16-4d3d-9cf1-ed4bbfb3c62d tempest-AttachVolumeNegativeTest-1439188673 tempest-AttachVolumeNegativeTest-1439188673-project] 10.222.0.11 "POST /compute/v2.1/servers/4f946f27-d752-46ae-95bb-4089c792e9e6/os-volume_attachments" status: 400 len: 174 microversion: 2.1 time: 0.096662
Mar 02 01:18:14.160433 dv-cinder-831090-2-smb devstack@n-api.service[116810]: [pid: 116810|app: 0|req: 96/188] 10.222.0.11 () {60 vars in 1322 bytes} [Wed Mar 2 01:18:14 2022] POST /compute/v2.1/servers/4f946f27-d752-46ae-95bb-4089c792e9e6/os-volume_attachments => generated 174 bytes in 98 msecs (HTTP/1.1 400) 9 headers in 381 bytes (1 switches on core 0)
Mar 02 01:18:14.163349 dv-cinder-831090-2-smb devstack@n-api.service[116811]: DEBUG oslo_concurrency.lockutils [None req-9c6c3656-7dd9-4873-8fef-20d982486ad6 tempest-ServerRescueNegativeTestJSON-1680293387 tempest-ServerRescueNegativeTestJSON-1680293387-project] Lock "cac7dc86-71ac-46ec-bbb3-75a1fe9a3015" acquired by "nova.context.set_target_cell..get_or_set_cached_cell_and_set_connections" :: waited 0.000s {{(pid=116811) inner /usr/local/lib/python3.8/dist-packages/oslo_concurrency/lockutils.py:386}}
Mar 02 01:18:14.163816 dv-cinder-831090-2-smb devstack@n-api.service[116811]: DEBUG oslo_concurrency.lockutils [None req-9c6c3656-7dd9-4873-8fef-20d982486ad6 tempest-ServerRescueNegativeTestJSON-1680293387 tempest-ServerRescueNegativeTestJSON-1680293387-project] Lock "cac7dc86-71ac-46ec-bbb3-75a1fe9a3015" "released" by "nova.context.set_target_cell..get_or_set_cached_cell_and_set_connections" :: held 0.001s {{(pid=116811) inner /usr/local/lib/python3.8/dist-packages/oslo_concurrency/lockutils.py:400}}
Mar 02 01:18:14.167149 dv-cinder-831090-2-smb devstack@n-api.service[116811]: DEBUG oslo_concurrency.lockutils [None req-9c6c3656-7dd9-4873-8fef-20d982486ad6 tempest-ServerRescueNegativeTestJSON-1680293387 tempest-ServerRescueNegativeTestJSON-1680293387-project] Lock "cac7dc86-71ac-46ec-bbb3-75a1fe9a3015" acquired by "nova.context.set_target_cell..get_or_set_cached_cell_and_set_connections" :: waited 0.000s {{(pid=116811) inner /usr/local/lib/python3.8/dist-packages/oslo_concurrency/lockutils.py:386}}
Mar 02 01:18:14.167795 dv-cinder-831090-2-smb devstack@n-api.service[116811]: DEBUG oslo_concurrency.lockutils [None req-9c6c3656-7dd9-4873-8fef-20d982486ad6 tempest-ServerRescueNegativeTestJSON-1680293387 tempest-ServerRescueNegativeTestJSON-1680293387-project] Lock "cac7dc86-71ac-46ec-bbb3-75a1fe9a3015" "released" by "nova.context.set_target_cell..get_or_set_cached_cell_and_set_connections" :: held 0.003s {{(pid=116811) inner /usr/local/lib/python3.8/dist-packages/oslo_concurrency/lockutils.py:400}}
Mar 02 01:18:14.232678 dv-cinder-831090-2-smb devstack@n-api.service[116810]: DEBUG nova.api.openstack.wsgi [None req-de884593-eaff-4fa8-ab5b-221fc2acfa56 tempest-AttachVolumeNegativeTest-1439188673 tempest-AttachVolumeNegativeTest-1439188673-project] Calling method '>' {{(pid=116810) _process_stack /opt/stack/nova/nova/api/openstack/wsgi.py:513}}
Mar 02 01:18:14.232678 dv-cinder-831090-2-smb devstack@n-api.service[116810]: DEBUG nova.compute.api [None req-de884593-eaff-4fa8-ab5b-221fc2acfa56 tempest-AttachVolumeNegativeTest-1439188673 tempest-AttachVolumeNegativeTest-1439188673-project] [instance: 5cad3177-efe4-466d-a4ac-3308f6141065] Fetching instance by UUID {{(pid=116810) get /opt/stack/nova/nova/compute/api.py:2918}}
Mar 02 01:18:14.239116 dv-cinder-831090-2-smb devstack@n-api.service[116810]: DEBUG oslo_concurrency.lockutils [None req-de884593-eaff-4fa8-ab5b-221fc2acfa56 tempest-AttachVolumeNegativeTest-1439188673 tempest-AttachVolumeNegativeTest-1439188673-project] Lock "cac7dc86-71ac-46ec-bbb3-75a1fe9a3015" acquired by "nova.context.set_target_cell..get_or_set_cached_cell_and_set_connections" :: waited 0.000s {{(pid=116810) inner /usr/local/lib/python3.8/dist-packages/oslo_concurrency/lockutils.py:386}}
Mar 02 01:18:14.239537 dv-cinder-831090-2-smb devstack@n-api.service[116810]: DEBUG oslo_concurrency.lockutils [None req-de884593-eaff-4fa8-ab5b-221fc2acfa56 tempest-AttachVolumeNegativeTest-1439188673 tempest-AttachVolumeNegativeTest-1439188673-project] Lock "cac7dc86-71ac-46ec-bbb3-75a1fe9a3015" "released" by "nova.context.set_target_cell..get_or_set_cached_cell_and_set_connections" :: held 0.001s {{(pid=116810) inner /usr/local/lib/python3.8/dist-packages/oslo_concurrency/lockutils.py:400}}
Mar 02 01:18:14.240788 dv-cinder-831090-2-smb devstack@n-api.service[116810]: DEBUG oslo_concurrency.lockutils [None req-de884593-eaff-4fa8-ab5b-221fc2acfa56 tempest-AttachVolumeNegativeTest-1439188673 tempest-AttachVolumeNegativeTest-1439188673-project] Lock "cac7dc86-71ac-46ec-bbb3-75a1fe9a3015" acquired by "nova.context.set_target_cell..get_or_set_cached_cell_and_set_connections" :: waited 0.000s {{(pid=116810) inner /usr/local/lib/python3.8/dist-packages/oslo_concurrency/lockutils.py:386}}
Mar 02 01:18:14.240904 dv-cinder-831090-2-smb devstack@n-api.service[116810]: DEBUG oslo_concurrency.lockutils [None req-de884593-eaff-4fa8-ab5b-221fc2acfa56 tempest-AttachVolumeNegativeTest-1439188673 tempest-AttachVolumeNegativeTest-1439188673-project] Lock "cac7dc86-71ac-46ec-bbb3-75a1fe9a3015" "released" by "nova.context.set_target_cell..get_or_set_cached_cell_and_set_connections" :: held 0.000s {{(pid=116810) inner /usr/local/lib/python3.8/dist-packages/oslo_concurrency/lockutils.py:400}}
Mar 02 01:18:14.320636 dv-cinder-831090-2-smb devstack@n-api.service[116811]: DEBUG nova.policy [None req-9c6c3656-7dd9-4873-8fef-20d982486ad6 tempest-ServerRescueNegativeTestJSON-1680293387 tempest-ServerRescueNegativeTestJSON-1680293387-project] Policy check for os_compute_api:os-extended-server-attributes failed with credentials {'is_admin': False, 'user_id': '8c91ca18c6c24245a0b93dc13e5aef6c', 'user_domain_id': 'default', 'system_scope': None, 'domain_id': None, 'project_id': '3d873cb8092041ef89667f806265cc0b', 'project_domain_id': 'default', 'roles': ['member', 'reader'], 'is_admin_project': True, 'service_user_id': None, 'service_user_domain_id': None, 'service_project_id': None, 'service_project_domain_id': None, 'service_roles': []} {{(pid=116811) authorize /opt/stack/nova/nova/policy.py:199}}
Mar 02 01:18:14.332043 dv-cinder-831090-2-smb devstack@n-api.service[116811]: INFO nova.api.openstack.requestlog [None req-9c6c3656-7dd9-4873-8fef-20d982486ad6 tempest-ServerRescueNegativeTestJSON-1680293387 tempest-ServerRescueNegativeTestJSON-1680293387-project] 10.222.0.11 "GET /compute/v2.1/servers/8c3120f7-5458-4fda-829b-7ef0c804416b" status: 200 len: 1521 microversion: 2.1 time: 0.179633
Mar 02 01:18:14.332793 dv-cinder-831090-2-smb devstack@n-api.service[116811]: [pid: 116811|app: 0|req: 93/189] 10.222.0.11 () {58 vars in 1235 bytes} [Wed Mar 2 01:18:14 2022] GET /compute/v2.1/servers/8c3120f7-5458-4fda-829b-7ef0c804416b => generated 1521 bytes in 181 msecs (HTTP/1.1 200) 9 headers in 358 bytes (2 switches on core 0)
Mar 02 01:18:14.372219 dv-cinder-831090-2-smb devstack@n-api.service[116810]: DEBUG nova.objects.instance [None req-de884593-eaff-4fa8-ab5b-221fc2acfa56 tempest-AttachVolumeNegativeTest-1439188673 tempest-AttachVolumeNegativeTest-1439188673-project] Lazy-loading 'services' on Instance uuid 5cad3177-efe4-466d-a4ac-3308f6141065 {{(pid=116810) obj_load_attr /opt/stack/nova/nova/objects/instance.py:1099}}
Mar 02 01:18:14.385130 dv-cinder-831090-2-smb devstack@n-api.service[116811]: DEBUG nova.api.openstack.wsgi [None req-ee325845-de8b-4662-87ef-b8801abde36c tempest-VolumesSnapshotTestJSON-1523393812 tempest-VolumesSnapshotTestJSON-1523393812-project] Calling method '>' {{(pid=116811) _process_stack /opt/stack/nova/nova/api/openstack/wsgi.py:513}}
Mar 02 01:18:14.385745 dv-cinder-831090-2-smb devstack@n-api.service[116811]: DEBUG nova.compute.api [None req-ee325845-de8b-4662-87ef-b8801abde36c tempest-VolumesSnapshotTestJSON-1523393812 tempest-VolumesSnapshotTestJSON-1523393812-project] [instance: 7a75b5ff-8a67-4c48-a90c-a7c42263f01f] Fetching instance by UUID {{(pid=116811) get /opt/stack/nova/nova/compute/api.py:2918}}
Mar 02 01:18:14.391610 dv-cinder-831090-2-smb devstack@n-api.service[116811]: DEBUG oslo_concurrency.lockutils [None req-ee325845-de8b-4662-87ef-b8801abde36c tempest-VolumesSnapshotTestJSON-1523393812 tempest-VolumesSnapshotTestJSON-1523393812-project] Lock "cac7dc86-71ac-46ec-bbb3-75a1fe9a3015" acquired by "nova.context.set_target_cell..get_or_set_cached_cell_and_set_connections" :: waited 0.000s {{(pid=116811) inner /usr/local/lib/python3.8/dist-packages/oslo_concurrency/lockutils.py:386}}
Mar 02 01:18:14.392256 dv-cinder-831090-2-smb devstack@n-api.service[116811]: DEBUG oslo_concurrency.lockutils [None req-ee325845-de8b-4662-87ef-b8801abde36c tempest-VolumesSnapshotTestJSON-1523393812 tempest-VolumesSnapshotTestJSON-1523393812-project] Lock "cac7dc86-71ac-46ec-bbb3-75a1fe9a3015" "released" by "nova.context.set_target_cell..get_or_set_cached_cell_and_set_connections" :: held 0.001s {{(pid=116811) inner /usr/local/lib/python3.8/dist-packages/oslo_concurrency/lockutils.py:400}}
Mar 02 01:18:14.393025 dv-cinder-831090-2-smb devstack@n-api.service[116811]: DEBUG oslo_concurrency.lockutils [None req-ee325845-de8b-4662-87ef-b8801abde36c tempest-VolumesSnapshotTestJSON-1523393812 tempest-VolumesSnapshotTestJSON-1523393812-project] Lock "cac7dc86-71ac-46ec-bbb3-75a1fe9a3015" acquired by "nova.context.set_target_cell..get_or_set_cached_cell_and_set_connections" :: waited 0.000s {{(pid=116811) inner /usr/local/lib/python3.8/dist-packages/oslo_concurrency/lockutils.py:386}}
Mar 02 01:18:14.393740 dv-cinder-831090-2-smb devstack@n-api.service[116811]: DEBUG oslo_concurrency.lockutils [None req-ee325845-de8b-4662-87ef-b8801abde36c tempest-VolumesSnapshotTestJSON-1523393812 tempest-VolumesSnapshotTestJSON-1523393812-project] Lock "cac7dc86-71ac-46ec-bbb3-75a1fe9a3015" "released" by "nova.context.set_target_cell..get_or_set_cached_cell_and_set_connections" :: held 0.000s {{(pid=116811) inner /usr/local/lib/python3.8/dist-packages/oslo_concurrency/lockutils.py:400}}
Mar 02 01:18:14.480910 dv-cinder-831090-2-smb devstack@n-api.service[116811]: DEBUG nova.policy [None req-ee325845-de8b-4662-87ef-b8801abde36c tempest-VolumesSnapshotTestJSON-1523393812 tempest-VolumesSnapshotTestJSON-1523393812-project] Policy check for os_compute_api:os-extended-server-attributes failed with credentials {'is_admin': False, 'user_id': 'd9027a264d1041b38d4f19140f553b5d', 'user_domain_id': 'default', 'system_scope': None, 'domain_id': None, 'project_id': '04f1235d30be40e2891e6d293cb900a9', 'project_domain_id': 'default', 'roles': ['member', 'reader'], 'is_admin_project': True, 'service_user_id': None, 'service_user_domain_id': None, 'service_project_id': None, 'service_project_domain_id': None, 'service_roles': []} {{(pid=116811) authorize /opt/stack/nova/nova/policy.py:199}}
Mar 02 01:18:14.490000 dv-cinder-831090-2-smb devstack@n-api.service[116811]: INFO nova.api.openstack.requestlog [None req-ee325845-de8b-4662-87ef-b8801abde36c tempest-VolumesSnapshotTestJSON-1523393812 tempest-VolumesSnapshotTestJSON-1523393812-project] 10.222.0.11 "GET /compute/v2.1/servers/7a75b5ff-8a67-4c48-a90c-a7c42263f01f" status: 200 len: 1271 microversion: 2.1 time: 0.107705
Mar 02 01:18:14.490900 dv-cinder-831090-2-smb devstack@n-api.service[116811]: [pid: 116811|app: 0|req: 94/190] 10.222.0.11 () {58 vars in 1235 bytes} [Wed Mar 2 01:18:14 2022] GET /compute/v2.1/servers/7a75b5ff-8a67-4c48-a90c-a7c42263f01f => generated 1271 bytes in 111 msecs (HTTP/1.1 200) 9 headers in 358 bytes (2 switches on core 0)
Mar 02 01:18:14.552095 dv-cinder-831090-2-smb devstack@n-api.service[116810]: INFO nova.api.openstack.requestlog [None req-de884593-eaff-4fa8-ab5b-221fc2acfa56 tempest-AttachVolumeNegativeTest-1439188673 tempest-AttachVolumeNegativeTest-1439188673-project] 10.222.0.11 "DELETE /compute/v2.1/servers/5cad3177-efe4-466d-a4ac-3308f6141065/os-volume_attachments/3e46e3b0-2975-44b7-90cd-8b85dbdfd89b" status: 202 len: 0 microversion: 2.1 time: 0.325447
Mar 02 01:18:14.552924 dv-cinder-831090-2-smb devstack@n-api.service[116810]: [pid: 116810|app: 0|req: 97/191] 10.222.0.11 () {58 vars in 1415 bytes} [Wed Mar 2 01:18:14 2022] DELETE /compute/v2.1/servers/5cad3177-efe4-466d-a4ac-3308f6141065/os-volume_attachments/3e46e3b0-2975-44b7-90cd-8b85dbdfd89b => generated 0 bytes in 328 msecs (HTTP/1.1 202) 9 headers in 361 bytes (2 switches on core 0)
Mar 02 01:18:14.578382 dv-cinder-831090-2-smb devstack@n-api.service[116811]: DEBUG nova.api.openstack.wsgi [None req-82ba40da-7865-4487-bffc-c9fd938694b1 tempest-AttachVolumeNegativeTest-1439188673 tempest-AttachVolumeNegativeTest-1439188673-project] Calling method '>' {{(pid=116811) _process_stack /opt/stack/nova/nova/api/openstack/wsgi.py:513}}
Mar 02 01:18:14.582150 dv-cinder-831090-2-smb devstack@n-api.service[116811]: DEBUG nova.compute.api [None req-82ba40da-7865-4487-bffc-c9fd938694b1 tempest-AttachVolumeNegativeTest-1439188673 tempest-AttachVolumeNegativeTest-1439188673-project] [instance: 5cad3177-efe4-466d-a4ac-3308f6141065] Fetching instance by UUID {{(pid=116811) get /opt/stack/nova/nova/compute/api.py:2918}}
Mar 02 01:18:14.613035 dv-cinder-831090-2-smb devstack@n-api.service[116811]: DEBUG oslo_concurrency.lockutils [None req-82ba40da-7865-4487-bffc-c9fd938694b1 tempest-AttachVolumeNegativeTest-1439188673 tempest-AttachVolumeNegativeTest-1439188673-project] Lock "cac7dc86-71ac-46ec-bbb3-75a1fe9a3015" acquired by "nova.context.set_target_cell..get_or_set_cached_cell_and_set_connections" :: waited 0.000s {{(pid=116811) inner /usr/local/lib/python3.8/dist-packages/oslo_concurrency/lockutils.py:386}}
Mar 02 01:18:14.614014 dv-cinder-831090-2-smb devstack@n-api.service[116811]: DEBUG oslo_concurrency.lockutils [None req-82ba40da-7865-4487-bffc-c9fd938694b1 tempest-AttachVolumeNegativeTest-1439188673 tempest-AttachVolumeNegativeTest-1439188673-project] Lock "cac7dc86-71ac-46ec-bbb3-75a1fe9a3015" "released" by "nova.context.set_target_cell..get_or_set_cached_cell_and_set_connections" :: held 0.001s {{(pid=116811) inner /usr/local/lib/python3.8/dist-packages/oslo_concurrency/lockutils.py:400}}
Mar 02 01:18:14.615596 dv-cinder-831090-2-smb devstack@n-api.service[116811]: DEBUG oslo_concurrency.lockutils [None req-82ba40da-7865-4487-bffc-c9fd938694b1 tempest-AttachVolumeNegativeTest-1439188673 tempest-AttachVolumeNegativeTest-1439188673-project] Lock "cac7dc86-71ac-46ec-bbb3-75a1fe9a3015" acquired by "nova.context.set_target_cell..get_or_set_cached_cell_and_set_connections" :: waited 0.000s {{(pid=116811) inner /usr/local/lib/python3.8/dist-packages/oslo_concurrency/lockutils.py:386}}
Mar 02 01:18:14.616257 dv-cinder-831090-2-smb devstack@n-api.service[116811]: DEBUG oslo_concurrency.lockutils [None req-82ba40da-7865-4487-bffc-c9fd938694b1 tempest-AttachVolumeNegativeTest-1439188673 tempest-AttachVolumeNegativeTest-1439188673-project] Lock "cac7dc86-71ac-46ec-bbb3-75a1fe9a3015" "released" by "nova.context.set_target_cell..get_or_set_cached_cell_and_set_connections" :: held 0.001s {{(pid=116811) inner /usr/local/lib/python3.8/dist-packages/oslo_concurrency/lockutils.py:400}}
Mar 02 01:18:14.665816 dv-cinder-831090-2-smb devstack@n-api.service[116811]: INFO nova.api.openstack.requestlog [None req-82ba40da-7865-4487-bffc-c9fd938694b1 tempest-AttachVolumeNegativeTest-1439188673 tempest-AttachVolumeNegativeTest-1439188673-project] 10.222.0.11 "GET /compute/v2.1/servers/5cad3177-efe4-466d-a4ac-3308f6141065/os-volume_attachments" status: 200 len: 197 microversion: 2.1 time: 0.103536
Mar 02 01:18:14.666970 dv-cinder-831090-2-smb devstack@n-api.service[116811]: [pid: 116811|app: 0|req: 95/192] 10.222.0.11 () {58 vars in 1301 bytes} [Wed Mar 2 01:18:14 2022] GET /compute/v2.1/servers/5cad3177-efe4-466d-a4ac-3308f6141065/os-volume_attachments => generated 197 bytes in 105 msecs (HTTP/1.1 200) 9 headers in 357 bytes (1 switches on core 0)
Mar 02 01:18:15.350067 dv-cinder-831090-2-smb devstack@n-api.service[116810]: DEBUG nova.api.openstack.wsgi [None req-efe0eea3-d18c-4996-b6ed-be8a183df2a7 tempest-ServerRescueNegativeTestJSON-1680293387 tempest-ServerRescueNegativeTestJSON-1680293387-project] Calling method '>' {{(pid=116810) _process_stack /opt/stack/nova/nova/api/openstack/wsgi.py:513}}
Mar 02 01:18:15.350674 dv-cinder-831090-2-smb devstack@n-api.service[116810]: DEBUG nova.compute.api [None req-efe0eea3-d18c-4996-b6ed-be8a183df2a7 tempest-ServerRescueNegativeTestJSON-1680293387 tempest-ServerRescueNegativeTestJSON-1680293387-project] [instance: 8c3120f7-5458-4fda-829b-7ef0c804416b] Fetching instance by UUID {{(pid=116810) get /opt/stack/nova/nova/compute/api.py:2918}}
Mar 02 01:18:15.356933 dv-cinder-831090-2-smb devstack@n-api.service[116810]: DEBUG oslo_concurrency.lockutils [None req-efe0eea3-d18c-4996-b6ed-be8a183df2a7 tempest-ServerRescueNegativeTestJSON-1680293387 tempest-ServerRescueNegativeTestJSON-1680293387-project] Lock "cac7dc86-71ac-46ec-bbb3-75a1fe9a3015" acquired by "nova.context.set_target_cell..get_or_set_cached_cell_and_set_connections" :: waited 0.000s {{(pid=116810) inner /usr/local/lib/python3.8/dist-packages/oslo_concurrency/lockutils.py:386}}
Mar 02 01:18:15.357381 dv-cinder-831090-2-smb devstack@n-api.service[116810]: DEBUG oslo_concurrency.lockutils [None req-efe0eea3-d18c-4996-b6ed-be8a183df2a7 tempest-ServerRescueNegativeTestJSON-1680293387 tempest-ServerRescueNegativeTestJSON-1680293387-project] Lock "cac7dc86-71ac-46ec-bbb3-75a1fe9a3015" "released" by "nova.context.set_target_cell..get_or_set_cached_cell_and_set_connections" :: held 0.001s {{(pid=116810) inner /usr/local/lib/python3.8/dist-packages/oslo_concurrency/lockutils.py:400}}
Mar 02 01:18:15.358398 dv-cinder-831090-2-smb devstack@n-api.service[116810]: DEBUG oslo_concurrency.lockutils [None req-efe0eea3-d18c-4996-b6ed-be8a183df2a7 tempest-ServerRescueNegativeTestJSON-1680293387 tempest-ServerRescueNegativeTestJSON-1680293387-project] Lock "cac7dc86-71ac-46ec-bbb3-75a1fe9a3015" acquired by "nova.context.set_target_cell..get_or_set_cached_cell_and_set_connections" :: waited 0.000s {{(pid=116810) inner /usr/local/lib/python3.8/dist-packages/oslo_concurrency/lockutils.py:386}}
Mar 02 01:18:15.359059 dv-cinder-831090-2-smb devstack@n-api.service[116810]: DEBUG oslo_concurrency.lockutils [None req-efe0eea3-d18c-4996-b6ed-be8a183df2a7 tempest-ServerRescueNegativeTestJSON-1680293387 tempest-ServerRescueNegativeTestJSON-1680293387-project] Lock "cac7dc86-71ac-46ec-bbb3-75a1fe9a3015" "released" by "nova.context.set_target_cell..get_or_set_cached_cell_and_set_connections" :: held 0.001s {{(pid=116810) inner /usr/local/lib/python3.8/dist-packages/oslo_concurrency/lockutils.py:400}}
Mar 02 01:18:15.508309 dv-cinder-831090-2-smb devstack@n-api.service[116811]: DEBUG nova.api.openstack.wsgi [None req-fa1d78da-ae75-4fb8-96f0-b348326aa93a tempest-VolumesSnapshotTestJSON-1523393812 tempest-VolumesSnapshotTestJSON-1523393812-project] Calling method '>' {{(pid=116811) _process_stack /opt/stack/nova/nova/api/openstack/wsgi.py:513}}
Mar 02 01:18:15.509110 dv-cinder-831090-2-smb devstack@n-api.service[116811]: DEBUG nova.compute.api [None req-fa1d78da-ae75-4fb8-96f0-b348326aa93a tempest-VolumesSnapshotTestJSON-1523393812 tempest-VolumesSnapshotTestJSON-1523393812-project] [instance: 7a75b5ff-8a67-4c48-a90c-a7c42263f01f] Fetching instance by UUID {{(pid=116811) get /opt/stack/nova/nova/compute/api.py:2918}}
