May 12 00:50:01.652789 dv-cinder-830901-5-smb neutron-server[109968]: DEBUG neutron_lib.callbacks.manager [None req-3a1f2e12-7c7a-4f0d-8554-494a57d80c5a admin admin] Publish callbacks [] for security_group (8ec25da9-fc21-4497-bc68-b3184c672b45), precommit_create {{(pid=109968) _notify_loop /usr/local/lib/python3.8/dist-packages/neutron_lib/callbacks/manager.py:176}}
May 12 00:50:01.667251 dv-cinder-830901-5-smb neutron-server[109970]: DEBUG neutron.api.rpc.handlers.resources_rpc [None req-1e8d4d1c-8176-4a88-9bd0-387c152842fe None None] Pushing event updated for resources: {'Port': ['ID=125181fb-8141-4fc3-8215-3c50d5244c1a,revision_number=5']} {{(pid=109970) push /opt/stack/neutron/neutron/api/rpc/handlers/resources_rpc.py:237}}
May 12 00:50:01.683544 dv-cinder-830901-5-smb neutron-server[109968]: DEBUG neutron_lib.callbacks.manager [None req-3a1f2e12-7c7a-4f0d-8554-494a57d80c5a admin admin] Publish callbacks ['neutron.plugins.ml2.ovo_rpc._ObjectChangeHandler.handle_event-3671650'] for security_group (8ec25da9-fc21-4497-bc68-b3184c672b45), after_create {{(pid=109968) _notify_loop /usr/local/lib/python3.8/dist-packages/neutron_lib/callbacks/manager.py:176}}
May 12 00:50:01.697697 dv-cinder-830901-5-smb neutron-server[109970]: DEBUG neutron.db.l3_hamode_db [None req-879a831c-cef7-4aad-b884-a8e12e8aa599 None None] neutron.services.l3_router.l3_router_plugin.L3RouterPlugin method _process_sync_ha_data called with arguments (, [{'id': 'ea7db582-1115-467d-91c2-1d847c941109', 'name': 'tempest-ServerRescueNegativeTestJSON-973959943-router', 'tenant_id': 'c4513cd87371479e9030b56e0f16a350', 'admin_state_up': True, 'status': 'ACTIVE', 'external_gateway_info': {'network_id': 'b6f58192-321f-41d2-8d1c-7f2d47aab41b', 'external_fixed_ips': [{'subnet_id': 'cd91abfc-64da-4ff0-9604-d018b939fc7a', 'ip_address': '172.28.0.46'}], 'enable_snat': True}, 'gw_port_id': '68395c32-59c4-4d78-a97a-44e89992f40f', 'description': '', 'availability_zones': ['nova'], 'distributed': False, 'ha': False, 'ha_vr_id': 0, 'availability_zone_hints': [], 'routes': [], 'flavor_id': None, 'tags': [], 'created_at': '2022-05-12T00:49:34Z', 'updated_at': '2022-05-12T00:49:55Z', 'revision_number': 4, 'project_id': 'c4513cd87371479e9030b56e0f16a350', 'gw_port': {'id': '68395c32-59c4-4d78-a97a-44e89992f40f', 'name': '', 'network_id': 'b6f58192-321f-41d2-8d1c-7f2d47aab41b', 'tenant_id': '', 'mac_address': 'fa:16:3e:7d:e8:c8', 'admin_state_up': True, 'status': 'ACTIVE', 'device_id': 'ea7db582-1115-467d-91c2-1d847c941109', 'device_owner': 'network:router_gateway', 'standard_attr_id': 96, 'fixed_ips': [{'subnet_id': 'cd91abfc-64da-4ff0-9604-d018b939fc7a', 'ip_address': '172.28.0.46', 'prefixlen': 24}], 'allowed_address_pairs': [], 'extra_dhcp_opts': [], 'security_groups': [], 'description': '', 'binding:vnic_type': 'normal', 'binding:profile': {}, 'binding:host_id': 'dv-cinder-830901-5-smb', 'binding:vif_type': 'ovs', 'binding:vif_details': {'connectivity': 'l2', 'port_filter': True, 'ovs_hybrid_plug': False, 'datapath_type': 'system', 'bridge_name': 'br-int', 'bound_drivers': {'0': 'openvswitch'}}, 'port_security_enabled': False, 'tags': [], 'created_at': '2022-05-12T00:49:37Z', 'updated_at': '2022-05-12T00:49:52Z', 'revision_number': 4, 'project_id': '', 'subnets': [{'id': 'cd91abfc-64da-4ff0-9604-d018b939fc7a', 'cidr': '172.28.0.0/24', 'gateway_ip': '172.28.0.1', 'dns_nameservers': [], 'ipv6_ra_mode': None, 'subnetpool_id': None}], 'extra_subnets': [], 'address_scopes': {4: None, 6: None}, 'mtu': 1500}, 'enable_snat': True, 'gw_port_host': 'dv-cinder-830901-5-smb', '_interfaces': [{'id': '125181fb-8141-4fc3-8215-3c50d5244c1a', 'name': '', 'network_id': 'a9b8b310-d9c4-4cf2-b3a7-b70ee390124f', 'tenant_id': 'c4513cd87371479e9030b56e0f16a350', 'mac_address': 'fa:16:3e:2d:48:49', 'admin_state_up': True, 'status': 'DOWN', 'device_id': 'ea7db582-1115-467d-91c2-1d847c941109', 'device_owner': 'network:router_interface', 'standard_attr_id': 111, 'fixed_ips': [{'subnet_id': '966744d9-d93e-4a61-8132-65cbff193d72', 'ip_address': '172.20.0.1', 'prefixlen': 28}], 'allowed_address_pairs': [], 'extra_dhcp_opts': [], 'security_groups': [], 'description': '', 'binding:vnic_type': 'normal', 'binding:profile': {}, 'binding:host_id': 'dv-cinder-830901-5-smb', 'binding:vif_type': 'ovs', 'binding:vif_details': {'connectivity': 'l2', 'port_filter': True, 'ovs_hybrid_plug': False, 'datapath_type': 'system', 'bridge_name': 'br-int', 'bound_drivers': {'0': 'openvswitch'}}, 'port_security_enabled': False, 'tags': [], 'created_at': '2022-05-12T00:49:48Z', 'updated_at': '2022-05-12T00:50:00Z', 'revision_number': 4, 'project_id': 'c4513cd87371479e9030b56e0f16a350', 'subnets': [{'id': '966744d9-d93e-4a61-8132-65cbff193d72', 'cidr': '172.20.0.0/28', 'gateway_ip': '172.20.0.1', 'dns_nameservers': [], 'ipv6_ra_mode': None, 'subnetpool_id': None}], 'extra_subnets': [], 'address_scopes': {4: None, 6: None}, 'mtu': 1500}]}], 'dv-cinder-830901-5-smb', False) {} {{(pid=109970) wrapper /usr/local/lib/python3.8/dist-packages/oslo_log/helpers.py:65}}
May 12 00:50:01.707389 dv-cinder-830901-5-smb neutron-server[109970]: DEBUG neutron.plugins.ml2.plugin [None req-d9881fed-8a3a-4833-afe6-31090d851437 None None] Current status of the port c6262a90-3876-4e77-b692-20d90439ef32 is: DOWN; New status is: BUILD {{(pid=109970) _update_individual_port_db_status /opt/stack/neutron/neutron/plugins/ml2/plugin.py:2296}}
May 12 00:50:01.707915 dv-cinder-830901-5-smb neutron-server[109970]: DEBUG neutron_lib.callbacks.manager [None req-d9881fed-8a3a-4833-afe6-31090d851437 None None] Publish callbacks ['neutron.plugins.ml2.plugin.SecurityGroupDbMixin._ensure_default_security_group_handler-1005127'] for port (c6262a90-3876-4e77-b692-20d90439ef32), before_update {{(pid=109970) _notify_loop /usr/local/lib/python3.8/dist-packages/neutron_lib/callbacks/manager.py:176}}
May 12 00:50:01.777624 dv-cinder-830901-5-smb neutron-server[109968]: DEBUG neutron.pecan_wsgi.hooks.policy_enforcement [req-c800d400-152b-458b-8f56-2bba05b2ed19 req-9de49a18-9a14-45f0-b0c7-53dffb345123 tempest-AttachVolumeTestJSON-2105872687 tempest-AttachVolumeTestJSON-2105872687-project] Attributes excluded by policy engine: ['standard_attr_id', 'vlan_transparent', 'provider:network_type', 'provider:physical_network', 'provider:segmentation_id'] {{(pid=109968) _exclude_attributes_by_policy /opt/stack/neutron/neutron/pecan_wsgi/hooks/policy_enforcement.py:259}}
May 12 00:50:01.778711 dv-cinder-830901-5-smb neutron-server[109968]: INFO neutron.wsgi [req-c800d400-152b-458b-8f56-2bba05b2ed19 req-9de49a18-9a14-45f0-b0c7-53dffb345123 tempest-AttachVolumeTestJSON-2105872687 tempest-AttachVolumeTestJSON-2105872687-project] 10.222.0.49 "GET /v2.0/networks?id=90e7cfda-4cb5-4691-8dc1-079371f153a1 HTTP/1.1" status: 200 len: 811 time: 0.3170905
May 12 00:50:01.789840 dv-cinder-830901-5-smb neutron-server[109970]: DEBUG neutron.api.rpc.handlers.l3_rpc [None req-879a831c-cef7-4aad-b884-a8e12e8aa599 None None] The sync data for ids ['ea7db582-1115-467d-91c2-1d847c941109'] in dv-cinder-830901-5-smb is: [{'id': 'ea7db582-1115-467d-91c2-1d847c941109', 'name': 'tempest-ServerRescueNegativeTestJSON-973959943-router', 'tenant_id': 'c4513cd87371479e9030b56e0f16a350', 'admin_state_up': True, 'status': 'ACTIVE', 'external_gateway_info': {'network_id': 'b6f58192-321f-41d2-8d1c-7f2d47aab41b', 'external_fixed_ips': [{'subnet_id': 'cd91abfc-64da-4ff0-9604-d018b939fc7a', 'ip_address': '172.28.0.46'}], 'enable_snat': True}, 'gw_port_id': '68395c32-59c4-4d78-a97a-44e89992f40f', 'description': '', 'availability_zones': ['nova'], 'distributed': False, 'ha': False, 'ha_vr_id': 0, 'availability_zone_hints': [], 'routes': [], 'flavor_id': None, 'tags': [], 'created_at': '2022-05-12T00:49:34Z', 'updated_at': '2022-05-12T00:49:55Z', 'revision_number': 4, 'project_id': 'c4513cd87371479e9030b56e0f16a350', 'gw_port': {'id': '68395c32-59c4-4d78-a97a-44e89992f40f', 'name': '', 'network_id': 'b6f58192-321f-41d2-8d1c-7f2d47aab41b', 'tenant_id': '', 'mac_address': 'fa:16:3e:7d:e8:c8', 'admin_state_up': True, 'status': 'ACTIVE', 'device_id': 'ea7db582-1115-467d-91c2-1d847c941109', 'device_owner': 'network:router_gateway', 'standard_attr_id': 96, 'fixed_ips': [{'subnet_id': 'cd91abfc-64da-4ff0-9604-d018b939fc7a', 'ip_address': '172.28.0.46', 'prefixlen': 24}], 'allowed_address_pairs': [], 'extra_dhcp_opts': [], 'security_groups': [], 'description': '', 'binding:vnic_type': 'normal', 'binding:profile': {}, 'binding:host_id': 'dv-cinder-830901-5-smb', 'binding:vif_type': 'ovs', 'binding:vif_details': {'connectivity': 'l2', 'port_filter': True, 'ovs_hybrid_plug': False, 'datapath_type': 'system', 'bridge_name': 'br-int', 'bound_drivers': {'0': 'openvswitch'}}, 'port_security_enabled': False, 'tags': [], 'created_at': '2022-05-12T00:49:37Z', 'updated_at': '2022-05-12T00:49:52Z', 'revision_number': 4, 'project_id': '', 'subnets': [{'id': 'cd91abfc-64da-4ff0-9604-d018b939fc7a', 'cidr': '172.28.0.0/24', 'gateway_ip': '172.28.0.1', 'dns_nameservers': [], 'ipv6_ra_mode': None, 'subnetpool_id': None}], 'extra_subnets': [], 'address_scopes': {4: None, 6: None}, 'mtu': 1500}, 'enable_snat': True, 'gw_port_host': 'dv-cinder-830901-5-smb', '_interfaces': [{'id': '125181fb-8141-4fc3-8215-3c50d5244c1a', 'name': '', 'network_id': 'a9b8b310-d9c4-4cf2-b3a7-b70ee390124f', 'tenant_id': 'c4513cd87371479e9030b56e0f16a350', 'mac_address': 'fa:16:3e:2d:48:49', 'admin_state_up': True, 'status': 'DOWN', 'device_id': 'ea7db582-1115-467d-91c2-1d847c941109', 'device_owner': 'network:router_interface', 'standard_attr_id': 111, 'fixed_ips': [{'subnet_id': '966744d9-d93e-4a61-8132-65cbff193d72', 'ip_address': '172.20.0.1', 'prefixlen': 28}], 'allowed_address_pairs': [], 'extra_dhcp_opts': [], 'security_groups': [], 'description': '', 'binding:vnic_type': 'normal', 'binding:profile': {}, 'binding:host_id': 'dv-cinder-830901-5-smb', 'binding:vif_type': 'ovs', 'binding:vif_details': {'connectivity': 'l2', 'port_filter': True, 'ovs_hybrid_plug': False, 'datapath_type': 'system', 'bridge_name': 'br-int', 'bound_drivers': {'0': 'openvswitch'}}, 'port_security_enabled': False, 'tags': [], 'created_at': '2022-05-12T00:49:48Z', 'updated_at': '2022-05-12T00:50:00Z', 'revision_number': 4, 'project_id': 'c4513cd87371479e9030b56e0f16a350', 'subnets': [{'id': '966744d9-d93e-4a61-8132-65cbff193d72', 'cidr': '172.20.0.0/28', 'gateway_ip': '172.20.0.1', 'dns_nameservers': [], 'ipv6_ra_mode': None, 'subnetpool_id': None}], 'extra_subnets': [], 'address_scopes': {4: None, 6: None}, 'mtu': 1500}]}] {{(pid=109970) sync_routers /opt/stack/neutron/neutron/api/rpc/handlers/l3_rpc.py:137}}
May 12 00:50:01.809883 dv-cinder-830901-5-smb neutron-server[109970]: DEBUG neutron.notifiers.nova [None req-d9881fed-8a3a-4833-afe6-31090d851437 None None] Ignoring state change previous_port_status: DOWN current_port_status: BUILD port_id c6262a90-3876-4e77-b692-20d90439ef32 {{(pid=109970) record_port_status_changed /opt/stack/neutron/neutron/notifiers/nova.py:233}}
May 12 00:50:01.825144 dv-cinder-830901-5-smb neutron-server[109969]: DEBUG neutron.wsgi [-] (109969) accepted ('10.222.0.49', 46066) {{(pid=109969) server /usr/local/lib/python3.8/dist-packages/eventlet/wsgi.py:1004}}
May 12 00:50:01.826519 dv-cinder-830901-5-smb neutron-server[109968]: INFO neutron.wsgi [None req-3a1f2e12-7c7a-4f0d-8554-494a57d80c5a admin admin] 10.222.0.49 "GET /v2.0/security-groups?tenant_id=4fd59de9881f4727af95cf2c39240b23&name=default HTTP/1.1" status: 200 len: 2996 time: 1.0585101
May 12 00:50:01.911458 dv-cinder-830901-5-smb neutron-server[109968]: INFO neutron.wsgi [req-c800d400-152b-458b-8f56-2bba05b2ed19 req-1b4de5ee-2869-4e07-85ed-a1e1e22881a6 tempest-AttachVolumeTestJSON-2105872687 tempest-AttachVolumeTestJSON-2105872687-project] 10.222.0.49 "GET /v2.0/quotas/2077691a8c444766ad793a9d2aebe786 HTTP/1.1" status: 200 len: 375 time: 0.0799348
May 12 00:50:01.915098 dv-cinder-830901-5-smb neutron-server[109968]: DEBUG neutron.api.rpc.handlers.resources_rpc [None req-3a1f2e12-7c7a-4f0d-8554-494a57d80c5a admin admin] Pushing event updated for resources: {'SecurityGroup': ['ID=8ec25da9-fc21-4497-bc68-b3184c672b45,revision_number=1']} {{(pid=109968) push /opt/stack/neutron/neutron/api/rpc/handlers/resources_rpc.py:237}}
May 12 00:50:01.948798 dv-cinder-830901-5-smb neutron-server[109970]: DEBUG neutron.plugins.ml2.db [None req-d9881fed-8a3a-4833-afe6-31090d851437 None None] For port c6262a90-3876-4e77-b692-20d90439ef32, host hv-cinder-83090, got binding levels [PortBindingLevel(driver='hyperv',host='hv-cinder-83090',level=0,port_id=c6262a90-3876-4e77-b692-20d90439ef32,segment=NetworkSegment(44e7b043-97b7-4f06-b9e9-d74456f2cde3),segment_id=44e7b043-97b7-4f06-b9e9-d74456f2cde3)] {{(pid=109970) get_binding_level_objs /opt/stack/neutron/neutron/plugins/ml2/db.py:74}}
May 12 00:50:01.991813 dv-cinder-830901-5-smb neutron-server[109969]: DEBUG neutron_lib.callbacks.manager [None req-febdf733-29e0-4f80-9c06-ad7cf0985561 admin admin] Publish callbacks [] for security_group (8ec25da9-fc21-4497-bc68-b3184c672b45), before_delete {{(pid=109969) _notify_loop /usr/local/lib/python3.8/dist-packages/neutron_lib/callbacks/manager.py:176}}
May 12 00:50:02.016266 dv-cinder-830901-5-smb neutron-server[109970]: DEBUG neutron_lib.callbacks.manager [None req-d9881fed-8a3a-4833-afe6-31090d851437 None None] Publish callbacks ['neutron.plugins.ml2.plugin.SecurityGroupServerNotifierRpcMixin._notify_sg_on_port_change-1005289', 'neutron.plugins.ml2.ovo_rpc._ObjectChangeHandler.handle_event-383197', 'neutron.api.rpc.agentnotifiers.dhcp_rpc_agent_api.DhcpAgentNotifyAPI._native_event_send_dhcp_notification-3698521', 'neutron.db.l3_db.L3RpcNotifierMixin._notify_gateway_port_ip_changed-8744597675659', 'neutron.db.l3_dvrscheduler_db._notify_l3_agent_port_update-8744597195623', 'neutron.db.l3_hascheduler_db._notify_l3_agent_ha_port_update-8744597195641'] for port (c6262a90-3876-4e77-b692-20d90439ef32), after_update {{(pid=109970) _notify_loop /usr/local/lib/python3.8/dist-packages/neutron_lib/callbacks/manager.py:176}}
May 12 00:50:02.054349 dv-cinder-830901-5-smb neutron-server[109969]: DEBUG neutron_lib.callbacks.manager [None req-febdf733-29e0-4f80-9c06-ad7cf0985561 admin admin] Publish callbacks [] for security_group (8ec25da9-fc21-4497-bc68-b3184c672b45), precommit_delete {{(pid=109969) _notify_loop /usr/local/lib/python3.8/dist-packages/neutron_lib/callbacks/manager.py:176}}
May 12 00:50:02.069305 dv-cinder-830901-5-smb neutron-server[109968]: DEBUG neutron.pecan_wsgi.hooks.policy_enforcement [req-2e9375e3-ee79-457a-80f6-f80b2ae56dc4 req-d86132e8-5909-47bb-8c18-3900d910bfb5 tempest-ServerRescueNegativeTestJSON-1230546580 tempest-ServerRescueNegativeTestJSON-1230546580-project] Attributes excluded by policy engine: ['standard_attr_id', 'vlan_transparent', 'provider:network_type', 'provider:physical_network', 'provider:segmentation_id'] {{(pid=109968) _exclude_attributes_by_policy /opt/stack/neutron/neutron/pecan_wsgi/hooks/policy_enforcement.py:259}}
May 12 00:50:02.072807 dv-cinder-830901-5-smb neutron-server[109968]: INFO neutron.wsgi [req-2e9375e3-ee79-457a-80f6-f80b2ae56dc4 req-d86132e8-5909-47bb-8c18-3900d910bfb5 tempest-ServerRescueNegativeTestJSON-1230546580 tempest-ServerRescueNegativeTestJSON-1230546580-project] 10.222.0.49 "GET /v2.0/networks?id=a9b8b310-d9c4-4cf2-b3a7-b70ee390124f HTTP/1.1" status: 200 len: 818 time: 0.2708743
May 12 00:50:02.159715 dv-cinder-830901-5-smb neutron-server[109970]: DEBUG neutron.plugins.ml2.plugin [None req-7c31f594-b53a-414c-9ba8-953b28cc6f36 None None] Current status of the port 125181fb-8141-4fc3-8215-3c50d5244c1a is: ACTIVE; New status is: ACTIVE {{(pid=109970) _update_individual_port_db_status /opt/stack/neutron/neutron/plugins/ml2/plugin.py:2296}}
May 12 00:50:02.162287 dv-cinder-830901-5-smb neutron-server[109970]: DEBUG neutron.api.rpc.handlers.resources_rpc [None req-d9881fed-8a3a-4833-afe6-31090d851437 None None] Pushing event updated for resources: {'Port': ['ID=c6262a90-3876-4e77-b692-20d90439ef32,revision_number=4']} {{(pid=109970) push /opt/stack/neutron/neutron/api/rpc/handlers/resources_rpc.py:237}}
May 12 00:50:02.174709 dv-cinder-830901-5-smb neutron-server[109968]: INFO neutron.wsgi [req-c800d400-152b-458b-8f56-2bba05b2ed19 req-a8b0e634-129f-48f5-ac04-6efd9e815ccc tempest-AttachVolumeTestJSON-2105872687 tempest-AttachVolumeTestJSON-2105872687-project] 10.222.0.49 "GET /v2.0/ports?tenant_id=2077691a8c444766ad793a9d2aebe786&fields=id HTTP/1.1" status: 200 len: 302 time: 0.1730464
May 12 00:50:02.180972 dv-cinder-830901-5-smb neutron-server[109968]: INFO neutron.wsgi [req-2e9375e3-ee79-457a-80f6-f80b2ae56dc4 req-1227851c-436c-4572-8778-78632235f459 tempest-ServerRescueNegativeTestJSON-1230546580 tempest-ServerRescueNegativeTestJSON-1230546580-project] 10.222.0.49 "GET /v2.0/quotas/c4513cd87371479e9030b56e0f16a350 HTTP/1.1" status: 200 len: 375 time: 0.0871763
May 12 00:50:02.214053 dv-cinder-830901-5-smb neutron-server[109969]: DEBUG neutron_lib.callbacks.manager [None req-febdf733-29e0-4f80-9c06-ad7cf0985561 admin admin] Publish callbacks ['neutron.plugins.ml2.ovo_rpc._ObjectChangeHandler.handle_event-3671650'] for security_group (8ec25da9-fc21-4497-bc68-b3184c672b45), after_delete {{(pid=109969) _notify_loop /usr/local/lib/python3.8/dist-packages/neutron_lib/callbacks/manager.py:176}}
May 12 00:50:02.216791 dv-cinder-830901-5-smb neutron-server[109969]: DEBUG neutron_lib.callbacks.manager [None req-febdf733-29e0-4f80-9c06-ad7cf0985561 admin admin] Publish callbacks [] for security_group (None), before_response {{(pid=109969) _notify_loop /usr/local/lib/python3.8/dist-packages/neutron_lib/callbacks/manager.py:176}}
May 12 00:50:02.218022 dv-cinder-830901-5-smb neutron-server[109969]: INFO neutron.wsgi [None req-febdf733-29e0-4f80-9c06-ad7cf0985561 admin admin] 10.222.0.49 "DELETE /v2.0/security-groups/8ec25da9-fc21-4497-bc68-b3184c672b45 HTTP/1.1" status: 204 len: 168 time: 0.3917370
May 12 00:50:02.239499 dv-cinder-830901-5-smb neutron-server[109969]: DEBUG neutron.api.rpc.handlers.resources_rpc [None req-febdf733-29e0-4f80-9c06-ad7cf0985561 admin admin] Pushing event deleted for resources: {'SecurityGroup': ['ID=8ec25da9-fc21-4497-bc68-b3184c672b45,revision_number=None']} {{(pid=109969) push /opt/stack/neutron/neutron/api/rpc/handlers/resources_rpc.py:237}}
May 12 00:50:02.281811 dv-cinder-830901-5-smb neutron-server[109970]: DEBUG neutron.plugins.ml2.db [None req-d9881fed-8a3a-4833-afe6-31090d851437 None None] get_ports_and_sgs() called for port_ids ['c6262a90-3876-4e77-b692-20d90439ef32'] {{(pid=109970) get_ports_and_sgs /opt/stack/neutron/neutron/plugins/ml2/db.py:156}}
May 12 00:50:02.322655 dv-cinder-830901-5-smb neutron-server[109968]: INFO neutron.wsgi [req-2e9375e3-ee79-457a-80f6-f80b2ae56dc4 req-cfbf4747-c80a-403c-a837-a9fdd289731b tempest-ServerRescueNegativeTestJSON-1230546580 tempest-ServerRescueNegativeTestJSON-1230546580-project] 10.222.0.49 "GET /v2.0/ports?tenant_id=c4513cd87371479e9030b56e0f16a350&fields=id HTTP/1.1" status: 200 len: 302 time: 0.1327870
May 12 00:50:02.724676 dv-cinder-830901-5-smb neutron-server[109968]: INFO neutron.wsgi [req-c800d400-152b-458b-8f56-2bba05b2ed19 req-b51c9c2a-edec-4c3f-ad58-c87f0f46bb3c service neutron] 10.222.0.49 "GET /v2.0/networks/90e7cfda-4cb5-4691-8dc1-079371f153a1?fields=segments HTTP/1.1" status: 200 len: 212 time: 0.5298109
May 12 00:50:02.744377 dv-cinder-830901-5-smb neutron-server[109968]: INFO neutron.wsgi [req-2e9375e3-ee79-457a-80f6-f80b2ae56dc4 req-666f6b5f-3bbd-4856-9634-4e147747fec9 service neutron] 10.222.0.49 "GET /v2.0/networks/a9b8b310-d9c4-4cf2-b3a7-b70ee390124f?fields=segments HTTP/1.1" status: 200 len: 212 time: 0.4135447
May 12 00:50:02.961126 dv-cinder-830901-5-smb neutron-server[109968]: INFO neutron.wsgi [req-c800d400-152b-458b-8f56-2bba05b2ed19 req-d9c6af0e-39fd-4a81-8e43-29f544ba55f0 service neutron] 10.222.0.49 "GET /v2.0/networks/90e7cfda-4cb5-4691-8dc1-079371f153a1?fields=provider%3Aphysical_network&fields=provider%3Anetwork_type HTTP/1.1" status: 200 len: 281 time: 0.2354851
May 12 00:50:02.961638 dv-cinder-830901-5-smb neutron-server[109968]: DEBUG neutron.wsgi [-] (109968) accepted ('10.222.0.49', 46104) {{(pid=109968) server /usr/local/lib/python3.8/dist-packages/eventlet/wsgi.py:1004}}
May 12 00:50:03.314245 dv-cinder-830901-5-smb neutron-server[109968]: INFO neutron.wsgi [req-2e9375e3-ee79-457a-80f6-f80b2ae56dc4 req-c5a9cb2b-988e-4e9f-aaa3-36d1733fc068 service neutron] 10.222.0.49 "GET /v2.0/networks/a9b8b310-d9c4-4cf2-b3a7-b70ee390124f?fields=provider%3Aphysical_network&fields=provider%3Anetwork_type HTTP/1.1" status: 200 len: 281 time: 0.5304599
May 12 00:50:03.319055 dv-cinder-830901-5-smb neutron-server[109968]: DEBUG neutron_lib.callbacks.manager [None req-fe8aea86-85a0-41df-9308-33516a8e16f3 admin admin] Publish callbacks [] for security_group (None), before_create {{(pid=109968) _notify_loop /usr/local/lib/python3.8/dist-packages/neutron_lib/callbacks/manager.py:176}}
May 12 00:50:03.366376 dv-cinder-830901-5-smb neutron-server[109969]: DEBUG neutron.wsgi [-] (109969) accepted ('10.222.0.36', 58517) {{(pid=109969) server /usr/local/lib/python3.8/dist-packages/eventlet/wsgi.py:1004}}
May 12 00:50:03.512782 dv-cinder-830901-5-smb neutron-server[109968]: DEBUG neutron.pecan_wsgi.hooks.policy_enforcement [req-2fbdeb86-08cf-4019-a667-7b24403f0991 req-c265cc3b-751c-428b-a7e8-3b31022acd02 tempest-DeleteServersTestJSON-1286074371 tempest-DeleteServersTestJSON-1286074371-project] Attributes excluded by policy engine: ['standard_attr_id', 'binding:profile', 'binding:host_id', 'binding:vif_type', 'binding:vif_details'] {{(pid=109968) _exclude_attributes_by_policy /opt/stack/neutron/neutron/pecan_wsgi/hooks/policy_enforcement.py:259}}
May 12 00:50:03.516921 dv-cinder-830901-5-smb neutron-server[109968]: INFO neutron.wsgi [req-2fbdeb86-08cf-4019-a667-7b24403f0991 req-c265cc3b-751c-428b-a7e8-3b31022acd02 tempest-DeleteServersTestJSON-1286074371 tempest-DeleteServersTestJSON-1286074371-project] 10.222.0.49 "GET /v2.0/ports?device_id=f34b4fb4-a492-4b3e-aae6-342546d0ae72 HTTP/1.1" status: 200 len: 944 time: 0.1371758
May 12 00:50:03.523286 dv-cinder-830901-5-smb neutron-server[109969]: DEBUG neutron.pecan_wsgi.hooks.policy_enforcement [req-efcc487a-586d-4e8c-8b11-f70114095f3a req-f13fab36-57b1-40ff-8d11-12c477a1a30d tempest-AttachVolumeShelveTestJSON-1701641147 tempest-AttachVolumeShelveTestJSON-1701641147-project] Attributes excluded by policy engine: ['standard_attr_id', 'vlan_transparent', 'provider:network_type', 'provider:physical_network', 'provider:segmentation_id'] {{(pid=109969) _exclude_attributes_by_policy /opt/stack/neutron/neutron/pecan_wsgi/hooks/policy_enforcement.py:259}}
May 12 00:50:03.525080 dv-cinder-830901-5-smb neutron-server[109969]: INFO neutron.wsgi [req-efcc487a-586d-4e8c-8b11-f70114095f3a req-f13fab36-57b1-40ff-8d11-12c477a1a30d tempest-AttachVolumeShelveTestJSON-1701641147 tempest-AttachVolumeShelveTestJSON-1701641147-project] 10.222.0.36 "GET /v2.0/networks?id=de4bb81f-b8ef-4f45-bf3a-f21151e69d08 HTTP/1.1" status: 200 len: 816 time: 0.3181221
May 12 00:50:03.610045 dv-cinder-830901-5-smb neutron-server[109969]: DEBUG neutron.pecan_wsgi.hooks.policy_enforcement [req-3c81e544-c47e-4e00-a462-cf996f57c70e req-b4cface3-39bb-4abf-92a5-7cc20c56e836 tempest-ServerRescueNegativeTestJSON-1230546580 tempest-ServerRescueNegativeTestJSON-1230546580-project] Attributes excluded by policy engine: ['standard_attr_id', 'vlan_transparent', 'provider:network_type', 'provider:physical_network', 'provider:segmentation_id'] {{(pid=109969) _exclude_attributes_by_policy /opt/stack/neutron/neutron/pecan_wsgi/hooks/policy_enforcement.py:259}}
May 12 00:50:03.611718 dv-cinder-830901-5-smb neutron-server[109969]: INFO neutron.wsgi [req-3c81e544-c47e-4e00-a462-cf996f57c70e req-b4cface3-39bb-4abf-92a5-7cc20c56e836 tempest-ServerRescueNegativeTestJSON-1230546580 tempest-ServerRescueNegativeTestJSON-1230546580-project] 10.222.0.36 "GET /v2.0/networks?id=a9b8b310-d9c4-4cf2-b3a7-b70ee390124f HTTP/1.1" status: 200 len: 818 time: 0.2434707
May 12 00:50:03.630371 dv-cinder-830901-5-smb neutron-server[109969]: DEBUG neutron.api.v2.base [req-3c81e544-c47e-4e00-a462-cf996f57c70e req-66cb829b-9285-4733-9337-e151a42a03d7 tempest-ServerRescueNegativeTestJSON-1230546580 tempest-ServerRescueNegativeTestJSON-1230546580-project] Request body: {'port': {'device_id': 'd255dfa8-116f-4720-a701-733f14fdb0c6', 'network_id': 'a9b8b310-d9c4-4cf2-b3a7-b70ee390124f', 'admin_state_up': True, 'tenant_id': 'c4513cd87371479e9030b56e0f16a350'}} {{(pid=109969) prepare_request_body /opt/stack/neutron/neutron/api/v2/base.py:730}}
May 12 00:50:03.665999 dv-cinder-830901-5-smb neutron-server[109968]: INFO neutron.wsgi [req-2fbdeb86-08cf-4019-a667-7b24403f0991 req-b075f3ff-260f-4021-98f6-8affd7a9d76d tempest-DeleteServersTestJSON-1286074371 tempest-DeleteServersTestJSON-1286074371-project] 10.222.0.49 "GET /v2.0/security-groups?id=9641b370-a11b-402d-bf9b-fa80f426408e&fields=id&fields=name HTTP/1.1" status: 200 len: 286 time: 0.1404266
May 12 00:50:03.741510 dv-cinder-830901-5-smb neutron-server[109970]: DEBUG neutron.plugins.ml2.rpc [None req-8a4624bc-0230-43ae-8e93-eee735b065a3 None None] Device 125181fb-8141-4fc3-8215-3c50d5244c1a up at agent ovs-agent-dv-cinder-830901-5-smb {{(pid=109970) update_device_up /opt/stack/neutron/neutron/plugins/ml2/rpc.py:296}}
May 12 00:50:03.800648 dv-cinder-830901-5-smb neutron-server[109968]: DEBUG neutron_lib.callbacks.manager [None req-fe8aea86-85a0-41df-9308-33516a8e16f3 admin admin] Publish callbacks [] for security_group (166ce27b-6f2a-48a6-9e68-1ba8aefc8fb3), precommit_create {{(pid=109968) _notify_loop /usr/local/lib/python3.8/dist-packages/neutron_lib/callbacks/manager.py:176}}
May 12 00:50:03.815040 dv-cinder-830901-5-smb neutron-server[109968]: DEBUG neutron_lib.callbacks.manager [None req-fe8aea86-85a0-41df-9308-33516a8e16f3 admin admin] Publish callbacks ['neutron.plugins.ml2.ovo_rpc._ObjectChangeHandler.handle_event-3671650'] for security_group (166ce27b-6f2a-48a6-9e68-1ba8aefc8fb3), after_create {{(pid=109968) _notify_loop /usr/local/lib/python3.8/dist-packages/neutron_lib/callbacks/manager.py:176}}
May 12 00:50:03.888911 dv-cinder-830901-5-smb neutron-server[109970]: DEBUG neutron.db.provisioning_blocks [None req-8a4624bc-0230-43ae-8e93-eee735b065a3 None None] Provisioning complete for port 125181fb-8141-4fc3-8215-3c50d5244c1a triggered by entity L2. {{(pid=109970) provisioning_complete /opt/stack/neutron/neutron/db/provisioning_blocks.py:145}}
May 12 00:50:03.889556 dv-cinder-830901-5-smb neutron-server[109970]: DEBUG neutron_lib.callbacks.manager [None req-8a4624bc-0230-43ae-8e93-eee735b065a3 None None] Publish callbacks ['neutron.plugins.ml2.plugin.Ml2Plugin._port_provisioned-819415'] for port (125181fb-8141-4fc3-8215-3c50d5244c1a), provisioning_complete {{(pid=109970) _notify_loop /usr/local/lib/python3.8/dist-packages/neutron_lib/callbacks/manager.py:176}}
May 12 00:50:03.908306 dv-cinder-830901-5-smb neutron-server[109969]: INFO neutron.wsgi [req-efcc487a-586d-4e8c-8b11-f70114095f3a req-c76d78ba-a068-4c81-b72d-e79a82b6b9ca tempest-AttachVolumeShelveTestJSON-1701641147 tempest-AttachVolumeShelveTestJSON-1701641147-project] 10.222.0.36 "GET /v2.0/security-groups?fields=id&fields=name&tenant_id=b5b230881bbc470f96b24f1afb1c75a1 HTTP/1.1" status: 200 len: 379 time: 0.3736963
May 12 00:50:03.920153 dv-cinder-830901-5-smb neutron-server[109968]: INFO neutron.wsgi [None req-fe8aea86-85a0-41df-9308-33516a8e16f3 admin admin] 10.222.0.49 "GET /v2.0/security-groups?tenant_id=9c74a5335be74533acab10ec5717fc31&name=default HTTP/1.1" status: 200 len: 2996 time: 0.9549351
May 12 00:50:03.922177 dv-cinder-830901-5-smb neutron-server[109968]: DEBUG neutron.wsgi [-] (109968) accepted ('10.222.0.49', 46148) {{(pid=109968) server /usr/local/lib/python3.8/dist-packages/eventlet/wsgi.py:1004}}
May 12 00:50:03.924914 dv-cinder-830901-5-smb neutron-server[109968]: DEBUG neutron.api.rpc.handlers.resources_rpc [None req-fe8aea86-85a0-41df-9308-33516a8e16f3 admin admin] Pushing event updated for resources: {'SecurityGroup': ['ID=166ce27b-6f2a-48a6-9e68-1ba8aefc8fb3,revision_number=1']} {{(pid=109968) push /opt/stack/neutron/neutron/api/rpc/handlers/resources_rpc.py:237}}
May 12 00:50:03.937752 dv-cinder-830901-5-smb neutron-server[109969]: DEBUG neutron.api.v2.base [req-efcc487a-586d-4e8c-8b11-f70114095f3a req-1ed694c0-6c06-48de-acf0-a79934960d82 tempest-AttachVolumeShelveTestJSON-1701641147 tempest-AttachVolumeShelveTestJSON-1701641147-project] Request body: {'port': {'device_id': 'adeee15b-eeaf-49bb-9c20-e46a7a7e58df', 'network_id': 'de4bb81f-b8ef-4f45-bf3a-f21151e69d08', 'admin_state_up': True, 'tenant_id': 'b5b230881bbc470f96b24f1afb1c75a1', 'security_groups': ['644f67cf-d3ce-4fb4-9dea-68cc28f4df4e']}} {{(pid=109969) prepare_request_body /opt/stack/neutron/neutron/api/v2/base.py:730}}
May 12 00:50:04.018023 dv-cinder-830901-5-smb neutron-server[109969]: DEBUG neutron.pecan_wsgi.hooks.quota_enforcement [req-3c81e544-c47e-4e00-a462-cf996f57c70e req-66cb829b-9285-4733-9337-e151a42a03d7 tempest-ServerRescueNegativeTestJSON-1230546580 tempest-ServerRescueNegativeTestJSON-1230546580-project] Made reservation on behalf of c4513cd87371479e9030b56e0f16a350 for: {'port': 1} {{(pid=109969) before /opt/stack/neutron/neutron/pecan_wsgi/hooks/quota_enforcement.py:53}}
May 12 00:50:04.023428 dv-cinder-830901-5-smb neutron-server[109969]: DEBUG neutron_lib.callbacks.manager [req-3c81e544-c47e-4e00-a462-cf996f57c70e req-66cb829b-9285-4733-9337-e151a42a03d7 tempest-ServerRescueNegativeTestJSON-1230546580 tempest-ServerRescueNegativeTestJSON-1230546580-project] Publish callbacks ['neutron.plugins.ml2.plugin.SecurityGroupDbMixin._ensure_default_security_group_handler-1005127'] for port (None), before_create {{(pid=109969) _notify_loop /usr/local/lib/python3.8/dist-packages/neutron_lib/callbacks/manager.py:176}}
May 12 00:50:04.041389 dv-cinder-830901-5-smb neutron-server[109968]: INFO neutron.wsgi [req-6830bdd5-837e-46af-b2cf-3f8cb5dae418 req-db4289d7-ada7-4783-a9fa-03efaf93e129 tempest-AttachVolumeShelveTestJSON-1701641147 tempest-AttachVolumeShelveTestJSON-1701641147-project] 10.222.0.49 "GET /v2.0/ports?device_id=adeee15b-eeaf-49bb-9c20-e46a7a7e58df HTTP/1.1" status: 200 len: 210 time: 0.1673324
May 12 00:50:04.076475 dv-cinder-830901-5-smb neutron-server[109968]: INFO neutron.wsgi [req-31ca6968-a124-4fd6-95fb-39027da36ed3 req-2ca6eed4-2420-4ab2-92d0-52db09f9b0f4 tempest-AttachVolumeTestJSON-2105872687 tempest-AttachVolumeTestJSON-2105872687-project] 10.222.0.49 "GET /v2.0/ports?device_id=4bd90a00-1183-4d00-9077-bb1347c34147 HTTP/1.1" status: 200 len: 210 time: 0.2181268
May 12 00:50:04.167125 dv-cinder-830901-5-smb neutron-server[109970]: DEBUG neutron.plugins.ml2.plugin [None req-8a4624bc-0230-43ae-8e93-eee735b065a3 None None] Current status of the port 125181fb-8141-4fc3-8215-3c50d5244c1a is: ACTIVE; New status is: ACTIVE {{(pid=109970) _update_individual_port_db_status /opt/stack/neutron/neutron/plugins/ml2/plugin.py:2296}}
May 12 00:50:04.187753 dv-cinder-830901-5-smb neutron-server[109968]: DEBUG neutron_lib.callbacks.manager [None req-0287fa2b-a31b-43b6-a5b6-2b5ceb766a27 admin admin] Publish callbacks [] for security_group (166ce27b-6f2a-48a6-9e68-1ba8aefc8fb3), before_delete {{(pid=109968) _notify_loop /usr/local/lib/python3.8/dist-packages/neutron_lib/callbacks/manager.py:176}}
May 12 00:50:04.281552 dv-cinder-830901-5-smb neutron-server[109968]: DEBUG neutron_lib.callbacks.manager [None req-0287fa2b-a31b-43b6-a5b6-2b5ceb766a27 admin admin] Publish callbacks [] for security_group (166ce27b-6f2a-48a6-9e68-1ba8aefc8fb3), precommit_delete {{(pid=109968) _notify_loop /usr/local/lib/python3.8/dist-packages/neutron_lib/callbacks/manager.py:176}}
May 12 00:50:04.356090 dv-cinder-830901-5-smb neutron-server[109970]: DEBUG neutron.plugins.ml2.rpc [None req-d9881fed-8a3a-4833-afe6-31090d851437 None None] Device c6262a90-3876-4e77-b692-20d90439ef32 up at agent hyperv_hv-cinder-83090 {{(pid=109970) update_device_up /opt/stack/neutron/neutron/plugins/ml2/rpc.py:296}}
May 12 00:50:04.371039 dv-cinder-830901-5-smb neutron-server[109969]: DEBUG neutron.pecan_wsgi.hooks.quota_enforcement [req-efcc487a-586d-4e8c-8b11-f70114095f3a req-1ed694c0-6c06-48de-acf0-a79934960d82 tempest-AttachVolumeShelveTestJSON-1701641147 tempest-AttachVolumeShelveTestJSON-1701641147-project] Made reservation on behalf of b5b230881bbc470f96b24f1afb1c75a1 for: {'port': 1} {{(pid=109969) before /opt/stack/neutron/neutron/pecan_wsgi/hooks/quota_enforcement.py:53}}
May 12 00:50:04.381832 dv-cinder-830901-5-smb neutron-server[109969]: DEBUG neutron_lib.callbacks.manager [req-efcc487a-586d-4e8c-8b11-f70114095f3a req-1ed694c0-6c06-48de-acf0-a79934960d82 tempest-AttachVolumeShelveTestJSON-1701641147 tempest-AttachVolumeShelveTestJSON-1701641147-project] Publish callbacks ['neutron.plugins.ml2.plugin.SecurityGroupDbMixin._ensure_default_security_group_handler-1005127'] for port (None), before_create {{(pid=109969) _notify_loop /usr/local/lib/python3.8/dist-packages/neutron_lib/callbacks/manager.py:176}}
May 12 00:50:04.428124 dv-cinder-830901-5-smb neutron-server[109969]: DEBUG neutron.db.db_base_plugin_common [req-3c81e544-c47e-4e00-a462-cf996f57c70e req-66cb829b-9285-4733-9337-e151a42a03d7 tempest-ServerRescueNegativeTestJSON-1230546580 tempest-ServerRescueNegativeTestJSON-1230546580-project] Allocated IP 172.20.0.6 (a9b8b310-d9c4-4cf2-b3a7-b70ee390124f/966744d9-d93e-4a61-8132-65cbff193d72/bbdddef8-4275-4b97-9ea2-de285f8946b4) {{(pid=109969) _store_ip_allocation /opt/stack/neutron/neutron/db/db_base_plugin_common.py:131}}
May 12 00:50:04.484544 dv-cinder-830901-5-smb neutron-server[109970]: DEBUG neutron.db.provisioning_blocks [None req-d9881fed-8a3a-4833-afe6-31090d851437 None None] Provisioning for port c6262a90-3876-4e77-b692-20d90439ef32 completed by entity L2. {{(pid=109970) provisioning_complete /opt/stack/neutron/neutron/db/provisioning_blocks.py:137}}
May 12 00:50:04.495833 dv-cinder-830901-5-smb neutron-server[109968]: DEBUG neutron_lib.callbacks.manager [None req-0287fa2b-a31b-43b6-a5b6-2b5ceb766a27 admin admin] Publish callbacks ['neutron.plugins.ml2.ovo_rpc._ObjectChangeHandler.handle_event-3671650'] for security_group (166ce27b-6f2a-48a6-9e68-1ba8aefc8fb3), after_delete {{(pid=109968) _notify_loop /usr/local/lib/python3.8/dist-packages/neutron_lib/callbacks/manager.py:176}}
May 12 00:50:04.500455 dv-cinder-830901-5-smb neutron-server[109968]: DEBUG neutron_lib.callbacks.manager [None req-0287fa2b-a31b-43b6-a5b6-2b5ceb766a27 admin admin] Publish callbacks [] for security_group (None), before_response {{(pid=109968) _notify_loop /usr/local/lib/python3.8/dist-packages/neutron_lib/callbacks/manager.py:176}}
May 12 00:50:04.501550 dv-cinder-830901-5-smb neutron-server[109970]: DEBUG neutron.db.provisioning_blocks [None req-d9881fed-8a3a-4833-afe6-31090d851437 None None] Provisioning complete for port c6262a90-3876-4e77-b692-20d90439ef32 triggered by entity L2. {{(pid=109970) provisioning_complete /opt/stack/neutron/neutron/db/provisioning_blocks.py:145}}
May 12 00:50:04.501946 dv-cinder-830901-5-smb neutron-server[109970]: DEBUG neutron_lib.callbacks.manager [None req-d9881fed-8a3a-4833-afe6-31090d851437 None None] Publish callbacks ['neutron.plugins.ml2.plugin.Ml2Plugin._port_provisioned-819415'] for port (c6262a90-3876-4e77-b692-20d90439ef32), provisioning_complete {{(pid=109970) _notify_loop /usr/local/lib/python3.8/dist-packages/neutron_lib/callbacks/manager.py:176}}
May 12 00:50:04.513129 dv-cinder-830901-5-smb neutron-server[109968]: INFO neutron.wsgi [None req-0287fa2b-a31b-43b6-a5b6-2b5ceb766a27 admin admin] 10.222.0.49 "DELETE /v2.0/security-groups/166ce27b-6f2a-48a6-9e68-1ba8aefc8fb3 HTTP/1.1" status: 204 len: 168 time: 0.5764673
May 12 00:50:04.520806 dv-cinder-830901-5-smb neutron-server[109968]: INFO neutron.wsgi [req-b0e78774-1f07-4958-9403-564cb32f0b6c req-b25107ad-f8c7-4e62-aed1-42fe2d460600 tempest-ServerRescueNegativeTestJSON-1230546580 tempest-ServerRescueNegativeTestJSON-1230546580-project] 10.222.0.49 "GET /v2.0/ports?device_id=e2d7d256-7680-4a1d-90c6-778f2fff33ca HTTP/1.1" status: 200 len: 210 time: 0.3362839
May 12 00:50:04.539274 dv-cinder-830901-5-smb neutron-server[109968]: DEBUG neutron.api.rpc.handlers.resources_rpc [None req-0287fa2b-a31b-43b6-a5b6-2b5ceb766a27 admin admin] Pushing event deleted for resources: {'SecurityGroup': ['ID=166ce27b-6f2a-48a6-9e68-1ba8aefc8fb3,revision_number=None']} {{(pid=109968) push /opt/stack/neutron/neutron/api/rpc/handlers/resources_rpc.py:237}}
May 12 00:50:04.789737 dv-cinder-830901-5-smb neutron-server[109970]: DEBUG neutron.plugins.ml2.plugin [None req-d9881fed-8a3a-4833-afe6-31090d851437 None None] Current status of the port c6262a90-3876-4e77-b692-20d90439ef32 is: BUILD; New status is: ACTIVE {{(pid=109970) _update_individual_port_db_status /opt/stack/neutron/neutron/plugins/ml2/plugin.py:2296}}
May 12 00:50:04.790706 dv-cinder-830901-5-smb neutron-server[109970]: DEBUG neutron_lib.callbacks.manager [None req-d9881fed-8a3a-4833-afe6-31090d851437 None None] Publish callbacks ['neutron.plugins.ml2.plugin.SecurityGroupDbMixin._ensure_default_security_group_handler-1005127'] for port (c6262a90-3876-4e77-b692-20d90439ef32), before_update {{(pid=109970) _notify_loop /usr/local/lib/python3.8/dist-packages/neutron_lib/callbacks/manager.py:176}}
May 12 00:50:04.965847 dv-cinder-830901-5-smb neutron-server[109970]: DEBUG neutron.notifiers.nova [-] Sending events: [{'server_uuid': 'f34b4fb4-a492-4b3e-aae6-342546d0ae72', 'name': 'network-vif-plugged', 'status': 'completed', 'tag': 'c6262a90-3876-4e77-b692-20d90439ef32'}] {{(pid=109970) send_events /opt/stack/neutron/neutron/notifiers/nova.py:271}}
May 12 00:50:04.997414 dv-cinder-830901-5-smb neutron-server[109968]: DEBUG neutron.pecan_wsgi.hooks.policy_enforcement [req-b91e1684-d505-4695-ba0c-ef7cb64a1b0f req-67544356-8ed1-4f04-a85b-428797cdef82 tempest-DeleteServersTestJSON-1286074371 tempest-DeleteServersTestJSON-1286074371-project] Attributes excluded by policy engine: ['standard_attr_id', 'binding:profile', 'binding:host_id', 'binding:vif_type', 'binding:vif_details'] {{(pid=109968) _exclude_attributes_by_policy /opt/stack/neutron/neutron/pecan_wsgi/hooks/policy_enforcement.py:259}}
May 12 00:50:05.021006 dv-cinder-830901-5-smb neutron-server[109968]: INFO neutron.wsgi [req-b91e1684-d505-4695-ba0c-ef7cb64a1b0f req-67544356-8ed1-4f04-a85b-428797cdef82 tempest-DeleteServersTestJSON-1286074371 tempest-DeleteServersTestJSON-1286074371-project] 10.222.0.49 "GET /v2.0/ports?device_id=f34b4fb4-a492-4b3e-aae6-342546d0ae72 HTTP/1.1" status: 200 len: 944 time: 0.1905994
May 12 00:50:05.036976 dv-cinder-830901-5-smb neutron-server[109969]: DEBUG neutron.db.db_base_plugin_common [req-efcc487a-586d-4e8c-8b11-f70114095f3a req-1ed694c0-6c06-48de-acf0-a79934960d82 tempest-AttachVolumeShelveTestJSON-1701641147 tempest-AttachVolumeShelveTestJSON-1701641147-project] Allocated IP 172.20.0.14 (de4bb81f-b8ef-4f45-bf3a-f21151e69d08/d82621c8-5cbe-4083-9768-991f94965db4/deb641b5-b7b6-4e4b-badd-244fe344a381) {{(pid=109969) _store_ip_allocation /opt/stack/neutron/neutron/db/db_base_plugin_common.py:131}}
May 12 00:50:05.088745 dv-cinder-830901-5-smb neutron-server[109970]: DEBUG neutron.plugins.ml2.db [None req-d9881fed-8a3a-4833-afe6-31090d851437 None None] For port c6262a90-3876-4e77-b692-20d90439ef32, host hv-cinder-83090, got binding levels [PortBindingLevel(driver='hyperv',host='hv-cinder-83090',level=0,port_id=c6262a90-3876-4e77-b692-20d90439ef32,segment=NetworkSegment(44e7b043-97b7-4f06-b9e9-d74456f2cde3),segment_id=44e7b043-97b7-4f06-b9e9-d74456f2cde3)] {{(pid=109970) get_binding_level_objs /opt/stack/neutron/neutron/plugins/ml2/db.py:74}}
May 12 00:50:05.106183 dv-cinder-830901-5-smb neutron-server[109970]: DEBUG neutron_lib.callbacks.manager [None req-d9881fed-8a3a-4833-afe6-31090d851437 None None] Publish callbacks ['neutron.plugins.ml2.plugin.SecurityGroupServerNotifierRpcMixin._notify_sg_on_port_change-1005289', 'neutron.plugins.ml2.ovo_rpc._ObjectChangeHandler.handle_event-383197', 'neutron.api.rpc.agentnotifiers.dhcp_rpc_agent_api.DhcpAgentNotifyAPI._native_event_send_dhcp_notification-3698521', 'neutron.db.l3_db.L3RpcNotifierMixin._notify_gateway_port_ip_changed-8744597675659', 'neutron.db.l3_dvrscheduler_db._notify_l3_agent_port_update-8744597195623', 'neutron.db.l3_hascheduler_db._notify_l3_agent_ha_port_update-8744597195641'] for port (c6262a90-3876-4e77-b692-20d90439ef32), after_update {{(pid=109970) _notify_loop /usr/local/lib/python3.8/dist-packages/neutron_lib/callbacks/manager.py:176}}
May 12 00:50:05.206863 dv-cinder-830901-5-smb neutron-server[109968]: INFO neutron.wsgi [req-b91e1684-d505-4695-ba0c-ef7cb64a1b0f req-ea399ba1-1804-49c6-b073-d0c9aa09c061 tempest-DeleteServersTestJSON-1286074371 tempest-DeleteServersTestJSON-1286074371-project] 10.222.0.49 "GET /v2.0/security-groups?id=9641b370-a11b-402d-bf9b-fa80f426408e&fields=id&fields=name HTTP/1.1" status: 200 len: 286 time: 0.1848953
May 12 00:50:05.287536 dv-cinder-830901-5-smb neutron-server[109970]: DEBUG neutron.api.rpc.handlers.resources_rpc [None req-d9881fed-8a3a-4833-afe6-31090d851437 None None] Pushing event updated for resources: {'Port': ['ID=c6262a90-3876-4e77-b692-20d90439ef32,revision_number=5']} {{(pid=109970) push /opt/stack/neutron/neutron/api/rpc/handlers/resources_rpc.py:237}}
May 12 00:50:05.311139 dv-cinder-830901-5-smb neutron-server[109968]: INFO neutron.wsgi [req-22626df3-08ff-4f8a-8d9f-2646207b527e req-70240f42-bf60-4ef5-8dfd-1920bd56d575 tempest-AttachVolumeShelveTestJSON-1701641147 tempest-AttachVolumeShelveTestJSON-1701641147-project] 10.222.0.49 "GET /v2.0/ports?device_id=adeee15b-eeaf-49bb-9c20-e46a7a7e58df HTTP/1.1" status: 200 len: 210 time: 0.1031396
May 12 00:50:05.442394 dv-cinder-830901-5-smb neutron-server[109969]: DEBUG neutron_lib.callbacks.manager [req-3c81e544-c47e-4e00-a462-cf996f57c70e req-66cb829b-9285-4733-9337-e151a42a03d7 tempest-ServerRescueNegativeTestJSON-1230546580 tempest-ServerRescueNegativeTestJSON-1230546580-project] Publish callbacks [] for port (bbdddef8-4275-4b97-9ea2-de285f8946b4), precommit_create {{(pid=109969) _notify_loop /usr/local/lib/python3.8/dist-packages/neutron_lib/callbacks/manager.py:176}}
May 12 00:50:05.452649 dv-cinder-830901-5-smb neutron-server[109968]: INFO neutron.wsgi [req-82a991bd-0d13-4e62-ad9f-1d6f5275d8a7 req-9215d91d-1ecb-49dc-ab61-dbba7ce76a0f tempest-AttachVolumeTestJSON-2105872687 tempest-AttachVolumeTestJSON-2105872687-project] 10.222.0.49 "GET /v2.0/ports?device_id=4bd90a00-1183-4d00-9077-bb1347c34147 HTTP/1.1" status: 200 len: 210 time: 0.0421975
May 12 00:50:05.552013 dv-cinder-830901-5-smb neutron-server[109970]: DEBUG novaclient.v2.client [-] REQ: curl -g -i --cacert "/opt/stack/data/ca-bundle.pem" -X POST http://10.222.0.49/compute/v2.1/os-server-external-events -H "Accept: application/json" -H "Content-Type: application/json" -H "User-Agent: python-novaclient" -H "X-Auth-Token: {SHA256}481704901fc2cc810f0ef54990d4c4f4b82d67be495dfd9085a962de534be3e4" -H "X-OpenStack-Nova-API-Version: 2.1" -H "X-OpenStack-Request-ID: req-05401272-1173-4ff9-b26c-3b353bb18a69" -d '{"events": [{"server_uuid": "f34b4fb4-a492-4b3e-aae6-342546d0ae72", "name": "network-vif-plugged", "status": "completed", "tag": "c6262a90-3876-4e77-b692-20d90439ef32"}]}' {{(pid=109970) _http_log_request /usr/local/lib/python3.8/dist-packages/keystoneauth1/session.py:519}}
May 12 00:50:05.587192 dv-cinder-830901-5-smb neutron-server[109968]: DEBUG neutron.wsgi [-] (109968) accepted ('10.222.0.36', 58527) {{(pid=109968) server /usr/local/lib/python3.8/dist-packages/eventlet/wsgi.py:1004}}
May 12 00:50:05.653689 dv-cinder-830901-5-smb neutron-server[109969]: DEBUG neutron_lib.callbacks.manager [req-3c81e544-c47e-4e00-a462-cf996f57c70e req-66cb829b-9285-4733-9337-e151a42a03d7 tempest-ServerRescueNegativeTestJSON-1230546580 tempest-ServerRescueNegativeTestJSON-1230546580-project] Publish callbacks ['neutron.plugins.ml2.plugin.SecurityGroupServerNotifierRpcMixin._notify_sg_on_port_change-1005289', 'neutron.plugins.ml2.ovo_rpc._ObjectChangeHandler.handle_event-383197', 'neutron.api.rpc.agentnotifiers.dhcp_rpc_agent_api.DhcpAgentNotifyAPI._native_event_send_dhcp_notification-3698521', 'neutron.db.l3_dvrscheduler_db._notify_l3_agent_new_port-8744597195605', 'neutron.services.segments.plugin.NovaSegmentNotifier._notify_port_created_or_deleted-2426353'] for port (bbdddef8-4275-4b97-9ea2-de285f8946b4), after_create {{(pid=109969) _notify_loop /usr/local/lib/python3.8/dist-packages/neutron_lib/callbacks/manager.py:176}}
May 12 00:50:05.721158 dv-cinder-830901-5-smb neutron-server[109970]: DEBUG neutron_lib.callbacks.manager [None req-d9881fed-8a3a-4833-afe6-31090d851437 None None] Publish callbacks ['neutron.services.segments.db._update_segment_host_mapping_for_agent-8744597710340', 'neutron.plugins.ml2.plugin.Ml2Plugin._retry_binding_revived_agents-819341'] for agent (41360e8d-50d1-4777-b8b4-f17a28899632), after_update {{(pid=109970) _notify_loop /usr/local/lib/python3.8/dist-packages/neutron_lib/callbacks/manager.py:176}}
May 12 00:50:05.784332 dv-cinder-830901-5-smb neutron-server[109968]: DEBUG neutron.wsgi [-] (109968) accepted ('10.222.0.36', 58530) {{(pid=109968) server /usr/local/lib/python3.8/dist-packages/eventlet/wsgi.py:1004}}
May 12 00:50:05.860350 dv-cinder-830901-5-smb neutron-server[109969]: DEBUG neutron.api.rpc.handlers.resources_rpc [None req-66cb829b-9285-4733-9337-e151a42a03d7 tempest-ServerRescueNegativeTestJSON-1230546580 tempest-ServerRescueNegativeTestJSON-1230546580-project] Pushing event updated for resources: {'Port': ['ID=bbdddef8-4275-4b97-9ea2-de285f8946b4,revision_number=1']} {{(pid=109969) push /opt/stack/neutron/neutron/api/rpc/handlers/resources_rpc.py:237}}
May 12 00:50:05.896036 dv-cinder-830901-5-smb neutron-server[109969]: DEBUG neutron.scheduler.dhcp_agent_scheduler [req-3c81e544-c47e-4e00-a462-cf996f57c70e req-66cb829b-9285-4733-9337-e151a42a03d7 tempest-ServerRescueNegativeTestJSON-1230546580 tempest-ServerRescueNegativeTestJSON-1230546580-project] Network a9b8b310-d9c4-4cf2-b3a7-b70ee390124f is already hosted by enough agents. {{(pid=109969) _get_dhcp_agents_hosting_network /opt/stack/neutron/neutron/scheduler/dhcp_agent_scheduler.py:275}}
May 12 00:50:05.904890 dv-cinder-830901-5-smb neutron-server[109969]: DEBUG neutron.scheduler.base_scheduler [req-3c81e544-c47e-4e00-a462-cf996f57c70e req-66cb829b-9285-4733-9337-e151a42a03d7 tempest-ServerRescueNegativeTestJSON-1230546580 tempest-ServerRescueNegativeTestJSON-1230546580-project] Resources bound (agent type, host, resource id): {{(pid=109969) schedule /opt/stack/neutron/neutron/scheduler/base_scheduler.py:57}}
May 12 00:50:05.923724 dv-cinder-830901-5-smb neutron-server[109969]: DEBUG neutron_lib.callbacks.manager [req-efcc487a-586d-4e8c-8b11-f70114095f3a req-1ed694c0-6c06-48de-acf0-a79934960d82 tempest-AttachVolumeShelveTestJSON-1701641147 tempest-AttachVolumeShelveTestJSON-1701641147-project] Publish callbacks [] for port (deb641b5-b7b6-4e4b-badd-244fe344a381), precommit_create {{(pid=109969) _notify_loop /usr/local/lib/python3.8/dist-packages/neutron_lib/callbacks/manager.py:176}}
May 12 00:50:05.933703 dv-cinder-830901-5-smb neutron-server[109969]: DEBUG neutron.db.l3_dvrscheduler_db [req-3c81e544-c47e-4e00-a462-cf996f57c70e req-66cb829b-9285-4733-9337-e151a42a03d7 tempest-ServerRescueNegativeTestJSON-1230546580 tempest-ServerRescueNegativeTestJSON-1230546580-project] Received port after_create {{(pid=109969) _notify_l3_agent_new_port /opt/stack/neutron/neutron/db/l3_dvrscheduler_db.py:536}}
May 12 00:50:05.985250 dv-cinder-830901-5-smb neutron-server[109968]: DEBUG neutron.pecan_wsgi.hooks.policy_enforcement [req-c800d400-152b-458b-8f56-2bba05b2ed19 req-7c8b2417-cb3c-4805-bbd0-ee63a2f230ad tempest-AttachVolumeTestJSON-2105872687 tempest-AttachVolumeTestJSON-2105872687-project] Attributes excluded by policy engine: ['standard_attr_id', 'vlan_transparent', 'provider:network_type', 'provider:physical_network', 'provider:segmentation_id'] {{(pid=109968) _exclude_attributes_by_policy /opt/stack/neutron/neutron/pecan_wsgi/hooks/policy_enforcement.py:259}}
May 12 00:50:05.986756 dv-cinder-830901-5-smb neutron-server[109968]: INFO neutron.wsgi [req-c800d400-152b-458b-8f56-2bba05b2ed19 req-7c8b2417-cb3c-4805-bbd0-ee63a2f230ad tempest-AttachVolumeTestJSON-2105872687 tempest-AttachVolumeTestJSON-2105872687-project] 10.222.0.36 "GET /v2.0/networks?id=90e7cfda-4cb5-4691-8dc1-079371f153a1 HTTP/1.1" status: 200 len: 811 time: 0.3985815
May 12 00:50:06.018729 dv-cinder-830901-5-smb neutron-server[109968]: INFO neutron.wsgi [req-d3cef669-9c05-4e0e-a8de-14160eb62738 req-a85fe499-cd08-4708-9ce5-b6113bc721ec tempest-ServerRescueNegativeTestJSON-1230546580 tempest-ServerRescueNegativeTestJSON-1230546580-project] 10.222.0.49 "GET /v2.0/ports?device_id=e2d7d256-7680-4a1d-90c6-778f2fff33ca HTTP/1.1" status: 200 len: 210 time: 0.2795682
May 12 00:50:06.099786 dv-cinder-830901-5-smb neutron-server[109969]: DEBUG neutron.pecan_wsgi.hooks.policy_enforcement [req-3c81e544-c47e-4e00-a462-cf996f57c70e req-66cb829b-9285-4733-9337-e151a42a03d7 tempest-ServerRescueNegativeTestJSON-1230546580 tempest-ServerRescueNegativeTestJSON-1230546580-project] Attributes excluded by policy engine: ['standard_attr_id', 'binding:profile', 'binding:host_id', 'binding:vif_type', 'binding:vif_details', 'network'] {{(pid=109969) _exclude_attributes_by_policy /opt/stack/neutron/neutron/pecan_wsgi/hooks/policy_enforcement.py:259}}
