Feb 28 21:56:07.226495 dv-cinder-830901-2-iscsi devstack@c-api.service[116860]: DEBUG cinder.api.openstack.wsgi [None req-5357a441-8bf2-48ce-80fe-0de9b3d527a3 tempest-GroupsV314Test-2015331800 tempest-GroupsV314Test-2015331800-project] Empty body provided in request {{(pid=116860) get_body /opt/stack/cinder/cinder/api/openstack/wsgi.py:715}}
Feb 28 21:56:07.227053 dv-cinder-830901-2-iscsi devstack@c-api.service[116860]: DEBUG cinder.api.openstack.wsgi [None req-5357a441-8bf2-48ce-80fe-0de9b3d527a3 tempest-GroupsV314Test-2015331800 tempest-GroupsV314Test-2015331800-project] Calling method 'version_select' {{(pid=116860) _process_stack /opt/stack/cinder/cinder/api/openstack/wsgi.py:868}}
Feb 28 21:56:07.227366 dv-cinder-830901-2-iscsi devstack@c-api.service[116860]: DEBUG cinder.api.v3.groups [None req-5357a441-8bf2-48ce-80fe-0de9b3d527a3 tempest-GroupsV314Test-2015331800 tempest-GroupsV314Test-2015331800-project] show called for member f98611f0-e9f5-4770-bdbb-072cd27207b7 {{(pid=116860) show /opt/stack/cinder/cinder/api/v3/groups.py:58}}
Feb 28 21:56:07.233961 dv-cinder-830901-2-iscsi devstack@c-api.service[116861]: DEBUG cinder.volume.api [None req-c0345367-0714-4571-bbe6-2b46f60b347b tempest-UserMessagesTest-909429662 tempest-UserMessagesTest-909429662-project] Task 'cinder.volume.flows.api.create_volume.QuotaReserveTask;volume:create' (047128a7-0937-4746-8a51-0c18bd675b19) transitioned into state 'RUNNING' from state 'PENDING' {{(pid=116861) _task_receiver /usr/local/lib/python3.8/dist-packages/taskflow/listeners/logging.py:190}}
Feb 28 21:56:07.255518 dv-cinder-830901-2-iscsi devstack@c-api.service[116860]: /usr/local/lib/python3.8/dist-packages/oslo_context/context.py:105: DeprecationWarning: Policy enforcement is depending on the value of is_admin. This key is deprecated. Please update your policy file to use the standard policy values.
Feb 28 21:56:07.255518 dv-cinder-830901-2-iscsi devstack@c-api.service[116860]: warnings.warn('Policy enforcement is depending on the value of '
Feb 28 21:56:07.303983 dv-cinder-830901-2-iscsi devstack@c-api.service[116861]: WARNING cinder.quota [None req-c0345367-0714-4571-bbe6-2b46f60b347b tempest-UserMessagesTest-909429662 tempest-UserMessagesTest-909429662-project] Deprecated: Default quota for resource: volumes_tempest-UserMessagesTest-volume-type-742633800 is set by the default quota flag: quota_volumes_tempest-UserMessagesTest-volume-type-742633800, it is now deprecated. Please use the default quota class for default quota.
Feb 28 21:56:07.307491 dv-cinder-830901-2-iscsi devstack@c-api.service[116861]: WARNING cinder.quota [None req-c0345367-0714-4571-bbe6-2b46f60b347b tempest-UserMessagesTest-909429662 tempest-UserMessagesTest-909429662-project] Deprecated: Default quota for resource: gigabytes_tempest-UserMessagesTest-volume-type-742633800 is set by the default quota flag: quota_gigabytes_tempest-UserMessagesTest-volume-type-742633800, it is now deprecated. Please use the default quota class for default quota.
Feb 28 21:56:07.343948 dv-cinder-830901-2-iscsi devstack@c-api.service[116860]: INFO cinder.api.openstack.wsgi [None req-5357a441-8bf2-48ce-80fe-0de9b3d527a3 tempest-GroupsV314Test-2015331800 tempest-GroupsV314Test-2015331800-project] http://10.222.0.26/volume/v3/4d4175f870b749f7879eaed849d7cc22/groups/f98611f0-e9f5-4770-bdbb-072cd27207b7 returned with HTTP 200
Feb 28 21:56:07.345035 dv-cinder-830901-2-iscsi devstack@c-api.service[116860]: [pid: 116860|app: 0|req: 17/36] 10.222.0.26 () {60 vars in 1362 bytes} [Mon Feb 28 21:56:07 2022] GET /volume/v3/4d4175f870b749f7879eaed849d7cc22/groups/f98611f0-e9f5-4770-bdbb-072cd27207b7 => generated 388 bytes in 148 msecs (HTTP/1.1 200) 7 headers in 286 bytes (1 switches on core 0)
Feb 28 21:56:07.346383 dv-cinder-830901-2-iscsi devstack@c-api.service[116860]: DEBUG cinder.api.middleware.request_id [req-2820519f-bd1c-45a1-b190-4555d43c3d6e req-647846e7-0322-4a1d-baf9-852592b0286f None None] RequestId filter calling following filter/app {{(pid=116860) _context_setter /opt/stack/cinder/cinder/api/middleware/request_id.py:62}}
Feb 28 21:56:07.354999 dv-cinder-830901-2-iscsi devstack@c-api.service[116860]: INFO cinder.api.openstack.wsgi [req-2820519f-bd1c-45a1-b190-4555d43c3d6e req-647846e7-0322-4a1d-baf9-852592b0286f tempest-VolumesSnapshotsTestJSON-1054029602 tempest-VolumesSnapshotsTestJSON-1054029602-project] GET http://10.222.0.26/volume/v3/87811696e9614b2399ccd020af0dc00f/snapshots/5a6d9438-57fb-46a3-bb9d-8b7192d4c5a1
Feb 28 21:56:07.355463 dv-cinder-830901-2-iscsi devstack@c-api.service[116860]: DEBUG cinder.api.openstack.wsgi [req-2820519f-bd1c-45a1-b190-4555d43c3d6e req-647846e7-0322-4a1d-baf9-852592b0286f tempest-VolumesSnapshotsTestJSON-1054029602 tempest-VolumesSnapshotsTestJSON-1054029602-project] Empty body provided in request {{(pid=116860) get_body /opt/stack/cinder/cinder/api/openstack/wsgi.py:715}}
Feb 28 21:56:07.359348 dv-cinder-830901-2-iscsi devstack@c-api.service[116860]: DEBUG cinder.api.openstack.wsgi [req-2820519f-bd1c-45a1-b190-4555d43c3d6e req-647846e7-0322-4a1d-baf9-852592b0286f tempest-VolumesSnapshotsTestJSON-1054029602 tempest-VolumesSnapshotsTestJSON-1054029602-project] Calling method 'show' {{(pid=116860) _process_stack /opt/stack/cinder/cinder/api/openstack/wsgi.py:868}}
Feb 28 21:56:07.439705 dv-cinder-830901-2-iscsi devstack@c-api.service[116860]: /usr/local/lib/python3.8/dist-packages/oslo_context/context.py:105: DeprecationWarning: Policy enforcement is depending on the value of is_admin. This key is deprecated. Please update your policy file to use the standard policy values.
Feb 28 21:56:07.439705 dv-cinder-830901-2-iscsi devstack@c-api.service[116860]: warnings.warn('Policy enforcement is depending on the value of '
Feb 28 21:56:07.440785 dv-cinder-830901-2-iscsi devstack@c-api.service[116860]: INFO cinder.volume.api [req-2820519f-bd1c-45a1-b190-4555d43c3d6e req-647846e7-0322-4a1d-baf9-852592b0286f tempest-VolumesSnapshotsTestJSON-1054029602 tempest-VolumesSnapshotsTestJSON-1054029602-project] Snapshot retrieved successfully.
Feb 28 21:56:07.702964 dv-cinder-830901-2-iscsi devstack@c-api.service[116860]: INFO cinder.api.openstack.wsgi [req-2820519f-bd1c-45a1-b190-4555d43c3d6e req-647846e7-0322-4a1d-baf9-852592b0286f tempest-VolumesSnapshotsTestJSON-1054029602 tempest-VolumesSnapshotsTestJSON-1054029602-project] http://10.222.0.26/volume/v3/87811696e9614b2399ccd020af0dc00f/snapshots/5a6d9438-57fb-46a3-bb9d-8b7192d4c5a1 returned with HTTP 200
Feb 28 21:56:07.702964 dv-cinder-830901-2-iscsi devstack@c-api.service[116860]: [pid: 116860|app: 0|req: 18/37] 10.222.0.26 () {60 vars in 1584 bytes} [Mon Feb 28 21:56:07 2022] GET /volume/v3/87811696e9614b2399ccd020af0dc00f/snapshots/5a6d9438-57fb-46a3-bb9d-8b7192d4c5a1 => generated 442 bytes in 114 msecs (HTTP/1.1 200) 7 headers in 285 bytes (1 switches on core 0)
Feb 28 21:56:07.702964 dv-cinder-830901-2-iscsi devstack@c-api.service[116860]: DEBUG cinder.api.middleware.request_id [None req-b8b5dbfd-dea6-42a7-9d59-e9da1ac3260d None None] RequestId filter calling following filter/app {{(pid=116860) _context_setter /opt/stack/cinder/cinder/api/middleware/request_id.py:62}}
Feb 28 21:56:07.702964 dv-cinder-830901-2-iscsi devstack@c-api.service[116860]: INFO cinder.api.openstack.wsgi [None req-b8b5dbfd-dea6-42a7-9d59-e9da1ac3260d tempest-GroupsV314Test-2015331800 tempest-GroupsV314Test-2015331800-project] POST http://10.222.0.26/volume/v3/4d4175f870b749f7879eaed849d7cc22/volumes
Feb 28 21:56:07.702964 dv-cinder-830901-2-iscsi devstack@c-api.service[116860]: DEBUG cinder.api.openstack.wsgi [None req-b8b5dbfd-dea6-42a7-9d59-e9da1ac3260d tempest-GroupsV314Test-2015331800 tempest-GroupsV314Test-2015331800-project] Action: 'create', calling method: create, body: {"volume": {"volume_type": "bd1d5619-b093-4591-bf20-e28a647a1026", "group_id": "f98611f0-e9f5-4770-bdbb-072cd27207b7", "size": 1, "name": "tempest-GroupsV314Test-Volume-68838102"}} {{(pid=116860) _process_stack /opt/stack/cinder/cinder/api/openstack/wsgi.py:866}}
Feb 28 21:56:07.702964 dv-cinder-830901-2-iscsi devstack@c-api.service[116860]: DEBUG cinder.api.v3.volumes [None req-b8b5dbfd-dea6-42a7-9d59-e9da1ac3260d tempest-GroupsV314Test-2015331800 tempest-GroupsV314Test-2015331800-project] Create volume request body: {'volume': {'volume_type': 'bd1d5619-b093-4591-bf20-e28a647a1026', 'group_id': 'f98611f0-e9f5-4770-bdbb-072cd27207b7', 'size': 1, 'name': 'tempest-GroupsV314Test-Volume-68838102'}} {{(pid=116860) create /opt/stack/cinder/cinder/api/v3/volumes.py:298}}
Feb 28 21:56:07.702964 dv-cinder-830901-2-iscsi devstack@c-api.service[116860]: /usr/local/lib/python3.8/dist-packages/oslo_context/context.py:105: DeprecationWarning: Policy enforcement is depending on the value of is_admin. This key is deprecated. Please update your policy file to use the standard policy values.
Feb 28 21:56:07.702964 dv-cinder-830901-2-iscsi devstack@c-api.service[116860]: warnings.warn('Policy enforcement is depending on the value of '
Feb 28 21:56:07.702964 dv-cinder-830901-2-iscsi devstack@c-api.service[116860]: INFO cinder.api.v3.volumes [None req-b8b5dbfd-dea6-42a7-9d59-e9da1ac3260d tempest-GroupsV314Test-2015331800 tempest-GroupsV314Test-2015331800-project] Create volume of 1 GB
Feb 28 21:56:07.702964 dv-cinder-830901-2-iscsi devstack@c-api.service[116860]: INFO cinder.volume.api [None req-b8b5dbfd-dea6-42a7-9d59-e9da1ac3260d tempest-GroupsV314Test-2015331800 tempest-GroupsV314Test-2015331800-project] Availability Zones retrieved successfully.
Feb 28 21:56:07.702964 dv-cinder-830901-2-iscsi devstack@c-api.service[116860]: DEBUG cinder.volume.api [None req-b8b5dbfd-dea6-42a7-9d59-e9da1ac3260d tempest-GroupsV314Test-2015331800 tempest-GroupsV314Test-2015331800-project] Flow 'volume_create_api' (5deb8615-3aca-4e5d-a7a7-8c23b5af96fb) transitioned into state 'RUNNING' from state 'PENDING' {{(pid=116860) _flow_receiver /usr/local/lib/python3.8/dist-packages/taskflow/listeners/logging.py:141}}
Feb 28 21:56:07.702964 dv-cinder-830901-2-iscsi devstack@c-api.service[116860]: DEBUG cinder.volume.api [None req-b8b5dbfd-dea6-42a7-9d59-e9da1ac3260d tempest-GroupsV314Test-2015331800 tempest-GroupsV314Test-2015331800-project] Task 'cinder.volume.flows.api.create_volume.ExtractVolumeRequestTask;volume:create' (adb5783a-4b1c-4a6e-8a92-17bccc8c8657) transitioned into state 'RUNNING' from state 'PENDING' {{(pid=116860) _task_receiver /usr/local/lib/python3.8/dist-packages/taskflow/listeners/logging.py:190}}
Feb 28 21:56:07.702964 dv-cinder-830901-2-iscsi devstack@c-api.service[116860]: /usr/local/lib/python3.8/dist-packages/oslo_context/context.py:105: DeprecationWarning: Policy enforcement is depending on the value of is_admin. This key is deprecated. Please update your policy file to use the standard policy values.
Feb 28 21:56:07.702964 dv-cinder-830901-2-iscsi devstack@c-api.service[116860]: warnings.warn('Policy enforcement is depending on the value of '
Feb 28 21:56:07.702964 dv-cinder-830901-2-iscsi devstack@c-api.service[116860]: DEBUG cinder.volume.flows.api.create_volume [None req-b8b5dbfd-dea6-42a7-9d59-e9da1ac3260d tempest-GroupsV314Test-2015331800 tempest-GroupsV314Test-2015331800-project] Validating volume size '1' using validate_int {{(pid=116860) _extract_size /opt/stack/cinder/cinder/volume/flows/api/create_volume.py:225}}
Feb 28 21:56:07.702964 dv-cinder-830901-2-iscsi devstack@c-api.service[116860]: DEBUG cinder.volume.api [None req-b8b5dbfd-dea6-42a7-9d59-e9da1ac3260d tempest-GroupsV314Test-2015331800 tempest-GroupsV314Test-2015331800-project] Task 'cinder.volume.flows.api.create_volume.ExtractVolumeRequestTask;volume:create' (adb5783a-4b1c-4a6e-8a92-17bccc8c8657) transitioned into state 'SUCCESS' from state 'RUNNING' with result '{'size': 1, 'snapshot_id': None, 'source_volid': None, 'volume_type': VolumeType(created_at=2022-02-28T21:56:05Z,deleted=False,deleted_at=None,description=None,extra_specs={},id=bd1d5619-b093-4591-bf20-e28a647a1026,is_public=True,name='tempest-GroupsV314Test-volume-type-244892921',projects=[],qos_specs=,qos_specs_id=None,updated_at=None), 'volume_type_id': 'bd1d5619-b093-4591-bf20-e28a647a1026', 'encryption_key_id': None, 'qos_specs': None, 'consistencygroup_id': None, 'cgsnapshot_id': None, 'group_id': 'f98611f0-e9f5-4770-bdbb-072cd27207b7', 'replication_status': 'disabled', 'refresh_az': False, 'backup_id': None, 'multiattach': False, 'availability_zones': ['nova']}' {{(pid=116860) _task_receiver /usr/local/lib/python3.8/dist-packages/taskflow/listeners/logging.py:178}}
Feb 28 21:56:07.704437 dv-cinder-830901-2-iscsi devstack@c-api.service[116860]: DEBUG cinder.volume.api [None req-b8b5dbfd-dea6-42a7-9d59-e9da1ac3260d tempest-GroupsV314Test-2015331800 tempest-GroupsV314Test-2015331800-project] Task 'cinder.volume.flows.api.create_volume.QuotaReserveTask;volume:create' (8bd2f1f4-3449-4c37-938e-bfd9a3efe18a) transitioned into state 'RUNNING' from state 'PENDING' {{(pid=116860) _task_receiver /usr/local/lib/python3.8/dist-packages/taskflow/listeners/logging.py:190}}
Feb 28 21:56:07.704936 dv-cinder-830901-2-iscsi devstack@c-api.service[116861]: DEBUG cinder.quota [None req-c0345367-0714-4571-bbe6-2b46f60b347b tempest-UserMessagesTest-909429662 tempest-UserMessagesTest-909429662-project] Created reservations ['e5b30da8-00e4-4b82-a24d-378f372c2885', '54a55e58-4632-4e2a-a85d-ee47723477e5', '9c950534-729e-426f-baf7-6231a7782847', '2d4b7229-884e-44f8-9bec-cd3b8458de5e'] {{(pid=116861) reserve /opt/stack/cinder/cinder/quota.py:755}}
Feb 28 21:56:07.704936 dv-cinder-830901-2-iscsi devstack@c-api.service[116861]: DEBUG cinder.volume.api [None req-c0345367-0714-4571-bbe6-2b46f60b347b tempest-UserMessagesTest-909429662 tempest-UserMessagesTest-909429662-project] Task 'cinder.volume.flows.api.create_volume.QuotaReserveTask;volume:create' (047128a7-0937-4746-8a51-0c18bd675b19) transitioned into state 'SUCCESS' from state 'RUNNING' with result '{'reservations': ['e5b30da8-00e4-4b82-a24d-378f372c2885', '54a55e58-4632-4e2a-a85d-ee47723477e5', '9c950534-729e-426f-baf7-6231a7782847', '2d4b7229-884e-44f8-9bec-cd3b8458de5e']}' {{(pid=116861) _task_receiver /usr/local/lib/python3.8/dist-packages/taskflow/listeners/logging.py:178}}
Feb 28 21:56:07.704936 dv-cinder-830901-2-iscsi devstack@c-api.service[116861]: DEBUG cinder.volume.api [None req-c0345367-0714-4571-bbe6-2b46f60b347b tempest-UserMessagesTest-909429662 tempest-UserMessagesTest-909429662-project] Task 'cinder.volume.flows.api.create_volume.EntryCreateTask;volume:create' (4c2d321f-e8dd-428a-bd24-ab7b88b47bb0) transitioned into state 'RUNNING' from state 'PENDING' {{(pid=116861) _task_receiver /usr/local/lib/python3.8/dist-packages/taskflow/listeners/logging.py:190}}
Feb 28 21:56:07.706673 dv-cinder-830901-2-iscsi devstack@c-api.service[116860]: WARNING cinder.quota [None req-b8b5dbfd-dea6-42a7-9d59-e9da1ac3260d tempest-GroupsV314Test-2015331800 tempest-GroupsV314Test-2015331800-project] Deprecated: Default quota for resource: volumes_tempest-GroupsV314Test-volume-type-244892921 is set by the default quota flag: quota_volumes_tempest-GroupsV314Test-volume-type-244892921, it is now deprecated. Please use the default quota class for default quota.
Feb 28 21:56:07.706673 dv-cinder-830901-2-iscsi devstack@c-api.service[116860]: WARNING cinder.quota [None req-b8b5dbfd-dea6-42a7-9d59-e9da1ac3260d tempest-GroupsV314Test-2015331800 tempest-GroupsV314Test-2015331800-project] Deprecated: Default quota for resource: gigabytes_tempest-GroupsV314Test-volume-type-244892921 is set by the default quota flag: quota_gigabytes_tempest-GroupsV314Test-volume-type-244892921, it is now deprecated. Please use the default quota class for default quota.
Feb 28 21:56:07.871481 dv-cinder-830901-2-iscsi devstack@c-api.service[116861]: DEBUG cinder.volume.api [None req-c0345367-0714-4571-bbe6-2b46f60b347b tempest-UserMessagesTest-909429662 tempest-UserMessagesTest-909429662-project] Task 'cinder.volume.flows.api.create_volume.EntryCreateTask;volume:create' (4c2d321f-e8dd-428a-bd24-ab7b88b47bb0) transitioned into state 'SUCCESS' from state 'RUNNING' with result '{'volume_id': '19bb357c-d2ef-478b-bfdd-a5e10a761af5', 'volume_properties': VolumeProperties(attach_status='detached',availability_zone='nova',cgsnapshot_id=None,consistencygroup_id=None,display_description=None,display_name='tempest-UserMessagesTest-Volume-337833514',encryption_key_id=None,group_id=None,group_type_id=,metadata={},multiattach=False,project_id='1c3a7816aa0c4c819a291fb70f389eb6',qos_specs=None,replication_status=,reservations=['e5b30da8-00e4-4b82-a24d-378f372c2885','54a55e58-4632-4e2a-a85d-ee47723477e5','9c950534-729e-426f-baf7-6231a7782847','2d4b7229-884e-44f8-9bec-cd3b8458de5e'],size=1,snapshot_id=None,source_replicaid=,source_volid=None,status='creating',user_id='bc967b82732347bd9bf53ebf985e2bef',volume_type_id=a9b7fd40-1d7b-43cc-8916-3c3491e3279c), 'volume': Volume(_name_id=None,admin_metadata=,attach_status='detached',availability_zone='nova',bootable=False,cluster=,cluster_name=None,consistencygroup=,consistencygroup_id=None,created_at=2022-02-28T21:56:07Z,deleted=False,deleted_at=None,display_description=None,display_name='tempest-UserMessagesTest-Volume-337833514',ec2_id=None,encryption_key_id=None,glance_metadata=,group=,group_id=None,host=None,id=19bb357c-d2ef-478b-bfdd-a5e10a761af5,launched_at=None,metadata={},migration_status=None,multiattach=False,previous_status=None,project_id='1c3a7816aa0c4c819a291fb70f389eb6',provider_auth=None,provider_geometry=None,provider_id=None,provider_location=None,replication_driver_data=None,replication_extended_status=None,replication_status=None,scheduled_at=None,service_uuid=None,shared_targets=True,size=1,snapshot_id=None,snapshots=,source_volid=None,status='creating',terminated_at=None,updated_at=None,use_quota=True,user_id='bc967b82732347bd9bf53ebf985e2bef',volume_attachment=VolumeAttachmentList,volume_type=VolumeType(a9b7fd40-1d7b-43cc-8916-3c3491e3279c),volume_type_id=a9b7fd40-1d7b-43cc-8916-3c3491e3279c)}' {{(pid=116861) _task_receiver /usr/local/lib/python3.8/dist-packages/taskflow/listeners/logging.py:178}}
Feb 28 21:56:07.874966 dv-cinder-830901-2-iscsi devstack@c-api.service[116861]: DEBUG cinder.volume.api [None req-c0345367-0714-4571-bbe6-2b46f60b347b tempest-UserMessagesTest-909429662 tempest-UserMessagesTest-909429662-project] Task 'cinder.volume.flows.api.create_volume.QuotaCommitTask;volume:create' (39efc7c1-8d9d-4771-8963-d6dee7de8adb) transitioned into state 'RUNNING' from state 'PENDING' {{(pid=116861) _task_receiver /usr/local/lib/python3.8/dist-packages/taskflow/listeners/logging.py:190}}
Feb 28 21:56:07.916783 dv-cinder-830901-2-iscsi devstack@c-api.service[116860]: DEBUG cinder.quota [None req-b8b5dbfd-dea6-42a7-9d59-e9da1ac3260d tempest-GroupsV314Test-2015331800 tempest-GroupsV314Test-2015331800-project] Created reservations ['15e363b1-f0b2-4603-9987-aadae6f7ff46', '02d745d4-186c-4ff0-b619-e179ae2fde64', '502aae35-6394-4dad-ba52-c96b5122cb43', '4df34bad-557f-4f3c-ab18-745771b42bf6'] {{(pid=116860) reserve /opt/stack/cinder/cinder/quota.py:755}}
Feb 28 21:56:07.920001 dv-cinder-830901-2-iscsi devstack@c-api.service[116860]: DEBUG cinder.volume.api [None req-b8b5dbfd-dea6-42a7-9d59-e9da1ac3260d tempest-GroupsV314Test-2015331800 tempest-GroupsV314Test-2015331800-project] Task 'cinder.volume.flows.api.create_volume.QuotaReserveTask;volume:create' (8bd2f1f4-3449-4c37-938e-bfd9a3efe18a) transitioned into state 'SUCCESS' from state 'RUNNING' with result '{'reservations': ['15e363b1-f0b2-4603-9987-aadae6f7ff46', '02d745d4-186c-4ff0-b619-e179ae2fde64', '502aae35-6394-4dad-ba52-c96b5122cb43', '4df34bad-557f-4f3c-ab18-745771b42bf6']}' {{(pid=116860) _task_receiver /usr/local/lib/python3.8/dist-packages/taskflow/listeners/logging.py:178}}
Feb 28 21:56:07.922318 dv-cinder-830901-2-iscsi devstack@c-api.service[116860]: DEBUG cinder.volume.api [None req-b8b5dbfd-dea6-42a7-9d59-e9da1ac3260d tempest-GroupsV314Test-2015331800 tempest-GroupsV314Test-2015331800-project] Task 'cinder.volume.flows.api.create_volume.EntryCreateTask;volume:create' (f17128f0-0bc0-42f0-a657-750e029d1a96) transitioned into state 'RUNNING' from state 'PENDING' {{(pid=116860) _task_receiver /usr/local/lib/python3.8/dist-packages/taskflow/listeners/logging.py:190}}
Feb 28 21:56:08.033703 dv-cinder-830901-2-iscsi devstack@c-api.service[116861]: DEBUG cinder.volume.api [None req-c0345367-0714-4571-bbe6-2b46f60b347b tempest-UserMessagesTest-909429662 tempest-UserMessagesTest-909429662-project] Task 'cinder.volume.flows.api.create_volume.QuotaCommitTask;volume:create' (39efc7c1-8d9d-4771-8963-d6dee7de8adb) transitioned into state 'SUCCESS' from state 'RUNNING' with result '{'volume_properties': VolumeProperties(attach_status='detached',availability_zone='nova',cgsnapshot_id=None,consistencygroup_id=None,display_description=None,display_name='tempest-UserMessagesTest-Volume-337833514',encryption_key_id=None,group_id=None,group_type_id=,metadata={},multiattach=False,project_id='1c3a7816aa0c4c819a291fb70f389eb6',qos_specs=None,replication_status=,reservations=['e5b30da8-00e4-4b82-a24d-378f372c2885','54a55e58-4632-4e2a-a85d-ee47723477e5','9c950534-729e-426f-baf7-6231a7782847','2d4b7229-884e-44f8-9bec-cd3b8458de5e'],size=1,snapshot_id=None,source_replicaid=,source_volid=None,status='creating',user_id='bc967b82732347bd9bf53ebf985e2bef',volume_type_id=a9b7fd40-1d7b-43cc-8916-3c3491e3279c)}' {{(pid=116861) _task_receiver /usr/local/lib/python3.8/dist-packages/taskflow/listeners/logging.py:178}}
Feb 28 21:56:08.035859 dv-cinder-830901-2-iscsi devstack@c-api.service[116861]: DEBUG cinder.volume.api [None req-c0345367-0714-4571-bbe6-2b46f60b347b tempest-UserMessagesTest-909429662 tempest-UserMessagesTest-909429662-project] Task 'cinder.volume.flows.api.create_volume.VolumeCastTask;volume:create' (743ab7f0-1632-4da3-9fe5-98c2f336fea8) transitioned into state 'RUNNING' from state 'PENDING' {{(pid=116861) _task_receiver /usr/local/lib/python3.8/dist-packages/taskflow/listeners/logging.py:190}}
Feb 28 21:56:08.063821 dv-cinder-830901-2-iscsi devstack@c-api.service[116860]: DEBUG cinder.volume.api [None req-b8b5dbfd-dea6-42a7-9d59-e9da1ac3260d tempest-GroupsV314Test-2015331800 tempest-GroupsV314Test-2015331800-project] Task 'cinder.volume.flows.api.create_volume.EntryCreateTask;volume:create' (f17128f0-0bc0-42f0-a657-750e029d1a96) transitioned into state 'SUCCESS' from state 'RUNNING' with result '{'volume_id': 'd0080e6e-3548-45f9-96b7-3a476b654f3c', 'volume_properties': VolumeProperties(attach_status='detached',availability_zone='nova',cgsnapshot_id=None,consistencygroup_id=None,display_description=None,display_name='tempest-GroupsV314Test-Volume-68838102',encryption_key_id=None,group_id=f98611f0-e9f5-4770-bdbb-072cd27207b7,group_type_id=,metadata={},multiattach=False,project_id='4d4175f870b749f7879eaed849d7cc22',qos_specs=None,replication_status=,reservations=['15e363b1-f0b2-4603-9987-aadae6f7ff46','02d745d4-186c-4ff0-b619-e179ae2fde64','502aae35-6394-4dad-ba52-c96b5122cb43','4df34bad-557f-4f3c-ab18-745771b42bf6'],size=1,snapshot_id=None,source_replicaid=,source_volid=None,status='creating',user_id='0f1ce4fe5cb14812a86d5f90520e35e5',volume_type_id=bd1d5619-b093-4591-bf20-e28a647a1026), 'volume': Volume(_name_id=None,admin_metadata=,attach_status='detached',availability_zone='nova',bootable=False,cluster=,cluster_name=None,consistencygroup=,consistencygroup_id=None,created_at=2022-02-28T21:56:07Z,deleted=False,deleted_at=None,display_description=None,display_name='tempest-GroupsV314Test-Volume-68838102',ec2_id=None,encryption_key_id=None,glance_metadata=,group=,group_id=f98611f0-e9f5-4770-bdbb-072cd27207b7,host=None,id=d0080e6e-3548-45f9-96b7-3a476b654f3c,launched_at=None,metadata={},migration_status=None,multiattach=False,previous_status=None,project_id='4d4175f870b749f7879eaed849d7cc22',provider_auth=None,provider_geometry=None,provider_id=None,provider_location=None,replication_driver_data=None,replication_extended_status=None,replication_status=None,scheduled_at=None,service_uuid=None,shared_targets=True,size=1,snapshot_id=None,snapshots=,source_volid=None,status='creating',terminated_at=None,updated_at=None,use_quota=True,user_id='0f1ce4fe5cb14812a86d5f90520e35e5',volume_attachment=VolumeAttachmentList,volume_type=VolumeType(bd1d5619-b093-4591-bf20-e28a647a1026),volume_type_id=bd1d5619-b093-4591-bf20-e28a647a1026)}' {{(pid=116860) _task_receiver /usr/local/lib/python3.8/dist-packages/taskflow/listeners/logging.py:178}}
Feb 28 21:56:08.065678 dv-cinder-830901-2-iscsi devstack@c-api.service[116860]: DEBUG cinder.volume.api [None req-b8b5dbfd-dea6-42a7-9d59-e9da1ac3260d tempest-GroupsV314Test-2015331800 tempest-GroupsV314Test-2015331800-project] Task 'cinder.volume.flows.api.create_volume.QuotaCommitTask;volume:create' (b294ada1-0311-46dc-a12c-3b5663ad7604) transitioned into state 'RUNNING' from state 'PENDING' {{(pid=116860) _task_receiver /usr/local/lib/python3.8/dist-packages/taskflow/listeners/logging.py:190}}
Feb 28 21:56:08.164340 dv-cinder-830901-2-iscsi devstack@c-api.service[116860]: DEBUG cinder.volume.api [None req-b8b5dbfd-dea6-42a7-9d59-e9da1ac3260d tempest-GroupsV314Test-2015331800 tempest-GroupsV314Test-2015331800-project] Task 'cinder.volume.flows.api.create_volume.QuotaCommitTask;volume:create' (b294ada1-0311-46dc-a12c-3b5663ad7604) transitioned into state 'SUCCESS' from state 'RUNNING' with result '{'volume_properties': VolumeProperties(attach_status='detached',availability_zone='nova',cgsnapshot_id=None,consistencygroup_id=None,display_description=None,display_name='tempest-GroupsV314Test-Volume-68838102',encryption_key_id=None,group_id=f98611f0-e9f5-4770-bdbb-072cd27207b7,group_type_id=,metadata={},multiattach=False,project_id='4d4175f870b749f7879eaed849d7cc22',qos_specs=None,replication_status=,reservations=['15e363b1-f0b2-4603-9987-aadae6f7ff46','02d745d4-186c-4ff0-b619-e179ae2fde64','502aae35-6394-4dad-ba52-c96b5122cb43','4df34bad-557f-4f3c-ab18-745771b42bf6'],size=1,snapshot_id=None,source_replicaid=,source_volid=None,status='creating',user_id='0f1ce4fe5cb14812a86d5f90520e35e5',volume_type_id=bd1d5619-b093-4591-bf20-e28a647a1026)}' {{(pid=116860) _task_receiver /usr/local/lib/python3.8/dist-packages/taskflow/listeners/logging.py:178}}
Feb 28 21:56:08.177591 dv-cinder-830901-2-iscsi devstack@c-api.service[116860]: DEBUG cinder.volume.api [None req-b8b5dbfd-dea6-42a7-9d59-e9da1ac3260d tempest-GroupsV314Test-2015331800 tempest-GroupsV314Test-2015331800-project] Task 'cinder.volume.flows.api.create_volume.VolumeCastTask;volume:create' (8a4ad30a-1c81-46a5-8695-57acdefc639c) transitioned into state 'RUNNING' from state 'PENDING' {{(pid=116860) _task_receiver /usr/local/lib/python3.8/dist-packages/taskflow/listeners/logging.py:190}}
Feb 28 21:56:08.187252 dv-cinder-830901-2-iscsi devstack@c-api.service[116861]: DEBUG cinder.volume.api [None req-c0345367-0714-4571-bbe6-2b46f60b347b tempest-UserMessagesTest-909429662 tempest-UserMessagesTest-909429662-project] Task 'cinder.volume.flows.api.create_volume.VolumeCastTask;volume:create' (743ab7f0-1632-4da3-9fe5-98c2f336fea8) transitioned into state 'SUCCESS' from state 'RUNNING' with result 'None' {{(pid=116861) _task_receiver /usr/local/lib/python3.8/dist-packages/taskflow/listeners/logging.py:178}}
Feb 28 21:56:08.195223 dv-cinder-830901-2-iscsi devstack@c-api.service[116861]: DEBUG cinder.volume.api [None req-c0345367-0714-4571-bbe6-2b46f60b347b tempest-UserMessagesTest-909429662 tempest-UserMessagesTest-909429662-project] Flow 'volume_create_api' (74361d01-57ac-4279-9327-a72d5fba32a5) transitioned into state 'SUCCESS' from state 'RUNNING' {{(pid=116861) _flow_receiver /usr/local/lib/python3.8/dist-packages/taskflow/listeners/logging.py:141}}
Feb 28 21:56:08.199488 dv-cinder-830901-2-iscsi devstack@c-api.service[116861]: INFO cinder.volume.api [None req-c0345367-0714-4571-bbe6-2b46f60b347b tempest-UserMessagesTest-909429662 tempest-UserMessagesTest-909429662-project] Create volume request issued successfully.
Feb 28 21:56:08.202070 dv-cinder-830901-2-iscsi devstack@c-api.service[116861]: INFO cinder.api.openstack.wsgi [None req-c0345367-0714-4571-bbe6-2b46f60b347b tempest-UserMessagesTest-909429662 tempest-UserMessagesTest-909429662-project] http://10.222.0.26/volume/v3/1c3a7816aa0c4c819a291fb70f389eb6/volumes returned with HTTP 202
Feb 28 21:56:08.214245 dv-cinder-830901-2-iscsi devstack@c-api.service[116861]: [pid: 116861|app: 0|req: 20/38] 10.222.0.26 () {62 vars in 1275 bytes} [Mon Feb 28 21:56:07 2022] POST /volume/v3/1c3a7816aa0c4c819a291fb70f389eb6/volumes => generated 850 bytes in 1197 msecs (HTTP/1.1 202) 7 headers in 291 bytes (2 switches on core 0)
Feb 28 21:56:08.219434 dv-cinder-830901-2-iscsi devstack@c-api.service[116861]: DEBUG cinder.api.middleware.request_id [None req-d58122dd-8452-4509-a40d-1e9dbaffe7b1 None None] RequestId filter calling following filter/app {{(pid=116861) _context_setter /opt/stack/cinder/cinder/api/middleware/request_id.py:62}}
Feb 28 21:56:08.225771 dv-cinder-830901-2-iscsi devstack@c-api.service[116861]: INFO cinder.api.openstack.wsgi [None req-d58122dd-8452-4509-a40d-1e9dbaffe7b1 tempest-VolumesTestJSON-572923827 tempest-VolumesTestJSON-572923827-project] GET http://10.222.0.26/volume/v3/932547f6cb2e41b7b4ce5f9744dd1b28/volumes/16d86fd6-9be0-44ec-93b7-3aa24b0a5746
Feb 28 21:56:08.226576 dv-cinder-830901-2-iscsi devstack@c-api.service[116861]: DEBUG cinder.api.openstack.wsgi [None req-d58122dd-8452-4509-a40d-1e9dbaffe7b1 tempest-VolumesTestJSON-572923827 tempest-VolumesTestJSON-572923827-project] Empty body provided in request {{(pid=116861) get_body /opt/stack/cinder/cinder/api/openstack/wsgi.py:715}}
Feb 28 21:56:08.227458 dv-cinder-830901-2-iscsi devstack@c-api.service[116861]: DEBUG cinder.api.openstack.wsgi [None req-d58122dd-8452-4509-a40d-1e9dbaffe7b1 tempest-VolumesTestJSON-572923827 tempest-VolumesTestJSON-572923827-project] Calling method 'show' {{(pid=116861) _process_stack /opt/stack/cinder/cinder/api/openstack/wsgi.py:868}}
Feb 28 21:56:08.251468 dv-cinder-830901-2-iscsi devstack@c-api.service[116861]: /usr/local/lib/python3.8/dist-packages/oslo_context/context.py:105: DeprecationWarning: Policy enforcement is depending on the value of is_admin. This key is deprecated. Please update your policy file to use the standard policy values.
Feb 28 21:56:08.251468 dv-cinder-830901-2-iscsi devstack@c-api.service[116861]: warnings.warn('Policy enforcement is depending on the value of '
Feb 28 21:56:08.263651 dv-cinder-830901-2-iscsi devstack@c-api.service[116861]: INFO cinder.volume.api [None req-d58122dd-8452-4509-a40d-1e9dbaffe7b1 tempest-VolumesTestJSON-572923827 tempest-VolumesTestJSON-572923827-project] Volume info retrieved successfully.
Feb 28 21:56:08.276686 dv-cinder-830901-2-iscsi devstack@c-api.service[116861]: INFO cinder.api.openstack.wsgi [None req-d58122dd-8452-4509-a40d-1e9dbaffe7b1 tempest-VolumesTestJSON-572923827 tempest-VolumesTestJSON-572923827-project] http://10.222.0.26/volume/v3/932547f6cb2e41b7b4ce5f9744dd1b28/volumes/16d86fd6-9be0-44ec-93b7-3aa24b0a5746 returned with HTTP 200
Feb 28 21:56:08.278263 dv-cinder-830901-2-iscsi devstack@c-api.service[116861]: [pid: 116861|app: 0|req: 21/39] 10.222.0.26 () {58 vars in 1324 bytes} [Mon Feb 28 21:56:08 2022] GET /volume/v3/932547f6cb2e41b7b4ce5f9744dd1b28/volumes/16d86fd6-9be0-44ec-93b7-3aa24b0a5746 => generated 922 bytes in 63 msecs (HTTP/1.1 200) 7 headers in 285 bytes (1 switches on core 0)
Feb 28 21:56:08.279807 dv-cinder-830901-2-iscsi devstack@c-api.service[116861]: DEBUG cinder.api.middleware.request_id [None req-c5e73bc8-1a7c-4a2d-bfb0-88ab2dc4048d None None] RequestId filter calling following filter/app {{(pid=116861) _context_setter /opt/stack/cinder/cinder/api/middleware/request_id.py:62}}
Feb 28 21:56:08.287335 dv-cinder-830901-2-iscsi devstack@c-api.service[116861]: INFO cinder.api.openstack.wsgi [None req-c5e73bc8-1a7c-4a2d-bfb0-88ab2dc4048d tempest-UserMessagesTest-909429662 tempest-UserMessagesTest-909429662-project] GET http://10.222.0.26/volume/v3/1c3a7816aa0c4c819a291fb70f389eb6/volumes/19bb357c-d2ef-478b-bfdd-a5e10a761af5
Feb 28 21:56:08.287894 dv-cinder-830901-2-iscsi devstack@c-api.service[116861]: DEBUG cinder.api.openstack.wsgi [None req-c5e73bc8-1a7c-4a2d-bfb0-88ab2dc4048d tempest-UserMessagesTest-909429662 tempest-UserMessagesTest-909429662-project] Empty body provided in request {{(pid=116861) get_body /opt/stack/cinder/cinder/api/openstack/wsgi.py:715}}
Feb 28 21:56:08.290456 dv-cinder-830901-2-iscsi devstack@c-api.service[116861]: DEBUG cinder.api.openstack.wsgi [None req-c5e73bc8-1a7c-4a2d-bfb0-88ab2dc4048d tempest-UserMessagesTest-909429662 tempest-UserMessagesTest-909429662-project] Calling method 'show' {{(pid=116861) _process_stack /opt/stack/cinder/cinder/api/openstack/wsgi.py:868}}
Feb 28 21:56:08.306614 dv-cinder-830901-2-iscsi devstack@c-api.service[116861]: /usr/local/lib/python3.8/dist-packages/oslo_context/context.py:105: DeprecationWarning: Policy enforcement is depending on the value of is_admin. This key is deprecated. Please update your policy file to use the standard policy values.
Feb 28 21:56:08.306614 dv-cinder-830901-2-iscsi devstack@c-api.service[116861]: warnings.warn('Policy enforcement is depending on the value of '
Feb 28 21:56:08.315498 dv-cinder-830901-2-iscsi devstack@c-api.service[116861]: INFO cinder.volume.api [None req-c5e73bc8-1a7c-4a2d-bfb0-88ab2dc4048d tempest-UserMessagesTest-909429662 tempest-UserMessagesTest-909429662-project] Volume info retrieved successfully.
Feb 28 21:56:08.329270 dv-cinder-830901-2-iscsi devstack@c-api.service[116861]: INFO cinder.api.openstack.wsgi [None req-c5e73bc8-1a7c-4a2d-bfb0-88ab2dc4048d tempest-UserMessagesTest-909429662 tempest-UserMessagesTest-909429662-project] http://10.222.0.26/volume/v3/1c3a7816aa0c4c819a291fb70f389eb6/volumes/19bb357c-d2ef-478b-bfdd-a5e10a761af5 returned with HTTP 200
Feb 28 21:56:08.334825 dv-cinder-830901-2-iscsi devstack@c-api.service[116860]: DEBUG cinder.volume.api [None req-b8b5dbfd-dea6-42a7-9d59-e9da1ac3260d tempest-GroupsV314Test-2015331800 tempest-GroupsV314Test-2015331800-project] Task 'cinder.volume.flows.api.create_volume.VolumeCastTask;volume:create' (8a4ad30a-1c81-46a5-8695-57acdefc639c) transitioned into state 'SUCCESS' from state 'RUNNING' with result 'None' {{(pid=116860) _task_receiver /usr/local/lib/python3.8/dist-packages/taskflow/listeners/logging.py:178}}
Feb 28 21:56:08.345545 dv-cinder-830901-2-iscsi devstack@c-api.service[116861]: [pid: 116861|app: 0|req: 22/40] 10.222.0.26 () {60 vars in 1364 bytes} [Mon Feb 28 21:56:08 2022] GET /volume/v3/1c3a7816aa0c4c819a291fb70f389eb6/volumes/19bb357c-d2ef-478b-bfdd-a5e10a761af5 => generated 918 bytes in 66 msecs (HTTP/1.1 200) 7 headers in 285 bytes (1 switches on core 0)
Feb 28 21:56:08.346031 dv-cinder-830901-2-iscsi devstack@c-api.service[116860]: DEBUG cinder.volume.api [None req-b8b5dbfd-dea6-42a7-9d59-e9da1ac3260d tempest-GroupsV314Test-2015331800 tempest-GroupsV314Test-2015331800-project] Flow 'volume_create_api' (5deb8615-3aca-4e5d-a7a7-8c23b5af96fb) transitioned into state 'SUCCESS' from state 'RUNNING' {{(pid=116860) _flow_receiver /usr/local/lib/python3.8/dist-packages/taskflow/listeners/logging.py:141}}
Feb 28 21:56:08.346854 dv-cinder-830901-2-iscsi devstack@c-api.service[116860]: INFO cinder.volume.api [None req-b8b5dbfd-dea6-42a7-9d59-e9da1ac3260d tempest-GroupsV314Test-2015331800 tempest-GroupsV314Test-2015331800-project] Create volume request issued successfully.
Feb 28 21:56:08.347121 dv-cinder-830901-2-iscsi devstack@c-api.service[116861]: DEBUG cinder.api.middleware.request_id [req-7747d354-eacf-46e7-b7df-2e817e1bc726 req-cbcd226f-96d5-45b6-ac68-cded4f0e6087 None None] RequestId filter calling following filter/app {{(pid=116861) _context_setter /opt/stack/cinder/cinder/api/middleware/request_id.py:62}}
Feb 28 21:56:08.354217 dv-cinder-830901-2-iscsi devstack@c-api.service[116860]: WARNING stevedore.named [None req-b8b5dbfd-dea6-42a7-9d59-e9da1ac3260d tempest-GroupsV314Test-2015331800 tempest-GroupsV314Test-2015331800-project] Could not load cinder.keymgr.conf_key_mgr.ConfKeyManager
Feb 28 21:56:08.354637 dv-cinder-830901-2-iscsi devstack@c-api.service[116860]: WARNING castellan.key_manager [None req-b8b5dbfd-dea6-42a7-9d59-e9da1ac3260d tempest-GroupsV314Test-2015331800 tempest-GroupsV314Test-2015331800-project] Deprecation Warning : cinder.keymgr.conf_key_mgr.ConfKeyManager is not a stevedore based driver, trying to load it as a class: stevedore.exception.NoMatches: No 'castellan.drivers' driver found, looking for 'cinder.keymgr.conf_key_mgr.ConfKeyManager'
Feb 28 21:56:08.359304 dv-cinder-830901-2-iscsi devstack@c-api.service[116861]: INFO cinder.api.openstack.wsgi [req-7747d354-eacf-46e7-b7df-2e817e1bc726 req-cbcd226f-96d5-45b6-ac68-cded4f0e6087 tempest-VolumesTestJSON-572923827 tempest-VolumesTestJSON-572923827-project] GET http://10.222.0.26/volume/v3/932547f6cb2e41b7b4ce5f9744dd1b28/volumes/16d86fd6-9be0-44ec-93b7-3aa24b0a5746
Feb 28 21:56:08.359776 dv-cinder-830901-2-iscsi devstack@c-api.service[116861]: DEBUG cinder.api.openstack.wsgi [req-7747d354-eacf-46e7-b7df-2e817e1bc726 req-cbcd226f-96d5-45b6-ac68-cded4f0e6087 tempest-VolumesTestJSON-572923827 tempest-VolumesTestJSON-572923827-project] Empty body provided in request {{(pid=116861) get_body /opt/stack/cinder/cinder/api/openstack/wsgi.py:715}}
Feb 28 21:56:08.360242 dv-cinder-830901-2-iscsi devstack@c-api.service[116861]: DEBUG cinder.api.openstack.wsgi [req-7747d354-eacf-46e7-b7df-2e817e1bc726 req-cbcd226f-96d5-45b6-ac68-cded4f0e6087 tempest-VolumesTestJSON-572923827 tempest-VolumesTestJSON-572923827-project] Calling method 'show' {{(pid=116861) _process_stack /opt/stack/cinder/cinder/api/openstack/wsgi.py:868}}
Feb 28 21:56:08.378522 dv-cinder-830901-2-iscsi devstack@c-api.service[116860]: DEBUG oslo_db.sqlalchemy.engines [None req-b8b5dbfd-dea6-42a7-9d59-e9da1ac3260d tempest-GroupsV314Test-2015331800 tempest-GroupsV314Test-2015331800-project] MySQL server mode set to STRICT_TRANS_TABLES,STRICT_ALL_TABLES,NO_ZERO_IN_DATE,NO_ZERO_DATE,ERROR_FOR_DIVISION_BY_ZERO,TRADITIONAL,NO_ENGINE_SUBSTITUTION {{(pid=116860) _check_effective_sql_mode /usr/local/lib/python3.8/dist-packages/oslo_db/sqlalchemy/engines.py:314}}
Feb 28 21:56:08.402143 dv-cinder-830901-2-iscsi devstack@c-api.service[116860]: /usr/local/lib/python3.8/dist-packages/oslo_context/context.py:105: DeprecationWarning: Policy enforcement is depending on the value of is_admin. This key is deprecated. Please update your policy file to use the standard policy values.
Feb 28 21:56:08.402143 dv-cinder-830901-2-iscsi devstack@c-api.service[116860]: warnings.warn('Policy enforcement is depending on the value of '
Feb 28 21:56:08.410322 dv-cinder-830901-2-iscsi devstack@c-api.service[116861]: /usr/local/lib/python3.8/dist-packages/oslo_context/context.py:105: DeprecationWarning: Policy enforcement is depending on the value of is_admin. This key is deprecated. Please update your policy file to use the standard policy values.
Feb 28 21:56:08.410322 dv-cinder-830901-2-iscsi devstack@c-api.service[116861]: warnings.warn('Policy enforcement is depending on the value of '
Feb 28 21:56:08.412939 dv-cinder-830901-2-iscsi devstack@c-api.service[116860]: INFO cinder.api.openstack.wsgi [None req-b8b5dbfd-dea6-42a7-9d59-e9da1ac3260d tempest-GroupsV314Test-2015331800 tempest-GroupsV314Test-2015331800-project] http://10.222.0.26/volume/v3/4d4175f870b749f7879eaed849d7cc22/volumes returned with HTTP 202
Feb 28 21:56:08.430506 dv-cinder-830901-2-iscsi devstack@c-api.service[116860]: [pid: 116860|app: 0|req: 19/41] 10.222.0.26 () {62 vars in 1276 bytes} [Mon Feb 28 21:56:07 2022] POST /volume/v3/4d4175f870b749f7879eaed849d7cc22/volumes => generated 897 bytes in 963 msecs (HTTP/1.1 202) 7 headers in 292 bytes (1 switches on core 0)
Feb 28 21:56:08.430506 dv-cinder-830901-2-iscsi devstack@c-api.service[116860]: DEBUG cinder.api.middleware.request_id [None req-1eb3e60b-1af5-4508-b0ac-9521cb006adb None None] RequestId filter calling following filter/app {{(pid=116860) _context_setter /opt/stack/cinder/cinder/api/middleware/request_id.py:62}}
Feb 28 21:56:08.430506 dv-cinder-830901-2-iscsi devstack@c-api.service[116860]: INFO cinder.api.openstack.wsgi [None req-1eb3e60b-1af5-4508-b0ac-9521cb006adb tempest-GroupsV314Test-2015331800 tempest-GroupsV314Test-2015331800-project] GET http://10.222.0.26/volume/v3/4d4175f870b749f7879eaed849d7cc22/volumes/d0080e6e-3548-45f9-96b7-3a476b654f3c
Feb 28 21:56:08.430506 dv-cinder-830901-2-iscsi devstack@c-api.service[116860]: DEBUG cinder.api.openstack.wsgi [None req-1eb3e60b-1af5-4508-b0ac-9521cb006adb tempest-GroupsV314Test-2015331800 tempest-GroupsV314Test-2015331800-project] Empty body provided in request {{(pid=116860) get_body /opt/stack/cinder/cinder/api/openstack/wsgi.py:715}}
Feb 28 21:56:08.433034 dv-cinder-830901-2-iscsi devstack@c-api.service[116860]: DEBUG cinder.api.openstack.wsgi [None req-1eb3e60b-1af5-4508-b0ac-9521cb006adb tempest-GroupsV314Test-2015331800 tempest-GroupsV314Test-2015331800-project] Calling method 'show' {{(pid=116860) _process_stack /opt/stack/cinder/cinder/api/openstack/wsgi.py:868}}
Feb 28 21:56:08.444994 dv-cinder-830901-2-iscsi devstack@c-api.service[116861]: INFO cinder.volume.api [req-7747d354-eacf-46e7-b7df-2e817e1bc726 req-cbcd226f-96d5-45b6-ac68-cded4f0e6087 tempest-VolumesTestJSON-572923827 tempest-VolumesTestJSON-572923827-project] Volume info retrieved successfully.
Feb 28 21:56:08.466261 dv-cinder-830901-2-iscsi devstack@c-api.service[116861]: INFO cinder.api.openstack.wsgi [req-7747d354-eacf-46e7-b7df-2e817e1bc726 req-cbcd226f-96d5-45b6-ac68-cded4f0e6087 tempest-VolumesTestJSON-572923827 tempest-VolumesTestJSON-572923827-project] http://10.222.0.26/volume/v3/932547f6cb2e41b7b4ce5f9744dd1b28/volumes/16d86fd6-9be0-44ec-93b7-3aa24b0a5746 returned with HTTP 200
Feb 28 21:56:08.467272 dv-cinder-830901-2-iscsi devstack@c-api.service[116861]: [pid: 116861|app: 0|req: 23/42] 10.222.0.26 () {60 vars in 1578 bytes} [Mon Feb 28 21:56:08 2022] GET /volume/v3/932547f6cb2e41b7b4ce5f9744dd1b28/volumes/16d86fd6-9be0-44ec-93b7-3aa24b0a5746 => generated 922 bytes in 121 msecs (HTTP/1.1 200) 7 headers in 285 bytes (1 switches on core 0)
Feb 28 21:56:08.482510 dv-cinder-830901-2-iscsi devstack@c-api.service[116861]: DEBUG cinder.api.middleware.request_id [None req-e80ced99-8f57-475d-8345-bbeaa7f4b490 None None] RequestId filter calling following filter/app {{(pid=116861) _context_setter /opt/stack/cinder/cinder/api/middleware/request_id.py:62}}
Feb 28 21:56:08.488625 dv-cinder-830901-2-iscsi devstack@c-api.service[116861]: INFO cinder.api.openstack.wsgi [None req-e80ced99-8f57-475d-8345-bbeaa7f4b490 tempest-VolumesTestJSON-572923827 tempest-VolumesTestJSON-572923827-project] POST http://10.222.0.26/volume/v3/932547f6cb2e41b7b4ce5f9744dd1b28/volumes
Feb 28 21:56:08.489527 dv-cinder-830901-2-iscsi devstack@c-api.service[116861]: DEBUG cinder.api.openstack.wsgi [None req-e80ced99-8f57-475d-8345-bbeaa7f4b490 tempest-VolumesTestJSON-572923827 tempest-VolumesTestJSON-572923827-project] Action: 'create', calling method: create, body: {"volume": {"metadata": {"Type": "work"}, "size": 1, "display_name": "tempest-VolumesTestJSON-volume-574324402"}} {{(pid=116861) _process_stack /opt/stack/cinder/cinder/api/openstack/wsgi.py:866}}
Feb 28 21:56:08.490597 dv-cinder-830901-2-iscsi devstack@c-api.service[116861]: DEBUG cinder.api.v3.volumes [None req-e80ced99-8f57-475d-8345-bbeaa7f4b490 tempest-VolumesTestJSON-572923827 tempest-VolumesTestJSON-572923827-project] Create volume request body: {'volume': {'metadata': {'Type': 'work'}, 'size': 1, 'display_name': 'tempest-VolumesTestJSON-volume-574324402'}} {{(pid=116861) create /opt/stack/cinder/cinder/api/v3/volumes.py:298}}
Feb 28 21:56:08.490913 dv-cinder-830901-2-iscsi devstack@c-api.service[116861]: INFO cinder.api.v3.volumes [None req-e80ced99-8f57-475d-8345-bbeaa7f4b490 tempest-VolumesTestJSON-572923827 tempest-VolumesTestJSON-572923827-project] Create volume of 1 GB
Feb 28 21:56:08.494211 dv-cinder-830901-2-iscsi devstack@c-api.service[116860]: /usr/local/lib/python3.8/dist-packages/oslo_context/context.py:105: DeprecationWarning: Policy enforcement is depending on the value of is_admin. This key is deprecated. Please update your policy file to use the standard policy values.
Feb 28 21:56:08.494211 dv-cinder-830901-2-iscsi devstack@c-api.service[116860]: warnings.warn('Policy enforcement is depending on the value of '
Feb 28 21:56:08.509906 dv-cinder-830901-2-iscsi devstack@c-api.service[116861]: INFO cinder.volume.api [None req-e80ced99-8f57-475d-8345-bbeaa7f4b490 tempest-VolumesTestJSON-572923827 tempest-VolumesTestJSON-572923827-project] Availability Zones retrieved successfully.
Feb 28 21:56:08.523899 dv-cinder-830901-2-iscsi devstack@c-api.service[116860]: INFO cinder.volume.api [None req-1eb3e60b-1af5-4508-b0ac-9521cb006adb tempest-GroupsV314Test-2015331800 tempest-GroupsV314Test-2015331800-project] Volume info retrieved successfully.
Feb 28 21:56:08.531184 dv-cinder-830901-2-iscsi devstack@c-api.service[116860]: WARNING stevedore.named [None req-1eb3e60b-1af5-4508-b0ac-9521cb006adb tempest-GroupsV314Test-2015331800 tempest-GroupsV314Test-2015331800-project] Could not load cinder.keymgr.conf_key_mgr.ConfKeyManager
Feb 28 21:56:08.531184 dv-cinder-830901-2-iscsi devstack@c-api.service[116860]: WARNING castellan.key_manager [None req-1eb3e60b-1af5-4508-b0ac-9521cb006adb tempest-GroupsV314Test-2015331800 tempest-GroupsV314Test-2015331800-project] Deprecation Warning : cinder.keymgr.conf_key_mgr.ConfKeyManager is not a stevedore based driver, trying to load it as a class: stevedore.exception.NoMatches: No 'castellan.drivers' driver found, looking for 'cinder.keymgr.conf_key_mgr.ConfKeyManager'
Feb 28 21:56:08.544794 dv-cinder-830901-2-iscsi devstack@c-api.service[116861]: DEBUG cinder.volume.api [None req-e80ced99-8f57-475d-8345-bbeaa7f4b490 tempest-VolumesTestJSON-572923827 tempest-VolumesTestJSON-572923827-project] Flow 'volume_create_api' (c9dadf3f-a5c7-40af-aeca-326c1e065146) transitioned into state 'RUNNING' from state 'PENDING' {{(pid=116861) _flow_receiver /usr/local/lib/python3.8/dist-packages/taskflow/listeners/logging.py:141}}
Feb 28 21:56:08.548798 dv-cinder-830901-2-iscsi devstack@c-api.service[116861]: DEBUG cinder.volume.api [None req-e80ced99-8f57-475d-8345-bbeaa7f4b490 tempest-VolumesTestJSON-572923827 tempest-VolumesTestJSON-572923827-project] Task 'cinder.volume.flows.api.create_volume.ExtractVolumeRequestTask;volume:create' (a994e266-9e5e-4f6d-9c19-39cea6b362f0) transitioned into state 'RUNNING' from state 'PENDING' {{(pid=116861) _task_receiver /usr/local/lib/python3.8/dist-packages/taskflow/listeners/logging.py:190}}
Feb 28 21:56:08.550296 dv-cinder-830901-2-iscsi devstack@c-api.service[116860]: DEBUG oslo_db.sqlalchemy.engines [None req-1eb3e60b-1af5-4508-b0ac-9521cb006adb tempest-GroupsV314Test-2015331800 tempest-GroupsV314Test-2015331800-project] MySQL server mode set to STRICT_TRANS_TABLES,STRICT_ALL_TABLES,NO_ZERO_IN_DATE,NO_ZERO_DATE,ERROR_FOR_DIVISION_BY_ZERO,TRADITIONAL,NO_ENGINE_SUBSTITUTION {{(pid=116860) _check_effective_sql_mode /usr/local/lib/python3.8/dist-packages/oslo_db/sqlalchemy/engines.py:314}}
Feb 28 21:56:08.565821 dv-cinder-830901-2-iscsi devstack@c-api.service[116860]: /usr/local/lib/python3.8/dist-packages/oslo_context/context.py:105: DeprecationWarning: Policy enforcement is depending on the value of is_admin. This key is deprecated. Please update your policy file to use the standard policy values.
Feb 28 21:56:08.565821 dv-cinder-830901-2-iscsi devstack@c-api.service[116860]: warnings.warn('Policy enforcement is depending on the value of '
Feb 28 21:56:08.575845 dv-cinder-830901-2-iscsi devstack@c-api.service[116861]: DEBUG cinder.volume.flows.api.create_volume [None req-e80ced99-8f57-475d-8345-bbeaa7f4b490 tempest-VolumesTestJSON-572923827 tempest-VolumesTestJSON-572923827-project] Validating volume size '1' using validate_int {{(pid=116861) _extract_size /opt/stack/cinder/cinder/volume/flows/api/create_volume.py:225}}
Feb 28 21:56:08.617606 dv-cinder-830901-2-iscsi devstack@c-api.service[116860]: INFO cinder.api.openstack.wsgi [None req-1eb3e60b-1af5-4508-b0ac-9521cb006adb tempest-GroupsV314Test-2015331800 tempest-GroupsV314Test-2015331800-project] http://10.222.0.26/volume/v3/4d4175f870b749f7879eaed849d7cc22/volumes/d0080e6e-3548-45f9-96b7-3a476b654f3c returned with HTTP 200
Feb 28 21:56:08.624934 dv-cinder-830901-2-iscsi devstack@c-api.service[116860]: [pid: 116860|app: 0|req: 20/43] 10.222.0.26 () {60 vars in 1365 bytes} [Mon Feb 28 21:56:08 2022] GET /volume/v3/4d4175f870b749f7879eaed849d7cc22/volumes/d0080e6e-3548-45f9-96b7-3a476b654f3c => generated 965 bytes in 201 msecs (HTTP/1.1 200) 7 headers in 286 bytes (1 switches on core 0)
Feb 28 21:56:08.626383 dv-cinder-830901-2-iscsi devstack@c-api.service[116860]: DEBUG cinder.api.middleware.request_id [req-14ef3df4-a14a-463f-8eff-e3f0e6562f4a req-1074ad0b-af07-4420-be73-98553ec050b6 None None] RequestId filter calling following filter/app {{(pid=116860) _context_setter /opt/stack/cinder/cinder/api/middleware/request_id.py:62}}
Feb 28 21:56:08.642667 dv-cinder-830901-2-iscsi devstack@c-api.service[116860]: INFO cinder.api.openstack.wsgi [req-14ef3df4-a14a-463f-8eff-e3f0e6562f4a req-1074ad0b-af07-4420-be73-98553ec050b6 tempest-VolumesSnapshotsTestJSON-1054029602 tempest-VolumesSnapshotsTestJSON-1054029602-project] GET http://10.222.0.26/volume/v3/87811696e9614b2399ccd020af0dc00f/snapshots/5a6d9438-57fb-46a3-bb9d-8b7192d4c5a1
