Apr 11 13:57:36.798723 dv-cinder-830787-2-smb devstack@c-api.service[110060]: INFO cinder.api.openstack.wsgi [None req-69e2e358-362b-4089-9083-14265dae3231 tempest-VolumeTypesNegativeTest-1398884838 tempest-VolumeTypesNegativeTest-1398884838-project-admin] http://10.222.0.30/volume/v3/fa69d6fae6c04d9380af65e9e804ec4c/types returned with HTTP 400
Apr 11 13:57:36.803397 dv-cinder-830787-2-smb devstack@c-api.service[110060]: [pid: 110060|app: 0|req: 134/246] 10.222.0.30 () {60 vars in 1228 bytes} [Mon Apr 11 13:57:36 2022] POST /volume/v3/fa69d6fae6c04d9380af65e9e804ec4c/types => generated 108 bytes in 13 msecs (HTTP/1.1 400) 7 headers in 294 bytes (1 switches on core 0)
Apr 11 13:57:36.805048 dv-cinder-830787-2-smb devstack@c-api.service[110060]: DEBUG cinder.api.middleware.request_id [None req-b20730b1-c42a-4b39-9555-b99ff76c4864 None None] RequestId filter calling following filter/app {{(pid=110060) _context_setter /opt/stack/cinder/cinder/api/middleware/request_id.py:62}}
Apr 11 13:57:36.816463 dv-cinder-830787-2-smb devstack@c-api.service[110060]: INFO cinder.api.openstack.wsgi [None req-b20730b1-c42a-4b39-9555-b99ff76c4864 tempest-VolumeQuotasNegativeTestJSON-550200153 tempest-VolumeQuotasNegativeTestJSON-550200153-project] GET http://10.222.0.30/volume/v3/9ec91f9ba28243fea597d849e5eaba61/volumes/9f37f8fc-e425-4eab-ab45-05dc72adb220
Apr 11 13:57:36.816915 dv-cinder-830787-2-smb devstack@c-api.service[110060]: DEBUG cinder.api.openstack.wsgi [None req-b20730b1-c42a-4b39-9555-b99ff76c4864 tempest-VolumeQuotasNegativeTestJSON-550200153 tempest-VolumeQuotasNegativeTestJSON-550200153-project] Empty body provided in request {{(pid=110060) get_body /opt/stack/cinder/cinder/api/openstack/wsgi.py:715}}
Apr 11 13:57:36.817369 dv-cinder-830787-2-smb devstack@c-api.service[110060]: DEBUG cinder.api.openstack.wsgi [None req-b20730b1-c42a-4b39-9555-b99ff76c4864 tempest-VolumeQuotasNegativeTestJSON-550200153 tempest-VolumeQuotasNegativeTestJSON-550200153-project] Calling method 'show' {{(pid=110060) _process_stack /opt/stack/cinder/cinder/api/openstack/wsgi.py:868}}
Apr 11 13:57:36.856567 dv-cinder-830787-2-smb devstack@c-api.service[110058]: DEBUG cinder.volume.api [None req-b0819f27-0515-4276-8341-8160ee42a937 tempest-DeleteServersTestJSON-821545262 tempest-DeleteServersTestJSON-821545262-project] Task 'cinder.volume.flows.api.create_volume.EntryCreateTask;volume:create' (557f89ae-2532-4341-8b12-a11344a96247) transitioned into state 'SUCCESS' from state 'RUNNING' with result '{'volume_id': 'e2a5e16b-002b-4a2f-abe6-8cdebb506d32', 'volume_properties': VolumeProperties(attach_status='detached',availability_zone='nova',cgsnapshot_id=None,consistencygroup_id=None,display_description=None,display_name='tempest-DeleteServersTestJSON-volume-1185358061',encryption_key_id=None,group_id=None,group_type_id=,metadata={},multiattach=False,project_id='4d9e0a7a37814de4a18f2e2053f55740',qos_specs=None,replication_status=,reservations=['04d7e9f2-941f-44f3-a70a-d1f88a470238','de8fc9d4-edab-47e3-aca5-07553caa9fd9','858783e5-e181-424c-95b3-28a48db89d7b','7f9e5ec1-a982-47af-b8cd-6dcd02f20854'],size=1,snapshot_id=None,source_replicaid=,source_volid=None,status='creating',user_id='c04d6819eddd4bc69495fbaaf3526c57',volume_type_id=6a7a445d-bf7a-4672-994e-415a280a8bc2), 'volume': Volume(_name_id=None,admin_metadata=,attach_status='detached',availability_zone='nova',bootable=False,cluster=,cluster_name=None,consistencygroup=,consistencygroup_id=None,created_at=2022-04-11T13:57:36Z,deleted=False,deleted_at=None,display_description=None,display_name='tempest-DeleteServersTestJSON-volume-1185358061',ec2_id=None,encryption_key_id=None,glance_metadata=,group=,group_id=None,host=None,id=e2a5e16b-002b-4a2f-abe6-8cdebb506d32,launched_at=None,metadata={},migration_status=None,multiattach=False,previous_status=None,project_id='4d9e0a7a37814de4a18f2e2053f55740',provider_auth=None,provider_geometry=None,provider_id=None,provider_location=None,replication_driver_data=None,replication_extended_status=None,replication_status=None,scheduled_at=None,service_uuid=None,shared_targets=True,size=1,snapshot_id=None,snapshots=,source_volid=None,status='creating',terminated_at=None,updated_at=None,use_quota=True,user_id='c04d6819eddd4bc69495fbaaf3526c57',volume_attachment=VolumeAttachmentList,volume_type=VolumeType(6a7a445d-bf7a-4672-994e-415a280a8bc2),volume_type_id=6a7a445d-bf7a-4672-994e-415a280a8bc2)}' {{(pid=110058) _task_receiver /usr/local/lib/python3.8/dist-packages/taskflow/listeners/logging.py:178}}
Apr 11 13:57:36.857496 dv-cinder-830787-2-smb devstack@c-api.service[110060]: /usr/local/lib/python3.8/dist-packages/oslo_context/context.py:100: DeprecationWarning: Policy enforcement is depending on the value of is_admin. This key is deprecated. Please update your policy file to use the standard policy values.
Apr 11 13:57:36.857496 dv-cinder-830787-2-smb devstack@c-api.service[110060]: warnings.warn('Policy enforcement is depending on the value of '
Apr 11 13:57:36.859724 dv-cinder-830787-2-smb devstack@c-api.service[110058]: DEBUG cinder.volume.api [None req-b0819f27-0515-4276-8341-8160ee42a937 tempest-DeleteServersTestJSON-821545262 tempest-DeleteServersTestJSON-821545262-project] Task 'cinder.volume.flows.api.create_volume.QuotaCommitTask;volume:create' (fc31dc67-30a3-4062-9455-07da8932e449) transitioned into state 'RUNNING' from state 'PENDING' {{(pid=110058) _task_receiver /usr/local/lib/python3.8/dist-packages/taskflow/listeners/logging.py:190}}
Apr 11 13:57:36.873633 dv-cinder-830787-2-smb devstack@c-api.service[110060]: INFO cinder.volume.api [None req-b20730b1-c42a-4b39-9555-b99ff76c4864 tempest-VolumeQuotasNegativeTestJSON-550200153 tempest-VolumeQuotasNegativeTestJSON-550200153-project] Volume info retrieved successfully.
Apr 11 13:57:36.896470 dv-cinder-830787-2-smb devstack@c-api.service[110060]: INFO cinder.api.openstack.wsgi [None req-b20730b1-c42a-4b39-9555-b99ff76c4864 tempest-VolumeQuotasNegativeTestJSON-550200153 tempest-VolumeQuotasNegativeTestJSON-550200153-project] http://10.222.0.30/volume/v3/9ec91f9ba28243fea597d849e5eaba61/volumes/9f37f8fc-e425-4eab-ab45-05dc72adb220 returned with HTTP 200
Apr 11 13:57:36.897883 dv-cinder-830787-2-smb devstack@c-api.service[110060]: [pid: 110060|app: 0|req: 135/247] 10.222.0.30 () {58 vars in 1324 bytes} [Mon Apr 11 13:57:36 2022] GET /volume/v3/9ec91f9ba28243fea597d849e5eaba61/volumes/9f37f8fc-e425-4eab-ab45-05dc72adb220 => generated 921 bytes in 94 msecs (HTTP/1.1 200) 7 headers in 285 bytes (1 switches on core 0)
Apr 11 13:57:36.899959 dv-cinder-830787-2-smb devstack@c-api.service[110060]: DEBUG cinder.api.middleware.request_id [None req-06620d43-234e-417e-8db4-30cf9d41380e None None] RequestId filter calling following filter/app {{(pid=110060) _context_setter /opt/stack/cinder/cinder/api/middleware/request_id.py:62}}
Apr 11 13:57:36.904840 dv-cinder-830787-2-smb devstack@c-api.service[110060]: INFO cinder.api.openstack.wsgi [None req-06620d43-234e-417e-8db4-30cf9d41380e tempest-VolumeSnapshotQuotasNegativeTestJSON-225994147 tempest-VolumeSnapshotQuotasNegativeTestJSON-225994147-project] GET http://10.222.0.30/volume/v3/2157dc23f3b246de8ab2db85edad5b47/volumes/26b88489-3927-4ec9-b34b-5752b96e4bc7
Apr 11 13:57:36.906131 dv-cinder-830787-2-smb devstack@c-api.service[110060]: DEBUG cinder.api.openstack.wsgi [None req-06620d43-234e-417e-8db4-30cf9d41380e tempest-VolumeSnapshotQuotasNegativeTestJSON-225994147 tempest-VolumeSnapshotQuotasNegativeTestJSON-225994147-project] Empty body provided in request {{(pid=110060) get_body /opt/stack/cinder/cinder/api/openstack/wsgi.py:715}}
Apr 11 13:57:36.908741 dv-cinder-830787-2-smb devstack@c-api.service[110060]: DEBUG cinder.api.openstack.wsgi [None req-06620d43-234e-417e-8db4-30cf9d41380e tempest-VolumeSnapshotQuotasNegativeTestJSON-225994147 tempest-VolumeSnapshotQuotasNegativeTestJSON-225994147-project] Calling method 'show' {{(pid=110060) _process_stack /opt/stack/cinder/cinder/api/openstack/wsgi.py:868}}
Apr 11 13:57:36.947381 dv-cinder-830787-2-smb devstack@c-api.service[110060]: /usr/local/lib/python3.8/dist-packages/oslo_context/context.py:100: DeprecationWarning: Policy enforcement is depending on the value of is_admin. This key is deprecated. Please update your policy file to use the standard policy values.
Apr 11 13:57:36.947381 dv-cinder-830787-2-smb devstack@c-api.service[110060]: warnings.warn('Policy enforcement is depending on the value of '
Apr 11 13:57:36.957289 dv-cinder-830787-2-smb devstack@c-api.service[110058]: DEBUG cinder.volume.api [None req-b0819f27-0515-4276-8341-8160ee42a937 tempest-DeleteServersTestJSON-821545262 tempest-DeleteServersTestJSON-821545262-project] Task 'cinder.volume.flows.api.create_volume.QuotaCommitTask;volume:create' (fc31dc67-30a3-4062-9455-07da8932e449) transitioned into state 'SUCCESS' from state 'RUNNING' with result '{'volume_properties': VolumeProperties(attach_status='detached',availability_zone='nova',cgsnapshot_id=None,consistencygroup_id=None,display_description=None,display_name='tempest-DeleteServersTestJSON-volume-1185358061',encryption_key_id=None,group_id=None,group_type_id=,metadata={},multiattach=False,project_id='4d9e0a7a37814de4a18f2e2053f55740',qos_specs=None,replication_status=,reservations=['04d7e9f2-941f-44f3-a70a-d1f88a470238','de8fc9d4-edab-47e3-aca5-07553caa9fd9','858783e5-e181-424c-95b3-28a48db89d7b','7f9e5ec1-a982-47af-b8cd-6dcd02f20854'],size=1,snapshot_id=None,source_replicaid=,source_volid=None,status='creating',user_id='c04d6819eddd4bc69495fbaaf3526c57',volume_type_id=6a7a445d-bf7a-4672-994e-415a280a8bc2)}' {{(pid=110058) _task_receiver /usr/local/lib/python3.8/dist-packages/taskflow/listeners/logging.py:178}}
Apr 11 13:57:36.958205 dv-cinder-830787-2-smb devstack@c-api.service[110060]: INFO cinder.volume.api [None req-06620d43-234e-417e-8db4-30cf9d41380e tempest-VolumeSnapshotQuotasNegativeTestJSON-225994147 tempest-VolumeSnapshotQuotasNegativeTestJSON-225994147-project] Volume info retrieved successfully.
Apr 11 13:57:36.963844 dv-cinder-830787-2-smb devstack@c-api.service[110058]: DEBUG cinder.volume.api [None req-b0819f27-0515-4276-8341-8160ee42a937 tempest-DeleteServersTestJSON-821545262 tempest-DeleteServersTestJSON-821545262-project] Task 'cinder.volume.flows.api.create_volume.VolumeCastTask;volume:create' (22cb44e9-1113-45eb-a7c0-e583e2c881a7) transitioned into state 'RUNNING' from state 'PENDING' {{(pid=110058) _task_receiver /usr/local/lib/python3.8/dist-packages/taskflow/listeners/logging.py:190}}
Apr 11 13:57:36.968144 dv-cinder-830787-2-smb devstack@c-api.service[110060]: INFO cinder.api.openstack.wsgi [None req-06620d43-234e-417e-8db4-30cf9d41380e tempest-VolumeSnapshotQuotasNegativeTestJSON-225994147 tempest-VolumeSnapshotQuotasNegativeTestJSON-225994147-project] http://10.222.0.30/volume/v3/2157dc23f3b246de8ab2db85edad5b47/volumes/26b88489-3927-4ec9-b34b-5752b96e4bc7 returned with HTTP 200
Apr 11 13:57:36.973649 dv-cinder-830787-2-smb devstack@c-api.service[110060]: [pid: 110060|app: 0|req: 136/248] 10.222.0.30 () {58 vars in 1324 bytes} [Mon Apr 11 13:57:36 2022] GET /volume/v3/2157dc23f3b246de8ab2db85edad5b47/volumes/26b88489-3927-4ec9-b34b-5752b96e4bc7 => generated 904 bytes in 75 msecs (HTTP/1.1 200) 7 headers in 285 bytes (1 switches on core 0)
Apr 11 13:57:36.975275 dv-cinder-830787-2-smb devstack@c-api.service[110060]: DEBUG cinder.api.middleware.request_id [None req-c1673ca2-164e-4a16-8a36-89b27fb978fc None None] RequestId filter calling following filter/app {{(pid=110060) _context_setter /opt/stack/cinder/cinder/api/middleware/request_id.py:62}}
Apr 11 13:57:36.978998 dv-cinder-830787-2-smb devstack@c-api.service[110060]: INFO cinder.api.openstack.wsgi [None req-c1673ca2-164e-4a16-8a36-89b27fb978fc tempest-VolumeTypesNegativeTest-1398884838 tempest-VolumeTypesNegativeTest-1398884838-project-admin] POST http://10.222.0.30/volume/v3/fa69d6fae6c04d9380af65e9e804ec4c/types
Apr 11 13:57:36.980070 dv-cinder-830787-2-smb devstack@c-api.service[110060]: DEBUG cinder.api.openstack.wsgi [None req-c1673ca2-164e-4a16-8a36-89b27fb978fc tempest-VolumeTypesNegativeTest-1398884838 tempest-VolumeTypesNegativeTest-1398884838-project-admin] Action: 'create', calling method: _create, body: {"volume_type": {"name": "tempest-VolumeTypesNegativeTest-volume-type-1988321394"}} {{(pid=110060) _process_stack /opt/stack/cinder/cinder/api/openstack/wsgi.py:866}}
Apr 11 13:57:37.015855 dv-cinder-830787-2-smb devstack@c-api.service[110058]: DEBUG cinder.volume.api [None req-b0819f27-0515-4276-8341-8160ee42a937 tempest-DeleteServersTestJSON-821545262 tempest-DeleteServersTestJSON-821545262-project] Task 'cinder.volume.flows.api.create_volume.VolumeCastTask;volume:create' (22cb44e9-1113-45eb-a7c0-e583e2c881a7) transitioned into state 'SUCCESS' from state 'RUNNING' with result 'None' {{(pid=110058) _task_receiver /usr/local/lib/python3.8/dist-packages/taskflow/listeners/logging.py:178}}
Apr 11 13:57:37.019354 dv-cinder-830787-2-smb devstack@c-api.service[110058]: DEBUG cinder.volume.api [None req-b0819f27-0515-4276-8341-8160ee42a937 tempest-DeleteServersTestJSON-821545262 tempest-DeleteServersTestJSON-821545262-project] Flow 'volume_create_api' (c664b002-4fb3-4abe-b6eb-dba790e5c32b) transitioned into state 'SUCCESS' from state 'RUNNING' {{(pid=110058) _flow_receiver /usr/local/lib/python3.8/dist-packages/taskflow/listeners/logging.py:141}}
Apr 11 13:57:37.019548 dv-cinder-830787-2-smb devstack@c-api.service[110058]: INFO cinder.volume.api [None req-b0819f27-0515-4276-8341-8160ee42a937 tempest-DeleteServersTestJSON-821545262 tempest-DeleteServersTestJSON-821545262-project] Create volume request issued successfully.
Apr 11 13:57:37.029235 dv-cinder-830787-2-smb devstack@c-api.service[110060]: INFO cinder.api.openstack.wsgi [None req-c1673ca2-164e-4a16-8a36-89b27fb978fc tempest-VolumeTypesNegativeTest-1398884838 tempest-VolumeTypesNegativeTest-1398884838-project-admin] http://10.222.0.30/volume/v3/fa69d6fae6c04d9380af65e9e804ec4c/types returned with HTTP 200
Apr 11 13:57:37.031194 dv-cinder-830787-2-smb devstack@c-api.service[110060]: [pid: 110060|app: 0|req: 137/249] 10.222.0.30 () {60 vars in 1228 bytes} [Mon Apr 11 13:57:36 2022] POST /volume/v3/fa69d6fae6c04d9380af65e9e804ec4c/types => generated 229 bytes in 56 msecs (HTTP/1.1 200) 7 headers in 285 bytes (1 switches on core 0)
Apr 11 13:57:37.031765 dv-cinder-830787-2-smb devstack@c-api.service[110058]: INFO cinder.api.openstack.wsgi [None req-b0819f27-0515-4276-8341-8160ee42a937 tempest-DeleteServersTestJSON-821545262 tempest-DeleteServersTestJSON-821545262-project] http://10.222.0.30/volume/v3/4d9e0a7a37814de4a18f2e2053f55740/volumes returned with HTTP 202
Apr 11 13:57:37.036220 dv-cinder-830787-2-smb devstack@c-api.service[110060]: DEBUG cinder.api.middleware.request_id [None req-762e4634-94c8-4e3f-8250-0dee551903f4 None None] RequestId filter calling following filter/app {{(pid=110060) _context_setter /opt/stack/cinder/cinder/api/middleware/request_id.py:62}}
Apr 11 13:57:37.048840 dv-cinder-830787-2-smb devstack@c-api.service[110060]: INFO cinder.api.openstack.wsgi [None req-762e4634-94c8-4e3f-8250-0dee551903f4 tempest-VolumeQuotasNegativeTestJSON-1240765756 tempest-VolumeQuotasNegativeTestJSON-1240765756-project-admin] PUT http://10.222.0.30/volume/v3/73ad6512bf1d4b75874b9f87b9217d5d/os-quota-sets/9ec91f9ba28243fea597d849e5eaba61
Apr 11 13:57:37.049820 dv-cinder-830787-2-smb devstack@c-api.service[110058]: [pid: 110058|app: 0|req: 113/250] 10.222.0.30 () {60 vars in 1234 bytes} [Mon Apr 11 13:57:36 2022] POST /volume/v3/4d9e0a7a37814de4a18f2e2053f55740/volumes => generated 821 bytes in 546 msecs (HTTP/1.1 202) 7 headers in 291 bytes (1 switches on core 0)
Apr 11 13:57:37.054523 dv-cinder-830787-2-smb devstack@c-api.service[110060]: DEBUG cinder.api.openstack.wsgi [None req-762e4634-94c8-4e3f-8250-0dee551903f4 tempest-VolumeQuotasNegativeTestJSON-1240765756 tempest-VolumeQuotasNegativeTestJSON-1240765756-project-admin] Action: 'update', calling method: update, body: {"quota_set": {"gigabytes": 1, "volumes": -1}} {{(pid=110060) _process_stack /opt/stack/cinder/cinder/api/openstack/wsgi.py:866}}
Apr 11 13:57:37.060238 dv-cinder-830787-2-smb devstack@c-api.service[110058]: DEBUG cinder.api.middleware.request_id [None req-55c50346-e8d0-4f5a-a7f6-5af31987c3c9 None None] RequestId filter calling following filter/app {{(pid=110058) _context_setter /opt/stack/cinder/cinder/api/middleware/request_id.py:62}}
Apr 11 13:57:37.075817 dv-cinder-830787-2-smb devstack@c-api.service[110058]: INFO cinder.api.openstack.wsgi [None req-55c50346-e8d0-4f5a-a7f6-5af31987c3c9 tempest-VolumeTypesNegativeTest-1398884838 tempest-VolumeTypesNegativeTest-1398884838-project-admin] POST http://10.222.0.30/volume/v3/fa69d6fae6c04d9380af65e9e804ec4c/types
Apr 11 13:57:37.076577 dv-cinder-830787-2-smb devstack@c-api.service[110058]: DEBUG cinder.api.openstack.wsgi [None req-55c50346-e8d0-4f5a-a7f6-5af31987c3c9 tempest-VolumeTypesNegativeTest-1398884838 tempest-VolumeTypesNegativeTest-1398884838-project-admin] Action: 'create', calling method: _create, body: {"volume_type": {"name": "tempest-VolumeTypesNegativeTest-volume-type-1988321394"}} {{(pid=110058) _process_stack /opt/stack/cinder/cinder/api/openstack/wsgi.py:866}}
Apr 11 13:57:37.077767 dv-cinder-830787-2-smb devstack@c-api.service[110058]: /usr/local/lib/python3.8/dist-packages/oslo_context/context.py:100: DeprecationWarning: Policy enforcement is depending on the value of is_admin. This key is deprecated. Please update your policy file to use the standard policy values.
Apr 11 13:57:37.077767 dv-cinder-830787-2-smb devstack@c-api.service[110058]: warnings.warn('Policy enforcement is depending on the value of '
Apr 11 13:57:37.100686 dv-cinder-830787-2-smb devstack@c-api.service[110058]: INFO cinder.api.openstack.wsgi [None req-55c50346-e8d0-4f5a-a7f6-5af31987c3c9 tempest-VolumeTypesNegativeTest-1398884838 tempest-VolumeTypesNegativeTest-1398884838-project-admin] HTTP exception thrown: Volume Type tempest-VolumeTypesNegativeTest-volume-type-1988321394 already exists.
Apr 11 13:57:37.101396 dv-cinder-830787-2-smb devstack@c-api.service[110058]: INFO cinder.api.openstack.wsgi [None req-55c50346-e8d0-4f5a-a7f6-5af31987c3c9 tempest-VolumeTypesNegativeTest-1398884838 tempest-VolumeTypesNegativeTest-1398884838-project-admin] http://10.222.0.30/volume/v3/fa69d6fae6c04d9380af65e9e804ec4c/types returned with HTTP 409
Apr 11 13:57:37.107917 dv-cinder-830787-2-smb devstack@c-api.service[110058]: [pid: 110058|app: 0|req: 114/251] 10.222.0.30 () {60 vars in 1228 bytes} [Mon Apr 11 13:57:37 2022] POST /volume/v3/fa69d6fae6c04d9380af65e9e804ec4c/types => generated 134 bytes in 53 msecs (HTTP/1.1 409) 7 headers in 291 bytes (1 switches on core 0)
Apr 11 13:57:37.107917 dv-cinder-830787-2-smb devstack@c-api.service[110058]: DEBUG cinder.api.middleware.request_id [None req-054b711f-668d-4dd1-b7cd-e901f067a637 None None] RequestId filter calling following filter/app {{(pid=110058) _context_setter /opt/stack/cinder/cinder/api/middleware/request_id.py:62}}
Apr 11 13:57:37.112519 dv-cinder-830787-2-smb devstack@c-api.service[110058]: INFO cinder.api.openstack.wsgi [None req-054b711f-668d-4dd1-b7cd-e901f067a637 tempest-DeleteServersTestJSON-821545262 tempest-DeleteServersTestJSON-821545262-project] GET http://10.222.0.30/volume/v3/4d9e0a7a37814de4a18f2e2053f55740/volumes/e2a5e16b-002b-4a2f-abe6-8cdebb506d32
Apr 11 13:57:37.112949 dv-cinder-830787-2-smb devstack@c-api.service[110058]: DEBUG cinder.api.openstack.wsgi [None req-054b711f-668d-4dd1-b7cd-e901f067a637 tempest-DeleteServersTestJSON-821545262 tempest-DeleteServersTestJSON-821545262-project] Empty body provided in request {{(pid=110058) get_body /opt/stack/cinder/cinder/api/openstack/wsgi.py:715}}
Apr 11 13:57:37.113603 dv-cinder-830787-2-smb devstack@c-api.service[110058]: DEBUG cinder.api.openstack.wsgi [None req-054b711f-668d-4dd1-b7cd-e901f067a637 tempest-DeleteServersTestJSON-821545262 tempest-DeleteServersTestJSON-821545262-project] Calling method 'show' {{(pid=110058) _process_stack /opt/stack/cinder/cinder/api/openstack/wsgi.py:868}}
Apr 11 13:57:37.137270 dv-cinder-830787-2-smb devstack@c-api.service[110058]: /usr/local/lib/python3.8/dist-packages/oslo_context/context.py:100: DeprecationWarning: Policy enforcement is depending on the value of is_admin. This key is deprecated. Please update your policy file to use the standard policy values.
Apr 11 13:57:37.137270 dv-cinder-830787-2-smb devstack@c-api.service[110058]: warnings.warn('Policy enforcement is depending on the value of '
Apr 11 13:57:37.150581 dv-cinder-830787-2-smb devstack@c-api.service[110058]: INFO cinder.volume.api [None req-054b711f-668d-4dd1-b7cd-e901f067a637 tempest-DeleteServersTestJSON-821545262 tempest-DeleteServersTestJSON-821545262-project] Volume info retrieved successfully.
Apr 11 13:57:37.173335 dv-cinder-830787-2-smb devstack@c-api.service[110058]: INFO cinder.api.openstack.wsgi [None req-054b711f-668d-4dd1-b7cd-e901f067a637 tempest-DeleteServersTestJSON-821545262 tempest-DeleteServersTestJSON-821545262-project] http://10.222.0.30/volume/v3/4d9e0a7a37814de4a18f2e2053f55740/volumes/e2a5e16b-002b-4a2f-abe6-8cdebb506d32 returned with HTTP 200
Apr 11 13:57:37.173335 dv-cinder-830787-2-smb devstack@c-api.service[110058]: [pid: 110058|app: 0|req: 115/252] 10.222.0.30 () {58 vars in 1324 bytes} [Mon Apr 11 13:57:37 2022] GET /volume/v3/4d9e0a7a37814de4a18f2e2053f55740/volumes/e2a5e16b-002b-4a2f-abe6-8cdebb506d32 => generated 889 bytes in 66 msecs (HTTP/1.1 200) 7 headers in 285 bytes (1 switches on core 0)
Apr 11 13:57:37.173335 dv-cinder-830787-2-smb devstack@c-api.service[110058]: DEBUG cinder.api.middleware.request_id [None req-fbda515a-93b9-47f6-9e99-aafbe0709927 None None] RequestId filter calling following filter/app {{(pid=110058) _context_setter /opt/stack/cinder/cinder/api/middleware/request_id.py:62}}
Apr 11 13:57:37.184331 dv-cinder-830787-2-smb devstack@c-api.service[110058]: INFO cinder.api.openstack.wsgi [None req-fbda515a-93b9-47f6-9e99-aafbe0709927 tempest-VolumeTypesNegativeTest-1398884838 tempest-VolumeTypesNegativeTest-1398884838-project-admin] DELETE http://10.222.0.30/volume/v3/fa69d6fae6c04d9380af65e9e804ec4c/types/9a843cc2-b654-49ad-ba82-13991ba4aba9
Apr 11 13:57:37.190385 dv-cinder-830787-2-smb devstack@c-api.service[110058]: DEBUG cinder.api.openstack.wsgi [None req-fbda515a-93b9-47f6-9e99-aafbe0709927 tempest-VolumeTypesNegativeTest-1398884838 tempest-VolumeTypesNegativeTest-1398884838-project-admin] Empty body provided in request {{(pid=110058) get_body /opt/stack/cinder/cinder/api/openstack/wsgi.py:715}}
Apr 11 13:57:37.191062 dv-cinder-830787-2-smb devstack@c-api.service[110058]: DEBUG cinder.api.openstack.wsgi [None req-fbda515a-93b9-47f6-9e99-aafbe0709927 tempest-VolumeTypesNegativeTest-1398884838 tempest-VolumeTypesNegativeTest-1398884838-project-admin] Calling method '_delete' {{(pid=110058) _process_stack /opt/stack/cinder/cinder/api/openstack/wsgi.py:868}}
Apr 11 13:57:37.201073 dv-cinder-830787-2-smb devstack@c-api.service[110058]: INFO cinder.api.openstack.wsgi [None req-fbda515a-93b9-47f6-9e99-aafbe0709927 tempest-VolumeTypesNegativeTest-1398884838 tempest-VolumeTypesNegativeTest-1398884838-project-admin] http://10.222.0.30/volume/v3/fa69d6fae6c04d9380af65e9e804ec4c/types/9a843cc2-b654-49ad-ba82-13991ba4aba9 returned with HTTP 404
Apr 11 13:57:37.202449 dv-cinder-830787-2-smb devstack@c-api.service[110058]: [pid: 110058|app: 0|req: 116/253] 10.222.0.30 () {58 vars in 1321 bytes} [Mon Apr 11 13:57:37 2022] DELETE /volume/v3/fa69d6fae6c04d9380af65e9e804ec4c/types/9a843cc2-b654-49ad-ba82-13991ba4aba9 => generated 114 bytes in 31 msecs (HTTP/1.1 404) 7 headers in 292 bytes (1 switches on core 0)
Apr 11 13:57:37.210767 dv-cinder-830787-2-smb devstack@c-api.service[110060]: WARNING cinder.quota [None req-762e4634-94c8-4e3f-8250-0dee551903f4 tempest-VolumeQuotasNegativeTestJSON-1240765756 tempest-VolumeQuotasNegativeTestJSON-1240765756-project-admin] Deprecated: Default quota for resource: volumes_tempest-VolumeTypesNegativeTest-volume-type-1988321394 is set by the default quota flag: quota_volumes_tempest-VolumeTypesNegativeTest-volume-type-1988321394, it is now deprecated. Please use the default quota class for default quota.
Apr 11 13:57:37.212606 dv-cinder-830787-2-smb devstack@c-api.service[110058]: DEBUG cinder.api.middleware.request_id [None req-ba2fb4a2-2f60-4563-8c5e-d2d3da17824d None None] RequestId filter calling following filter/app {{(pid=110058) _context_setter /opt/stack/cinder/cinder/api/middleware/request_id.py:62}}
Apr 11 13:57:37.215086 dv-cinder-830787-2-smb devstack@c-api.service[110060]: WARNING cinder.quota [None req-762e4634-94c8-4e3f-8250-0dee551903f4 tempest-VolumeQuotasNegativeTestJSON-1240765756 tempest-VolumeQuotasNegativeTestJSON-1240765756-project-admin] Deprecated: Default quota for resource: gigabytes_tempest-VolumeTypesNegativeTest-volume-type-1988321394 is set by the default quota flag: quota_gigabytes_tempest-VolumeTypesNegativeTest-volume-type-1988321394, it is now deprecated. Please use the default quota class for default quota.
Apr 11 13:57:37.221023 dv-cinder-830787-2-smb devstack@c-api.service[110058]: INFO cinder.api.openstack.wsgi [None req-ba2fb4a2-2f60-4563-8c5e-d2d3da17824d tempest-VolumeTypesNegativeTest-1398884838 tempest-VolumeTypesNegativeTest-1398884838-project-admin] GET http://10.222.0.30/volume/v3/fa69d6fae6c04d9380af65e9e804ec4c/types/a016fa25-dbc9-4005-bbd4-d258629b4052
Apr 11 13:57:37.221674 dv-cinder-830787-2-smb devstack@c-api.service[110058]: DEBUG cinder.api.openstack.wsgi [None req-ba2fb4a2-2f60-4563-8c5e-d2d3da17824d tempest-VolumeTypesNegativeTest-1398884838 tempest-VolumeTypesNegativeTest-1398884838-project-admin] Empty body provided in request {{(pid=110058) get_body /opt/stack/cinder/cinder/api/openstack/wsgi.py:715}}
Apr 11 13:57:37.222393 dv-cinder-830787-2-smb devstack@c-api.service[110058]: DEBUG cinder.api.openstack.wsgi [None req-ba2fb4a2-2f60-4563-8c5e-d2d3da17824d tempest-VolumeTypesNegativeTest-1398884838 tempest-VolumeTypesNegativeTest-1398884838-project-admin] Calling method 'show' {{(pid=110058) _process_stack /opt/stack/cinder/cinder/api/openstack/wsgi.py:868}}
Apr 11 13:57:37.223566 dv-cinder-830787-2-smb devstack@c-api.service[110060]: WARNING cinder.quota [None req-762e4634-94c8-4e3f-8250-0dee551903f4 tempest-VolumeQuotasNegativeTestJSON-1240765756 tempest-VolumeQuotasNegativeTestJSON-1240765756-project-admin] Deprecated: Default quota for resource: snapshots_tempest-VolumeTypesNegativeTest-volume-type-1988321394 is set by the default quota flag: quota_snapshots_tempest-VolumeTypesNegativeTest-volume-type-1988321394, it is now deprecated. Please use the default quota class for default quota.
Apr 11 13:57:37.225987 dv-cinder-830787-2-smb devstack@c-api.service[110060]: WARNING cinder.quota [None req-762e4634-94c8-4e3f-8250-0dee551903f4 tempest-VolumeQuotasNegativeTestJSON-1240765756 tempest-VolumeQuotasNegativeTestJSON-1240765756-project-admin] Deprecated: Default quota for resource: volumes_tempest-VolumeTypesNegativeTest-volume-type-669926144 is set by the default quota flag: quota_volumes_tempest-VolumeTypesNegativeTest-volume-type-669926144, it is now deprecated. Please use the default quota class for default quota.
Apr 11 13:57:37.226761 dv-cinder-830787-2-smb devstack@c-api.service[110060]: WARNING cinder.quota [None req-762e4634-94c8-4e3f-8250-0dee551903f4 tempest-VolumeQuotasNegativeTestJSON-1240765756 tempest-VolumeQuotasNegativeTestJSON-1240765756-project-admin] Deprecated: Default quota for resource: gigabytes_tempest-VolumeTypesNegativeTest-volume-type-669926144 is set by the default quota flag: quota_gigabytes_tempest-VolumeTypesNegativeTest-volume-type-669926144, it is now deprecated. Please use the default quota class for default quota.
Apr 11 13:57:37.227536 dv-cinder-830787-2-smb devstack@c-api.service[110060]: WARNING cinder.quota [None req-762e4634-94c8-4e3f-8250-0dee551903f4 tempest-VolumeQuotasNegativeTestJSON-1240765756 tempest-VolumeQuotasNegativeTestJSON-1240765756-project-admin] Deprecated: Default quota for resource: snapshots_tempest-VolumeTypesNegativeTest-volume-type-669926144 is set by the default quota flag: quota_snapshots_tempest-VolumeTypesNegativeTest-volume-type-669926144, it is now deprecated. Please use the default quota class for default quota.
Apr 11 13:57:37.230723 dv-cinder-830787-2-smb devstack@c-api.service[110058]: INFO cinder.api.openstack.wsgi [None req-ba2fb4a2-2f60-4563-8c5e-d2d3da17824d tempest-VolumeTypesNegativeTest-1398884838 tempest-VolumeTypesNegativeTest-1398884838-project-admin] http://10.222.0.30/volume/v3/fa69d6fae6c04d9380af65e9e804ec4c/types/a016fa25-dbc9-4005-bbd4-d258629b4052 returned with HTTP 404
Apr 11 13:57:37.231999 dv-cinder-830787-2-smb devstack@c-api.service[110058]: [pid: 110058|app: 0|req: 117/254] 10.222.0.30 () {58 vars in 1318 bytes} [Mon Apr 11 13:57:37 2022] GET /volume/v3/fa69d6fae6c04d9380af65e9e804ec4c/types/a016fa25-dbc9-4005-bbd4-d258629b4052 => generated 114 bytes in 20 msecs (HTTP/1.1 404) 7 headers in 292 bytes (1 switches on core 0)
Apr 11 13:57:37.242773 dv-cinder-830787-2-smb devstack@c-api.service[110058]: DEBUG cinder.api.middleware.request_id [None req-758ca642-0615-409b-a51c-6d736863062a None None] RequestId filter calling following filter/app {{(pid=110058) _context_setter /opt/stack/cinder/cinder/api/middleware/request_id.py:62}}
Apr 11 13:57:37.252442 dv-cinder-830787-2-smb devstack@c-api.service[110058]: INFO cinder.api.openstack.wsgi [None req-758ca642-0615-409b-a51c-6d736863062a tempest-VolumeTypesNegativeTest-1398884838 tempest-VolumeTypesNegativeTest-1398884838-project-admin] DELETE http://10.222.0.30/volume/v3/fa69d6fae6c04d9380af65e9e804ec4c/types/b457054e-6bd7-46d2-846e-1435d0a31318
Apr 11 13:57:37.253071 dv-cinder-830787-2-smb devstack@c-api.service[110058]: DEBUG cinder.api.openstack.wsgi [None req-758ca642-0615-409b-a51c-6d736863062a tempest-VolumeTypesNegativeTest-1398884838 tempest-VolumeTypesNegativeTest-1398884838-project-admin] Empty body provided in request {{(pid=110058) get_body /opt/stack/cinder/cinder/api/openstack/wsgi.py:715}}
Apr 11 13:57:37.253635 dv-cinder-830787-2-smb devstack@c-api.service[110058]: DEBUG cinder.api.openstack.wsgi [None req-758ca642-0615-409b-a51c-6d736863062a tempest-VolumeTypesNegativeTest-1398884838 tempest-VolumeTypesNegativeTest-1398884838-project-admin] Calling method '_delete' {{(pid=110058) _process_stack /opt/stack/cinder/cinder/api/openstack/wsgi.py:868}}
Apr 11 13:57:37.256641 dv-cinder-830787-2-smb devstack@c-api.service[110060]: INFO cinder.api.openstack.wsgi [None req-762e4634-94c8-4e3f-8250-0dee551903f4 tempest-VolumeQuotasNegativeTestJSON-1240765756 tempest-VolumeQuotasNegativeTestJSON-1240765756-project-admin] http://10.222.0.30/volume/v3/73ad6512bf1d4b75874b9f87b9217d5d/os-quota-sets/9ec91f9ba28243fea597d849e5eaba61 returned with HTTP 200
Apr 11 13:57:37.266179 dv-cinder-830787-2-smb devstack@c-api.service[110060]: [pid: 110060|app: 0|req: 138/255] 10.222.0.30 () {60 vars in 1350 bytes} [Mon Apr 11 13:57:37 2022] PUT /volume/v3/73ad6512bf1d4b75874b9f87b9217d5d/os-quota-sets/9ec91f9ba28243fea597d849e5eaba61 => generated 741 bytes in 232 msecs (HTTP/1.1 200) 7 headers in 285 bytes (1 switches on core 0)
Apr 11 13:57:37.268762 dv-cinder-830787-2-smb devstack@c-api.service[110060]: DEBUG cinder.api.middleware.request_id [None req-6e58ab81-eaa1-4e5c-8345-1dc11480091b None None] RequestId filter calling following filter/app {{(pid=110060) _context_setter /opt/stack/cinder/cinder/api/middleware/request_id.py:62}}
Apr 11 13:57:37.273784 dv-cinder-830787-2-smb devstack@c-api.service[110060]: INFO cinder.api.openstack.wsgi [None req-6e58ab81-eaa1-4e5c-8345-1dc11480091b tempest-VolumeQuotasNegativeTestJSON-550200153 tempest-VolumeQuotasNegativeTestJSON-550200153-project] POST http://10.222.0.30/volume/v3/9ec91f9ba28243fea597d849e5eaba61/volumes
Apr 11 13:57:37.274538 dv-cinder-830787-2-smb devstack@c-api.service[110060]: DEBUG cinder.api.openstack.wsgi [None req-6e58ab81-eaa1-4e5c-8345-1dc11480091b tempest-VolumeQuotasNegativeTestJSON-550200153 tempest-VolumeQuotasNegativeTestJSON-550200153-project] Action: 'create', calling method: create, body: {"volume": {"size": 2}} {{(pid=110060) _process_stack /opt/stack/cinder/cinder/api/openstack/wsgi.py:866}}
Apr 11 13:57:37.275502 dv-cinder-830787-2-smb devstack@c-api.service[110060]: DEBUG cinder.api.v3.volumes [None req-6e58ab81-eaa1-4e5c-8345-1dc11480091b tempest-VolumeQuotasNegativeTestJSON-550200153 tempest-VolumeQuotasNegativeTestJSON-550200153-project] Create volume request body: {'volume': {'size': 2}} {{(pid=110060) create /opt/stack/cinder/cinder/api/v3/volumes.py:298}}
Apr 11 13:57:37.275805 dv-cinder-830787-2-smb devstack@c-api.service[110060]: INFO cinder.api.v3.volumes [None req-6e58ab81-eaa1-4e5c-8345-1dc11480091b tempest-VolumeQuotasNegativeTestJSON-550200153 tempest-VolumeQuotasNegativeTestJSON-550200153-project] Create volume of 2 GB
Apr 11 13:57:37.285479 dv-cinder-830787-2-smb devstack@c-api.service[110060]: INFO cinder.volume.api [None req-6e58ab81-eaa1-4e5c-8345-1dc11480091b tempest-VolumeQuotasNegativeTestJSON-550200153 tempest-VolumeQuotasNegativeTestJSON-550200153-project] Availability Zones retrieved successfully.
Apr 11 13:57:37.303684 dv-cinder-830787-2-smb devstack@c-api.service[110060]: DEBUG cinder.volume.api [None req-6e58ab81-eaa1-4e5c-8345-1dc11480091b tempest-VolumeQuotasNegativeTestJSON-550200153 tempest-VolumeQuotasNegativeTestJSON-550200153-project] Flow 'volume_create_api' (c9f98b5c-1ed9-43ec-a606-b60909faeb0a) transitioned into state 'RUNNING' from state 'PENDING' {{(pid=110060) _flow_receiver /usr/local/lib/python3.8/dist-packages/taskflow/listeners/logging.py:141}}
Apr 11 13:57:37.307280 dv-cinder-830787-2-smb devstack@c-api.service[110060]: DEBUG cinder.volume.api [None req-6e58ab81-eaa1-4e5c-8345-1dc11480091b tempest-VolumeQuotasNegativeTestJSON-550200153 tempest-VolumeQuotasNegativeTestJSON-550200153-project] Task 'cinder.volume.flows.api.create_volume.ExtractVolumeRequestTask;volume:create' (b4a6ae70-bfb6-48e8-b964-bace99458829) transitioned into state 'RUNNING' from state 'PENDING' {{(pid=110060) _task_receiver /usr/local/lib/python3.8/dist-packages/taskflow/listeners/logging.py:190}}
Apr 11 13:57:37.310410 dv-cinder-830787-2-smb devstack@c-api.service[110060]: DEBUG cinder.volume.flows.api.create_volume [None req-6e58ab81-eaa1-4e5c-8345-1dc11480091b tempest-VolumeQuotasNegativeTestJSON-550200153 tempest-VolumeQuotasNegativeTestJSON-550200153-project] Validating volume size '2' using validate_int {{(pid=110060) _extract_size /opt/stack/cinder/cinder/volume/flows/api/create_volume.py:225}}
Apr 11 13:57:37.311039 dv-cinder-830787-2-smb devstack@c-api.service[110058]: INFO cinder.api.openstack.wsgi [None req-758ca642-0615-409b-a51c-6d736863062a tempest-VolumeTypesNegativeTest-1398884838 tempest-VolumeTypesNegativeTest-1398884838-project-admin] http://10.222.0.30/volume/v3/fa69d6fae6c04d9380af65e9e804ec4c/types/b457054e-6bd7-46d2-846e-1435d0a31318 returned with HTTP 202
Apr 11 13:57:37.316541 dv-cinder-830787-2-smb devstack@c-api.service[110058]: [pid: 110058|app: 0|req: 118/256] 10.222.0.30 () {58 vars in 1321 bytes} [Mon Apr 11 13:57:37 2022] DELETE /volume/v3/fa69d6fae6c04d9380af65e9e804ec4c/types/b457054e-6bd7-46d2-846e-1435d0a31318 => generated 0 bytes in 75 msecs (HTTP/1.1 202) 6 headers in 233 bytes (1 switches on core 0)
Apr 11 13:57:37.318297 dv-cinder-830787-2-smb devstack@c-api.service[110058]: DEBUG cinder.api.middleware.request_id [None req-6c07318f-f526-457b-9f4b-add25376245e None None] RequestId filter calling following filter/app {{(pid=110058) _context_setter /opt/stack/cinder/cinder/api/middleware/request_id.py:62}}
Apr 11 13:57:37.323122 dv-cinder-830787-2-smb devstack@c-api.service[110058]: INFO cinder.api.openstack.wsgi [None req-6c07318f-f526-457b-9f4b-add25376245e tempest-VolumeTypesNegativeTest-1398884838 tempest-VolumeTypesNegativeTest-1398884838-project-admin] GET http://10.222.0.30/volume/v3/fa69d6fae6c04d9380af65e9e804ec4c/types/b457054e-6bd7-46d2-846e-1435d0a31318
Apr 11 13:57:37.323595 dv-cinder-830787-2-smb devstack@c-api.service[110058]: DEBUG cinder.api.openstack.wsgi [None req-6c07318f-f526-457b-9f4b-add25376245e tempest-VolumeTypesNegativeTest-1398884838 tempest-VolumeTypesNegativeTest-1398884838-project-admin] Empty body provided in request {{(pid=110058) get_body /opt/stack/cinder/cinder/api/openstack/wsgi.py:715}}
Apr 11 13:57:37.331918 dv-cinder-830787-2-smb devstack@c-api.service[110058]: DEBUG cinder.api.openstack.wsgi [None req-6c07318f-f526-457b-9f4b-add25376245e tempest-VolumeTypesNegativeTest-1398884838 tempest-VolumeTypesNegativeTest-1398884838-project-admin] Calling method 'show' {{(pid=110058) _process_stack /opt/stack/cinder/cinder/api/openstack/wsgi.py:868}}
Apr 11 13:57:37.339501 dv-cinder-830787-2-smb devstack@c-api.service[110058]: INFO cinder.api.openstack.wsgi [None req-6c07318f-f526-457b-9f4b-add25376245e tempest-VolumeTypesNegativeTest-1398884838 tempest-VolumeTypesNegativeTest-1398884838-project-admin] http://10.222.0.30/volume/v3/fa69d6fae6c04d9380af65e9e804ec4c/types/b457054e-6bd7-46d2-846e-1435d0a31318 returned with HTTP 404
Apr 11 13:57:37.340647 dv-cinder-830787-2-smb devstack@c-api.service[110058]: [pid: 110058|app: 0|req: 119/257] 10.222.0.30 () {58 vars in 1318 bytes} [Mon Apr 11 13:57:37 2022] GET /volume/v3/fa69d6fae6c04d9380af65e9e804ec4c/types/b457054e-6bd7-46d2-846e-1435d0a31318 => generated 114 bytes in 24 msecs (HTTP/1.1 404) 7 headers in 292 bytes (1 switches on core 0)
Apr 11 13:57:37.345014 dv-cinder-830787-2-smb devstack@c-api.service[110058]: DEBUG cinder.api.middleware.request_id [None req-380a5dbe-16bf-46ba-9975-a2d6359984a0 None None] RequestId filter calling following filter/app {{(pid=110058) _context_setter /opt/stack/cinder/cinder/api/middleware/request_id.py:62}}
Apr 11 13:57:37.349269 dv-cinder-830787-2-smb devstack@c-api.service[110058]: INFO cinder.api.openstack.wsgi [None req-380a5dbe-16bf-46ba-9975-a2d6359984a0 tempest-VolumeTypesNegativeTest-1398884838 tempest-VolumeTypesNegativeTest-1398884838-project-admin] DELETE http://10.222.0.30/volume/v3/fa69d6fae6c04d9380af65e9e804ec4c/types/3260e531-0516-447e-90b9-aa97f109b6ba
Apr 11 13:57:37.349709 dv-cinder-830787-2-smb devstack@c-api.service[110058]: DEBUG cinder.api.openstack.wsgi [None req-380a5dbe-16bf-46ba-9975-a2d6359984a0 tempest-VolumeTypesNegativeTest-1398884838 tempest-VolumeTypesNegativeTest-1398884838-project-admin] Empty body provided in request {{(pid=110058) get_body /opt/stack/cinder/cinder/api/openstack/wsgi.py:715}}
Apr 11 13:57:37.350174 dv-cinder-830787-2-smb devstack@c-api.service[110058]: DEBUG cinder.api.openstack.wsgi [None req-380a5dbe-16bf-46ba-9975-a2d6359984a0 tempest-VolumeTypesNegativeTest-1398884838 tempest-VolumeTypesNegativeTest-1398884838-project-admin] Calling method '_delete' {{(pid=110058) _process_stack /opt/stack/cinder/cinder/api/openstack/wsgi.py:868}}
Apr 11 13:57:37.366187 dv-cinder-830787-2-smb devstack@c-api.service[110060]: DEBUG cinder.volume.api [None req-6e58ab81-eaa1-4e5c-8345-1dc11480091b tempest-VolumeQuotasNegativeTestJSON-550200153 tempest-VolumeQuotasNegativeTestJSON-550200153-project] Task 'cinder.volume.flows.api.create_volume.ExtractVolumeRequestTask;volume:create' (b4a6ae70-bfb6-48e8-b964-bace99458829) transitioned into state 'SUCCESS' from state 'RUNNING' with result '{'size': 2, 'snapshot_id': None, 'source_volid': None, 'volume_type': VolumeType(created_at=2022-04-11T13:46:14Z,deleted=False,deleted_at=None,description='Default Volume Type',extra_specs={},id=6a7a445d-bf7a-4672-994e-415a280a8bc2,is_public=True,name='__DEFAULT__',projects=[],qos_specs=,qos_specs_id=None,updated_at=2022-04-11T13:46:14Z), 'volume_type_id': '6a7a445d-bf7a-4672-994e-415a280a8bc2', 'encryption_key_id': None, 'qos_specs': None, 'consistencygroup_id': None, 'cgsnapshot_id': None, 'group_id': None, 'replication_status': 'disabled', 'refresh_az': False, 'backup_id': None, 'multiattach': False, 'availability_zones': ['nova']}' {{(pid=110060) _task_receiver /usr/local/lib/python3.8/dist-packages/taskflow/listeners/logging.py:178}}
Apr 11 13:57:37.368323 dv-cinder-830787-2-smb devstack@c-api.service[110060]: DEBUG cinder.volume.api [None req-6e58ab81-eaa1-4e5c-8345-1dc11480091b tempest-VolumeQuotasNegativeTestJSON-550200153 tempest-VolumeQuotasNegativeTestJSON-550200153-project] Task 'cinder.volume.flows.api.create_volume.QuotaReserveTask;volume:create' (c4e2e954-6fab-47a2-b404-6b811fe224d6) transitioned into state 'RUNNING' from state 'PENDING' {{(pid=110060) _task_receiver /usr/local/lib/python3.8/dist-packages/taskflow/listeners/logging.py:190}}
Apr 11 13:57:37.396528 dv-cinder-830787-2-smb devstack@c-api.service[110058]: INFO cinder.api.openstack.wsgi [None req-380a5dbe-16bf-46ba-9975-a2d6359984a0 tempest-VolumeTypesNegativeTest-1398884838 tempest-VolumeTypesNegativeTest-1398884838-project-admin] http://10.222.0.30/volume/v3/fa69d6fae6c04d9380af65e9e804ec4c/types/3260e531-0516-447e-90b9-aa97f109b6ba returned with HTTP 202
Apr 11 13:57:37.397434 dv-cinder-830787-2-smb devstack@c-api.service[110058]: [pid: 110058|app: 0|req: 120/258] 10.222.0.30 () {58 vars in 1321 bytes} [Mon Apr 11 13:57:37 2022] DELETE /volume/v3/fa69d6fae6c04d9380af65e9e804ec4c/types/3260e531-0516-447e-90b9-aa97f109b6ba => generated 0 bytes in 53 msecs (HTTP/1.1 202) 6 headers in 233 bytes (2 switches on core 0)
Apr 11 13:57:37.401883 dv-cinder-830787-2-smb devstack@c-api.service[110058]: DEBUG cinder.api.middleware.request_id [None req-5e8d25d5-a470-4937-991a-b9899c420a46 None None] RequestId filter calling following filter/app {{(pid=110058) _context_setter /opt/stack/cinder/cinder/api/middleware/request_id.py:62}}
Apr 11 13:57:37.405693 dv-cinder-830787-2-smb devstack@c-api.service[110058]: INFO cinder.api.openstack.wsgi [None req-5e8d25d5-a470-4937-991a-b9899c420a46 tempest-VolumeTypesNegativeTest-1398884838 tempest-VolumeTypesNegativeTest-1398884838-project-admin] GET http://10.222.0.30/volume/v3/fa69d6fae6c04d9380af65e9e804ec4c/types/3260e531-0516-447e-90b9-aa97f109b6ba
Apr 11 13:57:37.406093 dv-cinder-830787-2-smb devstack@c-api.service[110058]: DEBUG cinder.api.openstack.wsgi [None req-5e8d25d5-a470-4937-991a-b9899c420a46 tempest-VolumeTypesNegativeTest-1398884838 tempest-VolumeTypesNegativeTest-1398884838-project-admin] Empty body provided in request {{(pid=110058) get_body /opt/stack/cinder/cinder/api/openstack/wsgi.py:715}}
Apr 11 13:57:37.406547 dv-cinder-830787-2-smb devstack@c-api.service[110058]: DEBUG cinder.api.openstack.wsgi [None req-5e8d25d5-a470-4937-991a-b9899c420a46 tempest-VolumeTypesNegativeTest-1398884838 tempest-VolumeTypesNegativeTest-1398884838-project-admin] Calling method 'show' {{(pid=110058) _process_stack /opt/stack/cinder/cinder/api/openstack/wsgi.py:868}}
Apr 11 13:57:37.411321 dv-cinder-830787-2-smb devstack@c-api.service[110058]: INFO cinder.api.openstack.wsgi [None req-5e8d25d5-a470-4937-991a-b9899c420a46 tempest-VolumeTypesNegativeTest-1398884838 tempest-VolumeTypesNegativeTest-1398884838-project-admin] http://10.222.0.30/volume/v3/fa69d6fae6c04d9380af65e9e804ec4c/types/3260e531-0516-447e-90b9-aa97f109b6ba returned with HTTP 404
Apr 11 13:57:37.412278 dv-cinder-830787-2-smb devstack@c-api.service[110058]: [pid: 110058|app: 0|req: 121/259] 10.222.0.30 () {58 vars in 1318 bytes} [Mon Apr 11 13:57:37 2022] GET /volume/v3/fa69d6fae6c04d9380af65e9e804ec4c/types/3260e531-0516-447e-90b9-aa97f109b6ba => generated 114 bytes in 11 msecs (HTTP/1.1 404) 7 headers in 292 bytes (2 switches on core 0)
Apr 11 13:57:37.418181 dv-cinder-830787-2-smb devstack@c-api.service[110060]: WARNING cinder.quota_utils [None req-6e58ab81-eaa1-4e5c-8345-1dc11480091b tempest-VolumeQuotasNegativeTestJSON-550200153 tempest-VolumeQuotasNegativeTestJSON-550200153-project] Quota exceeded for 9ec91f9ba28243fea597d849e5eaba61, tried to create 2G volume (1G of 1G already consumed).: cinder.exception.OverQuota: Quota exceeded for resources: ['gigabytes']
Apr 11 13:57:37.441408 dv-cinder-830787-2-smb devstack@c-api.service[110060]: WARNING cinder.volume.api [None req-6e58ab81-eaa1-4e5c-8345-1dc11480091b tempest-VolumeQuotasNegativeTestJSON-550200153 tempest-VolumeQuotasNegativeTestJSON-550200153-project] Task 'cinder.volume.flows.api.create_volume.QuotaReserveTask;volume:create' (c4e2e954-6fab-47a2-b404-6b811fe224d6) transitioned into state 'FAILURE' from state 'RUNNING'
Apr 11 13:57:37.441408 dv-cinder-830787-2-smb devstack@c-api.service[110060]: Failure: cinder.exception.VolumeSizeExceedsAvailableQuota: Requested volume or snapshot exceeds allowed gigabytes quota. Requested 2G, quota is 1G and 1G has been consumed.
Apr 11 13:57:37.447875 dv-cinder-830787-2-smb devstack@c-api.service[110060]: DEBUG cinder.volume.api [None req-6e58ab81-eaa1-4e5c-8345-1dc11480091b tempest-VolumeQuotasNegativeTestJSON-550200153 tempest-VolumeQuotasNegativeTestJSON-550200153-project] Task 'cinder.volume.flows.api.create_volume.QuotaReserveTask;volume:create' (c4e2e954-6fab-47a2-b404-6b811fe224d6) transitioned into state 'REVERTING' from state 'FAILURE' {{(pid=110060) _task_receiver /usr/local/lib/python3.8/dist-packages/taskflow/listeners/logging.py:190}}
Apr 11 13:57:37.453284 dv-cinder-830787-2-smb devstack@c-api.service[110060]: WARNING cinder.volume.api [None req-6e58ab81-eaa1-4e5c-8345-1dc11480091b tempest-VolumeQuotasNegativeTestJSON-550200153 tempest-VolumeQuotasNegativeTestJSON-550200153-project] Task 'cinder.volume.flows.api.create_volume.QuotaReserveTask;volume:create' (c4e2e954-6fab-47a2-b404-6b811fe224d6) transitioned into state 'REVERTED' from state 'REVERTING' with result 'None'
Apr 11 13:57:37.457348 dv-cinder-830787-2-smb devstack@c-api.service[110060]: DEBUG cinder.volume.api [None req-6e58ab81-eaa1-4e5c-8345-1dc11480091b tempest-VolumeQuotasNegativeTestJSON-550200153 tempest-VolumeQuotasNegativeTestJSON-550200153-project] Task 'cinder.volume.flows.api.create_volume.ExtractVolumeRequestTask;volume:create' (b4a6ae70-bfb6-48e8-b964-bace99458829) transitioned into state 'REVERTING' from state 'SUCCESS' {{(pid=110060) _task_receiver /usr/local/lib/python3.8/dist-packages/taskflow/listeners/logging.py:190}}
Apr 11 13:57:37.459325 dv-cinder-830787-2-smb devstack@c-api.service[110060]: WARNING cinder.volume.api [None req-6e58ab81-eaa1-4e5c-8345-1dc11480091b tempest-VolumeQuotasNegativeTestJSON-550200153 tempest-VolumeQuotasNegativeTestJSON-550200153-project] Task 'cinder.volume.flows.api.create_volume.ExtractVolumeRequestTask;volume:create' (b4a6ae70-bfb6-48e8-b964-bace99458829) transitioned into state 'REVERTED' from state 'REVERTING' with result 'None'
Apr 11 13:57:37.461754 dv-cinder-830787-2-smb devstack@c-api.service[110060]: WARNING cinder.volume.api [None req-6e58ab81-eaa1-4e5c-8345-1dc11480091b tempest-VolumeQuotasNegativeTestJSON-550200153 tempest-VolumeQuotasNegativeTestJSON-550200153-project] Flow 'volume_create_api' (c9f98b5c-1ed9-43ec-a606-b60909faeb0a) transitioned into state 'REVERTED' from state 'RUNNING'
Apr 11 13:57:37.462355 dv-cinder-830787-2-smb devstack@c-api.service[110060]: INFO cinder.api.middleware.fault [None req-6e58ab81-eaa1-4e5c-8345-1dc11480091b tempest-VolumeQuotasNegativeTestJSON-550200153 tempest-VolumeQuotasNegativeTestJSON-550200153-project] http://10.222.0.30/volume/v3/9ec91f9ba28243fea597d849e5eaba61/volumes returned with HTTP 413
Apr 11 13:57:37.469200 dv-cinder-830787-2-smb devstack@c-api.service[110060]: [pid: 110060|app: 0|req: 139/260] 10.222.0.30 () {60 vars in 1234 bytes} [Mon Apr 11 13:57:37 2022] POST /volume/v3/9ec91f9ba28243fea597d849e5eaba61/volumes => generated 208 bytes in 202 msecs (HTTP/1.1 413) 8 headers in 323 bytes (1 switches on core 0)
Apr 11 13:57:37.471681 dv-cinder-830787-2-smb devstack@c-api.service[110058]: DEBUG cinder.api.middleware.request_id [None req-a73b2eda-e545-4f71-863a-3b4d8d23e32c None None] RequestId filter calling following filter/app {{(pid=110058) _context_setter /opt/stack/cinder/cinder/api/middleware/request_id.py:62}}
Apr 11 13:57:37.479429 dv-cinder-830787-2-smb devstack@c-api.service[110058]: INFO cinder.api.openstack.wsgi [None req-a73b2eda-e545-4f71-863a-3b4d8d23e32c tempest-VolumeQuotasNegativeTestJSON-1240765756 tempest-VolumeQuotasNegativeTestJSON-1240765756-project-admin] PUT http://10.222.0.30/volume/v3/73ad6512bf1d4b75874b9f87b9217d5d/os-quota-sets/9ec91f9ba28243fea597d849e5eaba61
Apr 11 13:57:37.481573 dv-cinder-830787-2-smb devstack@c-api.service[110058]: DEBUG cinder.api.openstack.wsgi [None req-a73b2eda-e545-4f71-863a-3b4d8d23e32c tempest-VolumeQuotasNegativeTestJSON-1240765756 tempest-VolumeQuotasNegativeTestJSON-1240765756-project-admin] Action: 'update', calling method: update, body: {"quota_set": {"volumes": 1, "gigabytes": -1}} {{(pid=110058) _process_stack /opt/stack/cinder/cinder/api/openstack/wsgi.py:866}}
Apr 11 13:57:37.587504 dv-cinder-830787-2-smb devstack@c-api.service[110058]: INFO cinder.api.openstack.wsgi [None req-a73b2eda-e545-4f71-863a-3b4d8d23e32c tempest-VolumeQuotasNegativeTestJSON-1240765756 tempest-VolumeQuotasNegativeTestJSON-1240765756-project-admin] http://10.222.0.30/volume/v3/73ad6512bf1d4b75874b9f87b9217d5d/os-quota-sets/9ec91f9ba28243fea597d849e5eaba61 returned with HTTP 200
Apr 11 13:57:37.603676 dv-cinder-830787-2-smb devstack@c-api.service[110058]: [pid: 110058|app: 0|req: 122/261] 10.222.0.30 () {60 vars in 1350 bytes} [Mon Apr 11 13:57:37 2022] PUT /volume/v3/73ad6512bf1d4b75874b9f87b9217d5d/os-quota-sets/9ec91f9ba28243fea597d849e5eaba61 => generated 316 bytes in 135 msecs (HTTP/1.1 200) 7 headers in 285 bytes (2 switches on core 0)
