Mar 10 17:25:23.612352 dv-cinder-830538-8-smb neutron-server[102946]: DEBUG neutron.plugins.ml2.rpc [None req-6154c20f-e5b8-4047-8be3-cb42cbbaa356 None None] Returning: {'device': 'fe30ba60-01a1-4ab4-93a5-c2469fc14f16', 'network_id': '416fac32-0466-45e7-ac9d-387c17965d9a', 'port_id': 'fe30ba60-01a1-4ab4-93a5-c2469fc14f16', 'mac_address': 'fa:16:3e:22:63:82', 'admin_state_up': True, 'network_type': 'vlan', 'segmentation_id': 839, 'physical_network': 'physnet1', 'mtu': 1500, 'fixed_ips': [{'subnet_id': '2720d227-f5c0-41e5-b3a9-eb6b75e06efb', 'ip_address': '172.20.0.14'}], 'device_owner': 'compute:nova', 'allowed_address_pairs': [], 'port_security_enabled': True, 'qos_policy_id': None, 'network_qos_policy_id': None, 'profile': {}, 'propagate_uplink_status': False} {{(pid=102946) _get_device_details /opt/stack/neutron/neutron/plugins/ml2/rpc.py:184}}
Mar 10 17:25:23.641548 dv-cinder-830538-8-smb neutron-server[102945]: DEBUG neutron.api.rpc.handlers.resources_rpc [None req-13ac9397-4c44-4d27-8f7a-4906e0a724a5 admin admin] Pushing event updated for resources: {'SecurityGroup': ['ID=0ba3be2d-8390-47fb-8b12-999f4cb5f652,revision_number=1']} {{(pid=102945) push /opt/stack/neutron/neutron/api/rpc/handlers/resources_rpc.py:237}}
Mar 10 17:25:23.663752 dv-cinder-830538-8-smb neutron-server[102946]: DEBUG neutron.plugins.ml2.plugin [None req-6154c20f-e5b8-4047-8be3-cb42cbbaa356 None None] Current status of the port fe30ba60-01a1-4ab4-93a5-c2469fc14f16 is: DOWN; New status is: BUILD {{(pid=102946) _update_individual_port_db_status /opt/stack/neutron/neutron/plugins/ml2/plugin.py:2232}}
Mar 10 17:25:23.665463 dv-cinder-830538-8-smb neutron-server[102946]: DEBUG neutron_lib.callbacks.manager [None req-6154c20f-e5b8-4047-8be3-cb42cbbaa356 None None] Publish callbacks ['neutron.plugins.ml2.plugin.SecurityGroupDbMixin._ensure_default_security_group_handler-611436'] for port (fe30ba60-01a1-4ab4-93a5-c2469fc14f16), before_update {{(pid=102946) _notify_loop /usr/local/lib/python3.8/dist-packages/neutron_lib/callbacks/manager.py:176}}
Mar 10 17:25:23.668743 dv-cinder-830538-8-smb neutron-server[102945]: INFO neutron.wsgi [None req-13ac9397-4c44-4d27-8f7a-4906e0a724a5 admin admin] 10.222.0.20 "GET /v2.0/security-groups?tenant_id=52ef7778f4af4928a129b835d0e43b6f&name=default HTTP/1.1" status: 200 len: 2996 time: 1.3193893
Mar 10 17:25:23.675007 dv-cinder-830538-8-smb neutron-server[102945]: DEBUG neutron.wsgi [-] (102945) accepted ('10.222.0.20', 34178) {{(pid=102945) server /usr/local/lib/python3.8/dist-packages/eventlet/wsgi.py:1004}}
Mar 10 17:25:23.691675 dv-cinder-830538-8-smb neutron-server[102946]: DEBUG neutron.notifiers.nova [None req-6154c20f-e5b8-4047-8be3-cb42cbbaa356 None None] Ignoring state change previous_port_status: DOWN current_port_status: BUILD port_id fe30ba60-01a1-4ab4-93a5-c2469fc14f16 {{(pid=102946) record_port_status_changed /opt/stack/neutron/neutron/notifiers/nova.py:233}}
Mar 10 17:25:23.694195 dv-cinder-830538-8-smb neutron-server[102944]: DEBUG neutron.pecan_wsgi.hooks.policy_enforcement [req-da424f29-4f9b-4d90-bf7f-585964e770e6 req-dfd55432-60d6-4e6f-8a4d-8c442d350c88 tempest-AttachVolumeNegativeTest-1853985017 tempest-AttachVolumeNegativeTest-1853985017-project] Attributes excluded by policy engine: ['standard_attr_id', 'binding:profile', 'binding:host_id', 'binding:vif_type', 'binding:vif_details'] {{(pid=102944) _exclude_attributes_by_policy /opt/stack/neutron/neutron/pecan_wsgi/hooks/policy_enforcement.py:255}}
Mar 10 17:25:23.715868 dv-cinder-830538-8-smb neutron-server[102944]: INFO neutron.wsgi [req-da424f29-4f9b-4d90-bf7f-585964e770e6 req-dfd55432-60d6-4e6f-8a4d-8c442d350c88 tempest-AttachVolumeNegativeTest-1853985017 tempest-AttachVolumeNegativeTest-1853985017-project] 10.222.0.20 "GET /v2.0/ports?device_id=c54e9b77-a689-41ac-81e3-faac124d0591 HTTP/1.1" status: 200 len: 944 time: 0.0949845
Mar 10 17:25:23.720289 dv-cinder-830538-8-smb neutron-server[102946]: DEBUG neutron.plugins.ml2.db [None req-6154c20f-e5b8-4047-8be3-cb42cbbaa356 None None] For port fe30ba60-01a1-4ab4-93a5-c2469fc14f16, host hv-cinder-83053, got binding levels [PortBindingLevel(driver='hyperv',host='hv-cinder-83053',level=0,port_id=fe30ba60-01a1-4ab4-93a5-c2469fc14f16,segment=NetworkSegment(8e806999-33f1-4bb2-9815-18df8dd006f7),segment_id=8e806999-33f1-4bb2-9815-18df8dd006f7)] {{(pid=102946) get_binding_level_objs /opt/stack/neutron/neutron/plugins/ml2/db.py:74}}
Mar 10 17:25:23.737040 dv-cinder-830538-8-smb neutron-server[102946]: DEBUG neutron_lib.callbacks.manager [None req-6154c20f-e5b8-4047-8be3-cb42cbbaa356 None None] Publish callbacks ['neutron.plugins.ml2.plugin.SecurityGroupServerNotifierRpcMixin._notify_sg_on_port_change-611520', 'neutron.plugins.ml2.ovo_rpc._ObjectChangeHandler.handle_event-467958', 'neutron.api.rpc.agentnotifiers.dhcp_rpc_agent_api.DhcpAgentNotifyAPI._native_event_send_dhcp_notification-1598650', 'neutron.db.l3_db.L3RpcNotifierMixin._notify_gateway_port_ip_changed-8785497540455', 'neutron.db.l3_dvrscheduler_db._notify_l3_agent_port_update-8785497022603', 'neutron.db.l3_hascheduler_db._notify_l3_agent_ha_port_update-8785497022621'] for port (fe30ba60-01a1-4ab4-93a5-c2469fc14f16), after_update {{(pid=102946) _notify_loop /usr/local/lib/python3.8/dist-packages/neutron_lib/callbacks/manager.py:176}}
Mar 10 17:25:23.794996 dv-cinder-830538-8-smb neutron-server[102944]: INFO neutron.wsgi [req-da424f29-4f9b-4d90-bf7f-585964e770e6 req-df59e4cf-da43-4d1f-bbc8-c7231bbb278c tempest-AttachVolumeNegativeTest-1853985017 tempest-AttachVolumeNegativeTest-1853985017-project] 10.222.0.20 "GET /v2.0/security-groups?id=9d8b059c-5ad6-4ee4-a5bd-5063a1df2494&fields=id&fields=name HTTP/1.1" status: 200 len: 313 time: 0.0781159
Mar 10 17:25:23.812877 dv-cinder-830538-8-smb neutron-server[102946]: DEBUG neutron.api.rpc.handlers.resources_rpc [None req-6154c20f-e5b8-4047-8be3-cb42cbbaa356 None None] Pushing event updated for resources: {'Port': ['ID=fe30ba60-01a1-4ab4-93a5-c2469fc14f16,revision_number=4']} {{(pid=102946) push /opt/stack/neutron/neutron/api/rpc/handlers/resources_rpc.py:237}}
Mar 10 17:25:24.015889 dv-cinder-830538-8-smb neutron-server[102945]: DEBUG neutron.pecan_wsgi.hooks.policy_enforcement [req-01b9c2a7-b0dc-4f6b-8ef9-793b672a83bb req-2a22d6e9-46a0-4976-bf71-824a2e15e60f service neutron] Attributes excluded by policy engine: ['standard_attr_id'] {{(pid=102945) _exclude_attributes_by_policy /opt/stack/neutron/neutron/pecan_wsgi/hooks/policy_enforcement.py:255}}
Mar 10 17:25:24.017940 dv-cinder-830538-8-smb neutron-server[102945]: INFO neutron.wsgi [req-01b9c2a7-b0dc-4f6b-8ef9-793b672a83bb req-2a22d6e9-46a0-4976-bf71-824a2e15e60f service neutron] 10.222.0.43 "GET /v2.0/ports?network_id=d160254a-44f9-4825-8656-6775a951a63f&device_owner=network%3Adhcp HTTP/1.1" status: 200 len: 1210 time: 0.5576506
Mar 10 17:25:24.023524 dv-cinder-830538-8-smb neutron-server[102945]: DEBUG neutron.pecan_wsgi.hooks.policy_enforcement [req-973e83f8-defb-4799-b57a-689fd890ff3d req-361b3263-08bc-418d-8cbc-30e381347732 service neutron] Attributes excluded by policy engine: ['standard_attr_id'] {{(pid=102945) _exclude_attributes_by_policy /opt/stack/neutron/neutron/pecan_wsgi/hooks/policy_enforcement.py:255}}
Mar 10 17:25:24.024943 dv-cinder-830538-8-smb neutron-server[102945]: INFO neutron.wsgi [req-973e83f8-defb-4799-b57a-689fd890ff3d req-361b3263-08bc-418d-8cbc-30e381347732 service neutron] 10.222.0.43 "GET /v2.0/ports?tenant_id=e1b5a41e07df4f8d8235b9a459aa5acf&device_id=3cf46995-ae3c-47e8-a797-aaf12b8dbdf7 HTTP/1.1" status: 200 len: 1127 time: 0.5430384
Mar 10 17:25:24.039848 dv-cinder-830538-8-smb neutron-server[102945]: INFO neutron.wsgi [req-fa4e3760-fb1d-4370-a6bd-c5a4d16a05e8 req-a9b1384d-5ff7-46e5-93ed-d60a09e89705 service neutron] 10.222.0.43 "GET /v2.0/networks/11fbe580-8ef1-499a-914e-7eff6eef1b31?fields=segments HTTP/1.1" status: 200 len: 212 time: 0.5618358
Mar 10 17:25:24.089659 dv-cinder-830538-8-smb neutron-server[102944]: DEBUG neutron.pecan_wsgi.hooks.policy_enforcement [req-8f135d01-888f-414f-a17b-45d610af79ad req-8b116ee1-a456-4477-b9c5-44c361f1f5b9 tempest-AttachVolumeTestJSON-568488720 tempest-AttachVolumeTestJSON-568488720-project] Attributes excluded by policy engine: ['standard_attr_id', 'binding:profile', 'binding:host_id', 'binding:vif_type', 'binding:vif_details'] {{(pid=102944) _exclude_attributes_by_policy /opt/stack/neutron/neutron/pecan_wsgi/hooks/policy_enforcement.py:255}}
Mar 10 17:25:24.091555 dv-cinder-830538-8-smb neutron-server[102944]: INFO neutron.wsgi [req-8f135d01-888f-414f-a17b-45d610af79ad req-8b116ee1-a456-4477-b9c5-44c361f1f5b9 tempest-AttachVolumeTestJSON-568488720 tempest-AttachVolumeTestJSON-568488720-project] 10.222.0.20 "GET /v2.0/ports?device_id=571922d2-b31c-45cb-af7a-ef86e04dd29b HTTP/1.1" status: 200 len: 945 time: 0.0571740
Mar 10 17:25:24.128088 dv-cinder-830538-8-smb neutron-server[102946]: DEBUG neutron.plugins.ml2.db [None req-6154c20f-e5b8-4047-8be3-cb42cbbaa356 None None] get_ports_and_sgs() called for port_ids ['fe30ba60-01a1-4ab4-93a5-c2469fc14f16'] {{(pid=102946) get_ports_and_sgs /opt/stack/neutron/neutron/plugins/ml2/db.py:156}}
Mar 10 17:25:24.166616 dv-cinder-830538-8-smb neutron-server[102944]: INFO neutron.wsgi [req-8f135d01-888f-414f-a17b-45d610af79ad req-3b1bdee4-4d2c-4e92-9812-d00488e164e4 tempest-AttachVolumeTestJSON-568488720 tempest-AttachVolumeTestJSON-568488720-project] 10.222.0.20 "GET /v2.0/security-groups?id=39da8260-e628-42c2-b4e3-a7deccaf2107&fields=id&fields=name HTTP/1.1" status: 200 len: 312 time: 0.0683534
Mar 10 17:25:24.174506 dv-cinder-830538-8-smb neutron-server[102945]: DEBUG neutron_lib.callbacks.manager [None req-a297142c-5c55-447c-bca9-c8cd425829ed admin admin] Publish callbacks [] for security_group (0ba3be2d-8390-47fb-8b12-999f4cb5f652), before_delete {{(pid=102945) _notify_loop /usr/local/lib/python3.8/dist-packages/neutron_lib/callbacks/manager.py:176}}
Mar 10 17:25:24.183525 dv-cinder-830538-8-smb neutron-server[102945]: INFO neutron.wsgi [req-973e83f8-defb-4799-b57a-689fd890ff3d req-edceb1f5-f52a-4d87-bf3f-e2a4bc6d4819 service neutron] 10.222.0.43 "GET /v2.0/floatingips?fixed_ip_address=172.20.0.8&port_id=a2d311b7-ed4f-4d8d-ba89-77ab269908b8 HTTP/1.1" status: 200 len: 217 time: 0.1427388
Mar 10 17:25:24.204031 dv-cinder-830538-8-smb neutron-server[102946]: DEBUG neutron.plugins.ml2.db [None req-6154c20f-e5b8-4047-8be3-cb42cbbaa356 None None] get_ports_and_sgs() called for port_ids ['2f28c367-e8d7-4bbf-994f-b08f9b449d64'] {{(pid=102946) get_ports_and_sgs /opt/stack/neutron/neutron/plugins/ml2/db.py:156}}
Mar 10 17:25:24.244828 dv-cinder-830538-8-smb neutron-server[102944]: DEBUG neutron.pecan_wsgi.hooks.policy_enforcement [req-de8fb927-0543-4669-9975-a7cd584cced5 req-24b5fb5e-9a5b-4f1a-9257-a89057d2333d tempest-ServerRescueNegativeTestJSON-1066843757 tempest-ServerRescueNegativeTestJSON-1066843757-project] Attributes excluded by policy engine: ['standard_attr_id', 'binding:profile', 'binding:host_id', 'binding:vif_type', 'binding:vif_details'] {{(pid=102944) _exclude_attributes_by_policy /opt/stack/neutron/neutron/pecan_wsgi/hooks/policy_enforcement.py:255}}
Mar 10 17:25:24.248814 dv-cinder-830538-8-smb neutron-server[102945]: DEBUG neutron_lib.callbacks.manager [None req-a297142c-5c55-447c-bca9-c8cd425829ed admin admin] Publish callbacks [] for security_group (0ba3be2d-8390-47fb-8b12-999f4cb5f652), precommit_delete {{(pid=102945) _notify_loop /usr/local/lib/python3.8/dist-packages/neutron_lib/callbacks/manager.py:176}}
Mar 10 17:25:24.252400 dv-cinder-830538-8-smb neutron-server[102944]: INFO neutron.wsgi [req-de8fb927-0543-4669-9975-a7cd584cced5 req-24b5fb5e-9a5b-4f1a-9257-a89057d2333d tempest-ServerRescueNegativeTestJSON-1066843757 tempest-ServerRescueNegativeTestJSON-1066843757-project] 10.222.0.20 "GET /v2.0/ports?device_id=3cf46995-ae3c-47e8-a797-aaf12b8dbdf7 HTTP/1.1" status: 200 len: 943 time: 0.0913212
Mar 10 17:25:24.306944 dv-cinder-830538-8-smb neutron-server[102944]: INFO neutron.wsgi [req-de8fb927-0543-4669-9975-a7cd584cced5 req-187b8886-5de9-4b78-9e83-952252e147c0 tempest-ServerRescueNegativeTestJSON-1066843757 tempest-ServerRescueNegativeTestJSON-1066843757-project] 10.222.0.20 "GET /v2.0/security-groups?id=7b9ad152-0ed3-4445-969c-2ba28e6c6aae&fields=id&fields=name HTTP/1.1" status: 200 len: 286 time: 0.0534286
Mar 10 17:25:24.351720 dv-cinder-830538-8-smb neutron-server[102945]: INFO neutron.wsgi [req-01b9c2a7-b0dc-4f6b-8ef9-793b672a83bb req-3b2964db-af35-4d3c-9504-a489e18ffb3b service neutron] 10.222.0.43 "GET /v2.0/networks/d160254a-44f9-4825-8656-6775a951a63f?fields=segments HTTP/1.1" status: 200 len: 212 time: 0.3258326
Mar 10 17:25:24.390187 dv-cinder-830538-8-smb neutron-server[102945]: DEBUG neutron.pecan_wsgi.hooks.policy_enforcement [req-973e83f8-defb-4799-b57a-689fd890ff3d req-d1dcd038-0464-4ba9-b19b-3c75123e8f1d service neutron] Attributes excluded by policy engine: ['standard_attr_id', 'shared'] {{(pid=102945) _exclude_attributes_by_policy /opt/stack/neutron/neutron/pecan_wsgi/hooks/policy_enforcement.py:255}}
Mar 10 17:25:24.391621 dv-cinder-830538-8-smb neutron-server[102945]: INFO neutron.wsgi [req-973e83f8-defb-4799-b57a-689fd890ff3d req-d1dcd038-0464-4ba9-b19b-3c75123e8f1d service neutron] 10.222.0.43 "GET /v2.0/subnets?id=d57560c6-349a-4dbb-8d76-a88308122171 HTTP/1.1" status: 200 len: 859 time: 0.1949999
Mar 10 17:25:24.434133 dv-cinder-830538-8-smb neutron-server[102945]: INFO neutron.wsgi [req-973e83f8-defb-4799-b57a-689fd890ff3d req-c97e0667-7575-4424-9386-ae958d37a754 service neutron] 10.222.0.43 "GET /v2.0/ports?network_id=11fbe580-8ef1-499a-914e-7eff6eef1b31&device_owner=network%3Adhcp HTTP/1.1" status: 200 len: 210 time: 0.0311418
Mar 10 17:25:24.446963 dv-cinder-830538-8-smb neutron-server[102945]: INFO neutron.wsgi [req-fa4e3760-fb1d-4370-a6bd-c5a4d16a05e8 req-0973f512-8aca-41de-adb5-f882adb588bf service neutron] 10.222.0.43 "GET /v2.0/networks/11fbe580-8ef1-499a-914e-7eff6eef1b31?fields=provider%3Aphysical_network&fields=provider%3Anetwork_type HTTP/1.1" status: 200 len: 281 time: 0.3897088
Mar 10 17:25:24.521917 dv-cinder-830538-8-smb neutron-server[102945]: DEBUG neutron_lib.callbacks.manager [None req-a297142c-5c55-447c-bca9-c8cd425829ed admin admin] Publish callbacks ['neutron.plugins.ml2.ovo_rpc._ObjectChangeHandler.handle_event-1739345'] for security_group (0ba3be2d-8390-47fb-8b12-999f4cb5f652), after_delete {{(pid=102945) _notify_loop /usr/local/lib/python3.8/dist-packages/neutron_lib/callbacks/manager.py:176}}
Mar 10 17:25:24.524365 dv-cinder-830538-8-smb neutron-server[102945]: DEBUG neutron_lib.callbacks.manager [None req-a297142c-5c55-447c-bca9-c8cd425829ed admin admin] Publish callbacks [] for security_group (None), before_response {{(pid=102945) _notify_loop /usr/local/lib/python3.8/dist-packages/neutron_lib/callbacks/manager.py:176}}
Mar 10 17:25:24.525507 dv-cinder-830538-8-smb neutron-server[102945]: INFO neutron.wsgi [None req-a297142c-5c55-447c-bca9-c8cd425829ed admin admin] 10.222.0.20 "DELETE /v2.0/security-groups/0ba3be2d-8390-47fb-8b12-999f4cb5f652 HTTP/1.1" status: 204 len: 168 time: 0.8496687
Mar 10 17:25:24.576285 dv-cinder-830538-8-smb neutron-server[102945]: DEBUG neutron.api.rpc.handlers.resources_rpc [None req-a297142c-5c55-447c-bca9-c8cd425829ed admin admin] Pushing event deleted for resources: {'SecurityGroup': ['ID=0ba3be2d-8390-47fb-8b12-999f4cb5f652,revision_number=None']} {{(pid=102945) push /opt/stack/neutron/neutron/api/rpc/handlers/resources_rpc.py:237}}
Mar 10 17:25:24.585398 dv-cinder-830538-8-smb neutron-server[102945]: INFO neutron.wsgi [req-01b9c2a7-b0dc-4f6b-8ef9-793b672a83bb req-aa83783d-1a7f-4856-b86f-a57b60600420 service neutron] 10.222.0.43 "GET /v2.0/networks/d160254a-44f9-4825-8656-6775a951a63f?fields=provider%3Aphysical_network&fields=provider%3Anetwork_type HTTP/1.1" status: 200 len: 281 time: 0.2245457
Mar 10 17:25:24.601435 dv-cinder-830538-8-smb neutron-server[102945]: INFO neutron.wsgi [req-973e83f8-defb-4799-b57a-689fd890ff3d req-757f8325-936b-49b2-87ff-f00713ad3406 service neutron] 10.222.0.43 "GET /v2.0/networks/11fbe580-8ef1-499a-914e-7eff6eef1b31?fields=segments HTTP/1.1" status: 200 len: 212 time: 0.1579804
Mar 10 17:25:24.711776 dv-cinder-830538-8-smb neutron-server[102945]: INFO neutron.wsgi [req-973e83f8-defb-4799-b57a-689fd890ff3d req-a5eaee19-a8ba-4c2b-ae09-7dfd24b0a4b5 service neutron] 10.222.0.43 "GET /v2.0/networks/11fbe580-8ef1-499a-914e-7eff6eef1b31?fields=provider%3Aphysical_network&fields=provider%3Anetwork_type HTTP/1.1" status: 200 len: 281 time: 0.1044023
Mar 10 17:25:24.802577 dv-cinder-830538-8-smb neutron-server[102944]: DEBUG neutron.pecan_wsgi.hooks.policy_enforcement [req-3bbbe6ec-39be-4234-9faf-e1e0924ef8d4 req-84d0a605-a137-4390-a390-5065d1790380 tempest-AttachVolumeShelveTestJSON-25270699 tempest-AttachVolumeShelveTestJSON-25270699-project] Attributes excluded by policy engine: ['standard_attr_id', 'binding:profile', 'binding:host_id', 'binding:vif_type', 'binding:vif_details'] {{(pid=102944) _exclude_attributes_by_policy /opt/stack/neutron/neutron/pecan_wsgi/hooks/policy_enforcement.py:255}}
Mar 10 17:25:24.803848 dv-cinder-830538-8-smb neutron-server[102944]: INFO neutron.wsgi [req-3bbbe6ec-39be-4234-9faf-e1e0924ef8d4 req-84d0a605-a137-4390-a390-5065d1790380 tempest-AttachVolumeShelveTestJSON-25270699 tempest-AttachVolumeShelveTestJSON-25270699-project] 10.222.0.20 "GET /v2.0/ports?device_id=9008d7c0-02ac-46d0-a527-00c6db8b2da3 HTTP/1.1" status: 200 len: 944 time: 0.0746291
Mar 10 17:25:24.818837 dv-cinder-830538-8-smb neutron-server[102945]: DEBUG neutron.pecan_wsgi.hooks.policy_enforcement [req-896bc0ba-038f-473a-b5ce-f3eaf6c9fdd8 req-e73f5fa7-a692-4c7c-9bfc-720c54315a43 service neutron] Attributes excluded by policy engine: ['standard_attr_id'] {{(pid=102945) _exclude_attributes_by_policy /opt/stack/neutron/neutron/pecan_wsgi/hooks/policy_enforcement.py:255}}
Mar 10 17:25:24.827172 dv-cinder-830538-8-smb neutron-server[102945]: INFO neutron.wsgi [req-896bc0ba-038f-473a-b5ce-f3eaf6c9fdd8 req-e73f5fa7-a692-4c7c-9bfc-720c54315a43 service neutron] 10.222.0.43 "GET /v2.0/ports?tenant_id=5d3574ef47da4068a6412425eb414d6d&device_id=c54e9b77-a689-41ac-81e3-faac124d0591 HTTP/1.1" status: 200 len: 1128 time: 0.1009488
Mar 10 17:25:24.832079 dv-cinder-830538-8-smb neutron-server[102945]: DEBUG neutron.notifiers.nova [-] Sending events: [{'name': 'network-changed', 'server_uuid': '3cf46995-ae3c-47e8-a797-aaf12b8dbdf7', 'tag': 'a2d311b7-ed4f-4d8d-ba89-77ab269908b8'}] {{(pid=102945) send_events /opt/stack/neutron/neutron/notifiers/nova.py:271}}
Mar 10 17:25:24.834424 dv-cinder-830538-8-smb neutron-server[102945]: DEBUG novaclient.v2.client [-] REQ: curl -g -i --cacert "/opt/stack/data/ca-bundle.pem" -X POST http://10.222.0.20/compute/v2.1/os-server-external-events -H "Accept: application/json" -H "Content-Type: application/json" -H "User-Agent: python-novaclient" -H "X-Auth-Token: {SHA256}54bde9946d13679fea38b3b33a8c8106bd70bc520df5848f9b570129940fa048" -H "X-OpenStack-Nova-API-Version: 2.1" -H "X-OpenStack-Request-ID: req-6284a445-6593-426e-aac6-4682f8a55344" -d '{"events": [{"name": "network-changed", "server_uuid": "3cf46995-ae3c-47e8-a797-aaf12b8dbdf7", "tag": "a2d311b7-ed4f-4d8d-ba89-77ab269908b8"}]}' {{(pid=102945) _http_log_request /usr/local/lib/python3.8/dist-packages/keystoneauth1/session.py:519}}
Mar 10 17:25:24.911752 dv-cinder-830538-8-smb neutron-server[102946]: DEBUG neutron.plugins.ml2.rpc [None req-6154c20f-e5b8-4047-8be3-cb42cbbaa356 None None] Device 2491de2f-913a-403c-8377-29af2f7b91ce details requested by agent hyperv_hv-cinder-83053 with host hv-cinder-83053 {{(pid=102946) get_device_details /opt/stack/neutron/neutron/plugins/ml2/rpc.py:102}}
Mar 10 17:25:24.928309 dv-cinder-830538-8-smb neutron-server[102944]: INFO neutron.wsgi [req-3bbbe6ec-39be-4234-9faf-e1e0924ef8d4 req-4e5f1e1a-c7e6-4d49-b196-aff489a7f6da tempest-AttachVolumeShelveTestJSON-25270699 tempest-AttachVolumeShelveTestJSON-25270699-project] 10.222.0.20 "GET /v2.0/security-groups?id=5a80f87c-db5f-472b-bf83-816993111a97&fields=id&fields=name HTTP/1.1" status: 200 len: 312 time: 0.1070766
Mar 10 17:25:25.019394 dv-cinder-830538-8-smb neutron-server[102945]: DEBUG neutron.pecan_wsgi.hooks.policy_enforcement [req-896bc0ba-038f-473a-b5ce-f3eaf6c9fdd8 req-45efb558-b9dc-4051-b21d-41c642cfc12c service neutron] Attributes excluded by policy engine: ['standard_attr_id', 'vlan_transparent'] {{(pid=102945) _exclude_attributes_by_policy /opt/stack/neutron/neutron/pecan_wsgi/hooks/policy_enforcement.py:255}}
Mar 10 17:25:25.020931 dv-cinder-830538-8-smb neutron-server[102945]: INFO neutron.wsgi [req-896bc0ba-038f-473a-b5ce-f3eaf6c9fdd8 req-45efb558-b9dc-4051-b21d-41c642cfc12c service neutron] 10.222.0.43 "GET /v2.0/networks?id=d160254a-44f9-4825-8656-6775a951a63f HTTP/1.1" status: 200 len: 916 time: 0.1815903
Mar 10 17:25:25.066817 dv-cinder-830538-8-smb neutron-server[102944]: DEBUG neutron.pecan_wsgi.hooks.policy_enforcement [req-c28bdde0-dc66-40bf-baa0-60e77f9a6ccc req-566bb503-ce77-43b9-b5c1-8d433e1ceca6 tempest-AttachVolumeNegativeTest-1853985017 tempest-AttachVolumeNegativeTest-1853985017-project] Attributes excluded by policy engine: ['standard_attr_id', 'binding:profile', 'binding:host_id', 'binding:vif_type', 'binding:vif_details'] {{(pid=102944) _exclude_attributes_by_policy /opt/stack/neutron/neutron/pecan_wsgi/hooks/policy_enforcement.py:255}}
Mar 10 17:25:25.076216 dv-cinder-830538-8-smb neutron-server[102944]: INFO neutron.wsgi [req-c28bdde0-dc66-40bf-baa0-60e77f9a6ccc req-566bb503-ce77-43b9-b5c1-8d433e1ceca6 tempest-AttachVolumeNegativeTest-1853985017 tempest-AttachVolumeNegativeTest-1853985017-project] 10.222.0.20 "GET /v2.0/ports?device_id=c54e9b77-a689-41ac-81e3-faac124d0591 HTTP/1.1" status: 200 len: 944 time: 0.1813498
Mar 10 17:25:25.078229 dv-cinder-830538-8-smb neutron-server[102945]: INFO neutron.wsgi [req-896bc0ba-038f-473a-b5ce-f3eaf6c9fdd8 req-7256137d-3f98-4e9f-b405-a038741ed1bd service neutron] 10.222.0.43 "GET /v2.0/floatingips?fixed_ip_address=172.20.0.12&port_id=6025db90-3e48-4a94-9ed2-fdfa69a514da HTTP/1.1" status: 200 len: 217 time: 0.0477397
Mar 10 17:25:25.080772 dv-cinder-830538-8-smb neutron-server[102945]: DEBUG novaclient.v2.client [-] RESP: [200] Connection: close Content-Length: 179 Content-Type: application/json Date: Thu, 10 Mar 2022 17:25:24 GMT OpenStack-API-Version: compute 2.1 Server: Apache/2.4.41 (Ubuntu) Vary: OpenStack-API-Version,X-OpenStack-Nova-API-Version X-OpenStack-Nova-API-Version: 2.1 x-compute-request-id: req-637949fd-d3e2-467e-9899-fc48234f62ce x-openstack-request-id: req-637949fd-d3e2-467e-9899-fc48234f62ce {{(pid=102945) _http_log_response /usr/local/lib/python3.8/dist-packages/keystoneauth1/session.py:550}}
Mar 10 17:25:25.081059 dv-cinder-830538-8-smb neutron-server[102945]: DEBUG novaclient.v2.client [-] RESP BODY: {"events": [{"name": "network-changed", "server_uuid": "3cf46995-ae3c-47e8-a797-aaf12b8dbdf7", "tag": "a2d311b7-ed4f-4d8d-ba89-77ab269908b8", "status": "completed", "code": 200}]} {{(pid=102945) _http_log_response /usr/local/lib/python3.8/dist-packages/keystoneauth1/session.py:582}}
Mar 10 17:25:25.081565 dv-cinder-830538-8-smb neutron-server[102945]: DEBUG novaclient.v2.client [-] POST call to compute for http://10.222.0.20/compute/v2.1/os-server-external-events used request id req-637949fd-d3e2-467e-9899-fc48234f62ce {{(pid=102945) request /usr/local/lib/python3.8/dist-packages/keystoneauth1/session.py:954}}
Mar 10 17:25:25.081960 dv-cinder-830538-8-smb neutron-server[102945]: INFO neutron.notifiers.nova [-] Nova event response: {'name': 'network-changed', 'server_uuid': '3cf46995-ae3c-47e8-a797-aaf12b8dbdf7', 'tag': 'a2d311b7-ed4f-4d8d-ba89-77ab269908b8', 'status': 'completed', 'code': 200}
Mar 10 17:25:25.103815 dv-cinder-830538-8-smb neutron-server[102944]: DEBUG neutron.wsgi [-] (102944) accepted ('10.222.0.20', 34242) {{(pid=102944) server /usr/local/lib/python3.8/dist-packages/eventlet/wsgi.py:1004}}
Mar 10 17:25:25.120440 dv-cinder-830538-8-smb neutron-server[102944]: DEBUG neutron_lib.callbacks.manager [None req-96af2fe9-7227-459a-9de5-96d3c6dedd8f admin admin] Publish callbacks [] for security_group (None), before_create {{(pid=102944) _notify_loop /usr/local/lib/python3.8/dist-packages/neutron_lib/callbacks/manager.py:176}}
Mar 10 17:25:25.156455 dv-cinder-830538-8-smb neutron-server[102946]: DEBUG neutron.plugins.ml2.db [None req-6154c20f-e5b8-4047-8be3-cb42cbbaa356 None None] For port 2491de2f-913a-403c-8377-29af2f7b91ce, host hv-cinder-83053, got binding levels [PortBindingLevel(driver='hyperv',host='hv-cinder-83053',level=0,port_id=2491de2f-913a-403c-8377-29af2f7b91ce,segment=NetworkSegment(d285c49f-9a60-40ba-a649-d52401bc4eaa),segment_id=d285c49f-9a60-40ba-a649-d52401bc4eaa)] {{(pid=102946) get_binding_level_objs /opt/stack/neutron/neutron/plugins/ml2/db.py:74}}
Mar 10 17:25:25.172022 dv-cinder-830538-8-smb neutron-server[102944]: INFO neutron.wsgi [req-c28bdde0-dc66-40bf-baa0-60e77f9a6ccc req-7563efe4-5832-46eb-81ee-dd157a8e52d1 tempest-AttachVolumeNegativeTest-1853985017 tempest-AttachVolumeNegativeTest-1853985017-project] 10.222.0.20 "GET /v2.0/security-groups?id=9d8b059c-5ad6-4ee4-a5bd-5063a1df2494&fields=id&fields=name HTTP/1.1" status: 200 len: 313 time: 0.0931256
Mar 10 17:25:25.186827 dv-cinder-830538-8-smb neutron-server[102946]: DEBUG neutron.plugins.ml2.rpc [None req-6154c20f-e5b8-4047-8be3-cb42cbbaa356 None None] Returning: {'device': '2491de2f-913a-403c-8377-29af2f7b91ce', 'network_id': '11fbe580-8ef1-499a-914e-7eff6eef1b31', 'port_id': '2491de2f-913a-403c-8377-29af2f7b91ce', 'mac_address': 'fa:16:3e:1e:c1:bf', 'admin_state_up': True, 'network_type': 'vlan', 'segmentation_id': 808, 'physical_network': 'physnet1', 'mtu': 1500, 'fixed_ips': [{'subnet_id': 'd57560c6-349a-4dbb-8d76-a88308122171', 'ip_address': '172.20.0.4'}], 'device_owner': 'compute:nova', 'allowed_address_pairs': [], 'port_security_enabled': True, 'qos_policy_id': None, 'network_qos_policy_id': None, 'profile': {}, 'propagate_uplink_status': False} {{(pid=102946) _get_device_details /opt/stack/neutron/neutron/plugins/ml2/rpc.py:184}}
Mar 10 17:25:25.239208 dv-cinder-830538-8-smb neutron-server[102945]: DEBUG neutron.pecan_wsgi.hooks.policy_enforcement [req-896bc0ba-038f-473a-b5ce-f3eaf6c9fdd8 req-758d2c15-982d-447c-bfce-8943ebab3685 service neutron] Attributes excluded by policy engine: ['standard_attr_id', 'shared'] {{(pid=102945) _exclude_attributes_by_policy /opt/stack/neutron/neutron/pecan_wsgi/hooks/policy_enforcement.py:255}}
Mar 10 17:25:25.240932 dv-cinder-830538-8-smb neutron-server[102945]: INFO neutron.wsgi [req-896bc0ba-038f-473a-b5ce-f3eaf6c9fdd8 req-758d2c15-982d-447c-bfce-8943ebab3685 service neutron] 10.222.0.43 "GET /v2.0/subnets?id=ad1ac945-ef88-47d5-876d-16a0af6a5d23 HTTP/1.1" status: 200 len: 854 time: 0.1359935
Mar 10 17:25:25.263699 dv-cinder-830538-8-smb neutron-server[102946]: DEBUG neutron.plugins.ml2.plugin [None req-6154c20f-e5b8-4047-8be3-cb42cbbaa356 None None] Current status of the port 2491de2f-913a-403c-8377-29af2f7b91ce is: DOWN; New status is: BUILD {{(pid=102946) _update_individual_port_db_status /opt/stack/neutron/neutron/plugins/ml2/plugin.py:2232}}
Mar 10 17:25:25.264829 dv-cinder-830538-8-smb neutron-server[102946]: DEBUG neutron_lib.callbacks.manager [None req-6154c20f-e5b8-4047-8be3-cb42cbbaa356 None None] Publish callbacks ['neutron.plugins.ml2.plugin.SecurityGroupDbMixin._ensure_default_security_group_handler-611436'] for port (2491de2f-913a-403c-8377-29af2f7b91ce), before_update {{(pid=102946) _notify_loop /usr/local/lib/python3.8/dist-packages/neutron_lib/callbacks/manager.py:176}}
Mar 10 17:25:25.294949 dv-cinder-830538-8-smb neutron-server[102945]: DEBUG neutron.pecan_wsgi.hooks.policy_enforcement [req-6284a445-6593-426e-aac6-4682f8a55344 req-d278e5f0-0310-41cb-9795-13bd94ace0da service neutron] Attributes excluded by policy engine: ['standard_attr_id'] {{(pid=102945) _exclude_attributes_by_policy /opt/stack/neutron/neutron/pecan_wsgi/hooks/policy_enforcement.py:255}}
Mar 10 17:25:25.295429 dv-cinder-830538-8-smb neutron-server[102946]: DEBUG neutron.notifiers.nova [None req-6154c20f-e5b8-4047-8be3-cb42cbbaa356 None None] Ignoring state change previous_port_status: DOWN current_port_status: BUILD port_id 2491de2f-913a-403c-8377-29af2f7b91ce {{(pid=102946) record_port_status_changed /opt/stack/neutron/neutron/notifiers/nova.py:233}}
Mar 10 17:25:25.297008 dv-cinder-830538-8-smb neutron-server[102945]: INFO neutron.wsgi [req-6284a445-6593-426e-aac6-4682f8a55344 req-d278e5f0-0310-41cb-9795-13bd94ace0da service neutron] 10.222.0.43 "GET /v2.0/ports?tenant_id=e1b5a41e07df4f8d8235b9a459aa5acf&device_id=3cf46995-ae3c-47e8-a797-aaf12b8dbdf7 HTTP/1.1" status: 200 len: 1127 time: 0.1139474
Mar 10 17:25:25.321316 dv-cinder-830538-8-smb neutron-server[102944]: DEBUG neutron_lib.callbacks.manager [None req-96af2fe9-7227-459a-9de5-96d3c6dedd8f admin admin] Publish callbacks [] for security_group (69dded1a-4dc2-4ef9-aa1d-449eaeac179e), precommit_create {{(pid=102944) _notify_loop /usr/local/lib/python3.8/dist-packages/neutron_lib/callbacks/manager.py:176}}
Mar 10 17:25:25.322580 dv-cinder-830538-8-smb neutron-server[102946]: DEBUG neutron.plugins.ml2.db [None req-6154c20f-e5b8-4047-8be3-cb42cbbaa356 None None] For port 2491de2f-913a-403c-8377-29af2f7b91ce, host hv-cinder-83053, got binding levels [PortBindingLevel(driver='hyperv',host='hv-cinder-83053',level=0,port_id=2491de2f-913a-403c-8377-29af2f7b91ce,segment=NetworkSegment(d285c49f-9a60-40ba-a649-d52401bc4eaa),segment_id=d285c49f-9a60-40ba-a649-d52401bc4eaa)] {{(pid=102946) get_binding_level_objs /opt/stack/neutron/neutron/plugins/ml2/db.py:74}}
Mar 10 17:25:25.330785 dv-cinder-830538-8-smb neutron-server[102946]: DEBUG neutron_lib.callbacks.manager [None req-6154c20f-e5b8-4047-8be3-cb42cbbaa356 None None] Publish callbacks ['neutron.plugins.ml2.plugin.SecurityGroupServerNotifierRpcMixin._notify_sg_on_port_change-611520', 'neutron.plugins.ml2.ovo_rpc._ObjectChangeHandler.handle_event-467958', 'neutron.api.rpc.agentnotifiers.dhcp_rpc_agent_api.DhcpAgentNotifyAPI._native_event_send_dhcp_notification-1598650', 'neutron.db.l3_db.L3RpcNotifierMixin._notify_gateway_port_ip_changed-8785497540455', 'neutron.db.l3_dvrscheduler_db._notify_l3_agent_port_update-8785497022603', 'neutron.db.l3_hascheduler_db._notify_l3_agent_ha_port_update-8785497022621'] for port (2491de2f-913a-403c-8377-29af2f7b91ce), after_update {{(pid=102946) _notify_loop /usr/local/lib/python3.8/dist-packages/neutron_lib/callbacks/manager.py:176}}
Mar 10 17:25:25.339449 dv-cinder-830538-8-smb neutron-server[102944]: DEBUG neutron_lib.callbacks.manager [None req-96af2fe9-7227-459a-9de5-96d3c6dedd8f admin admin] Publish callbacks ['neutron.plugins.ml2.ovo_rpc._ObjectChangeHandler.handle_event-1739345'] for security_group (69dded1a-4dc2-4ef9-aa1d-449eaeac179e), after_create {{(pid=102944) _notify_loop /usr/local/lib/python3.8/dist-packages/neutron_lib/callbacks/manager.py:176}}
Mar 10 17:25:25.395794 dv-cinder-830538-8-smb neutron-server[102944]: INFO neutron.wsgi [None req-96af2fe9-7227-459a-9de5-96d3c6dedd8f admin admin] 10.222.0.20 "GET /v2.0/security-groups?tenant_id=8b7904820df6478da2a439cc3576a9e9&name=default HTTP/1.1" status: 200 len: 2996 time: 0.2895553
Mar 10 17:25:25.399184 dv-cinder-830538-8-smb neutron-server[102944]: DEBUG neutron.wsgi [-] (102944) accepted ('10.222.0.20', 34252) {{(pid=102944) server /usr/local/lib/python3.8/dist-packages/eventlet/wsgi.py:1004}}
Mar 10 17:25:25.399824 dv-cinder-830538-8-smb neutron-server[102944]: DEBUG neutron.api.rpc.handlers.resources_rpc [None req-96af2fe9-7227-459a-9de5-96d3c6dedd8f admin admin] Pushing event updated for resources: {'SecurityGroup': ['ID=69dded1a-4dc2-4ef9-aa1d-449eaeac179e,revision_number=1']} {{(pid=102944) push /opt/stack/neutron/neutron/api/rpc/handlers/resources_rpc.py:237}}
Mar 10 17:25:25.430756 dv-cinder-830538-8-smb neutron-server[102945]: DEBUG neutron.pecan_wsgi.hooks.policy_enforcement [req-6284a445-6593-426e-aac6-4682f8a55344 req-55a7ec9a-24aa-4478-9631-a3845491b355 service neutron] Attributes excluded by policy engine: ['standard_attr_id', 'vlan_transparent'] {{(pid=102945) _exclude_attributes_by_policy /opt/stack/neutron/neutron/pecan_wsgi/hooks/policy_enforcement.py:255}}
Mar 10 17:25:25.433167 dv-cinder-830538-8-smb neutron-server[102945]: INFO neutron.wsgi [req-6284a445-6593-426e-aac6-4682f8a55344 req-55a7ec9a-24aa-4478-9631-a3845491b355 service neutron] 10.222.0.43 "GET /v2.0/networks?id=11fbe580-8ef1-499a-914e-7eff6eef1b31 HTTP/1.1" status: 200 len: 920 time: 0.1218371
Mar 10 17:25:25.485141 dv-cinder-830538-8-smb neutron-server[102944]: DEBUG neutron.pecan_wsgi.hooks.policy_enforcement [req-6d93ea56-76b5-4168-9da6-f1ddcda5af9f req-f5d097a1-d76a-4d02-be80-afe1e8232c0d tempest-AttachVolumeTestJSON-568488720 tempest-AttachVolumeTestJSON-568488720-project] Attributes excluded by policy engine: ['standard_attr_id', 'binding:profile', 'binding:host_id', 'binding:vif_type', 'binding:vif_details'] {{(pid=102944) _exclude_attributes_by_policy /opt/stack/neutron/neutron/pecan_wsgi/hooks/policy_enforcement.py:255}}
Mar 10 17:25:25.486502 dv-cinder-830538-8-smb neutron-server[102946]: DEBUG neutron.api.rpc.handlers.resources_rpc [None req-6154c20f-e5b8-4047-8be3-cb42cbbaa356 None None] Pushing event updated for resources: {'Port': ['ID=2491de2f-913a-403c-8377-29af2f7b91ce,revision_number=4']} {{(pid=102946) push /opt/stack/neutron/neutron/api/rpc/handlers/resources_rpc.py:237}}
Mar 10 17:25:25.495461 dv-cinder-830538-8-smb neutron-server[102944]: INFO neutron.wsgi [req-6d93ea56-76b5-4168-9da6-f1ddcda5af9f req-f5d097a1-d76a-4d02-be80-afe1e8232c0d tempest-AttachVolumeTestJSON-568488720 tempest-AttachVolumeTestJSON-568488720-project] 10.222.0.20 "GET /v2.0/ports?device_id=571922d2-b31c-45cb-af7a-ef86e04dd29b HTTP/1.1" status: 200 len: 945 time: 0.1706519
Mar 10 17:25:25.517911 dv-cinder-830538-8-smb neutron-server[102944]: DEBUG neutron_lib.callbacks.manager [None req-1be8f039-a9d5-4560-b4a9-cf81431fe439 admin admin] Publish callbacks [] for security_group (69dded1a-4dc2-4ef9-aa1d-449eaeac179e), before_delete {{(pid=102944) _notify_loop /usr/local/lib/python3.8/dist-packages/neutron_lib/callbacks/manager.py:176}}
Mar 10 17:25:25.551912 dv-cinder-830538-8-smb neutron-server[102944]: DEBUG neutron_lib.callbacks.manager [None req-1be8f039-a9d5-4560-b4a9-cf81431fe439 admin admin] Publish callbacks [] for security_group (69dded1a-4dc2-4ef9-aa1d-449eaeac179e), precommit_delete {{(pid=102944) _notify_loop /usr/local/lib/python3.8/dist-packages/neutron_lib/callbacks/manager.py:176}}
Mar 10 17:25:25.552130 dv-cinder-830538-8-smb neutron-server[102945]: INFO neutron.wsgi [req-6284a445-6593-426e-aac6-4682f8a55344 req-eb9a9033-1427-43d4-be5e-fac97e1c5dd2 service neutron] 10.222.0.43 "GET /v2.0/floatingips?fixed_ip_address=172.20.0.8&port_id=a2d311b7-ed4f-4d8d-ba89-77ab269908b8 HTTP/1.1" status: 200 len: 217 time: 0.0987437
Mar 10 17:25:25.557505 dv-cinder-830538-8-smb neutron-server[102945]: DEBUG neutron.pecan_wsgi.hooks.policy_enforcement [req-896bc0ba-038f-473a-b5ce-f3eaf6c9fdd8 req-e23992bf-4d6b-42a3-a550-5352935f637d service neutron] Attributes excluded by policy engine: ['standard_attr_id'] {{(pid=102945) _exclude_attributes_by_policy /opt/stack/neutron/neutron/pecan_wsgi/hooks/policy_enforcement.py:255}}
Mar 10 17:25:25.559334 dv-cinder-830538-8-smb neutron-server[102945]: INFO neutron.wsgi [req-896bc0ba-038f-473a-b5ce-f3eaf6c9fdd8 req-e23992bf-4d6b-42a3-a550-5352935f637d service neutron] 10.222.0.43 "GET /v2.0/ports?network_id=d160254a-44f9-4825-8656-6775a951a63f&device_owner=network%3Adhcp HTTP/1.1" status: 200 len: 1210 time: 0.3059814
Mar 10 17:25:25.603422 dv-cinder-830538-8-smb neutron-server[102945]: DEBUG neutron.wsgi [-] (102945) accepted ('10.222.0.20', 34262) {{(pid=102945) server /usr/local/lib/python3.8/dist-packages/eventlet/wsgi.py:1004}}
Mar 10 17:25:25.620536 dv-cinder-830538-8-smb neutron-server[102944]: INFO neutron.wsgi [req-6d93ea56-76b5-4168-9da6-f1ddcda5af9f req-aa179d98-eb96-4875-afb8-f7a9ab261bb2 tempest-AttachVolumeTestJSON-568488720 tempest-AttachVolumeTestJSON-568488720-project] 10.222.0.20 "GET /v2.0/security-groups?id=39da8260-e628-42c2-b4e3-a7deccaf2107&fields=id&fields=name HTTP/1.1" status: 200 len: 312 time: 0.1236994
Mar 10 17:25:25.651371 dv-cinder-830538-8-smb neutron-server[102945]: DEBUG neutron.pecan_wsgi.hooks.policy_enforcement [req-6284a445-6593-426e-aac6-4682f8a55344 req-79d624d8-60d1-4827-a6c1-7242fd07c4a6 service neutron] Attributes excluded by policy engine: ['standard_attr_id', 'shared'] {{(pid=102945) _exclude_attributes_by_policy /opt/stack/neutron/neutron/pecan_wsgi/hooks/policy_enforcement.py:255}}
Mar 10 17:25:25.652889 dv-cinder-830538-8-smb neutron-server[102945]: INFO neutron.wsgi [req-6284a445-6593-426e-aac6-4682f8a55344 req-79d624d8-60d1-4827-a6c1-7242fd07c4a6 service neutron] 10.222.0.43 "GET /v2.0/subnets?id=d57560c6-349a-4dbb-8d76-a88308122171 HTTP/1.1" status: 200 len: 859 time: 0.0926261
Mar 10 17:25:25.700799 dv-cinder-830538-8-smb neutron-server[102946]: DEBUG neutron.plugins.ml2.db [None req-6154c20f-e5b8-4047-8be3-cb42cbbaa356 None None] get_ports_and_sgs() called for port_ids ['2491de2f-913a-403c-8377-29af2f7b91ce'] {{(pid=102946) get_ports_and_sgs /opt/stack/neutron/neutron/plugins/ml2/db.py:156}}
Mar 10 17:25:25.710695 dv-cinder-830538-8-smb neutron-server[102945]: INFO neutron.wsgi [req-6284a445-6593-426e-aac6-4682f8a55344 req-f8d47e3e-fe8c-4d48-8453-3f579427e6b3 service neutron] 10.222.0.43 "GET /v2.0/ports?network_id=11fbe580-8ef1-499a-914e-7eff6eef1b31&device_owner=network%3Adhcp HTTP/1.1" status: 200 len: 210 time: 0.0318260
Mar 10 17:25:25.730162 dv-cinder-830538-8-smb neutron-server[102944]: DEBUG neutron_lib.callbacks.manager [None req-1be8f039-a9d5-4560-b4a9-cf81431fe439 admin admin] Publish callbacks ['neutron.plugins.ml2.ovo_rpc._ObjectChangeHandler.handle_event-1739345'] for security_group (69dded1a-4dc2-4ef9-aa1d-449eaeac179e), after_delete {{(pid=102944) _notify_loop /usr/local/lib/python3.8/dist-packages/neutron_lib/callbacks/manager.py:176}}
Mar 10 17:25:25.733127 dv-cinder-830538-8-smb neutron-server[102944]: DEBUG neutron_lib.callbacks.manager [None req-1be8f039-a9d5-4560-b4a9-cf81431fe439 admin admin] Publish callbacks [] for security_group (None), before_response {{(pid=102944) _notify_loop /usr/local/lib/python3.8/dist-packages/neutron_lib/callbacks/manager.py:176}}
Mar 10 17:25:25.737523 dv-cinder-830538-8-smb neutron-server[102944]: INFO neutron.wsgi [None req-1be8f039-a9d5-4560-b4a9-cf81431fe439 admin admin] 10.222.0.20 "DELETE /v2.0/security-groups/69dded1a-4dc2-4ef9-aa1d-449eaeac179e HTTP/1.1" status: 204 len: 168 time: 0.3347659
Mar 10 17:25:25.763466 dv-cinder-830538-8-smb neutron-server[102944]: DEBUG neutron.api.rpc.handlers.resources_rpc [None req-1be8f039-a9d5-4560-b4a9-cf81431fe439 admin admin] Pushing event deleted for resources: {'SecurityGroup': ['ID=69dded1a-4dc2-4ef9-aa1d-449eaeac179e,revision_number=None']} {{(pid=102944) push /opt/stack/neutron/neutron/api/rpc/handlers/resources_rpc.py:237}}
Mar 10 17:25:25.796006 dv-cinder-830538-8-smb neutron-server[102944]: DEBUG neutron.pecan_wsgi.hooks.policy_enforcement [req-60c87715-7729-4bef-bf43-9da22b950147 req-f2703507-d297-4547-80db-2c2638575762 tempest-ServerRescueNegativeTestJSON-1066843757 tempest-ServerRescueNegativeTestJSON-1066843757-project] Attributes excluded by policy engine: ['standard_attr_id', 'binding:profile', 'binding:host_id', 'binding:vif_type', 'binding:vif_details'] {{(pid=102944) _exclude_attributes_by_policy /opt/stack/neutron/neutron/pecan_wsgi/hooks/policy_enforcement.py:255}}
Mar 10 17:25:25.808609 dv-cinder-830538-8-smb neutron-server[102945]: INFO neutron.wsgi [req-896bc0ba-038f-473a-b5ce-f3eaf6c9fdd8 req-1804c037-dacb-41ba-96b1-fd473124fe19 service neutron] 10.222.0.43 "GET /v2.0/networks/d160254a-44f9-4825-8656-6775a951a63f?fields=segments HTTP/1.1" status: 200 len: 212 time: 0.2372050
Mar 10 17:25:25.809661 dv-cinder-830538-8-smb neutron-server[102944]: INFO neutron.wsgi [req-60c87715-7729-4bef-bf43-9da22b950147 req-f2703507-d297-4547-80db-2c2638575762 tempest-ServerRescueNegativeTestJSON-1066843757 tempest-ServerRescueNegativeTestJSON-1066843757-project] 10.222.0.20 "GET /v2.0/ports?device_id=3cf46995-ae3c-47e8-a797-aaf12b8dbdf7 HTTP/1.1" status: 200 len: 943 time: 0.2554219
Mar 10 17:25:25.816485 dv-cinder-830538-8-smb neutron-server[102945]: DEBUG neutron_lib.callbacks.manager [None req-80bb5426-e25b-4379-83de-2eda1772cb25 admin admin] Publish callbacks [] for security_group (None), before_create {{(pid=102945) _notify_loop /usr/local/lib/python3.8/dist-packages/neutron_lib/callbacks/manager.py:176}}
Mar 10 17:25:25.857240 dv-cinder-830538-8-smb neutron-server[102944]: DEBUG neutron.pecan_wsgi.hooks.policy_enforcement [req-b993ae3b-02e8-419a-8ad5-1607ff46eb69 req-d02cf74f-e1b6-439a-b3c0-f3d0adac765b tempest-DeleteServersTestJSON-172494011 tempest-DeleteServersTestJSON-172494011-project] Attributes excluded by policy engine: ['standard_attr_id', 'binding:profile', 'binding:host_id', 'binding:vif_type', 'binding:vif_details'] {{(pid=102944) _exclude_attributes_by_policy /opt/stack/neutron/neutron/pecan_wsgi/hooks/policy_enforcement.py:255}}
Mar 10 17:25:25.858796 dv-cinder-830538-8-smb neutron-server[102944]: INFO neutron.wsgi [req-b993ae3b-02e8-419a-8ad5-1607ff46eb69 req-d02cf74f-e1b6-439a-b3c0-f3d0adac765b tempest-DeleteServersTestJSON-172494011 tempest-DeleteServersTestJSON-172494011-project] 10.222.0.20 "GET /v2.0/ports?device_id=febb38ef-8e0f-461a-8610-ea5c5dad6eef HTTP/1.1" status: 200 len: 946 time: 0.1811731
Mar 10 17:25:25.904953 dv-cinder-830538-8-smb neutron-server[102944]: INFO neutron.wsgi [req-60c87715-7729-4bef-bf43-9da22b950147 req-1aac4d59-0bac-409d-b874-cd119f8dfb2b tempest-ServerRescueNegativeTestJSON-1066843757 tempest-ServerRescueNegativeTestJSON-1066843757-project] 10.222.0.20 "GET /v2.0/security-groups?id=7b9ad152-0ed3-4445-969c-2ba28e6c6aae&fields=id&fields=name HTTP/1.1" status: 200 len: 286 time: 0.0871367
Mar 10 17:25:25.956152 dv-cinder-830538-8-smb neutron-server[102944]: INFO neutron.wsgi [req-b993ae3b-02e8-419a-8ad5-1607ff46eb69 req-47903667-b827-43d0-a52f-ee47263befcd tempest-DeleteServersTestJSON-172494011 tempest-DeleteServersTestJSON-172494011-project] 10.222.0.20 "GET /v2.0/security-groups?id=5421ffcc-80e1-4293-99ab-0bb600604e31&fields=id&fields=name HTTP/1.1" status: 200 len: 286 time: 0.0877566
Mar 10 17:25:26.050489 dv-cinder-830538-8-smb neutron-server[102945]: DEBUG neutron_lib.callbacks.manager [None req-80bb5426-e25b-4379-83de-2eda1772cb25 admin admin] Publish callbacks [] for security_group (ad6aaf15-2ae4-4365-8010-f2ef9048222b), precommit_create {{(pid=102945) _notify_loop /usr/local/lib/python3.8/dist-packages/neutron_lib/callbacks/manager.py:176}}
Mar 10 17:25:26.067548 dv-cinder-830538-8-smb neutron-server[102945]: DEBUG neutron_lib.callbacks.manager [None req-80bb5426-e25b-4379-83de-2eda1772cb25 admin admin] Publish callbacks ['neutron.plugins.ml2.ovo_rpc._ObjectChangeHandler.handle_event-1739345'] for security_group (ad6aaf15-2ae4-4365-8010-f2ef9048222b), after_create {{(pid=102945) _notify_loop /usr/local/lib/python3.8/dist-packages/neutron_lib/callbacks/manager.py:176}}
Mar 10 17:25:26.099660 dv-cinder-830538-8-smb neutron-server[102944]: DEBUG neutron.pecan_wsgi.hooks.policy_enforcement [req-60d5bed4-5488-4af6-827a-ee0619e466e5 req-d6bfd357-4f57-42f3-84b0-66334dac58b0 tempest-AttachVolumeShelveTestJSON-25270699 tempest-AttachVolumeShelveTestJSON-25270699-project] Attributes excluded by policy engine: ['standard_attr_id', 'binding:profile', 'binding:host_id', 'binding:vif_type', 'binding:vif_details'] {{(pid=102944) _exclude_attributes_by_policy /opt/stack/neutron/neutron/pecan_wsgi/hooks/policy_enforcement.py:255}}
Mar 10 17:25:26.101734 dv-cinder-830538-8-smb neutron-server[102944]: INFO neutron.wsgi [req-60d5bed4-5488-4af6-827a-ee0619e466e5 req-d6bfd357-4f57-42f3-84b0-66334dac58b0 tempest-AttachVolumeShelveTestJSON-25270699 tempest-AttachVolumeShelveTestJSON-25270699-project] 10.222.0.20 "GET /v2.0/ports?device_id=9008d7c0-02ac-46d0-a527-00c6db8b2da3 HTTP/1.1" status: 200 len: 944 time: 0.0779057
Mar 10 17:25:26.109300 dv-cinder-830538-8-smb neutron-server[102945]: INFO neutron.wsgi [req-6284a445-6593-426e-aac6-4682f8a55344 req-a92adbdd-5e5b-4b20-99e3-c5ca18469847 service neutron] 10.222.0.43 "GET /v2.0/networks/11fbe580-8ef1-499a-914e-7eff6eef1b31?fields=segments HTTP/1.1" status: 200 len: 212 time: 0.3866084
Mar 10 17:25:26.113889 dv-cinder-830538-8-smb neutron-server[102945]: INFO neutron.wsgi [req-896bc0ba-038f-473a-b5ce-f3eaf6c9fdd8 req-489f2694-a3a1-4bdd-bd9d-3c88c34a7e39 service neutron] 10.222.0.43 "GET /v2.0/networks/d160254a-44f9-4825-8656-6775a951a63f?fields=provider%3Aphysical_network&fields=provider%3Anetwork_type HTTP/1.1" status: 200 len: 281 time: 0.2944953
Mar 10 17:25:26.114188 dv-cinder-830538-8-smb neutron-server[102945]: DEBUG neutron.api.rpc.handlers.resources_rpc [None req-80bb5426-e25b-4379-83de-2eda1772cb25 admin admin] Pushing event updated for resources: {'SecurityGroup': ['ID=ad6aaf15-2ae4-4365-8010-f2ef9048222b,revision_number=1']} {{(pid=102945) push /opt/stack/neutron/neutron/api/rpc/handlers/resources_rpc.py:237}}
Mar 10 17:25:26.133919 dv-cinder-830538-8-smb neutron-server[102945]: INFO neutron.wsgi [None req-80bb5426-e25b-4379-83de-2eda1772cb25 admin admin] 10.222.0.20 "GET /v2.0/security-groups?tenant_id=014ca605313c474c8f504523bb268752&name=default HTTP/1.1" status: 200 len: 2996 time: 0.5277884
Mar 10 17:25:26.135687 dv-cinder-830538-8-smb neutron-server[102944]: DEBUG neutron.wsgi [-] (102944) accepted ('10.222.0.20', 34286) {{(pid=102944) server /usr/local/lib/python3.8/dist-packages/eventlet/wsgi.py:1004}}
Mar 10 17:25:26.228784 dv-cinder-830538-8-smb neutron-server[102944]: DEBUG neutron_lib.callbacks.manager [None req-fa742c9f-d934-459a-868e-928b55536916 admin admin] Publish callbacks [] for security_group (ad6aaf15-2ae4-4365-8010-f2ef9048222b), before_delete {{(pid=102944) _notify_loop /usr/local/lib/python3.8/dist-packages/neutron_lib/callbacks/manager.py:176}}
Mar 10 17:25:26.234940 dv-cinder-830538-8-smb neutron-server[102944]: INFO neutron.wsgi [req-60d5bed4-5488-4af6-827a-ee0619e466e5 req-19f1c44f-4388-4f1c-8a3c-b7f11bb0d983 tempest-AttachVolumeShelveTestJSON-25270699 tempest-AttachVolumeShelveTestJSON-25270699-project] 10.222.0.20 "GET /v2.0/security-groups?id=5a80f87c-db5f-472b-bf83-816993111a97&fields=id&fields=name HTTP/1.1" status: 200 len: 312 time: 0.1239479
Mar 10 17:25:26.255430 dv-cinder-830538-8-smb neutron-server[102945]: INFO neutron.wsgi [req-6284a445-6593-426e-aac6-4682f8a55344 req-a0c9ae39-a968-46e9-b612-3c714a3eb4fb service neutron] 10.222.0.43 "GET /v2.0/networks/11fbe580-8ef1-499a-914e-7eff6eef1b31?fields=provider%3Aphysical_network&fields=provider%3Anetwork_type HTTP/1.1" status: 200 len: 281 time: 0.1083682
Mar 10 17:25:26.258461 dv-cinder-830538-8-smb neutron-server[102944]: DEBUG neutron_lib.callbacks.manager [None req-fa742c9f-d934-459a-868e-928b55536916 admin admin] Publish callbacks [] for security_group (ad6aaf15-2ae4-4365-8010-f2ef9048222b), precommit_delete {{(pid=102944) _notify_loop /usr/local/lib/python3.8/dist-packages/neutron_lib/callbacks/manager.py:176}}
Mar 10 17:25:26.362001 dv-cinder-830538-8-smb neutron-server[102944]: DEBUG neutron.pecan_wsgi.hooks.policy_enforcement [req-46fdfab4-6391-4986-88ab-002c576c9a5c req-3b4eacd8-369b-482d-827f-ac908059c21b tempest-AttachVolumeNegativeTest-1853985017 tempest-AttachVolumeNegativeTest-1853985017-project] Attributes excluded by policy engine: ['standard_attr_id', 'binding:profile', 'binding:host_id', 'binding:vif_type', 'binding:vif_details'] {{(pid=102944) _exclude_attributes_by_policy /opt/stack/neutron/neutron/pecan_wsgi/hooks/policy_enforcement.py:255}}
Mar 10 17:25:26.363537 dv-cinder-830538-8-smb neutron-server[102944]: INFO neutron.wsgi [req-46fdfab4-6391-4986-88ab-002c576c9a5c req-3b4eacd8-369b-482d-827f-ac908059c21b tempest-AttachVolumeNegativeTest-1853985017 tempest-AttachVolumeNegativeTest-1853985017-project] 10.222.0.20 "GET /v2.0/ports?device_id=c54e9b77-a689-41ac-81e3-faac124d0591 HTTP/1.1" status: 200 len: 944 time: 0.0628905
Mar 10 17:25:26.364662 dv-cinder-830538-8-smb neutron-server[102944]: DEBUG neutron_lib.callbacks.manager [None req-fa742c9f-d934-459a-868e-928b55536916 admin admin] Publish callbacks ['neutron.plugins.ml2.ovo_rpc._ObjectChangeHandler.handle_event-1739345'] for security_group (ad6aaf15-2ae4-4365-8010-f2ef9048222b), after_delete {{(pid=102944) _notify_loop /usr/local/lib/python3.8/dist-packages/neutron_lib/callbacks/manager.py:176}}
Mar 10 17:25:26.367145 dv-cinder-830538-8-smb neutron-server[102944]: DEBUG neutron_lib.callbacks.manager [None req-fa742c9f-d934-459a-868e-928b55536916 admin admin] Publish callbacks [] for security_group (None), before_response {{(pid=102944) _notify_loop /usr/local/lib/python3.8/dist-packages/neutron_lib/callbacks/manager.py:176}}
Mar 10 17:25:26.370720 dv-cinder-830538-8-smb neutron-server[102944]: INFO neutron.wsgi [None req-fa742c9f-d934-459a-868e-928b55536916 admin admin] 10.222.0.20 "DELETE /v2.0/security-groups/ad6aaf15-2ae4-4365-8010-f2ef9048222b HTTP/1.1" status: 204 len: 168 time: 0.2284992
Mar 10 17:25:26.388340 dv-cinder-830538-8-smb neutron-server[102944]: DEBUG neutron.api.rpc.handlers.resources_rpc [None req-fa742c9f-d934-459a-868e-928b55536916 admin admin] Pushing event deleted for resources: {'SecurityGroup': ['ID=ad6aaf15-2ae4-4365-8010-f2ef9048222b,revision_number=None']} {{(pid=102944) push /opt/stack/neutron/neutron/api/rpc/handlers/resources_rpc.py:237}}
