Mar 10 17:25:00.042272 dv-cinder-830538-8-smb neutron-server[102946]: DEBUG neutron.plugins.ml2.db [None req-faa3a627-206a-4a2b-bcc0-147d82ed9fdc None None] For port 9e8c73ac-829f-4905-b839-b43d8efbbaee, host dv-cinder-830538-8-smb, got binding levels [PortBindingLevel(driver='openvswitch',host='dv-cinder-830538-8-smb',level=0,port_id=9e8c73ac-829f-4905-b839-b43d8efbbaee,segment=NetworkSegment(c945f462-b9ad-424b-b968-a903fd1a0b9f),segment_id=c945f462-b9ad-424b-b968-a903fd1a0b9f)] {{(pid=102946) get_binding_level_objs /opt/stack/neutron/neutron/plugins/ml2/db.py:74}}
Mar 10 17:25:00.050262 dv-cinder-830538-8-smb neutron-server[102946]: DEBUG neutron_lib.callbacks.manager [None req-faa3a627-206a-4a2b-bcc0-147d82ed9fdc None None] Publish callbacks ['neutron.plugins.ml2.plugin.SecurityGroupServerNotifierRpcMixin._notify_sg_on_port_change-611520', 'neutron.plugins.ml2.ovo_rpc._ObjectChangeHandler.handle_event-467958', 'neutron.api.rpc.agentnotifiers.dhcp_rpc_agent_api.DhcpAgentNotifyAPI._native_event_send_dhcp_notification-1598650', 'neutron.db.l3_db.L3RpcNotifierMixin._notify_gateway_port_ip_changed-8785497540455', 'neutron.db.l3_dvrscheduler_db._notify_l3_agent_port_update-8785497022603', 'neutron.db.l3_hascheduler_db._notify_l3_agent_ha_port_update-8785497022621'] for port (9e8c73ac-829f-4905-b839-b43d8efbbaee), after_update {{(pid=102946) _notify_loop /usr/local/lib/python3.8/dist-packages/neutron_lib/callbacks/manager.py:176}}
Mar 10 17:25:00.171321 dv-cinder-830538-8-smb neutron-server[102946]: DEBUG neutron.api.rpc.handlers.resources_rpc [None req-faa3a627-206a-4a2b-bcc0-147d82ed9fdc None None] Pushing event updated for resources: {'Port': ['ID=9e8c73ac-829f-4905-b839-b43d8efbbaee,revision_number=4']} {{(pid=102946) push /opt/stack/neutron/neutron/api/rpc/handlers/resources_rpc.py:237}}
Mar 10 17:25:00.196578 dv-cinder-830538-8-smb neutron-server[102944]: DEBUG neutron_lib.callbacks.manager [None req-9b6c807b-1835-4a8a-9804-8ea85a0fcac7 admin admin] Publish callbacks ['neutron.plugins.ml2.plugin.SecurityGroupDbMixin._ensure_default_security_group_handler-611436'] for port (b0106fbc-885a-4315-bbed-76e7606dec78), before_update {{(pid=102944) _notify_loop /usr/local/lib/python3.8/dist-packages/neutron_lib/callbacks/manager.py:176}}
Mar 10 17:25:00.198664 dv-cinder-830538-8-smb neutron-server[102945]: DEBUG neutron_lib.callbacks.manager [None req-bb248c42-67d0-4214-88aa-ae1249a9341e tempest-AttachVolumeShelveTestJSON-25270699 tempest-AttachVolumeShelveTestJSON-25270699-project] Publish callbacks [] for port (ccc7f9c3-bcfa-4e6e-8d61-3de012a9debe), precommit_create {{(pid=102945) _notify_loop /usr/local/lib/python3.8/dist-packages/neutron_lib/callbacks/manager.py:176}}
Mar 10 17:25:00.206932 dv-cinder-830538-8-smb neutron-server[102944]: DEBUG neutron.scheduler.dhcp_agent_scheduler [None req-9cff51a4-173a-4378-b1fd-f6c90d3509c5 admin admin] Network 11fbe580-8ef1-499a-914e-7eff6eef1b31 is already hosted by enough agents. {{(pid=102944) _get_dhcp_agents_hosting_network /opt/stack/neutron/neutron/scheduler/dhcp_agent_scheduler.py:275}}
Mar 10 17:25:00.234731 dv-cinder-830538-8-smb neutron-server[102944]: DEBUG neutron.scheduler.base_scheduler [None req-9cff51a4-173a-4378-b1fd-f6c90d3509c5 admin admin] Resources bound (agent type, host, resource id): {{(pid=102944) schedule /opt/stack/neutron/neutron/scheduler/base_scheduler.py:57}}
Mar 10 17:25:00.242521 dv-cinder-830538-8-smb neutron-server[102944]: DEBUG neutron.db.l3_dvrscheduler_db [None req-9cff51a4-173a-4378-b1fd-f6c90d3509c5 admin admin] Received port after_create {{(pid=102944) _notify_l3_agent_new_port /opt/stack/neutron/neutron/db/l3_dvrscheduler_db.py:536}}
Mar 10 17:25:00.243223 dv-cinder-830538-8-smb neutron-server[102944]: DEBUG neutron_lib.callbacks.manager [None req-9cff51a4-173a-4378-b1fd-f6c90d3509c5 admin admin] Publish callbacks ['neutron.services.l3_router.l3_router_plugin.DVRResourceOperationHandler._add_csnat_on_interface_create-1803290'] for router_interface (563c1116-9c24-4af6-ad5d-0bf410da32ce), before_create {{(pid=102944) _notify_loop /usr/local/lib/python3.8/dist-packages/neutron_lib/callbacks/manager.py:176}}
Mar 10 17:25:00.302030 dv-cinder-830538-8-smb neutron-server[102945]: DEBUG neutron_lib.callbacks.manager [None req-bb248c42-67d0-4214-88aa-ae1249a9341e tempest-AttachVolumeShelveTestJSON-25270699 tempest-AttachVolumeShelveTestJSON-25270699-project] Publish callbacks ['neutron.plugins.ml2.plugin.SecurityGroupServerNotifierRpcMixin._notify_sg_on_port_change-611520', 'neutron.plugins.ml2.ovo_rpc._ObjectChangeHandler.handle_event-467958', 'neutron.api.rpc.agentnotifiers.dhcp_rpc_agent_api.DhcpAgentNotifyAPI._native_event_send_dhcp_notification-1598650', 'neutron.db.l3_dvrscheduler_db._notify_l3_agent_new_port-8785497022585'] for port (ccc7f9c3-bcfa-4e6e-8d61-3de012a9debe), after_create {{(pid=102945) _notify_loop /usr/local/lib/python3.8/dist-packages/neutron_lib/callbacks/manager.py:176}}
Mar 10 17:25:00.437931 dv-cinder-830538-8-smb neutron-server[102945]: DEBUG neutron.api.rpc.handlers.resources_rpc [None req-bb248c42-67d0-4214-88aa-ae1249a9341e tempest-AttachVolumeShelveTestJSON-25270699 tempest-AttachVolumeShelveTestJSON-25270699-project] Pushing event updated for resources: {'Port': ['ID=ccc7f9c3-bcfa-4e6e-8d61-3de012a9debe,revision_number=1']} {{(pid=102945) push /opt/stack/neutron/neutron/api/rpc/handlers/resources_rpc.py:237}}
Mar 10 17:25:00.450913 dv-cinder-830538-8-smb neutron-server[102945]: DEBUG neutron.scheduler.dhcp_agent_scheduler [None req-bb248c42-67d0-4214-88aa-ae1249a9341e tempest-AttachVolumeShelveTestJSON-25270699 tempest-AttachVolumeShelveTestJSON-25270699-project] Network f1a70794-0bc9-4124-b1cf-d2390a4144ae is already hosted by enough agents. {{(pid=102945) _get_dhcp_agents_hosting_network /opt/stack/neutron/neutron/scheduler/dhcp_agent_scheduler.py:275}}
Mar 10 17:25:00.461468 dv-cinder-830538-8-smb neutron-server[102945]: DEBUG neutron.scheduler.base_scheduler [None req-bb248c42-67d0-4214-88aa-ae1249a9341e tempest-AttachVolumeShelveTestJSON-25270699 tempest-AttachVolumeShelveTestJSON-25270699-project] Resources bound (agent type, host, resource id): {{(pid=102945) schedule /opt/stack/neutron/neutron/scheduler/base_scheduler.py:57}}
Mar 10 17:25:00.464097 dv-cinder-830538-8-smb neutron-server[102945]: DEBUG neutron.db.l3_dvrscheduler_db [None req-bb248c42-67d0-4214-88aa-ae1249a9341e tempest-AttachVolumeShelveTestJSON-25270699 tempest-AttachVolumeShelveTestJSON-25270699-project] Received port after_create {{(pid=102945) _notify_l3_agent_new_port /opt/stack/neutron/neutron/db/l3_dvrscheduler_db.py:536}}
Mar 10 17:25:00.512404 dv-cinder-830538-8-smb neutron-server[102946]: DEBUG neutron_lib.callbacks.manager [None req-ac182acf-7345-4c28-adc7-558c767eb02d None None] Publish callbacks ['neutron.services.segments.db._update_segment_host_mapping_for_agent-8785497351940', 'neutron.plugins.ml2.plugin.Ml2Plugin._retry_binding_revived_agents-740032'] for agent (2c492cb5-99b5-4d31-8baa-df458ca5aad8), after_update {{(pid=102946) _notify_loop /usr/local/lib/python3.8/dist-packages/neutron_lib/callbacks/manager.py:176}}
Mar 10 17:25:00.661655 dv-cinder-830538-8-smb neutron-server[102944]: DEBUG neutron_lib.callbacks.manager [None req-9b6c807b-1835-4a8a-9804-8ea85a0fcac7 admin admin] Publish callbacks [] for port (b0106fbc-885a-4315-bbed-76e7606dec78), precommit_update {{(pid=102944) _notify_loop /usr/local/lib/python3.8/dist-packages/neutron_lib/callbacks/manager.py:176}}
Mar 10 17:25:00.666327 dv-cinder-830538-8-smb neutron-server[102946]: DEBUG neutron.plugins.ml2.rpc [None req-faa3a627-206a-4a2b-bcc0-147d82ed9fdc None None] Device 9e8c73ac-829f-4905-b839-b43d8efbbaee up at agent ovs-agent-dv-cinder-830538-8-smb {{(pid=102946) update_device_up /opt/stack/neutron/neutron/plugins/ml2/rpc.py:296}}
Mar 10 17:25:00.691757 dv-cinder-830538-8-smb neutron-server[102945]: DEBUG neutron_lib.callbacks.manager [None req-bb248c42-67d0-4214-88aa-ae1249a9341e tempest-AttachVolumeShelveTestJSON-25270699 tempest-AttachVolumeShelveTestJSON-25270699-project] Publish callbacks [] for floatingip (66c37824-8a0c-4335-a1a0-90fd11a4e895), precommit_create {{(pid=102945) _notify_loop /usr/local/lib/python3.8/dist-packages/neutron_lib/callbacks/manager.py:176}}
Mar 10 17:25:00.794578 dv-cinder-830538-8-smb neutron-server[102945]: DEBUG neutron_lib.callbacks.manager [None req-bb248c42-67d0-4214-88aa-ae1249a9341e tempest-AttachVolumeShelveTestJSON-25270699 tempest-AttachVolumeShelveTestJSON-25270699-project] Publish callbacks ['neutron.plugins.ml2.plugin.SecurityGroupDbMixin._ensure_default_security_group_handler-611436'] for port (ccc7f9c3-bcfa-4e6e-8d61-3de012a9debe), before_update {{(pid=102945) _notify_loop /usr/local/lib/python3.8/dist-packages/neutron_lib/callbacks/manager.py:176}}
Mar 10 17:25:00.827422 dv-cinder-830538-8-smb neutron-server[102944]: DEBUG neutron.api.rpc.agentnotifiers.l3_rpc_agent_api [None req-937e73fc-d452-4ad0-8dca-15a2a44ab55e admin admin] Notify agent at l3_agent.dv-cinder-830538-8-smb the message routers_updated {{(pid=102944) _agent_notification /opt/stack/neutron/neutron/api/rpc/agentnotifiers/l3_rpc_agent_api.py:65}}
Mar 10 17:25:00.833214 dv-cinder-830538-8-smb neutron-server[102946]: DEBUG neutron.db.provisioning_blocks [None req-faa3a627-206a-4a2b-bcc0-147d82ed9fdc None None] Provisioning complete for port 9e8c73ac-829f-4905-b839-b43d8efbbaee triggered by entity L2. {{(pid=102946) provisioning_complete /opt/stack/neutron/neutron/db/provisioning_blocks.py:140}}
Mar 10 17:25:00.833683 dv-cinder-830538-8-smb neutron-server[102946]: DEBUG neutron_lib.callbacks.manager [None req-faa3a627-206a-4a2b-bcc0-147d82ed9fdc None None] Publish callbacks ['neutron.plugins.ml2.plugin.Ml2Plugin._port_provisioned-739618'] for port (9e8c73ac-829f-4905-b839-b43d8efbbaee), provisioning_complete {{(pid=102946) _notify_loop /usr/local/lib/python3.8/dist-packages/neutron_lib/callbacks/manager.py:176}}
Mar 10 17:25:00.864325 dv-cinder-830538-8-smb neutron-server[102944]: INFO neutron.wsgi [None req-937e73fc-d452-4ad0-8dca-15a2a44ab55e admin admin] 10.222.0.20 "PUT /v2.0/routers/60a1c251-afd5-4040-a993-68f4a57313cc/add_router_interface HTTP/1.1" status: 200 len: 503 time: 16.7897038
Mar 10 17:25:00.880517 dv-cinder-830538-8-smb neutron-server[102944]: DEBUG neutron_lib.callbacks.manager [None req-9b6c807b-1835-4a8a-9804-8ea85a0fcac7 admin admin] Publish callbacks ['neutron.plugins.ml2.plugin.SecurityGroupServerNotifierRpcMixin._notify_sg_on_port_change-611520', 'neutron.plugins.ml2.ovo_rpc._ObjectChangeHandler.handle_event-467958', 'neutron.api.rpc.agentnotifiers.dhcp_rpc_agent_api.DhcpAgentNotifyAPI._native_event_send_dhcp_notification-1598650', 'neutron.db.l3_db.L3RpcNotifierMixin._notify_gateway_port_ip_changed-8785497540455', 'neutron.db.l3_dvrscheduler_db._notify_l3_agent_port_update-8785497022603', 'neutron.db.l3_hascheduler_db._notify_l3_agent_ha_port_update-8785497022621'] for port (b0106fbc-885a-4315-bbed-76e7606dec78), after_update {{(pid=102944) _notify_loop /usr/local/lib/python3.8/dist-packages/neutron_lib/callbacks/manager.py:176}}
Mar 10 17:25:00.881239 dv-cinder-830538-8-smb neutron-server[102944]: DEBUG neutron_lib.callbacks.manager [None req-9b6c807b-1835-4a8a-9804-8ea85a0fcac7 admin admin] Publish callbacks ['neutron.api.rpc.agentnotifiers.dhcp_rpc_agent_api.DhcpAgentNotifyAPI._after_router_interface_created-1598600', 'neutron.services.l3_router.l3_router_plugin.DVRResourceOperationHandler._update_snat_v6_addrs_after_intf_update-1803446'] for router_interface (452c18f1-72d4-4862-80a3-429cee1b965a), after_create {{(pid=102944) _notify_loop /usr/local/lib/python3.8/dist-packages/neutron_lib/callbacks/manager.py:176}}
Mar 10 17:25:00.936212 dv-cinder-830538-8-smb neutron-server[102946]: DEBUG neutron.api.rpc.handlers.l3_rpc [None req-f8639d17-c04e-4fc5-82eb-6ad2540a5bef None None] Sync routers for ids ['60a1c251-afd5-4040-a993-68f4a57313cc'] in dv-cinder-830538-8-smb {{(pid=102946) sync_routers /opt/stack/neutron/neutron/api/rpc/handlers/l3_rpc.py:125}}
Mar 10 17:25:00.990317 dv-cinder-830538-8-smb neutron-server[102946]: DEBUG neutron.db.l3_dvrscheduler_db [None req-f8639d17-c04e-4fc5-82eb-6ad2540a5bef None None] Routers {'60a1c251-afd5-4040-a993-68f4a57313cc'} bound to L3 agent in host dv-cinder-830538-8-smb {{(pid=102946) _get_router_ids_for_agent /opt/stack/neutron/neutron/db/l3_dvrscheduler_db.py:421}}
Mar 10 17:25:00.990986 dv-cinder-830538-8-smb neutron-server[102946]: DEBUG neutron.db.l3_hamode_db [None req-f8639d17-c04e-4fc5-82eb-6ad2540a5bef None None] neutron.services.l3_router.l3_router_plugin.L3RouterPlugin method get_ha_sync_data_for_host called with arguments (, 'dv-cinder-830538-8-smb', Agent(admin_state_up=True,agent_type='L3 agent',availability_zone='nova',binary='neutron-l3-agent',configurations={"agent_mode": "legacy", "ex_gw_ports": 1, "extensions": [], "floating_ips": 0, "handle_internal_only_routers": true, "interface_driver": "openvswitch", "interfaces": 1, "log_agent_heartbeats": false, "routers": 1},created_at=2022-03-10T17:16:33Z,description=,heartbeat_timestamp=2022-03-10T17:24:33Z,host='dv-cinder-830538-8-smb',id=7ece65fb-ba8c-42e3-8039-b7d4a40efca0,load=0,resource_versions=,resources_synced=,started_at=2022-03-10T17:16:33Z,topic='l3_agent')) {'router_ids': ['60a1c251-afd5-4040-a993-68f4a57313cc'], 'active': True} {{(pid=102946) wrapper /usr/local/lib/python3.8/dist-packages/oslo_log/helpers.py:65}}
Mar 10 17:25:01.009352 dv-cinder-830538-8-smb neutron-server[102947]: DEBUG neutron.db.agents_db [None req-ea44711e-1481-45a9-8b3a-6ad6926b980c None None] Agent healthcheck: found 6 active agents {{(pid=102947) agent_health_check /opt/stack/neutron/neutron/db/agents_db.py:317}}
Mar 10 17:25:01.089142 dv-cinder-830538-8-smb neutron-server[102945]: DEBUG neutron_lib.callbacks.manager [None req-bb248c42-67d0-4214-88aa-ae1249a9341e tempest-AttachVolumeShelveTestJSON-25270699 tempest-AttachVolumeShelveTestJSON-25270699-project] Publish callbacks [] for port (ccc7f9c3-bcfa-4e6e-8d61-3de012a9debe), precommit_update {{(pid=102945) _notify_loop /usr/local/lib/python3.8/dist-packages/neutron_lib/callbacks/manager.py:176}}
Mar 10 17:25:01.105201 dv-cinder-830538-8-smb neutron-server[102945]: DEBUG neutron_lib.callbacks.manager [None req-bb248c42-67d0-4214-88aa-ae1249a9341e tempest-AttachVolumeShelveTestJSON-25270699 tempest-AttachVolumeShelveTestJSON-25270699-project] Publish callbacks ['neutron.plugins.ml2.plugin.SecurityGroupServerNotifierRpcMixin._notify_sg_on_port_change-611520', 'neutron.plugins.ml2.ovo_rpc._ObjectChangeHandler.handle_event-467958', 'neutron.api.rpc.agentnotifiers.dhcp_rpc_agent_api.DhcpAgentNotifyAPI._native_event_send_dhcp_notification-1598650', 'neutron.db.l3_db.L3RpcNotifierMixin._notify_gateway_port_ip_changed-8785497540455', 'neutron.db.l3_dvrscheduler_db._notify_l3_agent_port_update-8785497022603', 'neutron.db.l3_hascheduler_db._notify_l3_agent_ha_port_update-8785497022621'] for port (ccc7f9c3-bcfa-4e6e-8d61-3de012a9debe), after_update {{(pid=102945) _notify_loop /usr/local/lib/python3.8/dist-packages/neutron_lib/callbacks/manager.py:176}}
Mar 10 17:25:01.131820 dv-cinder-830538-8-smb neutron-server[102946]: DEBUG neutron.plugins.ml2.plugin [None req-faa3a627-206a-4a2b-bcc0-147d82ed9fdc None None] Current status of the port 9e8c73ac-829f-4905-b839-b43d8efbbaee is: ACTIVE; New status is: ACTIVE {{(pid=102946) _update_individual_port_db_status /opt/stack/neutron/neutron/plugins/ml2/plugin.py:2232}}
Mar 10 17:25:01.172986 dv-cinder-830538-8-smb neutron-server[102945]: DEBUG neutron_lib.callbacks.manager [None req-bb248c42-67d0-4214-88aa-ae1249a9341e tempest-AttachVolumeShelveTestJSON-25270699 tempest-AttachVolumeShelveTestJSON-25270699-project] Publish callbacks ['neutron.services.l3_router.l3_router_plugin.DVRResourceOperationHandler._create_dvr_floating_gw_port-1809299'] for floatingip (66c37824-8a0c-4335-a1a0-90fd11a4e895), after_create {{(pid=102945) _notify_loop /usr/local/lib/python3.8/dist-packages/neutron_lib/callbacks/manager.py:176}}
Mar 10 17:25:01.242530 dv-cinder-830538-8-smb neutron-server[102945]: DEBUG neutron.api.rpc.handlers.resources_rpc [None req-bb248c42-67d0-4214-88aa-ae1249a9341e tempest-AttachVolumeShelveTestJSON-25270699 tempest-AttachVolumeShelveTestJSON-25270699-project] Pushing event updated for resources: {'Port': ['ID=ccc7f9c3-bcfa-4e6e-8d61-3de012a9debe,revision_number=2']} {{(pid=102945) push /opt/stack/neutron/neutron/api/rpc/handlers/resources_rpc.py:237}}
Mar 10 17:25:01.250100 dv-cinder-830538-8-smb neutron-server[102946]: DEBUG neutron.db.l3_dvr_db [None req-f8639d17-c04e-4fc5-82eb-6ad2540a5bef None None] Set router 60a1c251-afd5-4040-a993-68f4a57313cc gateway port host: dv-cinder-830538-8-smb {{(pid=102946) _build_routers_list /opt/stack/neutron/neutron/db/l3_dvr_db.py:906}}
Mar 10 17:25:01.259462 dv-cinder-830538-8-smb neutron-server[102945]: DEBUG neutron_lib.callbacks.manager [None req-bb248c42-67d0-4214-88aa-ae1249a9341e tempest-AttachVolumeShelveTestJSON-25270699 tempest-AttachVolumeShelveTestJSON-25270699-project] Publish callbacks ['neutron.notifiers.nova.Notifier._send_nova_notification-123224'] for floatingip (None), before_response {{(pid=102945) _notify_loop /usr/local/lib/python3.8/dist-packages/neutron_lib/callbacks/manager.py:176}}
Mar 10 17:25:01.270240 dv-cinder-830538-8-smb neutron-server[102945]: INFO neutron.wsgi [None req-bb248c42-67d0-4214-88aa-ae1249a9341e tempest-AttachVolumeShelveTestJSON-25270699 tempest-AttachVolumeShelveTestJSON-25270699-project] 10.222.0.20 "POST /v2.0/floatingips HTTP/1.1" status: 201 len: 691 time: 2.2712443
Mar 10 17:25:01.598689 dv-cinder-830538-8-smb neutron-server[102944]: DEBUG neutron.scheduler.dhcp_agent_scheduler [None req-9b6c807b-1835-4a8a-9804-8ea85a0fcac7 admin admin] Network d160254a-44f9-4825-8656-6775a951a63f is already hosted by enough agents. {{(pid=102944) _get_dhcp_agents_hosting_network /opt/stack/neutron/neutron/scheduler/dhcp_agent_scheduler.py:275}}
Mar 10 17:25:01.631651 dv-cinder-830538-8-smb neutron-server[102944]: DEBUG neutron.scheduler.base_scheduler [None req-9b6c807b-1835-4a8a-9804-8ea85a0fcac7 admin admin] Resources bound (agent type, host, resource id): {{(pid=102944) schedule /opt/stack/neutron/neutron/scheduler/base_scheduler.py:57}}
Mar 10 17:25:01.670310 dv-cinder-830538-8-smb neutron-server[102944]: DEBUG neutron.pecan_wsgi.hooks.policy_enforcement [req-d96e980f-944e-44dc-a475-c0ab10ceda45 req-092dc87d-3e2a-4598-a725-dc32d808d078 tempest-DeleteServersTestJSON-172494011 tempest-DeleteServersTestJSON-172494011-project] Attributes excluded by policy engine: ['standard_attr_id', 'binding:profile', 'binding:host_id', 'binding:vif_type', 'binding:vif_details'] {{(pid=102944) _exclude_attributes_by_policy /opt/stack/neutron/neutron/pecan_wsgi/hooks/policy_enforcement.py:255}}
Mar 10 17:25:01.671756 dv-cinder-830538-8-smb neutron-server[102944]: INFO neutron.wsgi [req-d96e980f-944e-44dc-a475-c0ab10ceda45 req-092dc87d-3e2a-4598-a725-dc32d808d078 tempest-DeleteServersTestJSON-172494011 tempest-DeleteServersTestJSON-172494011-project] 10.222.0.20 "GET /v2.0/ports?device_id=febb38ef-8e0f-461a-8610-ea5c5dad6eef HTTP/1.1" status: 200 len: 932 time: 0.5376048
Mar 10 17:25:01.841548 dv-cinder-830538-8-smb neutron-server[102944]: DEBUG neutron.notifiers.nova [req-15de8616-f80a-4f58-be21-da33baf7ce74 req-881e7fb5-f1f7-46ca-a117-1eedb7b953a7 service neutron] Ignoring state change previous_port_status: DOWN current_port_status: DOWN port_id 7206ad13-93be-480a-8ee8-6fbaa4eb5f2a {{(pid=102944) record_port_status_changed /opt/stack/neutron/neutron/notifiers/nova.py:233}}
Mar 10 17:25:01.950887 dv-cinder-830538-8-smb neutron-server[102946]: DEBUG neutron.db.l3_hamode_db [None req-f8639d17-c04e-4fc5-82eb-6ad2540a5bef None None] neutron.services.l3_router.l3_router_plugin.L3RouterPlugin method _process_sync_ha_data called with arguments (, [{'id': '60a1c251-afd5-4040-a993-68f4a57313cc', 'name': 'tempest-AttachVolumeTestJSON-1470776367-router', 'tenant_id': '4ba2f62a8021419f977bc1aa930d389a', 'admin_state_up': True, 'status': 'ACTIVE', 'external_gateway_info': {'network_id': 'f1a70794-0bc9-4124-b1cf-d2390a4144ae', 'external_fixed_ips': [{'subnet_id': '11e33d57-44e8-4c2c-8e57-61c0fb9b3d47', 'ip_address': '172.28.1.253'}], 'enable_snat': True}, 'gw_port_id': '867b1a57-db0c-40e6-8550-0a6da90fd9b1', 'description': '', 'availability_zones': ['nova'], 'distributed': False, 'ha': False, 'ha_vr_id': 0, 'availability_zone_hints': [], 'routes': [], 'flavor_id': None, 'tags': [], 'created_at': '2022-03-10T17:24:38Z', 'updated_at': '2022-03-10T17:24:52Z', 'revision_number': 4, 'project_id': '4ba2f62a8021419f977bc1aa930d389a', 'gw_port': {'id': '867b1a57-db0c-40e6-8550-0a6da90fd9b1', 'name': '', 'network_id': 'f1a70794-0bc9-4124-b1cf-d2390a4144ae', 'tenant_id': '', 'mac_address': 'fa:16:3e:0f:e9:3d', 'admin_state_up': True, 'status': 'ACTIVE', 'device_id': '60a1c251-afd5-4040-a993-68f4a57313cc', 'device_owner': 'network:router_gateway', 'standard_attr_id': 74, 'fixed_ips': [{'subnet_id': '11e33d57-44e8-4c2c-8e57-61c0fb9b3d47', 'ip_address': '172.28.1.253', 'prefixlen': 24}], 'allowed_address_pairs': [], 'extra_dhcp_opts': [], 'security_groups': [], 'description': '', 'binding:vnic_type': 'normal', 'binding:profile': {}, 'binding:host_id': 'dv-cinder-830538-8-smb', 'binding:vif_type': 'ovs', 'binding:vif_details': {'connectivity': 'l2', 'port_filter': True, 'ovs_hybrid_plug': False, 'datapath_type': 'system', 'bridge_name': 'br-int', 'bound_drivers': {'0': 'openvswitch'}}, 'port_security_enabled': False, 'tags': [], 'created_at': '2022-03-10T17:24:39Z', 'updated_at': '2022-03-10T17:24:50Z', 'revision_number': 4, 'project_id': '', 'subnets': [{'id': '11e33d57-44e8-4c2c-8e57-61c0fb9b3d47', 'cidr': '172.28.1.0/24', 'gateway_ip': '172.28.1.1', 'dns_nameservers': [], 'ipv6_ra_mode': None, 'subnetpool_id': None}], 'extra_subnets': [], 'address_scopes': {4: None, 6: None}, 'mtu': 1500}, 'enable_snat': True, 'gw_port_host': 'dv-cinder-830538-8-smb', '_interfaces': [{'id': '5337f7e4-0625-43ff-94de-3dae543b5aa4', 'name': '', 'network_id': '416fac32-0466-45e7-ac9d-387c17965d9a', 'tenant_id': '4ba2f62a8021419f977bc1aa930d389a', 'mac_address': 'fa:16:3e:61:38:ef', 'admin_state_up': True, 'status': 'DOWN', 'device_id': '60a1c251-afd5-4040-a993-68f4a57313cc', 'device_owner': 'network:router_interface', 'standard_attr_id': 88, 'fixed_ips': [{'subnet_id': '2720d227-f5c0-41e5-b3a9-eb6b75e06efb', 'ip_address': '172.20.0.1', 'prefixlen': 28}], 'allowed_address_pairs': [], 'extra_dhcp_opts': [], 'security_groups': [], 'description': '', 'binding:vnic_type': 'normal', 'binding:profile': {}, 'binding:host_id': '', 'binding:vif_type': 'unbound', 'binding:vif_details': {}, 'port_security_enabled': False, 'tags': [], 'created_at': '2022-03-10T17:24:47Z', 'updated_at': '2022-03-10T17:24:53Z', 'revision_number': 2, 'project_id': '4ba2f62a8021419f977bc1aa930d389a', 'subnets': [{'id': '2720d227-f5c0-41e5-b3a9-eb6b75e06efb', 'cidr': '172.20.0.0/28', 'gateway_ip': '172.20.0.1', 'dns_nameservers': [], 'ipv6_ra_mode': None, 'subnetpool_id': None}], 'extra_subnets': [], 'address_scopes': {4: None, 6: None}, 'mtu': 1500}]}], 'dv-cinder-830538-8-smb', False) {} {{(pid=102946) wrapper /usr/local/lib/python3.8/dist-packages/oslo_log/helpers.py:65}}
Mar 10 17:25:02.015007 dv-cinder-830538-8-smb neutron-server[102944]: DEBUG neutron.api.rpc.handlers.resources_rpc [None req-9b6c807b-1835-4a8a-9804-8ea85a0fcac7 admin admin] Pushing event updated for resources: {'Port': ['ID=b0106fbc-885a-4315-bbed-76e7606dec78,revision_number=2']} {{(pid=102944) push /opt/stack/neutron/neutron/api/rpc/handlers/resources_rpc.py:237}}
Mar 10 17:25:02.046942 dv-cinder-830538-8-smb neutron-server[102946]: DEBUG neutron.api.rpc.handlers.l3_rpc [None req-f8639d17-c04e-4fc5-82eb-6ad2540a5bef None None] Checking router: 60a1c251-afd5-4040-a993-68f4a57313cc for host: dv-cinder-830538-8-smb {{(pid=102946) _ensure_host_set_on_ports /opt/stack/neutron/neutron/api/rpc/handlers/l3_rpc.py:155}}
Mar 10 17:25:02.047299 dv-cinder-830538-8-smb neutron-server[102946]: DEBUG neutron.api.rpc.handlers.l3_rpc [None req-f8639d17-c04e-4fc5-82eb-6ad2540a5bef None None] Updating router 60a1c251-afd5-4040-a993-68f4a57313cc port 5337f7e4-0625-43ff-94de-3dae543b5aa4 binding host dv-cinder-830538-8-smb {{(pid=102946) _ensure_host_set_on_port /opt/stack/neutron/neutron/api/rpc/handlers/l3_rpc.py:205}}
Mar 10 17:25:02.049678 dv-cinder-830538-8-smb neutron-server[102944]: INFO neutron.wsgi [req-d96e980f-944e-44dc-a475-c0ab10ceda45 req-913087bc-a2bc-447a-b7d2-53f93f759b21 tempest-DeleteServersTestJSON-172494011 tempest-DeleteServersTestJSON-172494011-project] 10.222.0.20 "GET /v2.0/security-groups?id=5421ffcc-80e1-4293-99ab-0bb600604e31&fields=id&fields=name HTTP/1.1" status: 200 len: 286 time: 0.2381558
Mar 10 17:25:02.054130 dv-cinder-830538-8-smb neutron-server[102944]: DEBUG neutron_lib.callbacks.manager [req-15de8616-f80a-4f58-be21-da33baf7ce74 req-881e7fb5-f1f7-46ca-a117-1eedb7b953a7 service neutron] Publish callbacks [] for port (7206ad13-93be-480a-8ee8-6fbaa4eb5f2a), precommit_update {{(pid=102944) _notify_loop /usr/local/lib/python3.8/dist-packages/neutron_lib/callbacks/manager.py:176}}
Mar 10 17:25:02.123905 dv-cinder-830538-8-smb neutron-server[102946]: DEBUG neutron_lib.callbacks.manager [None req-f8639d17-c04e-4fc5-82eb-6ad2540a5bef None None] Publish callbacks ['neutron.plugins.ml2.plugin.SecurityGroupDbMixin._ensure_default_security_group_handler-611436'] for port (5337f7e4-0625-43ff-94de-3dae543b5aa4), before_update {{(pid=102946) _notify_loop /usr/local/lib/python3.8/dist-packages/neutron_lib/callbacks/manager.py:176}}
Mar 10 17:25:02.203779 dv-cinder-830538-8-smb neutron-server[102944]: DEBUG neutron.db.provisioning_blocks [req-15de8616-f80a-4f58-be21-da33baf7ce74 req-881e7fb5-f1f7-46ca-a117-1eedb7b953a7 service neutron] Transition to ACTIVE for port object 7206ad13-93be-480a-8ee8-6fbaa4eb5f2a will not be triggered until provisioned by entity L2. {{(pid=102944) add_provisioning_component /opt/stack/neutron/neutron/db/provisioning_blocks.py:74}}
Mar 10 17:25:02.234142 dv-cinder-830538-8-smb neutron-server[102944]: DEBUG neutron_lib.callbacks.manager [req-15de8616-f80a-4f58-be21-da33baf7ce74 req-881e7fb5-f1f7-46ca-a117-1eedb7b953a7 service neutron] Publish callbacks ['neutron.plugins.ml2.plugin.SecurityGroupServerNotifierRpcMixin._notify_sg_on_port_change-611520', 'neutron.plugins.ml2.ovo_rpc._ObjectChangeHandler.handle_event-467958', 'neutron.api.rpc.agentnotifiers.dhcp_rpc_agent_api.DhcpAgentNotifyAPI._native_event_send_dhcp_notification-1598650', 'neutron.db.l3_db.L3RpcNotifierMixin._notify_gateway_port_ip_changed-8785497540455', 'neutron.db.l3_dvrscheduler_db._notify_l3_agent_port_update-8785497022603', 'neutron.db.l3_hascheduler_db._notify_l3_agent_ha_port_update-8785497022621'] for port (7206ad13-93be-480a-8ee8-6fbaa4eb5f2a), after_update {{(pid=102944) _notify_loop /usr/local/lib/python3.8/dist-packages/neutron_lib/callbacks/manager.py:176}}
Mar 10 17:25:02.329729 dv-cinder-830538-8-smb neutron-server[102945]: DEBUG neutron.wsgi [-] (102945) accepted ('10.222.0.20', 33424) {{(pid=102945) server /usr/local/lib/python3.8/dist-packages/eventlet/wsgi.py:1004}}
Mar 10 17:25:02.352029 dv-cinder-830538-8-smb neutron-server[102945]: DEBUG neutron.api.v2.base [None req-1b9a4d3a-c827-42df-920f-aef335b15793 tempest-AttachVolumeTestJSON-568488720 tempest-AttachVolumeTestJSON-568488720-project] Request body: {'security_group': {'name': 'tempest-securitygroup--316621922', 'description': 'tempest-description--556231201'}} {{(pid=102945) prepare_request_body /opt/stack/neutron/neutron/api/v2/base.py:729}}
Mar 10 17:25:02.419408 dv-cinder-830538-8-smb neutron-server[102945]: DEBUG neutron_lib.callbacks.manager [None req-1b9a4d3a-c827-42df-920f-aef335b15793 tempest-AttachVolumeTestJSON-568488720 tempest-AttachVolumeTestJSON-568488720-project] Publish callbacks [] for security_group (None), before_create {{(pid=102945) _notify_loop /usr/local/lib/python3.8/dist-packages/neutron_lib/callbacks/manager.py:176}}
Mar 10 17:25:02.434015 dv-cinder-830538-8-smb neutron-server[102944]: DEBUG neutron.api.rpc.handlers.resources_rpc [None req-881e7fb5-f1f7-46ca-a117-1eedb7b953a7 service neutron] Pushing event updated for resources: {'Port': ['ID=7206ad13-93be-480a-8ee8-6fbaa4eb5f2a,revision_number=2']} {{(pid=102944) push /opt/stack/neutron/neutron/api/rpc/handlers/resources_rpc.py:237}}
Mar 10 17:25:02.546652 dv-cinder-830538-8-smb neutron-server[102944]: DEBUG neutron_lib.callbacks.manager [None req-9cff51a4-173a-4378-b1fd-f6c90d3509c5 admin admin] Publish callbacks ['neutron.plugins.ml2.plugin.SecurityGroupDbMixin._ensure_default_security_group_handler-611436'] for port (36c93647-4788-4483-9938-ca320e0a15e3), before_update {{(pid=102944) _notify_loop /usr/local/lib/python3.8/dist-packages/neutron_lib/callbacks/manager.py:176}}
Mar 10 17:25:02.548350 dv-cinder-830538-8-smb neutron-server[102945]: DEBUG neutron.wsgi [-] (102945) accepted ('10.222.0.20', 33428) {{(pid=102945) server /usr/local/lib/python3.8/dist-packages/eventlet/wsgi.py:1004}}
Mar 10 17:25:02.548650 dv-cinder-830538-8-smb neutron-server[102945]: DEBUG neutron.wsgi [-] (102945) accepted ('10.222.0.20', 33430) {{(pid=102945) server /usr/local/lib/python3.8/dist-packages/eventlet/wsgi.py:1004}}
Mar 10 17:25:02.618778 dv-cinder-830538-8-smb neutron-server[102945]: DEBUG neutron_lib.callbacks.manager [None req-1b9a4d3a-c827-42df-920f-aef335b15793 tempest-AttachVolumeTestJSON-568488720 tempest-AttachVolumeTestJSON-568488720-project] Publish callbacks [] for security_group (39da8260-e628-42c2-b4e3-a7deccaf2107), precommit_create {{(pid=102945) _notify_loop /usr/local/lib/python3.8/dist-packages/neutron_lib/callbacks/manager.py:176}}
Mar 10 17:25:02.623989 dv-cinder-830538-8-smb neutron-server[102945]: DEBUG neutron_lib.callbacks.manager [None req-1b9a4d3a-c827-42df-920f-aef335b15793 tempest-AttachVolumeTestJSON-568488720 tempest-AttachVolumeTestJSON-568488720-project] Publish callbacks ['neutron.plugins.ml2.ovo_rpc._ObjectChangeHandler.handle_event-1739345'] for security_group (39da8260-e628-42c2-b4e3-a7deccaf2107), after_create {{(pid=102945) _notify_loop /usr/local/lib/python3.8/dist-packages/neutron_lib/callbacks/manager.py:176}}
Mar 10 17:25:02.659641 dv-cinder-830538-8-smb neutron-server[102945]: DEBUG neutron_lib.callbacks.manager [None req-1b9a4d3a-c827-42df-920f-aef335b15793 tempest-AttachVolumeTestJSON-568488720 tempest-AttachVolumeTestJSON-568488720-project] Publish callbacks [] for security_group (None), before_response {{(pid=102945) _notify_loop /usr/local/lib/python3.8/dist-packages/neutron_lib/callbacks/manager.py:176}}
Mar 10 17:25:02.665835 dv-cinder-830538-8-smb neutron-server[102946]: DEBUG neutron.db.provisioning_blocks [None req-4e3dc7b9-fb66-457e-9535-be1851ba797c None None] Provisioning complete for port b0106fbc-885a-4315-bbed-76e7606dec78 triggered by entity DHCP. {{(pid=102946) provisioning_complete /opt/stack/neutron/neutron/db/provisioning_blocks.py:140}}
Mar 10 17:25:02.670603 dv-cinder-830538-8-smb neutron-server[102945]: INFO neutron.wsgi [None req-1b9a4d3a-c827-42df-920f-aef335b15793 tempest-AttachVolumeTestJSON-568488720 tempest-AttachVolumeTestJSON-568488720-project] 10.222.0.20 "POST /v2.0/security-groups HTTP/1.1" status: 201 len: 1795 time: 0.3395028
Mar 10 17:25:02.671542 dv-cinder-830538-8-smb neutron-server[102946]: DEBUG neutron_lib.callbacks.manager [None req-4e3dc7b9-fb66-457e-9535-be1851ba797c None None] Publish callbacks ['neutron.plugins.ml2.plugin.Ml2Plugin._port_provisioned-739618'] for port (b0106fbc-885a-4315-bbed-76e7606dec78), provisioning_complete {{(pid=102946) _notify_loop /usr/local/lib/python3.8/dist-packages/neutron_lib/callbacks/manager.py:176}}
Mar 10 17:25:02.672222 dv-cinder-830538-8-smb neutron-server[102945]: DEBUG neutron.wsgi [-] (102945) accepted ('10.222.0.20', 33438) {{(pid=102945) server /usr/local/lib/python3.8/dist-packages/eventlet/wsgi.py:1004}}
Mar 10 17:25:02.689840 dv-cinder-830538-8-smb neutron-server[102945]: DEBUG neutron.api.v2.base [None req-ace62606-2b72-4f32-bf36-6195bd873fdd tempest-AttachVolumeTestJSON-568488720 tempest-AttachVolumeTestJSON-568488720-project] Request body: {'security_group_rule': {'security_group_id': '39da8260-e628-42c2-b4e3-a7deccaf2107', 'protocol': 'tcp', 'ethertype': 'IPv4', 'port_range_min': 22, 'port_range_max': 22, 'direction': 'ingress'}} {{(pid=102945) prepare_request_body /opt/stack/neutron/neutron/api/v2/base.py:729}}
Mar 10 17:25:02.761405 dv-cinder-830538-8-smb neutron-server[102945]: DEBUG neutron_lib.callbacks.manager [None req-ace62606-2b72-4f32-bf36-6195bd873fdd tempest-AttachVolumeTestJSON-568488720 tempest-AttachVolumeTestJSON-568488720-project] Publish callbacks [] for security_group_rule (1249eba0-ef4d-4da9-9ba7-ebf1a21e6751), before_create {{(pid=102945) _notify_loop /usr/local/lib/python3.8/dist-packages/neutron_lib/callbacks/manager.py:176}}
Mar 10 17:25:02.790224 dv-cinder-830538-8-smb neutron-server[102945]: DEBUG neutron.api.rpc.handlers.resources_rpc [None req-1b9a4d3a-c827-42df-920f-aef335b15793 tempest-AttachVolumeTestJSON-568488720 tempest-AttachVolumeTestJSON-568488720-project] Pushing event updated for resources: {'SecurityGroup': ['ID=39da8260-e628-42c2-b4e3-a7deccaf2107,revision_number=1']} {{(pid=102945) push /opt/stack/neutron/neutron/api/rpc/handlers/resources_rpc.py:237}}
Mar 10 17:25:02.792995 dv-cinder-830538-8-smb neutron-server[102945]: DEBUG neutron_lib.callbacks.manager [None req-ec72db58-205b-4033-b7f8-a8fd8cf5d281 admin admin] Publish callbacks [] for security_group (None), before_create {{(pid=102945) _notify_loop /usr/local/lib/python3.8/dist-packages/neutron_lib/callbacks/manager.py:176}}
Mar 10 17:25:02.806945 dv-cinder-830538-8-smb neutron-server[102946]: DEBUG neutron_lib.callbacks.manager [None req-f82056bc-d331-4fa2-b123-61d5462aed16 None None] Publish callbacks ['neutron.services.segments.db._update_segment_host_mapping_for_agent-8785497351940', 'neutron.plugins.ml2.plugin.Ml2Plugin._retry_binding_revived_agents-740032'] for agent (7ece65fb-ba8c-42e3-8039-b7d4a40efca0), after_update {{(pid=102946) _notify_loop /usr/local/lib/python3.8/dist-packages/neutron_lib/callbacks/manager.py:176}}
Mar 10 17:25:02.808870 dv-cinder-830538-8-smb neutron-server[102946]: DEBUG neutron.plugins.ml2.plugin [None req-4e3dc7b9-fb66-457e-9535-be1851ba797c None None] Port b0106fbc-885a-4315-bbed-76e7606dec78 cannot update to ACTIVE because it is not bound. {{(pid=102946) _port_provisioned /opt/stack/neutron/neutron/plugins/ml2/plugin.py:343}}
Mar 10 17:25:02.883741 dv-cinder-830538-8-smb neutron-server[102945]: DEBUG neutron_lib.callbacks.manager [None req-c6c9d87e-dd7c-4efc-a5bd-c0abf9fa4291 admin admin] Publish callbacks [] for security_group (None), before_create {{(pid=102945) _notify_loop /usr/local/lib/python3.8/dist-packages/neutron_lib/callbacks/manager.py:176}}
Mar 10 17:25:02.925144 dv-cinder-830538-8-smb neutron-server[102944]: INFO neutron.wsgi [req-36c164e7-842c-47b1-b84a-495f0228ca97 req-ba94b34e-ac49-491c-8c27-b11ee027fe0a tempest-AttachVolumeShelveTestJSON-25270699 tempest-AttachVolumeShelveTestJSON-25270699-project] 10.222.0.20 "GET /v2.0/security-groups?name=tempest-securitygroup--661279885&fields=id&tenant_id=c33a2bb1f2a947cab674fedc699507d1 HTTP/1.1" status: 200 len: 267 time: 0.4964359
Mar 10 17:25:02.928961 dv-cinder-830538-8-smb neutron-server[102945]: DEBUG neutron_lib.callbacks.manager [None req-ace62606-2b72-4f32-bf36-6195bd873fdd tempest-AttachVolumeTestJSON-568488720 tempest-AttachVolumeTestJSON-568488720-project] Publish callbacks [] for security_group_rule (1249eba0-ef4d-4da9-9ba7-ebf1a21e6751), precommit_create {{(pid=102945) _notify_loop /usr/local/lib/python3.8/dist-packages/neutron_lib/callbacks/manager.py:176}}
Mar 10 17:25:02.938379 dv-cinder-830538-8-smb neutron-server[102945]: DEBUG neutron_lib.callbacks.manager [None req-ace62606-2b72-4f32-bf36-6195bd873fdd tempest-AttachVolumeTestJSON-568488720 tempest-AttachVolumeTestJSON-568488720-project] Publish callbacks ['neutron.plugins.ml2.ovo_rpc._ObjectChangeHandler.handle_event-1739264'] for security_group_rule (1249eba0-ef4d-4da9-9ba7-ebf1a21e6751), after_create {{(pid=102945) _notify_loop /usr/local/lib/python3.8/dist-packages/neutron_lib/callbacks/manager.py:176}}
Mar 10 17:25:02.962721 dv-cinder-830538-8-smb neutron-server[102945]: DEBUG neutron.api.rpc.handlers.resources_rpc [None req-ace62606-2b72-4f32-bf36-6195bd873fdd tempest-AttachVolumeTestJSON-568488720 tempest-AttachVolumeTestJSON-568488720-project] Pushing event updated for resources: {'SecurityGroupRule': ['ID=1249eba0-ef4d-4da9-9ba7-ebf1a21e6751,revision_number=0']} {{(pid=102945) push /opt/stack/neutron/neutron/api/rpc/handlers/resources_rpc.py:237}}
Mar 10 17:25:02.976046 dv-cinder-830538-8-smb neutron-server[102946]: DEBUG neutron_lib.callbacks.manager [None req-f8639d17-c04e-4fc5-82eb-6ad2540a5bef None None] Publish callbacks [] for port (5337f7e4-0625-43ff-94de-3dae543b5aa4), precommit_update {{(pid=102946) _notify_loop /usr/local/lib/python3.8/dist-packages/neutron_lib/callbacks/manager.py:176}}
Mar 10 17:25:02.984666 dv-cinder-830538-8-smb neutron-server[102946]: DEBUG neutron_lib.callbacks.manager [None req-f8639d17-c04e-4fc5-82eb-6ad2540a5bef None None] Publish callbacks ['neutron.plugins.ml2.plugin.SecurityGroupServerNotifierRpcMixin._notify_sg_on_port_change-611520', 'neutron.plugins.ml2.ovo_rpc._ObjectChangeHandler.handle_event-467958', 'neutron.api.rpc.agentnotifiers.dhcp_rpc_agent_api.DhcpAgentNotifyAPI._native_event_send_dhcp_notification-1598650', 'neutron.db.l3_db.L3RpcNotifierMixin._notify_gateway_port_ip_changed-8785497540455', 'neutron.db.l3_dvrscheduler_db._notify_l3_agent_port_update-8785497022603', 'neutron.db.l3_hascheduler_db._notify_l3_agent_ha_port_update-8785497022621'] for port (5337f7e4-0625-43ff-94de-3dae543b5aa4), after_update {{(pid=102946) _notify_loop /usr/local/lib/python3.8/dist-packages/neutron_lib/callbacks/manager.py:176}}
Mar 10 17:25:03.001204 dv-cinder-830538-8-smb neutron-server[102944]: DEBUG neutron.plugins.ml2.managers [req-15de8616-f80a-4f58-be21-da33baf7ce74 req-881e7fb5-f1f7-46ca-a117-1eedb7b953a7 service neutron] Attempting to bind port 7206ad13-93be-480a-8ee8-6fbaa4eb5f2a on host hv-cinder-83053 for vnic_type normal with profile {{(pid=102944) bind_port /opt/stack/neutron/neutron/plugins/ml2/managers.py:795}}
Mar 10 17:25:03.001716 dv-cinder-830538-8-smb neutron-server[102944]: DEBUG neutron.plugins.ml2.managers [req-15de8616-f80a-4f58-be21-da33baf7ce74 req-881e7fb5-f1f7-46ca-a117-1eedb7b953a7 service neutron] Attempting to bind port 7206ad13-93be-480a-8ee8-6fbaa4eb5f2a by drivers openvswitch,hyperv on host hv-cinder-83053 at level 0 using segments [{'id': 'b5159356-a683-423b-ad4b-e060cbd56660', 'network_type': 'vlan', 'physical_network': 'physnet1', 'segmentation_id': 823, 'network_id': '2cfde397-2bc1-415a-be3b-20f8e4e6d734'}] {{(pid=102944) _bind_port_level /opt/stack/neutron/neutron/plugins/ml2/managers.py:820}}
Mar 10 17:25:03.005439 dv-cinder-830538-8-smb neutron-server[102944]: DEBUG neutron.plugins.ml2.drivers.mech_agent [req-15de8616-f80a-4f58-be21-da33baf7ce74 req-881e7fb5-f1f7-46ca-a117-1eedb7b953a7 service neutron] Attempting to bind port 7206ad13-93be-480a-8ee8-6fbaa4eb5f2a on network 2cfde397-2bc1-415a-be3b-20f8e4e6d734 {{(pid=102944) bind_port /opt/stack/neutron/neutron/plugins/ml2/drivers/mech_agent.py:91}}
Mar 10 17:25:03.026073 dv-cinder-830538-8-smb neutron-server[102944]: DEBUG neutron.scheduler.l3_agent_scheduler [None req-9b6c807b-1835-4a8a-9804-8ea85a0fcac7 admin admin] Router 452c18f1-72d4-4862-80a3-429cee1b965a has already been hosted by L3 agent 7ece65fb-ba8c-42e3-8039-b7d4a40efca0 {{(pid=102944) _get_candidates /opt/stack/neutron/neutron/scheduler/l3_agent_scheduler.py:126}}
Mar 10 17:25:03.064651 dv-cinder-830538-8-smb neutron-server[102945]: DEBUG neutron_lib.callbacks.manager [None req-ace62606-2b72-4f32-bf36-6195bd873fdd tempest-AttachVolumeTestJSON-568488720 tempest-AttachVolumeTestJSON-568488720-project] Publish callbacks [] for security_group_rule (None), before_response {{(pid=102945) _notify_loop /usr/local/lib/python3.8/dist-packages/neutron_lib/callbacks/manager.py:176}}
Mar 10 17:25:03.069071 dv-cinder-830538-8-smb neutron-server[102945]: INFO neutron.wsgi [None req-ace62606-2b72-4f32-bf36-6195bd873fdd tempest-AttachVolumeTestJSON-568488720 tempest-AttachVolumeTestJSON-568488720-project] 10.222.0.20 "POST /v2.0/security-group-rules HTTP/1.1" status: 201 len: 764 time: 0.3855350
Mar 10 17:25:03.071311 dv-cinder-830538-8-smb neutron-server[102945]: DEBUG neutron.wsgi [-] (102945) accepted ('10.222.0.20', 33440) {{(pid=102945) server /usr/local/lib/python3.8/dist-packages/eventlet/wsgi.py:1004}}
Mar 10 17:25:03.098958 dv-cinder-830538-8-smb neutron-server[102945]: DEBUG neutron.api.v2.base [None req-4fb35440-1c69-4ff9-b55d-53f77ba214fc tempest-AttachVolumeTestJSON-568488720 tempest-AttachVolumeTestJSON-568488720-project] Request body: {'security_group_rule': {'security_group_id': '39da8260-e628-42c2-b4e3-a7deccaf2107', 'protocol': 'icmp', 'ethertype': 'IPv4', 'direction': 'ingress'}} {{(pid=102945) prepare_request_body /opt/stack/neutron/neutron/api/v2/base.py:729}}
Mar 10 17:25:03.142047 dv-cinder-830538-8-smb neutron-server[102944]: DEBUG neutron.plugins.ml2.drivers.mech_agent [req-15de8616-f80a-4f58-be21-da33baf7ce74 req-881e7fb5-f1f7-46ca-a117-1eedb7b953a7 service neutron] Port 7206ad13-93be-480a-8ee8-6fbaa4eb5f2a on network 2cfde397-2bc1-415a-be3b-20f8e4e6d734 not bound, no agent of type Open vSwitch agent registered on host hv-cinder-83053 {{(pid=102944) bind_port /opt/stack/neutron/neutron/plugins/ml2/drivers/mech_agent.py:103}}
Mar 10 17:25:03.142288 dv-cinder-830538-8-smb neutron-server[102944]: DEBUG neutron.plugins.ml2.drivers.mech_agent [req-15de8616-f80a-4f58-be21-da33baf7ce74 req-881e7fb5-f1f7-46ca-a117-1eedb7b953a7 service neutron] Attempting to bind port 7206ad13-93be-480a-8ee8-6fbaa4eb5f2a on network 2cfde397-2bc1-415a-be3b-20f8e4e6d734 {{(pid=102944) bind_port /opt/stack/neutron/neutron/plugins/ml2/drivers/mech_agent.py:91}}
Mar 10 17:25:03.147427 dv-cinder-830538-8-smb neutron-server[102946]: DEBUG neutron.api.rpc.handlers.resources_rpc [None req-cd893fab-f627-4ebb-a020-13cec007d26c None None] Pushing event updated for resources: {'Port': ['ID=5337f7e4-0625-43ff-94de-3dae543b5aa4,revision_number=3']} {{(pid=102946) push /opt/stack/neutron/neutron/api/rpc/handlers/resources_rpc.py:237}}
Mar 10 17:25:03.169072 dv-cinder-830538-8-smb neutron-server[102946]: DEBUG neutron.plugins.ml2.managers [None req-f8639d17-c04e-4fc5-82eb-6ad2540a5bef None None] Attempting to bind port 5337f7e4-0625-43ff-94de-3dae543b5aa4 on host dv-cinder-830538-8-smb for vnic_type normal with profile {{(pid=102946) bind_port /opt/stack/neutron/neutron/plugins/ml2/managers.py:795}}
Mar 10 17:25:03.169467 dv-cinder-830538-8-smb neutron-server[102946]: DEBUG neutron.plugins.ml2.managers [None req-f8639d17-c04e-4fc5-82eb-6ad2540a5bef None None] Attempting to bind port 5337f7e4-0625-43ff-94de-3dae543b5aa4 by drivers openvswitch,hyperv on host dv-cinder-830538-8-smb at level 0 using segments [{'id': '8e806999-33f1-4bb2-9815-18df8dd006f7', 'network_type': 'vlan', 'physical_network': 'physnet1', 'segmentation_id': 839, 'network_id': '416fac32-0466-45e7-ac9d-387c17965d9a'}] {{(pid=102946) _bind_port_level /opt/stack/neutron/neutron/plugins/ml2/managers.py:820}}
Mar 10 17:25:03.169827 dv-cinder-830538-8-smb neutron-server[102946]: DEBUG neutron.plugins.ml2.drivers.mech_agent [None req-f8639d17-c04e-4fc5-82eb-6ad2540a5bef None None] Attempting to bind port 5337f7e4-0625-43ff-94de-3dae543b5aa4 on network 416fac32-0466-45e7-ac9d-387c17965d9a {{(pid=102946) bind_port /opt/stack/neutron/neutron/plugins/ml2/drivers/mech_agent.py:91}}
Mar 10 17:25:03.174388 dv-cinder-830538-8-smb neutron-server[102945]: DEBUG neutron_lib.callbacks.manager [None req-ec72db58-205b-4033-b7f8-a8fd8cf5d281 admin admin] Publish callbacks [] for security_group (a6f97316-acf5-460c-b967-4332ada7e2f2), precommit_create {{(pid=102945) _notify_loop /usr/local/lib/python3.8/dist-packages/neutron_lib/callbacks/manager.py:176}}
Mar 10 17:25:03.191552 dv-cinder-830538-8-smb neutron-server[102945]: DEBUG neutron_lib.callbacks.manager [None req-ec72db58-205b-4033-b7f8-a8fd8cf5d281 admin admin] Publish callbacks ['neutron.plugins.ml2.ovo_rpc._ObjectChangeHandler.handle_event-1739345'] for security_group (a6f97316-acf5-460c-b967-4332ada7e2f2), after_create {{(pid=102945) _notify_loop /usr/local/lib/python3.8/dist-packages/neutron_lib/callbacks/manager.py:176}}
Mar 10 17:25:03.200838 dv-cinder-830538-8-smb neutron-server[102946]: DEBUG neutron.plugins.ml2.drivers.mech_agent [None req-f8639d17-c04e-4fc5-82eb-6ad2540a5bef None None] Checking agent: {'id': '6a9e4950-a00a-43b4-b3d0-ac6d512309e9', 'agent_type': 'Open vSwitch agent', 'binary': 'neutron-openvswitch-agent', 'topic': 'N/A', 'host': 'dv-cinder-830538-8-smb', 'admin_state_up': True, 'created_at': datetime.datetime(2022, 3, 10, 17, 16, 37), 'started_at': datetime.datetime(2022, 3, 10, 17, 17, 7), 'heartbeat_timestamp': datetime.datetime(2022, 3, 10, 17, 24, 37), 'description': None, 'resources_synced': None, 'availability_zone': None, 'alive': True, 'configurations': {'arp_responder_enabled': False, 'baremetal_smartnic': False, 'bridge_mappings': {'physnet1': 'br-data'}, 'datapath_type': 'system', 'devices': 0, 'enable_distributed_routing': False, 'extensions': [], 'in_distributed_mode': False, 'integration_bridge': 'br-int', 'l2_population': False, 'log_agent_heartbeats': False, 'ovs_capabilities': {'datapath_types': ['netdev', 'system'], 'iface_types': ['erspan', 'geneve', 'gre', 'internal', 'ip6erspan', 'ip6gre', 'lisp', 'patch', 'stt', 'system', 'tap', 'vxlan']}, 'ovs_hybrid_plug': False, 'resource_provider_bandwidths': {}, 'resource_provider_hypervisors': {'br-data': 'dv-cinder-830538-8-smb'}, 'resource_provider_inventory_defaults': {'allocation_ratio': 1.0, 'min_unit': 1, 'step_size': 1, 'reserved': 0}, 'resource_provider_packet_processing_inventory_defaults': {'allocation_ratio': 1.0, 'min_unit': 1, 'step_size': 1, 'reserved': 0}, 'resource_provider_packet_processing_with_direction': {}, 'resource_provider_packet_processing_without_direction': {}, 'tunnel_types': [], 'tunneling_ip': None, 'vhostuser_socket_dir': '/var/run/openvswitch'}, 'resource_versions': {'AddressGroup': '1.2', 'ConntrackHelper': '1.0', 'LocalIPAssociation': '1.0', 'Log': '1.0', 'Network': '1.1', 'Port': '1.7', 'PortForwarding': '1.2', 'QosPolicy': '1.10', 'SecurityGroup': '1.5', 'SecurityGroupRule': '1.2', 'SubPort': '1.0', 'Subnet': '1.1', 'Trunk': '1.1'}} {{(pid=102946) bind_port /opt/stack/neutron/neutron/plugins/ml2/drivers/mech_agent.py:110}}
Mar 10 17:25:03.201244 dv-cinder-830538-8-smb neutron-server[102946]: DEBUG neutron.plugins.ml2.drivers.mech_agent [None req-f8639d17-c04e-4fc5-82eb-6ad2540a5bef None None] Checking segment: {'id': '8e806999-33f1-4bb2-9815-18df8dd006f7', 'network_type': 'vlan', 'physical_network': 'physnet1', 'segmentation_id': 839, 'network_id': '416fac32-0466-45e7-ac9d-387c17965d9a'} for mappings: {'physnet1': 'br-data'} with network types: ['local', 'flat', 'vlan'] {{(pid=102946) check_segment_for_agent /opt/stack/neutron/neutron/plugins/ml2/drivers/mech_agent.py:373}}
Mar 10 17:25:03.201645 dv-cinder-830538-8-smb neutron-server[102946]: DEBUG neutron_lib.callbacks.manager [None req-f8639d17-c04e-4fc5-82eb-6ad2540a5bef None None] Publish callbacks [] for ovs_bridge_name (None), before_read {{(pid=102946) _notify_loop /usr/local/lib/python3.8/dist-packages/neutron_lib/callbacks/manager.py:176}}
Mar 10 17:25:03.202210 dv-cinder-830538-8-smb neutron-server[102946]: DEBUG neutron.plugins.ml2.drivers.mech_agent [None req-f8639d17-c04e-4fc5-82eb-6ad2540a5bef None None] Bound using segment: {'id': '8e806999-33f1-4bb2-9815-18df8dd006f7', 'network_type': 'vlan', 'physical_network': 'physnet1', 'segmentation_id': 839, 'network_id': '416fac32-0466-45e7-ac9d-387c17965d9a'} {{(pid=102946) bind_port /opt/stack/neutron/neutron/plugins/ml2/drivers/mech_agent.py:120}}
Mar 10 17:25:03.202893 dv-cinder-830538-8-smb neutron-server[102946]: DEBUG neutron.plugins.ml2.managers [None req-f8639d17-c04e-4fc5-82eb-6ad2540a5bef None None] Bound port: 5337f7e4-0625-43ff-94de-3dae543b5aa4, host: dv-cinder-830538-8-smb, vif_type: ovs, vif_details: {"connectivity": "l2", "port_filter": true, "ovs_hybrid_plug": false, "datapath_type": "system", "bridge_name": "br-int"}, binding_levels: [{'bound_driver': 'openvswitch', 'bound_segment': {'id': '8e806999-33f1-4bb2-9815-18df8dd006f7', 'network_type': 'vlan', 'physical_network': 'physnet1', 'segmentation_id': 839, 'network_id': '416fac32-0466-45e7-ac9d-387c17965d9a'}}] {{(pid=102946) _bind_port_level /opt/stack/neutron/neutron/plugins/ml2/managers.py:932}}
Mar 10 17:25:03.203497 dv-cinder-830538-8-smb neutron-server[102946]: DEBUG neutron_lib.callbacks.manager [None req-f8639d17-c04e-4fc5-82eb-6ad2540a5bef None None] Publish callbacks ['neutron.plugins.ml2.plugin.SecurityGroupDbMixin._ensure_default_security_group_handler-611436'] for port (5337f7e4-0625-43ff-94de-3dae543b5aa4), before_update {{(pid=102946) _notify_loop /usr/local/lib/python3.8/dist-packages/neutron_lib/callbacks/manager.py:176}}
