Mar 10 17:25:26.420167 dv-cinder-830538-8-smb neutron-server[102944]: INFO neutron.wsgi [req-46fdfab4-6391-4986-88ab-002c576c9a5c req-d93a268c-45ce-4aba-97c1-cd04506863d2 tempest-AttachVolumeNegativeTest-1853985017 tempest-AttachVolumeNegativeTest-1853985017-project] 10.222.0.20 "GET /v2.0/security-groups?id=9d8b059c-5ad6-4ee4-a5bd-5063a1df2494&fields=id&fields=name HTTP/1.1" status: 200 len: 313 time: 0.0508111
Mar 10 17:25:26.766873 dv-cinder-830538-8-smb neutron-server[102944]: DEBUG neutron.pecan_wsgi.hooks.policy_enforcement [req-31a41f2e-d5f8-48dd-9f05-16994cae7dc9 req-e4650e60-04ae-4184-9a26-66546a7db8c1 tempest-AttachVolumeTestJSON-568488720 tempest-AttachVolumeTestJSON-568488720-project] Attributes excluded by policy engine: ['standard_attr_id', 'binding:profile', 'binding:host_id', 'binding:vif_type', 'binding:vif_details'] {{(pid=102944) _exclude_attributes_by_policy /opt/stack/neutron/neutron/pecan_wsgi/hooks/policy_enforcement.py:255}}
Mar 10 17:25:26.772741 dv-cinder-830538-8-smb neutron-server[102944]: INFO neutron.wsgi [req-31a41f2e-d5f8-48dd-9f05-16994cae7dc9 req-e4650e60-04ae-4184-9a26-66546a7db8c1 tempest-AttachVolumeTestJSON-568488720 tempest-AttachVolumeTestJSON-568488720-project] 10.222.0.20 "GET /v2.0/ports?device_id=571922d2-b31c-45cb-af7a-ef86e04dd29b HTTP/1.1" status: 200 len: 945 time: 0.0683761
Mar 10 17:25:26.822694 dv-cinder-830538-8-smb neutron-server[102944]: DEBUG neutron.wsgi [-] (102944) accepted ('10.222.0.20', 34326) {{(pid=102944) server /usr/local/lib/python3.8/dist-packages/eventlet/wsgi.py:1004}}
Mar 10 17:25:26.845777 dv-cinder-830538-8-smb neutron-server[102944]: DEBUG neutron_lib.callbacks.manager [None req-535c9881-c88c-4454-997a-f33626b2a213 admin admin] Publish callbacks [] for security_group (None), before_create {{(pid=102944) _notify_loop /usr/local/lib/python3.8/dist-packages/neutron_lib/callbacks/manager.py:176}}
Mar 10 17:25:26.856145 dv-cinder-830538-8-smb neutron-server[102944]: INFO neutron.wsgi [req-31a41f2e-d5f8-48dd-9f05-16994cae7dc9 req-97704ca6-37fe-4fb6-9781-05448610061e tempest-AttachVolumeTestJSON-568488720 tempest-AttachVolumeTestJSON-568488720-project] 10.222.0.20 "GET /v2.0/security-groups?id=39da8260-e628-42c2-b4e3-a7deccaf2107&fields=id&fields=name HTTP/1.1" status: 200 len: 312 time: 0.0722651
Mar 10 17:25:26.905246 dv-cinder-830538-8-smb neutron-server[102946]: DEBUG neutron.plugins.ml2.rpc [None req-6154c20f-e5b8-4047-8be3-cb42cbbaa356 None None] Device 2f28c367-e8d7-4bbf-994f-b08f9b449d64 up at agent hyperv_hv-cinder-83053 {{(pid=102946) update_device_up /opt/stack/neutron/neutron/plugins/ml2/rpc.py:296}}
Mar 10 17:25:26.925027 dv-cinder-830538-8-smb neutron-server[102945]: DEBUG neutron.wsgi [-] (102945) accepted ('10.222.0.20', 34330) {{(pid=102945) server /usr/local/lib/python3.8/dist-packages/eventlet/wsgi.py:1004}}
Mar 10 17:25:26.954553 dv-cinder-830538-8-smb neutron-server[102944]: DEBUG neutron_lib.callbacks.manager [None req-535c9881-c88c-4454-997a-f33626b2a213 admin admin] Publish callbacks [] for security_group (f00c62dd-e6b5-491e-8278-aa1f23a35d20), precommit_create {{(pid=102944) _notify_loop /usr/local/lib/python3.8/dist-packages/neutron_lib/callbacks/manager.py:176}}
Mar 10 17:25:26.960812 dv-cinder-830538-8-smb neutron-server[102944]: DEBUG neutron_lib.callbacks.manager [None req-535c9881-c88c-4454-997a-f33626b2a213 admin admin] Publish callbacks ['neutron.plugins.ml2.ovo_rpc._ObjectChangeHandler.handle_event-1739345'] for security_group (f00c62dd-e6b5-491e-8278-aa1f23a35d20), after_create {{(pid=102944) _notify_loop /usr/local/lib/python3.8/dist-packages/neutron_lib/callbacks/manager.py:176}}
Mar 10 17:25:26.964486 dv-cinder-830538-8-smb neutron-server[102946]: DEBUG neutron.db.provisioning_blocks [None req-6154c20f-e5b8-4047-8be3-cb42cbbaa356 None None] Provisioning for port 2f28c367-e8d7-4bbf-994f-b08f9b449d64 completed by entity L2. {{(pid=102946) provisioning_complete /opt/stack/neutron/neutron/db/provisioning_blocks.py:134}}
Mar 10 17:25:26.972191 dv-cinder-830538-8-smb neutron-server[102946]: DEBUG neutron.db.provisioning_blocks [None req-6154c20f-e5b8-4047-8be3-cb42cbbaa356 None None] Provisioning complete for port 2f28c367-e8d7-4bbf-994f-b08f9b449d64 triggered by entity L2. {{(pid=102946) provisioning_complete /opt/stack/neutron/neutron/db/provisioning_blocks.py:140}}
Mar 10 17:25:26.972634 dv-cinder-830538-8-smb neutron-server[102946]: DEBUG neutron_lib.callbacks.manager [None req-6154c20f-e5b8-4047-8be3-cb42cbbaa356 None None] Publish callbacks ['neutron.plugins.ml2.plugin.Ml2Plugin._port_provisioned-739618'] for port (2f28c367-e8d7-4bbf-994f-b08f9b449d64), provisioning_complete {{(pid=102946) _notify_loop /usr/local/lib/python3.8/dist-packages/neutron_lib/callbacks/manager.py:176}}
Mar 10 17:25:27.082837 dv-cinder-830538-8-smb neutron-server[102944]: INFO neutron.wsgi [None req-535c9881-c88c-4454-997a-f33626b2a213 admin admin] 10.222.0.20 "GET /v2.0/security-groups?tenant_id=c00affef6f344989b9340c08a34afaba&name=default HTTP/1.1" status: 200 len: 2996 time: 0.2583883
Mar 10 17:25:27.083677 dv-cinder-830538-8-smb neutron-server[102944]: DEBUG neutron.api.rpc.handlers.resources_rpc [None req-535c9881-c88c-4454-997a-f33626b2a213 admin admin] Pushing event updated for resources: {'SecurityGroup': ['ID=f00c62dd-e6b5-491e-8278-aa1f23a35d20,revision_number=1']} {{(pid=102944) push /opt/stack/neutron/neutron/api/rpc/handlers/resources_rpc.py:237}}
Mar 10 17:25:27.085155 dv-cinder-830538-8-smb neutron-server[102945]: DEBUG neutron.wsgi [-] (102945) accepted ('10.222.0.20', 34340) {{(pid=102945) server /usr/local/lib/python3.8/dist-packages/eventlet/wsgi.py:1004}}
Mar 10 17:25:27.100608 dv-cinder-830538-8-smb neutron-server[102946]: DEBUG neutron.plugins.ml2.plugin [None req-6154c20f-e5b8-4047-8be3-cb42cbbaa356 None None] Current status of the port 2f28c367-e8d7-4bbf-994f-b08f9b449d64 is: BUILD; New status is: ACTIVE {{(pid=102946) _update_individual_port_db_status /opt/stack/neutron/neutron/plugins/ml2/plugin.py:2232}}
Mar 10 17:25:27.101179 dv-cinder-830538-8-smb neutron-server[102946]: DEBUG neutron_lib.callbacks.manager [None req-6154c20f-e5b8-4047-8be3-cb42cbbaa356 None None] Publish callbacks ['neutron.plugins.ml2.plugin.SecurityGroupDbMixin._ensure_default_security_group_handler-611436'] for port (2f28c367-e8d7-4bbf-994f-b08f9b449d64), before_update {{(pid=102946) _notify_loop /usr/local/lib/python3.8/dist-packages/neutron_lib/callbacks/manager.py:176}}
Mar 10 17:25:27.120996 dv-cinder-830538-8-smb neutron-server[102944]: DEBUG neutron.pecan_wsgi.hooks.policy_enforcement [req-90a4be2d-0689-425e-96f4-c2f77678ae5a req-75f6c28e-9cd2-42e9-b6f9-646f7febefc1 tempest-DeleteServersTestJSON-172494011 tempest-DeleteServersTestJSON-172494011-project] Attributes excluded by policy engine: ['standard_attr_id', 'binding:profile', 'binding:host_id', 'binding:vif_type', 'binding:vif_details'] {{(pid=102944) _exclude_attributes_by_policy /opt/stack/neutron/neutron/pecan_wsgi/hooks/policy_enforcement.py:255}}
Mar 10 17:25:27.128297 dv-cinder-830538-8-smb neutron-server[102944]: INFO neutron.wsgi [req-90a4be2d-0689-425e-96f4-c2f77678ae5a req-75f6c28e-9cd2-42e9-b6f9-646f7febefc1 tempest-DeleteServersTestJSON-172494011 tempest-DeleteServersTestJSON-172494011-project] 10.222.0.20 "GET /v2.0/ports?device_id=febb38ef-8e0f-461a-8610-ea5c5dad6eef HTTP/1.1" status: 200 len: 946 time: 0.0859101
Mar 10 17:25:27.131617 dv-cinder-830538-8-smb neutron-server[102946]: DEBUG neutron.notifiers.nova [-] Sending events: [{'server_uuid': '9008d7c0-02ac-46d0-a527-00c6db8b2da3', 'name': 'network-vif-plugged', 'status': 'completed', 'tag': '2f28c367-e8d7-4bbf-994f-b08f9b449d64'}] {{(pid=102946) send_events /opt/stack/neutron/neutron/notifiers/nova.py:271}}
Mar 10 17:25:27.134777 dv-cinder-830538-8-smb neutron-server[102946]: DEBUG novaclient.v2.client [-] REQ: curl -g -i --cacert "/opt/stack/data/ca-bundle.pem" -X POST http://10.222.0.20/compute/v2.1/os-server-external-events -H "Accept: application/json" -H "Content-Type: application/json" -H "User-Agent: python-novaclient" -H "X-Auth-Token: {SHA256}f2712cefb6fac1593654ae7d4e1f5c470f1bd9908b51173907796e3f05231c50" -H "X-OpenStack-Nova-API-Version: 2.1" -H "X-OpenStack-Request-ID: req-f908e0b6-0a1c-4f89-8dec-31f704c3af4f" -d '{"events": [{"server_uuid": "9008d7c0-02ac-46d0-a527-00c6db8b2da3", "name": "network-vif-plugged", "status": "completed", "tag": "2f28c367-e8d7-4bbf-994f-b08f9b449d64"}]}' {{(pid=102946) _http_log_request /usr/local/lib/python3.8/dist-packages/keystoneauth1/session.py:519}}
Mar 10 17:25:27.150352 dv-cinder-830538-8-smb neutron-server[102946]: DEBUG neutron.plugins.ml2.db [None req-6154c20f-e5b8-4047-8be3-cb42cbbaa356 None None] For port 2f28c367-e8d7-4bbf-994f-b08f9b449d64, host hv-cinder-83053, got binding levels [PortBindingLevel(driver='hyperv',host='hv-cinder-83053',level=0,port_id=2f28c367-e8d7-4bbf-994f-b08f9b449d64,segment=NetworkSegment(26cec2f9-635c-4db6-b75c-e492d5c7fb5c),segment_id=26cec2f9-635c-4db6-b75c-e492d5c7fb5c)] {{(pid=102946) get_binding_level_objs /opt/stack/neutron/neutron/plugins/ml2/db.py:74}}
Mar 10 17:25:27.157125 dv-cinder-830538-8-smb neutron-server[102946]: DEBUG neutron_lib.callbacks.manager [None req-6154c20f-e5b8-4047-8be3-cb42cbbaa356 None None] Publish callbacks ['neutron.plugins.ml2.plugin.SecurityGroupServerNotifierRpcMixin._notify_sg_on_port_change-611520', 'neutron.plugins.ml2.ovo_rpc._ObjectChangeHandler.handle_event-467958', 'neutron.api.rpc.agentnotifiers.dhcp_rpc_agent_api.DhcpAgentNotifyAPI._native_event_send_dhcp_notification-1598650', 'neutron.db.l3_db.L3RpcNotifierMixin._notify_gateway_port_ip_changed-8785497540455', 'neutron.db.l3_dvrscheduler_db._notify_l3_agent_port_update-8785497022603', 'neutron.db.l3_hascheduler_db._notify_l3_agent_ha_port_update-8785497022621'] for port (2f28c367-e8d7-4bbf-994f-b08f9b449d64), after_update {{(pid=102946) _notify_loop /usr/local/lib/python3.8/dist-packages/neutron_lib/callbacks/manager.py:176}}
Mar 10 17:25:27.159379 dv-cinder-830538-8-smb neutron-server[102946]: DEBUG neutron.plugins.ml2.rpc [None req-6154c20f-e5b8-4047-8be3-cb42cbbaa356 None None] Device 2491de2f-913a-403c-8377-29af2f7b91ce up at agent hyperv_hv-cinder-83053 {{(pid=102946) update_device_up /opt/stack/neutron/neutron/plugins/ml2/rpc.py:296}}
Mar 10 17:25:27.160967 dv-cinder-830538-8-smb neutron-server[102944]: DEBUG neutron.pecan_wsgi.hooks.policy_enforcement [req-f00e08f1-c41f-4030-95aa-024efc0f93b5 req-9e8a4328-4e27-436d-a99e-ebd13e3dfb47 tempest-ServerRescueNegativeTestJSON-1066843757 tempest-ServerRescueNegativeTestJSON-1066843757-project] Attributes excluded by policy engine: ['standard_attr_id', 'binding:profile', 'binding:host_id', 'binding:vif_type', 'binding:vif_details'] {{(pid=102944) _exclude_attributes_by_policy /opt/stack/neutron/neutron/pecan_wsgi/hooks/policy_enforcement.py:255}}
Mar 10 17:25:27.167797 dv-cinder-830538-8-smb neutron-server[102944]: INFO neutron.wsgi [req-f00e08f1-c41f-4030-95aa-024efc0f93b5 req-9e8a4328-4e27-436d-a99e-ebd13e3dfb47 tempest-ServerRescueNegativeTestJSON-1066843757 tempest-ServerRescueNegativeTestJSON-1066843757-project] 10.222.0.20 "GET /v2.0/ports?device_id=3cf46995-ae3c-47e8-a797-aaf12b8dbdf7 HTTP/1.1" status: 200 len: 943 time: 0.1576138
Mar 10 17:25:27.199010 dv-cinder-830538-8-smb neutron-server[102945]: DEBUG neutron_lib.callbacks.manager [None req-dc66399b-c83b-4e65-a8af-f950b6dcf528 admin admin] Publish callbacks [] for security_group (f00c62dd-e6b5-491e-8278-aa1f23a35d20), before_delete {{(pid=102945) _notify_loop /usr/local/lib/python3.8/dist-packages/neutron_lib/callbacks/manager.py:176}}
Mar 10 17:25:27.238760 dv-cinder-830538-8-smb neutron-server[102944]: INFO neutron.wsgi [req-90a4be2d-0689-425e-96f4-c2f77678ae5a req-2a0c8755-a41f-4f36-9cb6-598a71db3e15 tempest-DeleteServersTestJSON-172494011 tempest-DeleteServersTestJSON-172494011-project] 10.222.0.20 "GET /v2.0/security-groups?id=5421ffcc-80e1-4293-99ab-0bb600604e31&fields=id&fields=name HTTP/1.1" status: 200 len: 286 time: 0.1095021
Mar 10 17:25:27.256585 dv-cinder-830538-8-smb neutron-server[102945]: DEBUG neutron_lib.callbacks.manager [None req-dc66399b-c83b-4e65-a8af-f950b6dcf528 admin admin] Publish callbacks [] for security_group (f00c62dd-e6b5-491e-8278-aa1f23a35d20), precommit_delete {{(pid=102945) _notify_loop /usr/local/lib/python3.8/dist-packages/neutron_lib/callbacks/manager.py:176}}
Mar 10 17:25:27.269312 dv-cinder-830538-8-smb neutron-server[102944]: INFO neutron.wsgi [req-f00e08f1-c41f-4030-95aa-024efc0f93b5 req-952ee765-45f2-487e-83c6-feca84e325de tempest-ServerRescueNegativeTestJSON-1066843757 tempest-ServerRescueNegativeTestJSON-1066843757-project] 10.222.0.20 "GET /v2.0/security-groups?id=7b9ad152-0ed3-4445-969c-2ba28e6c6aae&fields=id&fields=name HTTP/1.1" status: 200 len: 286 time: 0.1005385
Mar 10 17:25:27.310455 dv-cinder-830538-8-smb neutron-server[102946]: DEBUG neutron.db.provisioning_blocks [None req-6154c20f-e5b8-4047-8be3-cb42cbbaa356 None None] Provisioning for port 2491de2f-913a-403c-8377-29af2f7b91ce completed by entity L2. {{(pid=102946) provisioning_complete /opt/stack/neutron/neutron/db/provisioning_blocks.py:134}}
Mar 10 17:25:27.315795 dv-cinder-830538-8-smb neutron-server[102945]: DEBUG neutron_lib.callbacks.manager [None req-309526f2-131e-4ac1-9945-5d7451e3f749 admin admin] Publish callbacks [] for security_group (None), before_create {{(pid=102945) _notify_loop /usr/local/lib/python3.8/dist-packages/neutron_lib/callbacks/manager.py:176}}
Mar 10 17:25:27.320045 dv-cinder-830538-8-smb neutron-server[102946]: DEBUG novaclient.v2.client [-] RESP: [200] Connection: close Content-Length: 183 Content-Type: application/json Date: Thu, 10 Mar 2022 17:25:27 GMT OpenStack-API-Version: compute 2.1 Server: Apache/2.4.41 (Ubuntu) Vary: OpenStack-API-Version,X-OpenStack-Nova-API-Version X-OpenStack-Nova-API-Version: 2.1 x-compute-request-id: req-304d2ef2-979c-4118-9d01-2733049978c1 x-openstack-request-id: req-304d2ef2-979c-4118-9d01-2733049978c1 {{(pid=102946) _http_log_response /usr/local/lib/python3.8/dist-packages/keystoneauth1/session.py:550}}
Mar 10 17:25:27.320541 dv-cinder-830538-8-smb neutron-server[102946]: DEBUG novaclient.v2.client [-] RESP BODY: {"events": [{"server_uuid": "9008d7c0-02ac-46d0-a527-00c6db8b2da3", "name": "network-vif-plugged", "status": "completed", "tag": "2f28c367-e8d7-4bbf-994f-b08f9b449d64", "code": 200}]} {{(pid=102946) _http_log_response /usr/local/lib/python3.8/dist-packages/keystoneauth1/session.py:582}}
Mar 10 17:25:27.321179 dv-cinder-830538-8-smb neutron-server[102946]: DEBUG novaclient.v2.client [-] POST call to compute for http://10.222.0.20/compute/v2.1/os-server-external-events used request id req-304d2ef2-979c-4118-9d01-2733049978c1 {{(pid=102946) request /usr/local/lib/python3.8/dist-packages/keystoneauth1/session.py:954}}
Mar 10 17:25:27.321962 dv-cinder-830538-8-smb neutron-server[102946]: INFO neutron.notifiers.nova [-] Nova event response: {'server_uuid': '9008d7c0-02ac-46d0-a527-00c6db8b2da3', 'name': 'network-vif-plugged', 'status': 'completed', 'tag': '2f28c367-e8d7-4bbf-994f-b08f9b449d64', 'code': 200}
Mar 10 17:25:27.324816 dv-cinder-830538-8-smb neutron-server[102946]: DEBUG neutron.api.rpc.handlers.resources_rpc [None req-6154c20f-e5b8-4047-8be3-cb42cbbaa356 None None] Pushing event updated for resources: {'Port': ['ID=2f28c367-e8d7-4bbf-994f-b08f9b449d64,revision_number=5']} {{(pid=102946) push /opt/stack/neutron/neutron/api/rpc/handlers/resources_rpc.py:237}}
Mar 10 17:25:27.330663 dv-cinder-830538-8-smb neutron-server[102946]: DEBUG neutron.db.provisioning_blocks [None req-6154c20f-e5b8-4047-8be3-cb42cbbaa356 None None] Provisioning complete for port 2491de2f-913a-403c-8377-29af2f7b91ce triggered by entity L2. {{(pid=102946) provisioning_complete /opt/stack/neutron/neutron/db/provisioning_blocks.py:140}}
Mar 10 17:25:27.331345 dv-cinder-830538-8-smb neutron-server[102946]: DEBUG neutron_lib.callbacks.manager [None req-6154c20f-e5b8-4047-8be3-cb42cbbaa356 None None] Publish callbacks ['neutron.plugins.ml2.plugin.Ml2Plugin._port_provisioned-739618'] for port (2491de2f-913a-403c-8377-29af2f7b91ce), provisioning_complete {{(pid=102946) _notify_loop /usr/local/lib/python3.8/dist-packages/neutron_lib/callbacks/manager.py:176}}
Mar 10 17:25:27.411461 dv-cinder-830538-8-smb neutron-server[102944]: DEBUG neutron.pecan_wsgi.hooks.policy_enforcement [req-966d5eb8-809d-4ac3-a120-7107e7301d44 req-e6fdf8d8-af00-45b7-aa7e-0c16e648375a tempest-AttachVolumeShelveTestJSON-25270699 tempest-AttachVolumeShelveTestJSON-25270699-project] Attributes excluded by policy engine: ['standard_attr_id', 'binding:profile', 'binding:host_id', 'binding:vif_type', 'binding:vif_details'] {{(pid=102944) _exclude_attributes_by_policy /opt/stack/neutron/neutron/pecan_wsgi/hooks/policy_enforcement.py:255}}
Mar 10 17:25:27.414738 dv-cinder-830538-8-smb neutron-server[102944]: INFO neutron.wsgi [req-966d5eb8-809d-4ac3-a120-7107e7301d44 req-e6fdf8d8-af00-45b7-aa7e-0c16e648375a tempest-AttachVolumeShelveTestJSON-25270699 tempest-AttachVolumeShelveTestJSON-25270699-project] 10.222.0.20 "GET /v2.0/ports?device_id=9008d7c0-02ac-46d0-a527-00c6db8b2da3 HTTP/1.1" status: 200 len: 945 time: 0.0597067
Mar 10 17:25:27.468679 dv-cinder-830538-8-smb neutron-server[102946]: DEBUG neutron.plugins.ml2.plugin [None req-6154c20f-e5b8-4047-8be3-cb42cbbaa356 None None] Current status of the port 2491de2f-913a-403c-8377-29af2f7b91ce is: BUILD; New status is: ACTIVE {{(pid=102946) _update_individual_port_db_status /opt/stack/neutron/neutron/plugins/ml2/plugin.py:2232}}
Mar 10 17:25:27.469901 dv-cinder-830538-8-smb neutron-server[102946]: DEBUG neutron_lib.callbacks.manager [None req-6154c20f-e5b8-4047-8be3-cb42cbbaa356 None None] Publish callbacks ['neutron.plugins.ml2.plugin.SecurityGroupDbMixin._ensure_default_security_group_handler-611436'] for port (2491de2f-913a-403c-8377-29af2f7b91ce), before_update {{(pid=102946) _notify_loop /usr/local/lib/python3.8/dist-packages/neutron_lib/callbacks/manager.py:176}}
Mar 10 17:25:27.509257 dv-cinder-830538-8-smb neutron-server[102944]: INFO neutron.wsgi [req-966d5eb8-809d-4ac3-a120-7107e7301d44 req-a226e753-3fbd-4f7e-aae3-837dccd42098 tempest-AttachVolumeShelveTestJSON-25270699 tempest-AttachVolumeShelveTestJSON-25270699-project] 10.222.0.20 "GET /v2.0/security-groups?id=5a80f87c-db5f-472b-bf83-816993111a97&fields=id&fields=name HTTP/1.1" status: 200 len: 312 time: 0.0891297
Mar 10 17:25:27.522089 dv-cinder-830538-8-smb neutron-server[102945]: DEBUG neutron_lib.callbacks.manager [None req-dc66399b-c83b-4e65-a8af-f950b6dcf528 admin admin] Publish callbacks ['neutron.plugins.ml2.ovo_rpc._ObjectChangeHandler.handle_event-1739345'] for security_group (f00c62dd-e6b5-491e-8278-aa1f23a35d20), after_delete {{(pid=102945) _notify_loop /usr/local/lib/python3.8/dist-packages/neutron_lib/callbacks/manager.py:176}}
Mar 10 17:25:27.526324 dv-cinder-830538-8-smb neutron-server[102945]: DEBUG neutron_lib.callbacks.manager [None req-dc66399b-c83b-4e65-a8af-f950b6dcf528 admin admin] Publish callbacks [] for security_group (None), before_response {{(pid=102945) _notify_loop /usr/local/lib/python3.8/dist-packages/neutron_lib/callbacks/manager.py:176}}
Mar 10 17:25:27.536022 dv-cinder-830538-8-smb neutron-server[102946]: DEBUG neutron.plugins.ml2.db [None req-6154c20f-e5b8-4047-8be3-cb42cbbaa356 None None] For port 2491de2f-913a-403c-8377-29af2f7b91ce, host hv-cinder-83053, got binding levels [PortBindingLevel(driver='hyperv',host='hv-cinder-83053',level=0,port_id=2491de2f-913a-403c-8377-29af2f7b91ce,segment=NetworkSegment(d285c49f-9a60-40ba-a649-d52401bc4eaa),segment_id=d285c49f-9a60-40ba-a649-d52401bc4eaa)] {{(pid=102946) get_binding_level_objs /opt/stack/neutron/neutron/plugins/ml2/db.py:74}}
Mar 10 17:25:27.537323 dv-cinder-830538-8-smb neutron-server[102945]: INFO neutron.wsgi [None req-dc66399b-c83b-4e65-a8af-f950b6dcf528 admin admin] 10.222.0.20 "DELETE /v2.0/security-groups/f00c62dd-e6b5-491e-8278-aa1f23a35d20 HTTP/1.1" status: 204 len: 168 time: 0.4510179
Mar 10 17:25:27.537543 dv-cinder-830538-8-smb neutron-server[102946]: DEBUG neutron_lib.callbacks.manager [None req-6154c20f-e5b8-4047-8be3-cb42cbbaa356 None None] Publish callbacks ['neutron.plugins.ml2.plugin.SecurityGroupServerNotifierRpcMixin._notify_sg_on_port_change-611520', 'neutron.plugins.ml2.ovo_rpc._ObjectChangeHandler.handle_event-467958', 'neutron.api.rpc.agentnotifiers.dhcp_rpc_agent_api.DhcpAgentNotifyAPI._native_event_send_dhcp_notification-1598650', 'neutron.db.l3_db.L3RpcNotifierMixin._notify_gateway_port_ip_changed-8785497540455', 'neutron.db.l3_dvrscheduler_db._notify_l3_agent_port_update-8785497022603', 'neutron.db.l3_hascheduler_db._notify_l3_agent_ha_port_update-8785497022621'] for port (2491de2f-913a-403c-8377-29af2f7b91ce), after_update {{(pid=102946) _notify_loop /usr/local/lib/python3.8/dist-packages/neutron_lib/callbacks/manager.py:176}}
Mar 10 17:25:27.538368 dv-cinder-830538-8-smb neutron-server[102946]: DEBUG neutron.plugins.ml2.rpc [None req-6154c20f-e5b8-4047-8be3-cb42cbbaa356 None None] Device fe30ba60-01a1-4ab4-93a5-c2469fc14f16 up at agent hyperv_hv-cinder-83053 {{(pid=102946) update_device_up /opt/stack/neutron/neutron/plugins/ml2/rpc.py:296}}
Mar 10 17:25:27.559708 dv-cinder-830538-8-smb neutron-server[102945]: DEBUG neutron.api.rpc.handlers.resources_rpc [None req-dc66399b-c83b-4e65-a8af-f950b6dcf528 admin admin] Pushing event deleted for resources: {'SecurityGroup': ['ID=f00c62dd-e6b5-491e-8278-aa1f23a35d20,revision_number=None']} {{(pid=102945) push /opt/stack/neutron/neutron/api/rpc/handlers/resources_rpc.py:237}}
Mar 10 17:25:27.637896 dv-cinder-830538-8-smb neutron-server[102946]: DEBUG neutron.db.provisioning_blocks [None req-6154c20f-e5b8-4047-8be3-cb42cbbaa356 None None] Provisioning for port fe30ba60-01a1-4ab4-93a5-c2469fc14f16 completed by entity L2. {{(pid=102946) provisioning_complete /opt/stack/neutron/neutron/db/provisioning_blocks.py:134}}
Mar 10 17:25:27.644342 dv-cinder-830538-8-smb neutron-server[102944]: DEBUG neutron.pecan_wsgi.hooks.policy_enforcement [req-62122d73-1b00-4afd-95d2-4400fa727df5 req-b454a428-22dd-415a-ad3c-29432294102c tempest-AttachVolumeNegativeTest-1853985017 tempest-AttachVolumeNegativeTest-1853985017-project] Attributes excluded by policy engine: ['standard_attr_id', 'binding:profile', 'binding:host_id', 'binding:vif_type', 'binding:vif_details'] {{(pid=102944) _exclude_attributes_by_policy /opt/stack/neutron/neutron/pecan_wsgi/hooks/policy_enforcement.py:255}}
Mar 10 17:25:27.644641 dv-cinder-830538-8-smb neutron-server[102946]: DEBUG neutron.db.provisioning_blocks [None req-6154c20f-e5b8-4047-8be3-cb42cbbaa356 None None] Provisioning complete for port fe30ba60-01a1-4ab4-93a5-c2469fc14f16 triggered by entity L2. {{(pid=102946) provisioning_complete /opt/stack/neutron/neutron/db/provisioning_blocks.py:140}}
Mar 10 17:25:27.645025 dv-cinder-830538-8-smb neutron-server[102946]: DEBUG neutron_lib.callbacks.manager [None req-6154c20f-e5b8-4047-8be3-cb42cbbaa356 None None] Publish callbacks ['neutron.plugins.ml2.plugin.Ml2Plugin._port_provisioned-739618'] for port (fe30ba60-01a1-4ab4-93a5-c2469fc14f16), provisioning_complete {{(pid=102946) _notify_loop /usr/local/lib/python3.8/dist-packages/neutron_lib/callbacks/manager.py:176}}
Mar 10 17:25:27.645907 dv-cinder-830538-8-smb neutron-server[102944]: INFO neutron.wsgi [req-62122d73-1b00-4afd-95d2-4400fa727df5 req-b454a428-22dd-415a-ad3c-29432294102c tempest-AttachVolumeNegativeTest-1853985017 tempest-AttachVolumeNegativeTest-1853985017-project] 10.222.0.20 "GET /v2.0/ports?device_id=c54e9b77-a689-41ac-81e3-faac124d0591 HTTP/1.1" status: 200 len: 944 time: 0.1048567
Mar 10 17:25:27.664858 dv-cinder-830538-8-smb neutron-server[102945]: DEBUG neutron.pecan_wsgi.hooks.policy_enforcement [req-28af7673-90b2-4768-bec4-ca7edda2ec55 req-2acd3076-d652-4677-a14c-08e61e6f409b tempest-DeleteServersTestJSON-172494011 tempest-DeleteServersTestJSON-172494011-project] Attributes excluded by policy engine: ['standard_attr_id', 'binding:profile', 'binding:host_id', 'binding:vif_type', 'binding:vif_details'] {{(pid=102945) _exclude_attributes_by_policy /opt/stack/neutron/neutron/pecan_wsgi/hooks/policy_enforcement.py:255}}
Mar 10 17:25:27.666456 dv-cinder-830538-8-smb neutron-server[102945]: INFO neutron.wsgi [req-28af7673-90b2-4768-bec4-ca7edda2ec55 req-2acd3076-d652-4677-a14c-08e61e6f409b tempest-DeleteServersTestJSON-172494011 tempest-DeleteServersTestJSON-172494011-project] 10.222.0.43 "GET /v2.0/ports?device_id=febb38ef-8e0f-461a-8610-ea5c5dad6eef HTTP/1.1" status: 200 len: 946 time: 0.3167753
Mar 10 17:25:27.680105 dv-cinder-830538-8-smb neutron-server[102946]: DEBUG neutron.api.rpc.handlers.resources_rpc [None req-6154c20f-e5b8-4047-8be3-cb42cbbaa356 None None] Pushing event updated for resources: {'Port': ['ID=2491de2f-913a-403c-8377-29af2f7b91ce,revision_number=5']} {{(pid=102946) push /opt/stack/neutron/neutron/api/rpc/handlers/resources_rpc.py:237}}
Mar 10 17:25:27.745186 dv-cinder-830538-8-smb neutron-server[102946]: DEBUG neutron.plugins.ml2.plugin [None req-6154c20f-e5b8-4047-8be3-cb42cbbaa356 None None] Current status of the port fe30ba60-01a1-4ab4-93a5-c2469fc14f16 is: BUILD; New status is: ACTIVE {{(pid=102946) _update_individual_port_db_status /opt/stack/neutron/neutron/plugins/ml2/plugin.py:2232}}
Mar 10 17:25:27.745600 dv-cinder-830538-8-smb neutron-server[102946]: DEBUG neutron_lib.callbacks.manager [None req-6154c20f-e5b8-4047-8be3-cb42cbbaa356 None None] Publish callbacks ['neutron.plugins.ml2.plugin.SecurityGroupDbMixin._ensure_default_security_group_handler-611436'] for port (fe30ba60-01a1-4ab4-93a5-c2469fc14f16), before_update {{(pid=102946) _notify_loop /usr/local/lib/python3.8/dist-packages/neutron_lib/callbacks/manager.py:176}}
Mar 10 17:25:27.769064 dv-cinder-830538-8-smb neutron-server[102944]: INFO neutron.wsgi [req-62122d73-1b00-4afd-95d2-4400fa727df5 req-3dee6c16-03ef-452b-971b-56b3b01478bc tempest-AttachVolumeNegativeTest-1853985017 tempest-AttachVolumeNegativeTest-1853985017-project] 10.222.0.20 "GET /v2.0/security-groups?id=9d8b059c-5ad6-4ee4-a5bd-5063a1df2494&fields=id&fields=name HTTP/1.1" status: 200 len: 313 time: 0.1160438
Mar 10 17:25:27.803696 dv-cinder-830538-8-smb neutron-server[102946]: DEBUG neutron.plugins.ml2.db [None req-6154c20f-e5b8-4047-8be3-cb42cbbaa356 None None] For port fe30ba60-01a1-4ab4-93a5-c2469fc14f16, host hv-cinder-83053, got binding levels [PortBindingLevel(driver='hyperv',host='hv-cinder-83053',level=0,port_id=fe30ba60-01a1-4ab4-93a5-c2469fc14f16,segment=NetworkSegment(8e806999-33f1-4bb2-9815-18df8dd006f7),segment_id=8e806999-33f1-4bb2-9815-18df8dd006f7)] {{(pid=102946) get_binding_level_objs /opt/stack/neutron/neutron/plugins/ml2/db.py:74}}
Mar 10 17:25:27.811580 dv-cinder-830538-8-smb neutron-server[102946]: DEBUG neutron_lib.callbacks.manager [None req-6154c20f-e5b8-4047-8be3-cb42cbbaa356 None None] Publish callbacks ['neutron.plugins.ml2.plugin.SecurityGroupServerNotifierRpcMixin._notify_sg_on_port_change-611520', 'neutron.plugins.ml2.ovo_rpc._ObjectChangeHandler.handle_event-467958', 'neutron.api.rpc.agentnotifiers.dhcp_rpc_agent_api.DhcpAgentNotifyAPI._native_event_send_dhcp_notification-1598650', 'neutron.db.l3_db.L3RpcNotifierMixin._notify_gateway_port_ip_changed-8785497540455', 'neutron.db.l3_dvrscheduler_db._notify_l3_agent_port_update-8785497022603', 'neutron.db.l3_hascheduler_db._notify_l3_agent_ha_port_update-8785497022621'] for port (fe30ba60-01a1-4ab4-93a5-c2469fc14f16), after_update {{(pid=102946) _notify_loop /usr/local/lib/python3.8/dist-packages/neutron_lib/callbacks/manager.py:176}}
Mar 10 17:25:27.897789 dv-cinder-830538-8-smb neutron-server[102946]: DEBUG neutron.api.rpc.handlers.resources_rpc [None req-6154c20f-e5b8-4047-8be3-cb42cbbaa356 None None] Pushing event updated for resources: {'Port': ['ID=fe30ba60-01a1-4ab4-93a5-c2469fc14f16,revision_number=5']} {{(pid=102946) push /opt/stack/neutron/neutron/api/rpc/handlers/resources_rpc.py:237}}
Mar 10 17:25:27.957474 dv-cinder-830538-8-smb neutron-server[102945]: DEBUG neutron.pecan_wsgi.hooks.policy_enforcement [req-e78c88df-bcdc-4be7-b06a-6d2fb1c71210 req-2176ec33-f332-4f29-bc9b-b99d25d0b580 service neutron] Attributes excluded by policy engine: ['standard_attr_id'] {{(pid=102945) _exclude_attributes_by_policy /opt/stack/neutron/neutron/pecan_wsgi/hooks/policy_enforcement.py:255}}
Mar 10 17:25:27.958991 dv-cinder-830538-8-smb neutron-server[102945]: INFO neutron.wsgi [req-e78c88df-bcdc-4be7-b06a-6d2fb1c71210 req-2176ec33-f332-4f29-bc9b-b99d25d0b580 service neutron] 10.222.0.43 "GET /v2.0/ports?device_id=9008d7c0-02ac-46d0-a527-00c6db8b2da3 HTTP/1.1" status: 200 len: 1129 time: 0.4006975
Mar 10 17:25:27.997255 dv-cinder-830538-8-smb neutron-server[102945]: DEBUG neutron_lib.callbacks.manager [None req-309526f2-131e-4ac1-9945-5d7451e3f749 admin admin] Publish callbacks [] for security_group (e56e6ef4-2d0d-44f2-9b1c-a09f9c0b0b44), precommit_create {{(pid=102945) _notify_loop /usr/local/lib/python3.8/dist-packages/neutron_lib/callbacks/manager.py:176}}
Mar 10 17:25:28.015991 dv-cinder-830538-8-smb neutron-server[102944]: DEBUG neutron.pecan_wsgi.hooks.policy_enforcement [req-4663340c-3a13-4b27-86df-ad224cb4c9ab req-612f39ad-3c0d-414d-a6c3-3ac70830f3f7 tempest-AttachVolumeTestJSON-568488720 tempest-AttachVolumeTestJSON-568488720-project] Attributes excluded by policy engine: ['standard_attr_id', 'binding:profile', 'binding:host_id', 'binding:vif_type', 'binding:vif_details'] {{(pid=102944) _exclude_attributes_by_policy /opt/stack/neutron/neutron/pecan_wsgi/hooks/policy_enforcement.py:255}}
Mar 10 17:25:28.020778 dv-cinder-830538-8-smb neutron-server[102944]: INFO neutron.wsgi [req-4663340c-3a13-4b27-86df-ad224cb4c9ab req-612f39ad-3c0d-414d-a6c3-3ac70830f3f7 tempest-AttachVolumeTestJSON-568488720 tempest-AttachVolumeTestJSON-568488720-project] 10.222.0.20 "GET /v2.0/ports?device_id=571922d2-b31c-45cb-af7a-ef86e04dd29b HTTP/1.1" status: 200 len: 946 time: 0.0743034
Mar 10 17:25:28.024764 dv-cinder-830538-8-smb neutron-server[102945]: DEBUG neutron_lib.callbacks.manager [None req-309526f2-131e-4ac1-9945-5d7451e3f749 admin admin] Publish callbacks ['neutron.plugins.ml2.ovo_rpc._ObjectChangeHandler.handle_event-1739345'] for security_group (e56e6ef4-2d0d-44f2-9b1c-a09f9c0b0b44), after_create {{(pid=102945) _notify_loop /usr/local/lib/python3.8/dist-packages/neutron_lib/callbacks/manager.py:176}}
Mar 10 17:25:28.088184 dv-cinder-830538-8-smb neutron-server[102944]: INFO neutron.wsgi [req-4663340c-3a13-4b27-86df-ad224cb4c9ab req-8ffed483-3253-4a50-b986-228ffa084ca5 tempest-AttachVolumeTestJSON-568488720 tempest-AttachVolumeTestJSON-568488720-project] 10.222.0.20 "GET /v2.0/security-groups?id=39da8260-e628-42c2-b4e3-a7deccaf2107&fields=id&fields=name HTTP/1.1" status: 200 len: 312 time: 0.0646574
Mar 10 17:25:28.119504 dv-cinder-830538-8-smb neutron-server[102945]: INFO neutron.wsgi [req-e78c88df-bcdc-4be7-b06a-6d2fb1c71210 req-8587f20d-f4ba-4e54-9aad-b90c2285f4cb service neutron] 10.222.0.43 "GET /v2.0/security-groups?id=5a80f87c-db5f-472b-bf83-816993111a97&fields=id&fields=name HTTP/1.1" status: 200 len: 312 time: 0.1536975
Mar 10 17:25:28.125359 dv-cinder-830538-8-smb neutron-server[102945]: DEBUG neutron.api.rpc.handlers.resources_rpc [None req-309526f2-131e-4ac1-9945-5d7451e3f749 admin admin] Pushing event updated for resources: {'SecurityGroup': ['ID=e56e6ef4-2d0d-44f2-9b1c-a09f9c0b0b44,revision_number=1']} {{(pid=102945) push /opt/stack/neutron/neutron/api/rpc/handlers/resources_rpc.py:237}}
Mar 10 17:25:28.132910 dv-cinder-830538-8-smb neutron-server[102945]: INFO neutron.wsgi [None req-309526f2-131e-4ac1-9945-5d7451e3f749 admin admin] 10.222.0.20 "GET /v2.0/security-groups?tenant_id=04141d8be75141ce98ff26fe42cacd9e&name=default HTTP/1.1" status: 200 len: 2996 time: 1.2063587
Mar 10 17:25:28.135031 dv-cinder-830538-8-smb neutron-server[102945]: DEBUG neutron.wsgi [-] (102945) accepted ('10.222.0.20', 34378) {{(pid=102945) server /usr/local/lib/python3.8/dist-packages/eventlet/wsgi.py:1004}}
Mar 10 17:25:28.194344 dv-cinder-830538-8-smb neutron-server[102945]: DEBUG neutron.plugins.ml2.plugin [req-28af7673-90b2-4768-bec4-ca7edda2ec55 req-438ecfe3-6a71-4b64-9bda-c115c59819d9 tempest-DeleteServersTestJSON-172494011 tempest-DeleteServersTestJSON-172494011-project] Deleting port 7206ad13-93be-480a-8ee8-6fbaa4eb5f2a {{(pid=102945) _pre_delete_port /opt/stack/neutron/neutron/plugins/ml2/plugin.py:1978}}
Mar 10 17:25:28.194691 dv-cinder-830538-8-smb neutron-server[102945]: DEBUG neutron_lib.callbacks.manager [req-28af7673-90b2-4768-bec4-ca7edda2ec55 req-438ecfe3-6a71-4b64-9bda-c115c59819d9 tempest-DeleteServersTestJSON-172494011 tempest-DeleteServersTestJSON-172494011-project] Publish callbacks ['neutron.db.l3_db.L3_NAT_dbonly_mixin._prevent_l3_port_delete_callback-8785497535726'] for port (7206ad13-93be-480a-8ee8-6fbaa4eb5f2a), before_delete {{(pid=102945) _notify_loop /usr/local/lib/python3.8/dist-packages/neutron_lib/callbacks/manager.py:176}}
Mar 10 17:25:28.230766 dv-cinder-830538-8-smb neutron-server[102945]: DEBUG neutron_lib.callbacks.manager [None req-d631213e-3e6b-4bfd-98c6-95e26707519d admin admin] Publish callbacks [] for security_group (e56e6ef4-2d0d-44f2-9b1c-a09f9c0b0b44), before_delete {{(pid=102945) _notify_loop /usr/local/lib/python3.8/dist-packages/neutron_lib/callbacks/manager.py:176}}
Mar 10 17:25:28.292741 dv-cinder-830538-8-smb neutron-server[102945]: DEBUG neutron_lib.callbacks.manager [None req-d631213e-3e6b-4bfd-98c6-95e26707519d admin admin] Publish callbacks [] for security_group (e56e6ef4-2d0d-44f2-9b1c-a09f9c0b0b44), precommit_delete {{(pid=102945) _notify_loop /usr/local/lib/python3.8/dist-packages/neutron_lib/callbacks/manager.py:176}}
Mar 10 17:25:28.336182 dv-cinder-830538-8-smb neutron-server[102945]: DEBUG neutron.plugins.ml2.db [req-28af7673-90b2-4768-bec4-ca7edda2ec55 req-438ecfe3-6a71-4b64-9bda-c115c59819d9 tempest-DeleteServersTestJSON-172494011 tempest-DeleteServersTestJSON-172494011-project] For port 7206ad13-93be-480a-8ee8-6fbaa4eb5f2a, host hv-cinder-83053, got binding levels [PortBindingLevel(driver='hyperv',host='hv-cinder-83053',level=0,port_id=7206ad13-93be-480a-8ee8-6fbaa4eb5f2a,segment=NetworkSegment(b5159356-a683-423b-ad4b-e060cbd56660),segment_id=b5159356-a683-423b-ad4b-e060cbd56660)] {{(pid=102945) get_binding_level_objs /opt/stack/neutron/neutron/plugins/ml2/db.py:74}}
Mar 10 17:25:28.336922 dv-cinder-830538-8-smb neutron-server[102945]: DEBUG neutron_lib.callbacks.manager [req-28af7673-90b2-4768-bec4-ca7edda2ec55 req-438ecfe3-6a71-4b64-9bda-c115c59819d9 tempest-DeleteServersTestJSON-172494011 tempest-DeleteServersTestJSON-172494011-project] Publish callbacks ['neutron.services.l3_router.l3_router_plugin.L3_NAT_dbonly_mixin._precommit_delete_port_callback-1804229'] for port (7206ad13-93be-480a-8ee8-6fbaa4eb5f2a), precommit_delete {{(pid=102945) _notify_loop /usr/local/lib/python3.8/dist-packages/neutron_lib/callbacks/manager.py:176}}
Mar 10 17:25:28.357889 dv-cinder-830538-8-smb neutron-server[102945]: DEBUG neutron.plugins.ml2.plugin [req-28af7673-90b2-4768-bec4-ca7edda2ec55 req-438ecfe3-6a71-4b64-9bda-c115c59819d9 tempest-DeleteServersTestJSON-172494011 tempest-DeleteServersTestJSON-172494011-project] Calling delete_port for 7206ad13-93be-480a-8ee8-6fbaa4eb5f2a owned by compute:nova {{(pid=102945) delete_port /opt/stack/neutron/neutron/plugins/ml2/plugin.py:2056}}
Mar 10 17:25:28.379145 dv-cinder-830538-8-smb neutron-server[102944]: DEBUG neutron.pecan_wsgi.hooks.policy_enforcement [req-8a4c9286-3eab-4a6f-a10c-3dbbcaefcbb2 req-f58f508f-851d-4acd-8d50-8db6ea5c59f2 tempest-DeleteServersTestJSON-172494011 tempest-DeleteServersTestJSON-172494011-project] Attributes excluded by policy engine: ['standard_attr_id', 'binding:profile', 'binding:host_id', 'binding:vif_type', 'binding:vif_details'] {{(pid=102944) _exclude_attributes_by_policy /opt/stack/neutron/neutron/pecan_wsgi/hooks/policy_enforcement.py:255}}
Mar 10 17:25:28.392643 dv-cinder-830538-8-smb neutron-server[102944]: INFO neutron.wsgi [req-8a4c9286-3eab-4a6f-a10c-3dbbcaefcbb2 req-f58f508f-851d-4acd-8d50-8db6ea5c59f2 tempest-DeleteServersTestJSON-172494011 tempest-DeleteServersTestJSON-172494011-project] 10.222.0.20 "GET /v2.0/ports?device_id=febb38ef-8e0f-461a-8610-ea5c5dad6eef HTTP/1.1" status: 200 len: 946 time: 0.0852995
Mar 10 17:25:28.453910 dv-cinder-830538-8-smb neutron-server[102945]: DEBUG neutron_lib.callbacks.manager [None req-d631213e-3e6b-4bfd-98c6-95e26707519d admin admin] Publish callbacks ['neutron.plugins.ml2.ovo_rpc._ObjectChangeHandler.handle_event-1739345'] for security_group (e56e6ef4-2d0d-44f2-9b1c-a09f9c0b0b44), after_delete {{(pid=102945) _notify_loop /usr/local/lib/python3.8/dist-packages/neutron_lib/callbacks/manager.py:176}}
Mar 10 17:25:28.457762 dv-cinder-830538-8-smb neutron-server[102945]: DEBUG neutron_lib.callbacks.manager [None req-d631213e-3e6b-4bfd-98c6-95e26707519d admin admin] Publish callbacks [] for security_group (None), before_response {{(pid=102945) _notify_loop /usr/local/lib/python3.8/dist-packages/neutron_lib/callbacks/manager.py:176}}
Mar 10 17:25:28.459515 dv-cinder-830538-8-smb neutron-server[102945]: INFO neutron.wsgi [None req-d631213e-3e6b-4bfd-98c6-95e26707519d admin admin] 10.222.0.20 "DELETE /v2.0/security-groups/e56e6ef4-2d0d-44f2-9b1c-a09f9c0b0b44 HTTP/1.1" status: 204 len: 168 time: 0.3234925
Mar 10 17:25:28.474615 dv-cinder-830538-8-smb neutron-server[102945]: DEBUG neutron.api.rpc.handlers.resources_rpc [None req-d631213e-3e6b-4bfd-98c6-95e26707519d admin admin] Pushing event deleted for resources: {'SecurityGroup': ['ID=e56e6ef4-2d0d-44f2-9b1c-a09f9c0b0b44,revision_number=None']} {{(pid=102945) push /opt/stack/neutron/neutron/api/rpc/handlers/resources_rpc.py:237}}
Mar 10 17:25:28.512569 dv-cinder-830538-8-smb neutron-server[102944]: INFO neutron.wsgi [req-8a4c9286-3eab-4a6f-a10c-3dbbcaefcbb2 req-12f43c80-15ed-4d8c-a1ce-a0142b2541e1 tempest-DeleteServersTestJSON-172494011 tempest-DeleteServersTestJSON-172494011-project] 10.222.0.20 "GET /v2.0/security-groups?id=5421ffcc-80e1-4293-99ab-0bb600604e31&fields=id&fields=name HTTP/1.1" status: 200 len: 286 time: 0.1184371
Mar 10 17:25:28.530053 dv-cinder-830538-8-smb neutron-server[102944]: DEBUG neutron.pecan_wsgi.hooks.policy_enforcement [req-a97ad6d0-6de5-4256-8052-bc8464f1c697 req-0ce51a8d-8a89-4714-943c-894d1a98231b tempest-ServerRescueNegativeTestJSON-1066843757 tempest-ServerRescueNegativeTestJSON-1066843757-project] Attributes excluded by policy engine: ['standard_attr_id', 'binding:profile', 'binding:host_id', 'binding:vif_type', 'binding:vif_details'] {{(pid=102944) _exclude_attributes_by_policy /opt/stack/neutron/neutron/pecan_wsgi/hooks/policy_enforcement.py:255}}
Mar 10 17:25:28.531990 dv-cinder-830538-8-smb neutron-server[102944]: INFO neutron.wsgi [req-a97ad6d0-6de5-4256-8052-bc8464f1c697 req-0ce51a8d-8a89-4714-943c-894d1a98231b tempest-ServerRescueNegativeTestJSON-1066843757 tempest-ServerRescueNegativeTestJSON-1066843757-project] 10.222.0.20 "GET /v2.0/ports?device_id=3cf46995-ae3c-47e8-a797-aaf12b8dbdf7 HTTP/1.1" status: 200 len: 943 time: 0.1302347
Mar 10 17:25:28.656917 dv-cinder-830538-8-smb neutron-server[102945]: DEBUG neutron_lib.callbacks.manager [req-28af7673-90b2-4768-bec4-ca7edda2ec55 req-438ecfe3-6a71-4b64-9bda-c115c59819d9 tempest-DeleteServersTestJSON-172494011 tempest-DeleteServersTestJSON-172494011-project] Publish callbacks ['neutron.plugins.ml2.plugin.SecurityGroupServerNotifierRpcMixin._notify_sg_on_port_change-611520', 'neutron.plugins.ml2.ovo_rpc._ObjectChangeHandler.handle_event-467958', 'neutron.api.rpc.agentnotifiers.dhcp_rpc_agent_api.DhcpAgentNotifyAPI._native_event_send_dhcp_notification-1598650', 'neutron.db.l3_db.L3RpcNotifierMixin._notify_routers_callback-8785497540437', 'neutron.db.l3_dvrscheduler_db._notify_port_delete-8785497022594'] for port (7206ad13-93be-480a-8ee8-6fbaa4eb5f2a), after_delete {{(pid=102945) _notify_loop /usr/local/lib/python3.8/dist-packages/neutron_lib/callbacks/manager.py:176}}
Mar 10 17:25:28.660376 dv-cinder-830538-8-smb neutron-server[102944]: INFO neutron.wsgi [req-a97ad6d0-6de5-4256-8052-bc8464f1c697 req-852f88fd-6a46-4a8d-b03d-c1664d3e300b tempest-ServerRescueNegativeTestJSON-1066843757 tempest-ServerRescueNegativeTestJSON-1066843757-project] 10.222.0.20 "GET /v2.0/security-groups?id=7b9ad152-0ed3-4445-969c-2ba28e6c6aae&fields=id&fields=name HTTP/1.1" status: 200 len: 286 time: 0.1138804
Mar 10 17:25:28.698383 dv-cinder-830538-8-smb neutron-server[102946]: DEBUG neutron.plugins.ml2.db [None req-6154c20f-e5b8-4047-8be3-cb42cbbaa356 None None] get_ports_and_sgs() called for port_ids ['7206ad13-93be-480a-8ee8-6fbaa4eb5f2a'] {{(pid=102946) get_ports_and_sgs /opt/stack/neutron/neutron/plugins/ml2/db.py:156}}
Mar 10 17:25:28.705648 dv-cinder-830538-8-smb neutron-server[102944]: DEBUG neutron.pecan_wsgi.hooks.policy_enforcement [req-e06bdce8-058e-4e1f-a86a-b69cd481558d req-4e1afbaa-11ac-4c46-bb40-d3afa0f5b93d tempest-AttachVolumeShelveTestJSON-25270699 tempest-AttachVolumeShelveTestJSON-25270699-project] Attributes excluded by policy engine: ['standard_attr_id', 'binding:profile', 'binding:host_id', 'binding:vif_type', 'binding:vif_details'] {{(pid=102944) _exclude_attributes_by_policy /opt/stack/neutron/neutron/pecan_wsgi/hooks/policy_enforcement.py:255}}
Mar 10 17:25:28.721136 dv-cinder-830538-8-smb neutron-server[102944]: INFO neutron.wsgi [req-e06bdce8-058e-4e1f-a86a-b69cd481558d req-4e1afbaa-11ac-4c46-bb40-d3afa0f5b93d tempest-AttachVolumeShelveTestJSON-25270699 tempest-AttachVolumeShelveTestJSON-25270699-project] 10.222.0.20 "GET /v2.0/ports?device_id=9008d7c0-02ac-46d0-a527-00c6db8b2da3 HTTP/1.1" status: 200 len: 945 time: 0.1025703
Mar 10 17:25:28.730569 dv-cinder-830538-8-smb neutron-server[102945]: DEBUG neutron.api.rpc.handlers.resources_rpc [None req-438ecfe3-6a71-4b64-9bda-c115c59819d9 tempest-DeleteServersTestJSON-172494011 tempest-DeleteServersTestJSON-172494011-project] Pushing event deleted for resources: {'Port': ['ID=7206ad13-93be-480a-8ee8-6fbaa4eb5f2a,revision_number=None']} {{(pid=102945) push /opt/stack/neutron/neutron/api/rpc/handlers/resources_rpc.py:237}}
Mar 10 17:25:28.775744 dv-cinder-830538-8-smb neutron-server[102945]: DEBUG neutron.db.l3_dvrscheduler_db [req-28af7673-90b2-4768-bec4-ca7edda2ec55 req-438ecfe3-6a71-4b64-9bda-c115c59819d9 tempest-DeleteServersTestJSON-172494011 tempest-DeleteServersTestJSON-172494011-project] No DVR routers for this DVR port 7206ad13-93be-480a-8ee8-6fbaa4eb5f2a on host hv-cinder-83053 {{(pid=102945) get_dvr_routers_to_remove /opt/stack/neutron/neutron/db/l3_dvrscheduler_db.py:214}}
Mar 10 17:25:28.778943 dv-cinder-830538-8-smb neutron-server[102945]: DEBUG neutron_lib.callbacks.manager [req-28af7673-90b2-4768-bec4-ca7edda2ec55 req-438ecfe3-6a71-4b64-9bda-c115c59819d9 tempest-DeleteServersTestJSON-172494011 tempest-DeleteServersTestJSON-172494011-project] Publish callbacks ['neutron.notifiers.nova.Notifier._send_nova_notification-123224'] for port (None), before_response {{(pid=102945) _notify_loop /usr/local/lib/python3.8/dist-packages/neutron_lib/callbacks/manager.py:176}}
Mar 10 17:25:28.782697 dv-cinder-830538-8-smb neutron-server[102945]: INFO neutron.wsgi [req-28af7673-90b2-4768-bec4-ca7edda2ec55 req-438ecfe3-6a71-4b64-9bda-c115c59819d9 tempest-DeleteServersTestJSON-172494011 tempest-DeleteServersTestJSON-172494011-project] 10.222.0.43 "DELETE /v2.0/ports/7206ad13-93be-480a-8ee8-6fbaa4eb5f2a HTTP/1.1" status: 204 len: 173 time: 1.1019585
Mar 10 17:25:28.783570 dv-cinder-830538-8-smb neutron-server[102945]: DEBUG neutron.notifiers.nova [-] Sending events: [{'server_uuid': 'febb38ef-8e0f-461a-8610-ea5c5dad6eef', 'name': 'network-vif-deleted', 'tag': '7206ad13-93be-480a-8ee8-6fbaa4eb5f2a'}] {{(pid=102945) send_events /opt/stack/neutron/neutron/notifiers/nova.py:271}}
Mar 10 17:25:28.785809 dv-cinder-830538-8-smb neutron-server[102945]: DEBUG novaclient.v2.client [-] REQ: curl -g -i --cacert "/opt/stack/data/ca-bundle.pem" -X POST http://10.222.0.20/compute/v2.1/os-server-external-events -H "Accept: application/json" -H "Content-Type: application/json" -H "User-Agent: python-novaclient" -H "X-Auth-Token: {SHA256}54bde9946d13679fea38b3b33a8c8106bd70bc520df5848f9b570129940fa048" -H "X-OpenStack-Nova-API-Version: 2.1" -H "X-OpenStack-Request-ID: req-a6cc28a6-d36c-4a90-8a19-4593082aee32" -d '{"events": [{"server_uuid": "febb38ef-8e0f-461a-8610-ea5c5dad6eef", "name": "network-vif-deleted", "tag": "7206ad13-93be-480a-8ee8-6fbaa4eb5f2a"}]}' {{(pid=102945) _http_log_request /usr/local/lib/python3.8/dist-packages/keystoneauth1/session.py:519}}
Mar 10 17:25:28.826477 dv-cinder-830538-8-smb neutron-server[102944]: INFO neutron.wsgi [req-e06bdce8-058e-4e1f-a86a-b69cd481558d req-c8eac390-60fb-462a-8805-166aebb456a5 tempest-AttachVolumeShelveTestJSON-25270699 tempest-AttachVolumeShelveTestJSON-25270699-project] 10.222.0.20 "GET /v2.0/security-groups?id=5a80f87c-db5f-472b-bf83-816993111a97&fields=id&fields=name HTTP/1.1" status: 200 len: 312 time: 0.1020482
Mar 10 17:25:28.842915 dv-cinder-830538-8-smb neutron-server[102945]: DEBUG novaclient.v2.client [-] RESP: [200] Connection: close Content-Length: 183 Content-Type: application/json Date: Thu, 10 Mar 2022 17:25:28 GMT OpenStack-API-Version: compute 2.1 Server: Apache/2.4.41 (Ubuntu) Vary: OpenStack-API-Version,X-OpenStack-Nova-API-Version X-OpenStack-Nova-API-Version: 2.1 x-compute-request-id: req-ad650acb-1c79-4ad3-aa69-1ce873c40d28 x-openstack-request-id: req-ad650acb-1c79-4ad3-aa69-1ce873c40d28 {{(pid=102945) _http_log_response /usr/local/lib/python3.8/dist-packages/keystoneauth1/session.py:550}}
Mar 10 17:25:28.843291 dv-cinder-830538-8-smb neutron-server[102945]: DEBUG novaclient.v2.client [-] RESP BODY: {"events": [{"server_uuid": "febb38ef-8e0f-461a-8610-ea5c5dad6eef", "name": "network-vif-deleted", "tag": "7206ad13-93be-480a-8ee8-6fbaa4eb5f2a", "status": "completed", "code": 200}]} {{(pid=102945) _http_log_response /usr/local/lib/python3.8/dist-packages/keystoneauth1/session.py:582}}
Mar 10 17:25:28.843611 dv-cinder-830538-8-smb neutron-server[102945]: DEBUG novaclient.v2.client [-] POST call to compute for http://10.222.0.20/compute/v2.1/os-server-external-events used request id req-ad650acb-1c79-4ad3-aa69-1ce873c40d28 {{(pid=102945) request /usr/local/lib/python3.8/dist-packages/keystoneauth1/session.py:954}}
Mar 10 17:25:28.844188 dv-cinder-830538-8-smb neutron-server[102945]: INFO neutron.notifiers.nova [-] Nova event response: {'server_uuid': 'febb38ef-8e0f-461a-8610-ea5c5dad6eef', 'name': 'network-vif-deleted', 'tag': '7206ad13-93be-480a-8ee8-6fbaa4eb5f2a', 'status': 'completed', 'code': 200}
Mar 10 17:25:28.903144 dv-cinder-830538-8-smb neutron-server[102946]: DEBUG neutron.plugins.ml2.rpc [None req-6154c20f-e5b8-4047-8be3-cb42cbbaa356 None None] Device a2d311b7-ed4f-4d8d-ba89-77ab269908b8 details requested by agent hyperv_hv-cinder-83053 with host hv-cinder-83053 {{(pid=102946) get_device_details /opt/stack/neutron/neutron/plugins/ml2/rpc.py:102}}
Mar 10 17:25:28.973317 dv-cinder-830538-8-smb neutron-server[102944]: DEBUG neutron.pecan_wsgi.hooks.policy_enforcement [req-fa17457c-aa05-47bd-902d-06a556864b77 req-7b61f9ea-c3d0-43c1-8682-9b3651c5ee3d tempest-AttachVolumeNegativeTest-1853985017 tempest-AttachVolumeNegativeTest-1853985017-project] Attributes excluded by policy engine: ['standard_attr_id', 'binding:profile', 'binding:host_id', 'binding:vif_type', 'binding:vif_details'] {{(pid=102944) _exclude_attributes_by_policy /opt/stack/neutron/neutron/pecan_wsgi/hooks/policy_enforcement.py:255}}
Mar 10 17:25:28.983072 dv-cinder-830538-8-smb neutron-server[102944]: INFO neutron.wsgi [req-fa17457c-aa05-47bd-902d-06a556864b77 req-7b61f9ea-c3d0-43c1-8682-9b3651c5ee3d tempest-AttachVolumeNegativeTest-1853985017 tempest-AttachVolumeNegativeTest-1853985017-project] 10.222.0.20 "GET /v2.0/ports?device_id=c54e9b77-a689-41ac-81e3-faac124d0591 HTTP/1.1" status: 200 len: 944 time: 0.0835123
Mar 10 17:25:29.044832 dv-cinder-830538-8-smb neutron-server[102946]: DEBUG neutron.plugins.ml2.db [None req-6154c20f-e5b8-4047-8be3-cb42cbbaa356 None None] For port a2d311b7-ed4f-4d8d-ba89-77ab269908b8, host hv-cinder-83053, got binding levels [PortBindingLevel(driver='hyperv',host='hv-cinder-83053',level=0,port_id=a2d311b7-ed4f-4d8d-ba89-77ab269908b8,segment=NetworkSegment(d285c49f-9a60-40ba-a649-d52401bc4eaa),segment_id=d285c49f-9a60-40ba-a649-d52401bc4eaa)] {{(pid=102946) get_binding_level_objs /opt/stack/neutron/neutron/plugins/ml2/db.py:74}}
Mar 10 17:25:29.068473 dv-cinder-830538-8-smb neutron-server[102946]: DEBUG neutron.plugins.ml2.rpc [None req-6154c20f-e5b8-4047-8be3-cb42cbbaa356 None None] Returning: {'device': 'a2d311b7-ed4f-4d8d-ba89-77ab269908b8', 'network_id': '11fbe580-8ef1-499a-914e-7eff6eef1b31', 'port_id': 'a2d311b7-ed4f-4d8d-ba89-77ab269908b8', 'mac_address': 'fa:16:3e:c6:6e:55', 'admin_state_up': True, 'network_type': 'vlan', 'segmentation_id': 808, 'physical_network': 'physnet1', 'mtu': 1500, 'fixed_ips': [{'subnet_id': 'd57560c6-349a-4dbb-8d76-a88308122171', 'ip_address': '172.20.0.8'}], 'device_owner': 'compute:nova', 'allowed_address_pairs': [], 'port_security_enabled': True, 'qos_policy_id': None, 'network_qos_policy_id': None, 'profile': {}, 'propagate_uplink_status': False} {{(pid=102946) _get_device_details /opt/stack/neutron/neutron/plugins/ml2/rpc.py:184}}
Mar 10 17:25:29.088228 dv-cinder-830538-8-smb neutron-server[102944]: INFO neutron.wsgi [req-fa17457c-aa05-47bd-902d-06a556864b77 req-669c62e1-268c-4860-a0ed-7be5919367da tempest-AttachVolumeNegativeTest-1853985017 tempest-AttachVolumeNegativeTest-1853985017-project] 10.222.0.20 "GET /v2.0/security-groups?id=9d8b059c-5ad6-4ee4-a5bd-5063a1df2494&fields=id&fields=name HTTP/1.1" status: 200 len: 313 time: 0.1018500
