Mar 10 17:25:21.582469 dv-cinder-830538-8-smb devstack@c-api.service[109813]: INFO cinder.api.openstack.wsgi [None req-db8388f1-61a9-44dd-875f-ea11f4156f5e tempest-VolumeServicesNegativeTest-16265784 tempest-VolumeServicesNegativeTest-16265784-project-admin] http://10.222.0.20/volume/v3/8b7904820df6478da2a439cc3576a9e9/os-services/disable returned with HTTP 404
Mar 10 17:25:21.584020 dv-cinder-830538-8-smb devstack@c-api.service[109813]: [pid: 109813|app: 0|req: 99/215] 10.222.0.20 () {60 vars in 1269 bytes} [Thu Mar 10 17:25:21 2022] PUT /volume/v3/8b7904820df6478da2a439cc3576a9e9/os-services/disable => generated 119 bytes in 23 msecs (HTTP/1.1 404) 7 headers in 292 bytes (1 switches on core 0)
Mar 10 17:25:21.589406 dv-cinder-830538-8-smb devstack@c-api.service[109814]: DEBUG cinder.api.middleware.request_id [None req-c27fd46c-c8c2-4eff-8c70-70a14736b3c1 None None] RequestId filter calling following filter/app {{(pid=109814) _context_setter /opt/stack/cinder/cinder/api/middleware/request_id.py:62}}
Mar 10 17:25:21.595861 dv-cinder-830538-8-smb devstack@c-api.service[109814]: INFO cinder.api.openstack.wsgi [None req-c27fd46c-c8c2-4eff-8c70-70a14736b3c1 tempest-VolumeServicesNegativeTest-16265784 tempest-VolumeServicesNegativeTest-16265784-project-admin] PUT http://10.222.0.20/volume/v3/8b7904820df6478da2a439cc3576a9e9/os-services/enable
Mar 10 17:25:21.597029 dv-cinder-830538-8-smb devstack@c-api.service[109814]: DEBUG cinder.api.openstack.wsgi [None req-c27fd46c-c8c2-4eff-8c70-70a14736b3c1 tempest-VolumeServicesNegativeTest-16265784 tempest-VolumeServicesNegativeTest-16265784-project-admin] Action: 'update', calling method: update, body: {"host": "invalid_host", "binary": "cinder-scheduler"} {{(pid=109814) _process_stack /opt/stack/cinder/cinder/api/openstack/wsgi.py:866}}
Mar 10 17:25:21.731351 dv-cinder-830538-8-smb devstack@c-api.service[109813]: DEBUG cinder.api.middleware.request_id [None req-baec48f9-bf8d-4c3d-8e97-87c2bdf71ec0 None None] RequestId filter calling following filter/app {{(pid=109813) _context_setter /opt/stack/cinder/cinder/api/middleware/request_id.py:62}}
Mar 10 17:25:21.736332 dv-cinder-830538-8-smb devstack@c-api.service[109813]: INFO cinder.api.openstack.wsgi [None req-baec48f9-bf8d-4c3d-8e97-87c2bdf71ec0 tempest-VolumeRetypeWithoutMigrationTest-1924939805 tempest-VolumeRetypeWithoutMigrationTest-1924939805-project] GET http://10.222.0.20/volume/v3/014ca605313c474c8f504523bb268752/volumes/c84ecb73-15bb-4215-88ba-f88fa6132f73
Mar 10 17:25:21.736795 dv-cinder-830538-8-smb devstack@c-api.service[109813]: DEBUG cinder.api.openstack.wsgi [None req-baec48f9-bf8d-4c3d-8e97-87c2bdf71ec0 tempest-VolumeRetypeWithoutMigrationTest-1924939805 tempest-VolumeRetypeWithoutMigrationTest-1924939805-project] Empty body provided in request {{(pid=109813) get_body /opt/stack/cinder/cinder/api/openstack/wsgi.py:715}}
Mar 10 17:25:21.737257 dv-cinder-830538-8-smb devstack@c-api.service[109813]: DEBUG cinder.api.openstack.wsgi [None req-baec48f9-bf8d-4c3d-8e97-87c2bdf71ec0 tempest-VolumeRetypeWithoutMigrationTest-1924939805 tempest-VolumeRetypeWithoutMigrationTest-1924939805-project] Calling method 'show' {{(pid=109813) _process_stack /opt/stack/cinder/cinder/api/openstack/wsgi.py:868}}
Mar 10 17:25:21.743502 dv-cinder-830538-8-smb devstack@c-api.service[109814]: INFO cinder.api.openstack.wsgi [None req-c27fd46c-c8c2-4eff-8c70-70a14736b3c1 tempest-VolumeServicesNegativeTest-16265784 tempest-VolumeServicesNegativeTest-16265784-project-admin] http://10.222.0.20/volume/v3/8b7904820df6478da2a439cc3576a9e9/os-services/enable returned with HTTP 404
Mar 10 17:25:21.748143 dv-cinder-830538-8-smb devstack@c-api.service[109814]: [pid: 109814|app: 0|req: 117/216] 10.222.0.20 () {60 vars in 1266 bytes} [Thu Mar 10 17:25:21 2022] PUT /volume/v3/8b7904820df6478da2a439cc3576a9e9/os-services/enable => generated 111 bytes in 160 msecs (HTTP/1.1 404) 7 headers in 292 bytes (2 switches on core 0)
Mar 10 17:25:21.750036 dv-cinder-830538-8-smb devstack@c-api.service[109814]: DEBUG cinder.api.middleware.request_id [None req-de872602-cf26-4f15-85cb-6cf4bc4db2e0 None None] RequestId filter calling following filter/app {{(pid=109814) _context_setter /opt/stack/cinder/cinder/api/middleware/request_id.py:62}}
Mar 10 17:25:21.753254 dv-cinder-830538-8-smb devstack@c-api.service[109813]: /usr/local/lib/python3.8/dist-packages/oslo_context/context.py:100: DeprecationWarning: Policy enforcement is depending on the value of is_admin. This key is deprecated. Please update your policy file to use the standard policy values.
Mar 10 17:25:21.753254 dv-cinder-830538-8-smb devstack@c-api.service[109813]: warnings.warn('Policy enforcement is depending on the value of '
Mar 10 17:25:21.756413 dv-cinder-830538-8-smb devstack@c-api.service[109814]: INFO cinder.api.openstack.wsgi [None req-de872602-cf26-4f15-85cb-6cf4bc4db2e0 tempest-VolumeServicesNegativeTest-16265784 tempest-VolumeServicesNegativeTest-16265784-project-admin] PUT http://10.222.0.20/volume/v3/8b7904820df6478da2a439cc3576a9e9/os-services/freeze
Mar 10 17:25:21.757112 dv-cinder-830538-8-smb devstack@c-api.service[109814]: DEBUG cinder.api.openstack.wsgi [None req-de872602-cf26-4f15-85cb-6cf4bc4db2e0 tempest-VolumeServicesNegativeTest-16265784 tempest-VolumeServicesNegativeTest-16265784-project-admin] Action: 'update', calling method: update, body: {"host": "invalid_host"} {{(pid=109814) _process_stack /opt/stack/cinder/cinder/api/openstack/wsgi.py:866}}
Mar 10 17:25:21.761829 dv-cinder-830538-8-smb devstack@c-api.service[109813]: INFO cinder.volume.api [None req-baec48f9-bf8d-4c3d-8e97-87c2bdf71ec0 tempest-VolumeRetypeWithoutMigrationTest-1924939805 tempest-VolumeRetypeWithoutMigrationTest-1924939805-project] Volume info retrieved successfully.
Mar 10 17:25:21.768675 dv-cinder-830538-8-smb devstack@c-api.service[109814]: INFO cinder.api.openstack.wsgi [None req-de872602-cf26-4f15-85cb-6cf4bc4db2e0 tempest-VolumeServicesNegativeTest-16265784 tempest-VolumeServicesNegativeTest-16265784-project-admin] http://10.222.0.20/volume/v3/8b7904820df6478da2a439cc3576a9e9/os-services/freeze returned with HTTP 400
Mar 10 17:25:21.770003 dv-cinder-830538-8-smb devstack@c-api.service[109814]: [pid: 109814|app: 0|req: 118/217] 10.222.0.20 () {60 vars in 1266 bytes} [Thu Mar 10 17:25:21 2022] PUT /volume/v3/8b7904820df6478da2a439cc3576a9e9/os-services/freeze => generated 83 bytes in 21 msecs (HTTP/1.1 400) 7 headers in 293 bytes (1 switches on core 0)
Mar 10 17:25:21.772874 dv-cinder-830538-8-smb devstack@c-api.service[109813]: INFO cinder.api.openstack.wsgi [None req-baec48f9-bf8d-4c3d-8e97-87c2bdf71ec0 tempest-VolumeRetypeWithoutMigrationTest-1924939805 tempest-VolumeRetypeWithoutMigrationTest-1924939805-project] http://10.222.0.20/volume/v3/014ca605313c474c8f504523bb268752/volumes/c84ecb73-15bb-4215-88ba-f88fa6132f73 returned with HTTP 200
Mar 10 17:25:21.774265 dv-cinder-830538-8-smb devstack@c-api.service[109813]: [pid: 109813|app: 0|req: 100/218] 10.222.0.20 () {58 vars in 1324 bytes} [Thu Mar 10 17:25:21 2022] GET /volume/v3/014ca605313c474c8f504523bb268752/volumes/c84ecb73-15bb-4215-88ba-f88fa6132f73 => generated 926 bytes in 44 msecs (HTTP/1.1 200) 7 headers in 285 bytes (2 switches on core 0)
Mar 10 17:25:21.775377 dv-cinder-830538-8-smb devstack@c-api.service[109814]: DEBUG cinder.api.middleware.request_id [None req-10d68219-69fa-4749-b665-567b0fd4e950 None None] RequestId filter calling following filter/app {{(pid=109814) _context_setter /opt/stack/cinder/cinder/api/middleware/request_id.py:62}}
Mar 10 17:25:21.780029 dv-cinder-830538-8-smb devstack@c-api.service[109814]: INFO cinder.api.openstack.wsgi [None req-10d68219-69fa-4749-b665-567b0fd4e950 tempest-VolumeServicesNegativeTest-16265784 tempest-VolumeServicesNegativeTest-16265784-project-admin] PUT http://10.222.0.20/volume/v3/8b7904820df6478da2a439cc3576a9e9/os-services/thaw
Mar 10 17:25:21.781169 dv-cinder-830538-8-smb devstack@c-api.service[109814]: DEBUG cinder.api.openstack.wsgi [None req-10d68219-69fa-4749-b665-567b0fd4e950 tempest-VolumeServicesNegativeTest-16265784 tempest-VolumeServicesNegativeTest-16265784-project-admin] Action: 'update', calling method: update, body: {"host": "invalid_host"} {{(pid=109814) _process_stack /opt/stack/cinder/cinder/api/openstack/wsgi.py:866}}
Mar 10 17:25:21.785770 dv-cinder-830538-8-smb devstack@c-api.service[109813]: DEBUG cinder.api.middleware.request_id [None req-401d2ae9-c434-4ce6-a90b-08171339609e None None] RequestId filter calling following filter/app {{(pid=109813) _context_setter /opt/stack/cinder/cinder/api/middleware/request_id.py:62}}
Mar 10 17:25:21.790772 dv-cinder-830538-8-smb devstack@c-api.service[109813]: INFO cinder.api.openstack.wsgi [None req-401d2ae9-c434-4ce6-a90b-08171339609e tempest-VolumeRetypeWithoutMigrationTest-174055036 tempest-VolumeRetypeWithoutMigrationTest-174055036-project-admin] GET http://10.222.0.20/volume/v3/c00affef6f344989b9340c08a34afaba/volumes/c84ecb73-15bb-4215-88ba-f88fa6132f73
Mar 10 17:25:21.791221 dv-cinder-830538-8-smb devstack@c-api.service[109813]: DEBUG cinder.api.openstack.wsgi [None req-401d2ae9-c434-4ce6-a90b-08171339609e tempest-VolumeRetypeWithoutMigrationTest-174055036 tempest-VolumeRetypeWithoutMigrationTest-174055036-project-admin] Empty body provided in request {{(pid=109813) get_body /opt/stack/cinder/cinder/api/openstack/wsgi.py:715}}
Mar 10 17:25:21.791856 dv-cinder-830538-8-smb devstack@c-api.service[109813]: DEBUG cinder.api.openstack.wsgi [None req-401d2ae9-c434-4ce6-a90b-08171339609e tempest-VolumeRetypeWithoutMigrationTest-174055036 tempest-VolumeRetypeWithoutMigrationTest-174055036-project-admin] Calling method 'show' {{(pid=109813) _process_stack /opt/stack/cinder/cinder/api/openstack/wsgi.py:868}}
Mar 10 17:25:21.792156 dv-cinder-830538-8-smb devstack@c-api.service[109814]: INFO cinder.api.openstack.wsgi [None req-10d68219-69fa-4749-b665-567b0fd4e950 tempest-VolumeServicesNegativeTest-16265784 tempest-VolumeServicesNegativeTest-16265784-project-admin] http://10.222.0.20/volume/v3/8b7904820df6478da2a439cc3576a9e9/os-services/thaw returned with HTTP 400
Mar 10 17:25:21.793268 dv-cinder-830538-8-smb devstack@c-api.service[109814]: [pid: 109814|app: 0|req: 119/219] 10.222.0.20 () {60 vars in 1260 bytes} [Thu Mar 10 17:25:21 2022] PUT /volume/v3/8b7904820df6478da2a439cc3576a9e9/os-services/thaw => generated 83 bytes in 19 msecs (HTTP/1.1 400) 7 headers in 293 bytes (2 switches on core 0)
Mar 10 17:25:21.809754 dv-cinder-830538-8-smb devstack@c-api.service[109813]: /usr/local/lib/python3.8/dist-packages/oslo_context/context.py:100: DeprecationWarning: Policy enforcement is depending on the value of is_admin. This key is deprecated. Please update your policy file to use the standard policy values.
Mar 10 17:25:21.809754 dv-cinder-830538-8-smb devstack@c-api.service[109813]: warnings.warn('Policy enforcement is depending on the value of '
Mar 10 17:25:21.818990 dv-cinder-830538-8-smb devstack@c-api.service[109813]: INFO cinder.volume.api [None req-401d2ae9-c434-4ce6-a90b-08171339609e tempest-VolumeRetypeWithoutMigrationTest-174055036 tempest-VolumeRetypeWithoutMigrationTest-174055036-project-admin] Volume info retrieved successfully.
Mar 10 17:25:21.827296 dv-cinder-830538-8-smb devstack@c-api.service[109813]: INFO cinder.api.openstack.wsgi [None req-401d2ae9-c434-4ce6-a90b-08171339609e tempest-VolumeRetypeWithoutMigrationTest-174055036 tempest-VolumeRetypeWithoutMigrationTest-174055036-project-admin] http://10.222.0.20/volume/v3/c00affef6f344989b9340c08a34afaba/volumes/c84ecb73-15bb-4215-88ba-f88fa6132f73 returned with HTTP 200
Mar 10 17:25:21.828613 dv-cinder-830538-8-smb devstack@c-api.service[109813]: [pid: 109813|app: 0|req: 101/220] 10.222.0.20 () {58 vars in 1324 bytes} [Thu Mar 10 17:25:21 2022] GET /volume/v3/c00affef6f344989b9340c08a34afaba/volumes/c84ecb73-15bb-4215-88ba-f88fa6132f73 => generated 1092 bytes in 44 msecs (HTTP/1.1 200) 7 headers in 286 bytes (2 switches on core 0)
Mar 10 17:25:21.840440 dv-cinder-830538-8-smb devstack@c-api.service[109814]: DEBUG cinder.api.middleware.request_id [None req-9af40432-8ad7-4faa-abb0-306457eb6828 None None] RequestId filter calling following filter/app {{(pid=109814) _context_setter /opt/stack/cinder/cinder/api/middleware/request_id.py:62}}
Mar 10 17:25:21.844881 dv-cinder-830538-8-smb devstack@c-api.service[109814]: INFO cinder.api.openstack.wsgi [None req-9af40432-8ad7-4faa-abb0-306457eb6828 tempest-VolumeRetypeWithoutMigrationTest-1924939805 tempest-VolumeRetypeWithoutMigrationTest-1924939805-project] POST http://10.222.0.20/volume/v3/014ca605313c474c8f504523bb268752/volumes/c84ecb73-15bb-4215-88ba-f88fa6132f73/action
Mar 10 17:25:21.845958 dv-cinder-830538-8-smb devstack@c-api.service[109814]: DEBUG cinder.api.openstack.wsgi [None req-9af40432-8ad7-4faa-abb0-306457eb6828 tempest-VolumeRetypeWithoutMigrationTest-1924939805 tempest-VolumeRetypeWithoutMigrationTest-1924939805-project] Action body: b'{"os-retype": {"new_type": "volume-type-2", "migration_policy": "never"}}' {{(pid=109814) get_method /opt/stack/cinder/cinder/api/openstack/wsgi.py:983}}
Mar 10 17:25:21.846587 dv-cinder-830538-8-smb devstack@c-api.service[109814]: DEBUG cinder.api.openstack.wsgi [None req-9af40432-8ad7-4faa-abb0-306457eb6828 tempest-VolumeRetypeWithoutMigrationTest-1924939805 tempest-VolumeRetypeWithoutMigrationTest-1924939805-project] Action: 'action', calling method: _retype, body: {"os-retype": {"new_type": "volume-type-2", "migration_policy": "never"}} {{(pid=109814) _process_stack /opt/stack/cinder/cinder/api/openstack/wsgi.py:866}}
Mar 10 17:25:21.865962 dv-cinder-830538-8-smb devstack@c-api.service[109814]: /usr/local/lib/python3.8/dist-packages/oslo_context/context.py:100: DeprecationWarning: Policy enforcement is depending on the value of is_admin. This key is deprecated. Please update your policy file to use the standard policy values.
Mar 10 17:25:21.865962 dv-cinder-830538-8-smb devstack@c-api.service[109814]: warnings.warn('Policy enforcement is depending on the value of '
Mar 10 17:25:21.867610 dv-cinder-830538-8-smb devstack@c-api.service[109814]: INFO cinder.volume.api [None req-9af40432-8ad7-4faa-abb0-306457eb6828 tempest-VolumeRetypeWithoutMigrationTest-1924939805 tempest-VolumeRetypeWithoutMigrationTest-1924939805-project] Volume info retrieved successfully.
Mar 10 17:25:21.882011 dv-cinder-830538-8-smb devstack@c-api.service[109813]: DEBUG cinder.api.middleware.request_id [None req-b4e88f7a-9fb9-4ee4-8727-7b02a7377a96 None None] RequestId filter calling following filter/app {{(pid=109813) _context_setter /opt/stack/cinder/cinder/api/middleware/request_id.py:62}}
Mar 10 17:25:21.886880 dv-cinder-830538-8-smb devstack@c-api.service[109813]: INFO cinder.api.openstack.wsgi [None req-b4e88f7a-9fb9-4ee4-8727-7b02a7377a96 tempest-DeleteServersTestJSON-172494011 tempest-DeleteServersTestJSON-172494011-project] GET http://10.222.0.20/volume/v3/880c320a206e428cbc8f2251b7a8be8a/volumes/6af2077b-9b3d-4316-baa5-964d226ccc78
Mar 10 17:25:21.888004 dv-cinder-830538-8-smb devstack@c-api.service[109813]: DEBUG cinder.api.openstack.wsgi [None req-b4e88f7a-9fb9-4ee4-8727-7b02a7377a96 tempest-DeleteServersTestJSON-172494011 tempest-DeleteServersTestJSON-172494011-project] Empty body provided in request {{(pid=109813) get_body /opt/stack/cinder/cinder/api/openstack/wsgi.py:715}}
Mar 10 17:25:21.888778 dv-cinder-830538-8-smb devstack@c-api.service[109813]: DEBUG cinder.api.openstack.wsgi [None req-b4e88f7a-9fb9-4ee4-8727-7b02a7377a96 tempest-DeleteServersTestJSON-172494011 tempest-DeleteServersTestJSON-172494011-project] Calling method 'show' {{(pid=109813) _process_stack /opt/stack/cinder/cinder/api/openstack/wsgi.py:868}}
Mar 10 17:25:21.911733 dv-cinder-830538-8-smb devstack@c-api.service[109814]: WARNING cinder.quota [None req-9af40432-8ad7-4faa-abb0-306457eb6828 tempest-VolumeRetypeWithoutMigrationTest-1924939805 tempest-VolumeRetypeWithoutMigrationTest-1924939805-project] Deprecated: Default quota for resource: volumes_volume-type-2 is set by the default quota flag: quota_volumes_volume-type-2, it is now deprecated. Please use the default quota class for default quota.
Mar 10 17:25:21.912544 dv-cinder-830538-8-smb devstack@c-api.service[109814]: WARNING cinder.quota [None req-9af40432-8ad7-4faa-abb0-306457eb6828 tempest-VolumeRetypeWithoutMigrationTest-1924939805 tempest-VolumeRetypeWithoutMigrationTest-1924939805-project] Deprecated: Default quota for resource: gigabytes_volume-type-2 is set by the default quota flag: quota_gigabytes_volume-type-2, it is now deprecated. Please use the default quota class for default quota.
Mar 10 17:25:21.918873 dv-cinder-830538-8-smb devstack@c-api.service[109813]: /usr/local/lib/python3.8/dist-packages/oslo_context/context.py:100: DeprecationWarning: Policy enforcement is depending on the value of is_admin. This key is deprecated. Please update your policy file to use the standard policy values.
Mar 10 17:25:21.918873 dv-cinder-830538-8-smb devstack@c-api.service[109813]: warnings.warn('Policy enforcement is depending on the value of '
Mar 10 17:25:21.953385 dv-cinder-830538-8-smb devstack@c-api.service[109813]: INFO cinder.volume.api [None req-b4e88f7a-9fb9-4ee4-8727-7b02a7377a96 tempest-DeleteServersTestJSON-172494011 tempest-DeleteServersTestJSON-172494011-project] Volume info retrieved successfully.
Mar 10 17:25:21.978340 dv-cinder-830538-8-smb devstack@c-api.service[109813]: INFO cinder.api.openstack.wsgi [None req-b4e88f7a-9fb9-4ee4-8727-7b02a7377a96 tempest-DeleteServersTestJSON-172494011 tempest-DeleteServersTestJSON-172494011-project] http://10.222.0.20/volume/v3/880c320a206e428cbc8f2251b7a8be8a/volumes/6af2077b-9b3d-4316-baa5-964d226ccc78 returned with HTTP 200
Mar 10 17:25:21.978340 dv-cinder-830538-8-smb devstack@c-api.service[109813]: [pid: 109813|app: 0|req: 102/221] 10.222.0.20 () {58 vars in 1324 bytes} [Thu Mar 10 17:25:21 2022] GET /volume/v3/880c320a206e428cbc8f2251b7a8be8a/volumes/6af2077b-9b3d-4316-baa5-964d226ccc78 => generated 914 bytes in 95 msecs (HTTP/1.1 200) 7 headers in 285 bytes (2 switches on core 0)
Mar 10 17:25:21.994442 dv-cinder-830538-8-smb devstack@c-api.service[109814]: DEBUG cinder.quota [None req-9af40432-8ad7-4faa-abb0-306457eb6828 tempest-VolumeRetypeWithoutMigrationTest-1924939805 tempest-VolumeRetypeWithoutMigrationTest-1924939805-project] Created reservations ['3b0f2f16-2215-4d60-ab69-4244883dc5df', '2a77493b-3d1c-4fdd-8ef9-531b0cda3b58'] {{(pid=109814) reserve /opt/stack/cinder/cinder/quota.py:755}}
Mar 10 17:25:22.058562 dv-cinder-830538-8-smb devstack@c-api.service[109814]: DEBUG cinder.quota [None req-9af40432-8ad7-4faa-abb0-306457eb6828 tempest-VolumeRetypeWithoutMigrationTest-1924939805 tempest-VolumeRetypeWithoutMigrationTest-1924939805-project] Created reservations ['b449a329-6afd-4856-8865-ce4becc23c6e', '3ac33dfc-1985-456d-a868-690766fe8f80'] {{(pid=109814) reserve /opt/stack/cinder/cinder/quota.py:755}}
Mar 10 17:25:22.066708 dv-cinder-830538-8-smb devstack@c-api.service[109814]: /opt/stack/cinder/cinder/db/sqlalchemy/api.py:2955: SADeprecationWarning: The SelectBase.as_scalar() method is deprecated and will be removed in a future release. Please refer to SelectBase.scalar_subquery(). (deprecated since: 1.4)
Mar 10 17:25:22.066708 dv-cinder-830538-8-smb devstack@c-api.service[109814]: models.VolumeType.qos_specs_id == q.as_scalar())),
Mar 10 17:25:22.160049 dv-cinder-830538-8-smb devstack@c-api.service[109814]: INFO cinder.volume.api [None req-9af40432-8ad7-4faa-abb0-306457eb6828 tempest-VolumeRetypeWithoutMigrationTest-1924939805 tempest-VolumeRetypeWithoutMigrationTest-1924939805-project] Retype volume request issued successfully.
Mar 10 17:25:22.160526 dv-cinder-830538-8-smb devstack@c-api.service[109814]: INFO cinder.api.openstack.wsgi [None req-9af40432-8ad7-4faa-abb0-306457eb6828 tempest-VolumeRetypeWithoutMigrationTest-1924939805 tempest-VolumeRetypeWithoutMigrationTest-1924939805-project] http://10.222.0.20/volume/v3/014ca605313c474c8f504523bb268752/volumes/c84ecb73-15bb-4215-88ba-f88fa6132f73/action returned with HTTP 202
Mar 10 17:25:22.161564 dv-cinder-830538-8-smb devstack@c-api.service[109814]: [pid: 109814|app: 0|req: 120/222] 10.222.0.20 () {60 vars in 1366 bytes} [Thu Mar 10 17:25:21 2022] POST /volume/v3/014ca605313c474c8f504523bb268752/volumes/c84ecb73-15bb-4215-88ba-f88fa6132f73/action => generated 0 bytes in 322 msecs (HTTP/1.1 202) 7 headers in 289 bytes (1 switches on core 0)
Mar 10 17:25:22.166686 dv-cinder-830538-8-smb devstack@c-api.service[109813]: DEBUG cinder.api.middleware.request_id [None req-f8b7cebc-9f7e-4e7a-83a5-b2ac292c1a62 None None] RequestId filter calling following filter/app {{(pid=109813) _context_setter /opt/stack/cinder/cinder/api/middleware/request_id.py:62}}
Mar 10 17:25:22.170556 dv-cinder-830538-8-smb devstack@c-api.service[109813]: INFO cinder.api.openstack.wsgi [None req-f8b7cebc-9f7e-4e7a-83a5-b2ac292c1a62 tempest-VolumeRetypeWithoutMigrationTest-1924939805 tempest-VolumeRetypeWithoutMigrationTest-1924939805-project] GET http://10.222.0.20/volume/v3/014ca605313c474c8f504523bb268752/volumes/c84ecb73-15bb-4215-88ba-f88fa6132f73
Mar 10 17:25:22.171010 dv-cinder-830538-8-smb devstack@c-api.service[109813]: DEBUG cinder.api.openstack.wsgi [None req-f8b7cebc-9f7e-4e7a-83a5-b2ac292c1a62 tempest-VolumeRetypeWithoutMigrationTest-1924939805 tempest-VolumeRetypeWithoutMigrationTest-1924939805-project] Empty body provided in request {{(pid=109813) get_body /opt/stack/cinder/cinder/api/openstack/wsgi.py:715}}
Mar 10 17:25:22.171464 dv-cinder-830538-8-smb devstack@c-api.service[109813]: DEBUG cinder.api.openstack.wsgi [None req-f8b7cebc-9f7e-4e7a-83a5-b2ac292c1a62 tempest-VolumeRetypeWithoutMigrationTest-1924939805 tempest-VolumeRetypeWithoutMigrationTest-1924939805-project] Calling method 'show' {{(pid=109813) _process_stack /opt/stack/cinder/cinder/api/openstack/wsgi.py:868}}
Mar 10 17:25:22.193785 dv-cinder-830538-8-smb devstack@c-api.service[109813]: /usr/local/lib/python3.8/dist-packages/oslo_context/context.py:100: DeprecationWarning: Policy enforcement is depending on the value of is_admin. This key is deprecated. Please update your policy file to use the standard policy values.
Mar 10 17:25:22.193785 dv-cinder-830538-8-smb devstack@c-api.service[109813]: warnings.warn('Policy enforcement is depending on the value of '
Mar 10 17:25:22.202870 dv-cinder-830538-8-smb devstack@c-api.service[109814]: DEBUG cinder.api.middleware.request_id [req-26d6a63e-8c3f-4d6d-b0fa-56d8e5f8c82f req-1470c315-1014-43a5-9066-870c4e120cb3 None None] RequestId filter calling following filter/app {{(pid=109814) _context_setter /opt/stack/cinder/cinder/api/middleware/request_id.py:62}}
Mar 10 17:25:22.210100 dv-cinder-830538-8-smb devstack@c-api.service[109814]: INFO cinder.api.openstack.wsgi [req-26d6a63e-8c3f-4d6d-b0fa-56d8e5f8c82f req-1470c315-1014-43a5-9066-870c4e120cb3 tempest-DeleteServersTestJSON-172494011 tempest-DeleteServersTestJSON-172494011-project] GET http://10.222.0.20/volume/v3/880c320a206e428cbc8f2251b7a8be8a/volumes/6af2077b-9b3d-4316-baa5-964d226ccc78
Mar 10 17:25:22.210532 dv-cinder-830538-8-smb devstack@c-api.service[109814]: DEBUG cinder.api.openstack.wsgi [req-26d6a63e-8c3f-4d6d-b0fa-56d8e5f8c82f req-1470c315-1014-43a5-9066-870c4e120cb3 tempest-DeleteServersTestJSON-172494011 tempest-DeleteServersTestJSON-172494011-project] Empty body provided in request {{(pid=109814) get_body /opt/stack/cinder/cinder/api/openstack/wsgi.py:715}}
Mar 10 17:25:22.210982 dv-cinder-830538-8-smb devstack@c-api.service[109814]: DEBUG cinder.api.openstack.wsgi [req-26d6a63e-8c3f-4d6d-b0fa-56d8e5f8c82f req-1470c315-1014-43a5-9066-870c4e120cb3 tempest-DeleteServersTestJSON-172494011 tempest-DeleteServersTestJSON-172494011-project] Calling method 'show' {{(pid=109814) _process_stack /opt/stack/cinder/cinder/api/openstack/wsgi.py:868}}
Mar 10 17:25:22.227597 dv-cinder-830538-8-smb devstack@c-api.service[109813]: INFO cinder.volume.api [None req-f8b7cebc-9f7e-4e7a-83a5-b2ac292c1a62 tempest-VolumeRetypeWithoutMigrationTest-1924939805 tempest-VolumeRetypeWithoutMigrationTest-1924939805-project] Volume info retrieved successfully.
Mar 10 17:25:22.233366 dv-cinder-830538-8-smb devstack@c-api.service[109814]: /usr/local/lib/python3.8/dist-packages/oslo_context/context.py:100: DeprecationWarning: Policy enforcement is depending on the value of is_admin. This key is deprecated. Please update your policy file to use the standard policy values.
Mar 10 17:25:22.233366 dv-cinder-830538-8-smb devstack@c-api.service[109814]: warnings.warn('Policy enforcement is depending on the value of '
Mar 10 17:25:22.242981 dv-cinder-830538-8-smb devstack@c-api.service[109814]: INFO cinder.volume.api [req-26d6a63e-8c3f-4d6d-b0fa-56d8e5f8c82f req-1470c315-1014-43a5-9066-870c4e120cb3 tempest-DeleteServersTestJSON-172494011 tempest-DeleteServersTestJSON-172494011-project] Volume info retrieved successfully.
Mar 10 17:25:22.245071 dv-cinder-830538-8-smb devstack@c-api.service[109813]: INFO cinder.api.openstack.wsgi [None req-f8b7cebc-9f7e-4e7a-83a5-b2ac292c1a62 tempest-VolumeRetypeWithoutMigrationTest-1924939805 tempest-VolumeRetypeWithoutMigrationTest-1924939805-project] http://10.222.0.20/volume/v3/014ca605313c474c8f504523bb268752/volumes/c84ecb73-15bb-4215-88ba-f88fa6132f73 returned with HTTP 200
Mar 10 17:25:22.252309 dv-cinder-830538-8-smb devstack@c-api.service[109813]: [pid: 109813|app: 0|req: 103/223] 10.222.0.20 () {58 vars in 1324 bytes} [Thu Mar 10 17:25:22 2022] GET /volume/v3/014ca605313c474c8f504523bb268752/volumes/c84ecb73-15bb-4215-88ba-f88fa6132f73 => generated 925 bytes in 81 msecs (HTTP/1.1 200) 7 headers in 285 bytes (1 switches on core 0)
Mar 10 17:25:22.262792 dv-cinder-830538-8-smb devstack@c-api.service[109814]: INFO cinder.api.openstack.wsgi [req-26d6a63e-8c3f-4d6d-b0fa-56d8e5f8c82f req-1470c315-1014-43a5-9066-870c4e120cb3 tempest-DeleteServersTestJSON-172494011 tempest-DeleteServersTestJSON-172494011-project] http://10.222.0.20/volume/v3/880c320a206e428cbc8f2251b7a8be8a/volumes/6af2077b-9b3d-4316-baa5-964d226ccc78 returned with HTTP 200
Mar 10 17:25:22.273945 dv-cinder-830538-8-smb devstack@c-api.service[109814]: [pid: 109814|app: 0|req: 121/224] 10.222.0.20 () {60 vars in 1578 bytes} [Thu Mar 10 17:25:22 2022] GET /volume/v3/880c320a206e428cbc8f2251b7a8be8a/volumes/6af2077b-9b3d-4316-baa5-964d226ccc78 => generated 914 bytes in 73 msecs (HTTP/1.1 200) 7 headers in 285 bytes (2 switches on core 0)
Mar 10 17:25:22.469386 dv-cinder-830538-8-smb devstack@c-api.service[109813]: DEBUG cinder.api.middleware.request_id [None req-aa8803ac-3d4a-402d-8d11-9ec444446aaf None None] RequestId filter calling following filter/app {{(pid=109813) _context_setter /opt/stack/cinder/cinder/api/middleware/request_id.py:62}}
Mar 10 17:25:22.470554 dv-cinder-830538-8-smb devstack@c-api.service[109813]: INFO cinder.api.openstack.wsgi [None req-aa8803ac-3d4a-402d-8d11-9ec444446aaf None None] GET http://10.222.0.20/volume//
Mar 10 17:25:22.472279 dv-cinder-830538-8-smb devstack@c-api.service[109813]: DEBUG cinder.api.openstack.wsgi [None req-aa8803ac-3d4a-402d-8d11-9ec444446aaf None None] Empty body provided in request {{(pid=109813) get_body /opt/stack/cinder/cinder/api/openstack/wsgi.py:715}}
Mar 10 17:25:22.473115 dv-cinder-830538-8-smb devstack@c-api.service[109813]: DEBUG cinder.api.openstack.wsgi [None req-aa8803ac-3d4a-402d-8d11-9ec444446aaf None None] Calling method 'all' {{(pid=109813) _process_stack /opt/stack/cinder/cinder/api/openstack/wsgi.py:868}}
Mar 10 17:25:22.474059 dv-cinder-830538-8-smb devstack@c-api.service[109813]: INFO cinder.api.openstack.wsgi [None req-aa8803ac-3d4a-402d-8d11-9ec444446aaf None None] http://10.222.0.20/volume// returned with HTTP 300
Mar 10 17:25:22.474889 dv-cinder-830538-8-smb devstack@c-api.service[109813]: [pid: 109813|app: 0|req: 104/225] 10.222.0.20 () {58 vars in 1299 bytes} [Thu Mar 10 17:25:22 2022] GET /volume/ => generated 386 bytes in 7 msecs (HTTP/1.1 300) 7 headers in 299 bytes (1 switches on core 0)
Mar 10 17:25:22.488855 dv-cinder-830538-8-smb devstack@c-api.service[109814]: DEBUG cinder.api.middleware.request_id [req-26d6a63e-8c3f-4d6d-b0fa-56d8e5f8c82f req-ce9d1e24-421e-482f-bd75-682d39056405 None None] RequestId filter calling following filter/app {{(pid=109814) _context_setter /opt/stack/cinder/cinder/api/middleware/request_id.py:62}}
Mar 10 17:25:22.495492 dv-cinder-830538-8-smb devstack@c-api.service[109814]: INFO cinder.api.openstack.wsgi [req-26d6a63e-8c3f-4d6d-b0fa-56d8e5f8c82f req-ce9d1e24-421e-482f-bd75-682d39056405 tempest-DeleteServersTestJSON-172494011 tempest-DeleteServersTestJSON-172494011-project] POST http://10.222.0.20/volume/v3/880c320a206e428cbc8f2251b7a8be8a/attachments
Mar 10 17:25:22.496864 dv-cinder-830538-8-smb devstack@c-api.service[109814]: DEBUG cinder.api.openstack.wsgi [req-26d6a63e-8c3f-4d6d-b0fa-56d8e5f8c82f req-ce9d1e24-421e-482f-bd75-682d39056405 tempest-DeleteServersTestJSON-172494011 tempest-DeleteServersTestJSON-172494011-project] Action: 'create', calling method: version_select, body: {"attachment": {"volume_uuid": "6af2077b-9b3d-4316-baa5-964d226ccc78", "connector": null, "instance_uuid": "febb38ef-8e0f-461a-8610-ea5c5dad6eef"}} {{(pid=109814) _process_stack /opt/stack/cinder/cinder/api/openstack/wsgi.py:866}}
Mar 10 17:25:22.519550 dv-cinder-830538-8-smb devstack@c-api.service[109814]: /usr/local/lib/python3.8/dist-packages/oslo_context/context.py:100: DeprecationWarning: Policy enforcement is depending on the value of is_admin. This key is deprecated. Please update your policy file to use the standard policy values.
Mar 10 17:25:22.519550 dv-cinder-830538-8-smb devstack@c-api.service[109814]: warnings.warn('Policy enforcement is depending on the value of '
Mar 10 17:25:22.598297 dv-cinder-830538-8-smb devstack@c-api.service[109814]: INFO cinder.api.openstack.wsgi [req-26d6a63e-8c3f-4d6d-b0fa-56d8e5f8c82f req-ce9d1e24-421e-482f-bd75-682d39056405 tempest-DeleteServersTestJSON-172494011 tempest-DeleteServersTestJSON-172494011-project] http://10.222.0.20/volume/v3/880c320a206e428cbc8f2251b7a8be8a/attachments returned with HTTP 200
Mar 10 17:25:22.599182 dv-cinder-830538-8-smb devstack@c-api.service[109814]: [pid: 109814|app: 0|req: 122/226] 10.222.0.20 () {66 vars in 1574 bytes} [Thu Mar 10 17:25:22 2022] POST /volume/v3/880c320a206e428cbc8f2251b7a8be8a/attachments => generated 273 bytes in 112 msecs (HTTP/1.1 200) 7 headers in 286 bytes (1 switches on core 0)
Mar 10 17:25:22.644293 dv-cinder-830538-8-smb devstack@c-api.service[109813]: DEBUG cinder.api.middleware.request_id [None req-ed34b345-b6d0-4486-b4b9-02f7b154dcf4 None None] RequestId filter calling following filter/app {{(pid=109813) _context_setter /opt/stack/cinder/cinder/api/middleware/request_id.py:62}}
Mar 10 17:25:22.649261 dv-cinder-830538-8-smb devstack@c-api.service[109813]: INFO cinder.api.openstack.wsgi [None req-ed34b345-b6d0-4486-b4b9-02f7b154dcf4 tempest-DeleteServersTestJSON-172494011 tempest-DeleteServersTestJSON-172494011-project] GET http://10.222.0.20/volume/v3/880c320a206e428cbc8f2251b7a8be8a/volumes/6af2077b-9b3d-4316-baa5-964d226ccc78
Mar 10 17:25:22.650110 dv-cinder-830538-8-smb devstack@c-api.service[109813]: DEBUG cinder.api.openstack.wsgi [None req-ed34b345-b6d0-4486-b4b9-02f7b154dcf4 tempest-DeleteServersTestJSON-172494011 tempest-DeleteServersTestJSON-172494011-project] Empty body provided in request {{(pid=109813) get_body /opt/stack/cinder/cinder/api/openstack/wsgi.py:715}}
Mar 10 17:25:22.650762 dv-cinder-830538-8-smb devstack@c-api.service[109813]: DEBUG cinder.api.openstack.wsgi [None req-ed34b345-b6d0-4486-b4b9-02f7b154dcf4 tempest-DeleteServersTestJSON-172494011 tempest-DeleteServersTestJSON-172494011-project] Calling method 'show' {{(pid=109813) _process_stack /opt/stack/cinder/cinder/api/openstack/wsgi.py:868}}
Mar 10 17:25:22.687464 dv-cinder-830538-8-smb devstack@c-api.service[109814]: DEBUG cinder.api.middleware.request_id [None req-4a18d29b-2ab4-41cd-9195-2466a67a6b44 None None] RequestId filter calling following filter/app {{(pid=109814) _context_setter /opt/stack/cinder/cinder/api/middleware/request_id.py:62}}
Mar 10 17:25:22.688874 dv-cinder-830538-8-smb devstack@c-api.service[109814]: INFO cinder.api.openstack.wsgi [None req-4a18d29b-2ab4-41cd-9195-2466a67a6b44 None None] GET http://10.222.0.20/volume//
Mar 10 17:25:22.689823 dv-cinder-830538-8-smb devstack@c-api.service[109814]: DEBUG cinder.api.openstack.wsgi [None req-4a18d29b-2ab4-41cd-9195-2466a67a6b44 None None] Empty body provided in request {{(pid=109814) get_body /opt/stack/cinder/cinder/api/openstack/wsgi.py:715}}
Mar 10 17:25:22.690279 dv-cinder-830538-8-smb devstack@c-api.service[109814]: DEBUG cinder.api.openstack.wsgi [None req-4a18d29b-2ab4-41cd-9195-2466a67a6b44 None None] Calling method 'all' {{(pid=109814) _process_stack /opt/stack/cinder/cinder/api/openstack/wsgi.py:868}}
Mar 10 17:25:22.691437 dv-cinder-830538-8-smb devstack@c-api.service[109814]: INFO cinder.api.openstack.wsgi [None req-4a18d29b-2ab4-41cd-9195-2466a67a6b44 None None] http://10.222.0.20/volume// returned with HTTP 300
Mar 10 17:25:22.692647 dv-cinder-830538-8-smb devstack@c-api.service[109814]: [pid: 109814|app: 0|req: 123/227] 10.222.0.43 () {56 vars in 1098 bytes} [Thu Mar 10 17:25:22 2022] GET /volume/ => generated 386 bytes in 6 msecs (HTTP/1.1 300) 7 headers in 299 bytes (1 switches on core 0)
Mar 10 17:25:22.710009 dv-cinder-830538-8-smb devstack@c-api.service[109813]: /usr/local/lib/python3.8/dist-packages/oslo_context/context.py:100: DeprecationWarning: Policy enforcement is depending on the value of is_admin. This key is deprecated. Please update your policy file to use the standard policy values.
Mar 10 17:25:22.710009 dv-cinder-830538-8-smb devstack@c-api.service[109813]: warnings.warn('Policy enforcement is depending on the value of '
Mar 10 17:25:22.731273 dv-cinder-830538-8-smb devstack@c-api.service[109813]: INFO cinder.volume.api [None req-ed34b345-b6d0-4486-b4b9-02f7b154dcf4 tempest-DeleteServersTestJSON-172494011 tempest-DeleteServersTestJSON-172494011-project] Volume info retrieved successfully.
Mar 10 17:25:22.733651 dv-cinder-830538-8-smb devstack@c-api.service[109814]: DEBUG cinder.api.middleware.request_id [req-26d6a63e-8c3f-4d6d-b0fa-56d8e5f8c82f req-93c0d036-91dc-4f93-b6a9-eb531f22480a None None] RequestId filter calling following filter/app {{(pid=109814) _context_setter /opt/stack/cinder/cinder/api/middleware/request_id.py:62}}
Mar 10 17:25:22.743933 dv-cinder-830538-8-smb devstack@c-api.service[109814]: INFO cinder.api.openstack.wsgi [req-26d6a63e-8c3f-4d6d-b0fa-56d8e5f8c82f req-93c0d036-91dc-4f93-b6a9-eb531f22480a tempest-DeleteServersTestJSON-172494011 tempest-DeleteServersTestJSON-172494011-project] GET http://10.222.0.20/volume/v3/880c320a206e428cbc8f2251b7a8be8a/volumes/6af2077b-9b3d-4316-baa5-964d226ccc78
Mar 10 17:25:22.744973 dv-cinder-830538-8-smb devstack@c-api.service[109814]: DEBUG cinder.api.openstack.wsgi [req-26d6a63e-8c3f-4d6d-b0fa-56d8e5f8c82f req-93c0d036-91dc-4f93-b6a9-eb531f22480a tempest-DeleteServersTestJSON-172494011 tempest-DeleteServersTestJSON-172494011-project] Empty body provided in request {{(pid=109814) get_body /opt/stack/cinder/cinder/api/openstack/wsgi.py:715}}
Mar 10 17:25:22.745659 dv-cinder-830538-8-smb devstack@c-api.service[109814]: DEBUG cinder.api.openstack.wsgi [req-26d6a63e-8c3f-4d6d-b0fa-56d8e5f8c82f req-93c0d036-91dc-4f93-b6a9-eb531f22480a tempest-DeleteServersTestJSON-172494011 tempest-DeleteServersTestJSON-172494011-project] Calling method 'show' {{(pid=109814) _process_stack /opt/stack/cinder/cinder/api/openstack/wsgi.py:868}}
Mar 10 17:25:22.747604 dv-cinder-830538-8-smb devstack@c-api.service[109813]: INFO cinder.api.openstack.wsgi [None req-ed34b345-b6d0-4486-b4b9-02f7b154dcf4 tempest-DeleteServersTestJSON-172494011 tempest-DeleteServersTestJSON-172494011-project] http://10.222.0.20/volume/v3/880c320a206e428cbc8f2251b7a8be8a/volumes/6af2077b-9b3d-4316-baa5-964d226ccc78 returned with HTTP 200
Mar 10 17:25:22.750750 dv-cinder-830538-8-smb devstack@c-api.service[109813]: [pid: 109813|app: 0|req: 105/228] 10.222.0.20 () {58 vars in 1324 bytes} [Thu Mar 10 17:25:22 2022] GET /volume/v3/880c320a206e428cbc8f2251b7a8be8a/volumes/6af2077b-9b3d-4316-baa5-964d226ccc78 => generated 913 bytes in 108 msecs (HTTP/1.1 200) 7 headers in 285 bytes (1 switches on core 0)
Mar 10 17:25:22.796828 dv-cinder-830538-8-smb devstack@c-api.service[109814]: /usr/local/lib/python3.8/dist-packages/oslo_context/context.py:100: DeprecationWarning: Policy enforcement is depending on the value of is_admin. This key is deprecated. Please update your policy file to use the standard policy values.
Mar 10 17:25:22.796828 dv-cinder-830538-8-smb devstack@c-api.service[109814]: warnings.warn('Policy enforcement is depending on the value of '
Mar 10 17:25:22.820038 dv-cinder-830538-8-smb devstack@c-api.service[109814]: INFO cinder.volume.api [req-26d6a63e-8c3f-4d6d-b0fa-56d8e5f8c82f req-93c0d036-91dc-4f93-b6a9-eb531f22480a tempest-DeleteServersTestJSON-172494011 tempest-DeleteServersTestJSON-172494011-project] Volume info retrieved successfully.
Mar 10 17:25:22.834237 dv-cinder-830538-8-smb devstack@c-api.service[109814]: INFO cinder.api.openstack.wsgi [req-26d6a63e-8c3f-4d6d-b0fa-56d8e5f8c82f req-93c0d036-91dc-4f93-b6a9-eb531f22480a tempest-DeleteServersTestJSON-172494011 tempest-DeleteServersTestJSON-172494011-project] http://10.222.0.20/volume/v3/880c320a206e428cbc8f2251b7a8be8a/volumes/6af2077b-9b3d-4316-baa5-964d226ccc78 returned with HTTP 200
Mar 10 17:25:22.835412 dv-cinder-830538-8-smb devstack@c-api.service[109814]: [pid: 109814|app: 0|req: 124/229] 10.222.0.43 () {60 vars in 1412 bytes} [Thu Mar 10 17:25:22 2022] GET /volume/v3/880c320a206e428cbc8f2251b7a8be8a/volumes/6af2077b-9b3d-4316-baa5-964d226ccc78 => generated 1012 bytes in 104 msecs (HTTP/1.1 200) 7 headers in 287 bytes (2 switches on core 0)
Mar 10 17:25:22.922234 dv-cinder-830538-8-smb devstack@c-api.service[109813]: DEBUG cinder.api.middleware.request_id [req-26d6a63e-8c3f-4d6d-b0fa-56d8e5f8c82f req-c6e5377e-5fda-45b5-b40e-c9dea56c8937 None None] RequestId filter calling following filter/app {{(pid=109813) _context_setter /opt/stack/cinder/cinder/api/middleware/request_id.py:62}}
Mar 10 17:25:22.928481 dv-cinder-830538-8-smb devstack@c-api.service[109813]: INFO cinder.api.openstack.wsgi [req-26d6a63e-8c3f-4d6d-b0fa-56d8e5f8c82f req-c6e5377e-5fda-45b5-b40e-c9dea56c8937 tempest-DeleteServersTestJSON-172494011 tempest-DeleteServersTestJSON-172494011-project] PUT http://10.222.0.20/volume/v3/880c320a206e428cbc8f2251b7a8be8a/attachments/17e6c689-1f78-4a23-b075-0f24a3d8c12e
Mar 10 17:25:22.929545 dv-cinder-830538-8-smb devstack@c-api.service[109813]: DEBUG cinder.api.openstack.wsgi [req-26d6a63e-8c3f-4d6d-b0fa-56d8e5f8c82f req-c6e5377e-5fda-45b5-b40e-c9dea56c8937 tempest-DeleteServersTestJSON-172494011 tempest-DeleteServersTestJSON-172494011-project] Action: 'update', calling method: version_select, body: {"attachment": {"connector": {"platform": "AMD64", "os_type": "win32", "ip": "10.222.0.43", "host": "hv-cinder-83053", "multipath": false, "initiator": "iqn.1991-05.com.microsoft:hv-cinder-83053", "mountpoint": "/dev/sdb"}}} {{(pid=109813) _process_stack /opt/stack/cinder/cinder/api/openstack/wsgi.py:866}}
Mar 10 17:25:23.017833 dv-cinder-830538-8-smb devstack@c-api.service[109813]: /usr/local/lib/python3.8/dist-packages/tenacity/__init__.py:333: DeprecationWarning: "retry" function must accept single "retry_state" parameter, please update tooz._retry.retry..
Mar 10 17:25:23.017833 dv-cinder-830538-8-smb devstack@c-api.service[109813]: return self(f, *args, **kw)
Mar 10 17:25:23.018446 dv-cinder-830538-8-smb devstack@c-api.service[109813]: DEBUG cinder.coordination [req-26d6a63e-8c3f-4d6d-b0fa-56d8e5f8c82f req-c6e5377e-5fda-45b5-b40e-c9dea56c8937 tempest-DeleteServersTestJSON-172494011 tempest-DeleteServersTestJSON-172494011-project] Lock "b'cinder-attachment_update-6af2077b-9b3d-4316-baa5-964d226ccc78-hv-cinder-83053'" acquired by "attachment_update" :: waited 0.025s {{(pid=109813) _synchronized /opt/stack/cinder/cinder/coordination.py:186}}
Mar 10 17:25:23.024866 dv-cinder-830538-8-smb devstack@c-api.service[109813]: /usr/local/lib/python3.8/dist-packages/oslo_context/context.py:100: DeprecationWarning: Policy enforcement is depending on the value of is_admin. This key is deprecated. Please update your policy file to use the standard policy values.
Mar 10 17:25:23.024866 dv-cinder-830538-8-smb devstack@c-api.service[109813]: warnings.warn('Policy enforcement is depending on the value of '
Mar 10 17:25:23.258465 dv-cinder-830538-8-smb devstack@c-api.service[109814]: DEBUG cinder.api.middleware.request_id [None req-486a8daf-d37e-4d60-8d12-bf2036314968 None None] RequestId filter calling following filter/app {{(pid=109814) _context_setter /opt/stack/cinder/cinder/api/middleware/request_id.py:62}}
Mar 10 17:25:23.263899 dv-cinder-830538-8-smb devstack@c-api.service[109814]: INFO cinder.api.openstack.wsgi [None req-486a8daf-d37e-4d60-8d12-bf2036314968 tempest-VolumeRetypeWithoutMigrationTest-1924939805 tempest-VolumeRetypeWithoutMigrationTest-1924939805-project] GET http://10.222.0.20/volume/v3/014ca605313c474c8f504523bb268752/volumes/c84ecb73-15bb-4215-88ba-f88fa6132f73
Mar 10 17:25:23.264699 dv-cinder-830538-8-smb devstack@c-api.service[109814]: DEBUG cinder.api.openstack.wsgi [None req-486a8daf-d37e-4d60-8d12-bf2036314968 tempest-VolumeRetypeWithoutMigrationTest-1924939805 tempest-VolumeRetypeWithoutMigrationTest-1924939805-project] Empty body provided in request {{(pid=109814) get_body /opt/stack/cinder/cinder/api/openstack/wsgi.py:715}}
Mar 10 17:25:23.265961 dv-cinder-830538-8-smb devstack@c-api.service[109814]: DEBUG cinder.api.openstack.wsgi [None req-486a8daf-d37e-4d60-8d12-bf2036314968 tempest-VolumeRetypeWithoutMigrationTest-1924939805 tempest-VolumeRetypeWithoutMigrationTest-1924939805-project] Calling method 'show' {{(pid=109814) _process_stack /opt/stack/cinder/cinder/api/openstack/wsgi.py:868}}
Mar 10 17:25:23.285792 dv-cinder-830538-8-smb devstack@c-api.service[109813]: DEBUG cinder.coordination [req-26d6a63e-8c3f-4d6d-b0fa-56d8e5f8c82f req-c6e5377e-5fda-45b5-b40e-c9dea56c8937 tempest-DeleteServersTestJSON-172494011 tempest-DeleteServersTestJSON-172494011-project] Lock "b'cinder-attachment_update-6af2077b-9b3d-4316-baa5-964d226ccc78-hv-cinder-83053'" released by "attachment_update" :: held 0.267s {{(pid=109813) _synchronized /opt/stack/cinder/cinder/coordination.py:198}}
Mar 10 17:25:23.286449 dv-cinder-830538-8-smb devstack@c-api.service[109813]: INFO cinder.api.openstack.wsgi [req-26d6a63e-8c3f-4d6d-b0fa-56d8e5f8c82f req-c6e5377e-5fda-45b5-b40e-c9dea56c8937 tempest-DeleteServersTestJSON-172494011 tempest-DeleteServersTestJSON-172494011-project] http://10.222.0.20/volume/v3/880c320a206e428cbc8f2251b7a8be8a/attachments/17e6c689-1f78-4a23-b075-0f24a3d8c12e returned with HTTP 200
Mar 10 17:25:23.287556 dv-cinder-830538-8-smb devstack@c-api.service[109813]: [pid: 109813|app: 0|req: 106/230] 10.222.0.43 () {64 vars in 1477 bytes} [Thu Mar 10 17:25:22 2022] PUT /volume/v3/880c320a206e428cbc8f2251b7a8be8a/attachments/17e6c689-1f78-4a23-b075-0f24a3d8c12e => generated 652 bytes in 367 msecs (HTTP/1.1 200) 7 headers in 286 bytes (1 switches on core 0)
Mar 10 17:25:23.295843 dv-cinder-830538-8-smb devstack@c-api.service[109814]: /usr/local/lib/python3.8/dist-packages/oslo_context/context.py:100: DeprecationWarning: Policy enforcement is depending on the value of is_admin. This key is deprecated. Please update your policy file to use the standard policy values.
Mar 10 17:25:23.295843 dv-cinder-830538-8-smb devstack@c-api.service[109814]: warnings.warn('Policy enforcement is depending on the value of '
Mar 10 17:25:23.317258 dv-cinder-830538-8-smb devstack@c-api.service[109814]: INFO cinder.volume.api [None req-486a8daf-d37e-4d60-8d12-bf2036314968 tempest-VolumeRetypeWithoutMigrationTest-1924939805 tempest-VolumeRetypeWithoutMigrationTest-1924939805-project] Volume info retrieved successfully.
Mar 10 17:25:23.326879 dv-cinder-830538-8-smb devstack@c-api.service[109814]: INFO cinder.api.openstack.wsgi [None req-486a8daf-d37e-4d60-8d12-bf2036314968 tempest-VolumeRetypeWithoutMigrationTest-1924939805 tempest-VolumeRetypeWithoutMigrationTest-1924939805-project] http://10.222.0.20/volume/v3/014ca605313c474c8f504523bb268752/volumes/c84ecb73-15bb-4215-88ba-f88fa6132f73 returned with HTTP 200
Mar 10 17:25:23.328340 dv-cinder-830538-8-smb devstack@c-api.service[109814]: [pid: 109814|app: 0|req: 125/231] 10.222.0.20 () {58 vars in 1324 bytes} [Thu Mar 10 17:25:23 2022] GET /volume/v3/014ca605313c474c8f504523bb268752/volumes/c84ecb73-15bb-4215-88ba-f88fa6132f73 => generated 926 bytes in 71 msecs (HTTP/1.1 200) 7 headers in 285 bytes (1 switches on core 0)
Mar 10 17:25:23.340870 dv-cinder-830538-8-smb devstack@c-api.service[109813]: DEBUG cinder.api.middleware.request_id [None req-4f6417a4-ce61-4aaa-88a9-bc48f748892b None None] RequestId filter calling following filter/app {{(pid=109813) _context_setter /opt/stack/cinder/cinder/api/middleware/request_id.py:62}}
Mar 10 17:25:23.344493 dv-cinder-830538-8-smb devstack@c-api.service[109813]: INFO cinder.api.openstack.wsgi [None req-4f6417a4-ce61-4aaa-88a9-bc48f748892b tempest-VolumeRetypeWithoutMigrationTest-174055036 tempest-VolumeRetypeWithoutMigrationTest-174055036-project-admin] GET http://10.222.0.20/volume/v3/c00affef6f344989b9340c08a34afaba/volumes/c84ecb73-15bb-4215-88ba-f88fa6132f73
Mar 10 17:25:23.344929 dv-cinder-830538-8-smb devstack@c-api.service[109813]: DEBUG cinder.api.openstack.wsgi [None req-4f6417a4-ce61-4aaa-88a9-bc48f748892b tempest-VolumeRetypeWithoutMigrationTest-174055036 tempest-VolumeRetypeWithoutMigrationTest-174055036-project-admin] Empty body provided in request {{(pid=109813) get_body /opt/stack/cinder/cinder/api/openstack/wsgi.py:715}}
Mar 10 17:25:23.345383 dv-cinder-830538-8-smb devstack@c-api.service[109813]: DEBUG cinder.api.openstack.wsgi [None req-4f6417a4-ce61-4aaa-88a9-bc48f748892b tempest-VolumeRetypeWithoutMigrationTest-174055036 tempest-VolumeRetypeWithoutMigrationTest-174055036-project-admin] Calling method 'show' {{(pid=109813) _process_stack /opt/stack/cinder/cinder/api/openstack/wsgi.py:868}}
Mar 10 17:25:23.364517 dv-cinder-830538-8-smb devstack@c-api.service[109813]: /usr/local/lib/python3.8/dist-packages/oslo_context/context.py:100: DeprecationWarning: Policy enforcement is depending on the value of is_admin. This key is deprecated. Please update your policy file to use the standard policy values.
Mar 10 17:25:23.364517 dv-cinder-830538-8-smb devstack@c-api.service[109813]: warnings.warn('Policy enforcement is depending on the value of '
Mar 10 17:25:23.372001 dv-cinder-830538-8-smb devstack@c-api.service[109813]: INFO cinder.volume.api [None req-4f6417a4-ce61-4aaa-88a9-bc48f748892b tempest-VolumeRetypeWithoutMigrationTest-174055036 tempest-VolumeRetypeWithoutMigrationTest-174055036-project-admin] Volume info retrieved successfully.
Mar 10 17:25:23.381298 dv-cinder-830538-8-smb devstack@c-api.service[109813]: INFO cinder.api.openstack.wsgi [None req-4f6417a4-ce61-4aaa-88a9-bc48f748892b tempest-VolumeRetypeWithoutMigrationTest-174055036 tempest-VolumeRetypeWithoutMigrationTest-174055036-project-admin] http://10.222.0.20/volume/v3/c00affef6f344989b9340c08a34afaba/volumes/c84ecb73-15bb-4215-88ba-f88fa6132f73 returned with HTTP 200
Mar 10 17:25:23.382300 dv-cinder-830538-8-smb devstack@c-api.service[109813]: [pid: 109813|app: 0|req: 107/232] 10.222.0.20 () {58 vars in 1324 bytes} [Thu Mar 10 17:25:23 2022] GET /volume/v3/c00affef6f344989b9340c08a34afaba/volumes/c84ecb73-15bb-4215-88ba-f88fa6132f73 => generated 1092 bytes in 42 msecs (HTTP/1.1 200) 7 headers in 286 bytes (1 switches on core 0)
Mar 10 17:25:23.396217 dv-cinder-830538-8-smb devstack@c-api.service[109814]: DEBUG cinder.api.middleware.request_id [None req-716c3ed9-7030-48c2-af43-ed7ba6e95878 None None] RequestId filter calling following filter/app {{(pid=109814) _context_setter /opt/stack/cinder/cinder/api/middleware/request_id.py:62}}
Mar 10 17:25:23.399084 dv-cinder-830538-8-smb devstack@c-api.service[109814]: INFO cinder.api.openstack.wsgi [None req-716c3ed9-7030-48c2-af43-ed7ba6e95878 tempest-VolumeRetypeWithoutMigrationTest-174055036 tempest-VolumeRetypeWithoutMigrationTest-174055036-project-admin] GET http://10.222.0.20/volume/v3/c00affef6f344989b9340c08a34afaba/volumes?all_tenants=True&name=tempest-VolumeRetypeWithoutMigrationTest-Volume-863508202
Mar 10 17:25:23.399528 dv-cinder-830538-8-smb devstack@c-api.service[109814]: DEBUG cinder.api.openstack.wsgi [None req-716c3ed9-7030-48c2-af43-ed7ba6e95878 tempest-VolumeRetypeWithoutMigrationTest-174055036 tempest-VolumeRetypeWithoutMigrationTest-174055036-project-admin] Empty body provided in request {{(pid=109814) get_body /opt/stack/cinder/cinder/api/openstack/wsgi.py:715}}
Mar 10 17:25:23.400005 dv-cinder-830538-8-smb devstack@c-api.service[109814]: DEBUG cinder.api.openstack.wsgi [None req-716c3ed9-7030-48c2-af43-ed7ba6e95878 tempest-VolumeRetypeWithoutMigrationTest-174055036 tempest-VolumeRetypeWithoutMigrationTest-174055036-project-admin] Calling method 'index' {{(pid=109814) _process_stack /opt/stack/cinder/cinder/api/openstack/wsgi.py:868}}
Mar 10 17:25:23.401837 dv-cinder-830538-8-smb devstack@c-api.service[109814]: DEBUG cinder.volume.api [None req-716c3ed9-7030-48c2-af43-ed7ba6e95878 tempest-VolumeRetypeWithoutMigrationTest-174055036 tempest-VolumeRetypeWithoutMigrationTest-174055036-project-admin] Searching by: MultiDict([('display_name', 'tempest-VolumeRetypeWithoutMigrationTest-Volume-863508202'), ('all_tenants', True)]). {{(pid=109814) get_all /opt/stack/cinder/cinder/volume/api.py:662}}
