Mar 10 17:25:35.649354 dv-cinder-830538-8-iscsi devstack@c-api.service[109770]: INFO cinder.api.openstack.wsgi [None req-079db0e4-53fb-449e-8ba8-b800e3a6ce86 tempest-VolumeTypesTest-2033587948 tempest-VolumeTypesTest-2033587948-project-admin] GET http://10.222.0.16/volume/v3/944dd9a4d90f4a52b9ae3b37f2f12649/types/7fbfa40f-af5e-45c6-a713-2cc97d7898bc/encryption
Mar 10 17:25:35.650002 dv-cinder-830538-8-iscsi devstack@c-api.service[109770]: DEBUG cinder.api.openstack.wsgi [None req-079db0e4-53fb-449e-8ba8-b800e3a6ce86 tempest-VolumeTypesTest-2033587948 tempest-VolumeTypesTest-2033587948-project-admin] Empty body provided in request {{(pid=109770) get_body /opt/stack/cinder/cinder/api/openstack/wsgi.py:715}}
Mar 10 17:25:35.650584 dv-cinder-830538-8-iscsi devstack@c-api.service[109770]: DEBUG cinder.api.openstack.wsgi [None req-079db0e4-53fb-449e-8ba8-b800e3a6ce86 tempest-VolumeTypesTest-2033587948 tempest-VolumeTypesTest-2033587948-project-admin] Calling method 'index' {{(pid=109770) _process_stack /opt/stack/cinder/cinder/api/openstack/wsgi.py:868}}
Mar 10 17:25:35.658998 dv-cinder-830538-8-iscsi devstack@c-api.service[109769]: DEBUG cinder.api.middleware.request_id [None req-c3f75e7a-8d88-474c-b202-6bea2d0d5174 None None] RequestId filter calling following filter/app {{(pid=109769) _context_setter /opt/stack/cinder/cinder/api/middleware/request_id.py:62}}
Mar 10 17:25:35.660846 dv-cinder-830538-8-iscsi devstack@c-api.service[109770]: INFO cinder.api.openstack.wsgi [None req-079db0e4-53fb-449e-8ba8-b800e3a6ce86 tempest-VolumeTypesTest-2033587948 tempest-VolumeTypesTest-2033587948-project-admin] http://10.222.0.16/volume/v3/944dd9a4d90f4a52b9ae3b37f2f12649/types/7fbfa40f-af5e-45c6-a713-2cc97d7898bc/encryption returned with HTTP 200
Mar 10 17:25:35.662631 dv-cinder-830538-8-iscsi devstack@c-api.service[109770]: [pid: 109770|app: 0|req: 198/357] 10.222.0.16 () {58 vars in 1351 bytes} [Thu Mar 10 17:25:35 2022] GET /volume/v3/944dd9a4d90f4a52b9ae3b37f2f12649/types/7fbfa40f-af5e-45c6-a713-2cc97d7898bc/encryption => generated 2 bytes in 26 msecs (HTTP/1.1 200) 7 headers in 283 bytes (1 switches on core 0)
Mar 10 17:25:35.663378 dv-cinder-830538-8-iscsi devstack@c-api.service[109769]: INFO cinder.api.openstack.wsgi [None req-c3f75e7a-8d88-474c-b202-6bea2d0d5174 tempest-VolumesCloneTest-1349934432 tempest-VolumesCloneTest-1349934432-project] GET http://10.222.0.16/volume/v3/b7ecd25c41a146719a8cd39f444b050c/volumes/1af69a74-f546-4bd6-b467-90a58424c9ef
Mar 10 17:25:35.663995 dv-cinder-830538-8-iscsi devstack@c-api.service[109769]: DEBUG cinder.api.openstack.wsgi [None req-c3f75e7a-8d88-474c-b202-6bea2d0d5174 tempest-VolumesCloneTest-1349934432 tempest-VolumesCloneTest-1349934432-project] Empty body provided in request {{(pid=109769) get_body /opt/stack/cinder/cinder/api/openstack/wsgi.py:715}}
Mar 10 17:25:35.664459 dv-cinder-830538-8-iscsi devstack@c-api.service[109769]: DEBUG cinder.api.openstack.wsgi [None req-c3f75e7a-8d88-474c-b202-6bea2d0d5174 tempest-VolumesCloneTest-1349934432 tempest-VolumesCloneTest-1349934432-project] Calling method 'show' {{(pid=109769) _process_stack /opt/stack/cinder/cinder/api/openstack/wsgi.py:868}}
Mar 10 17:25:35.671574 dv-cinder-830538-8-iscsi devstack@c-api.service[109770]: DEBUG cinder.api.middleware.request_id [None req-91bee79b-7321-4c06-ab1b-0dfdb81e4f7c None None] RequestId filter calling following filter/app {{(pid=109770) _context_setter /opt/stack/cinder/cinder/api/middleware/request_id.py:62}}
Mar 10 17:25:35.678353 dv-cinder-830538-8-iscsi devstack@c-api.service[109770]: INFO cinder.api.openstack.wsgi [None req-91bee79b-7321-4c06-ab1b-0dfdb81e4f7c tempest-VolumeTypesTest-2033587948 tempest-VolumeTypesTest-2033587948-project-admin] GET http://10.222.0.16/volume/v3/944dd9a4d90f4a52b9ae3b37f2f12649/types/7fbfa40f-af5e-45c6-a713-2cc97d7898bc/encryption
Mar 10 17:25:35.678651 dv-cinder-830538-8-iscsi devstack@c-api.service[109770]: DEBUG cinder.api.openstack.wsgi [None req-91bee79b-7321-4c06-ab1b-0dfdb81e4f7c tempest-VolumeTypesTest-2033587948 tempest-VolumeTypesTest-2033587948-project-admin] Empty body provided in request {{(pid=109770) get_body /opt/stack/cinder/cinder/api/openstack/wsgi.py:715}}
Mar 10 17:25:35.679301 dv-cinder-830538-8-iscsi devstack@c-api.service[109770]: DEBUG cinder.api.openstack.wsgi [None req-91bee79b-7321-4c06-ab1b-0dfdb81e4f7c tempest-VolumeTypesTest-2033587948 tempest-VolumeTypesTest-2033587948-project-admin] Calling method 'index' {{(pid=109770) _process_stack /opt/stack/cinder/cinder/api/openstack/wsgi.py:868}}
Mar 10 17:25:35.686631 dv-cinder-830538-8-iscsi devstack@c-api.service[109769]: /usr/local/lib/python3.8/dist-packages/oslo_context/context.py:100: DeprecationWarning: Policy enforcement is depending on the value of is_admin. This key is deprecated. Please update your policy file to use the standard policy values.
Mar 10 17:25:35.686631 dv-cinder-830538-8-iscsi devstack@c-api.service[109769]: warnings.warn('Policy enforcement is depending on the value of '
Mar 10 17:25:35.691414 dv-cinder-830538-8-iscsi devstack@c-api.service[109770]: INFO cinder.api.openstack.wsgi [None req-91bee79b-7321-4c06-ab1b-0dfdb81e4f7c tempest-VolumeTypesTest-2033587948 tempest-VolumeTypesTest-2033587948-project-admin] http://10.222.0.16/volume/v3/944dd9a4d90f4a52b9ae3b37f2f12649/types/7fbfa40f-af5e-45c6-a713-2cc97d7898bc/encryption returned with HTTP 200
Mar 10 17:25:35.693398 dv-cinder-830538-8-iscsi devstack@c-api.service[109770]: [pid: 109770|app: 0|req: 199/358] 10.222.0.16 () {58 vars in 1351 bytes} [Thu Mar 10 17:25:35 2022] GET /volume/v3/944dd9a4d90f4a52b9ae3b37f2f12649/types/7fbfa40f-af5e-45c6-a713-2cc97d7898bc/encryption => generated 2 bytes in 22 msecs (HTTP/1.1 200) 7 headers in 283 bytes (1 switches on core 0)
Mar 10 17:25:35.695170 dv-cinder-830538-8-iscsi devstack@c-api.service[109769]: INFO cinder.volume.api [None req-c3f75e7a-8d88-474c-b202-6bea2d0d5174 tempest-VolumesCloneTest-1349934432 tempest-VolumesCloneTest-1349934432-project] Volume info retrieved successfully.
Mar 10 17:25:35.700926 dv-cinder-830538-8-iscsi devstack@c-api.service[109770]: DEBUG cinder.api.middleware.request_id [None req-a82c8675-24a1-44d0-8b08-f1df53f9e630 None None] RequestId filter calling following filter/app {{(pid=109770) _context_setter /opt/stack/cinder/cinder/api/middleware/request_id.py:62}}
Mar 10 17:25:35.704718 dv-cinder-830538-8-iscsi devstack@c-api.service[109770]: INFO cinder.api.openstack.wsgi [None req-a82c8675-24a1-44d0-8b08-f1df53f9e630 tempest-VolumeTypesTest-2033587948 tempest-VolumeTypesTest-2033587948-project-admin] GET http://10.222.0.16/volume/v3/944dd9a4d90f4a52b9ae3b37f2f12649/types
Mar 10 17:25:35.705261 dv-cinder-830538-8-iscsi devstack@c-api.service[109770]: DEBUG cinder.api.openstack.wsgi [None req-a82c8675-24a1-44d0-8b08-f1df53f9e630 tempest-VolumeTypesTest-2033587948 tempest-VolumeTypesTest-2033587948-project-admin] Empty body provided in request {{(pid=109770) get_body /opt/stack/cinder/cinder/api/openstack/wsgi.py:715}}
Mar 10 17:25:35.705797 dv-cinder-830538-8-iscsi devstack@c-api.service[109770]: DEBUG cinder.api.openstack.wsgi [None req-a82c8675-24a1-44d0-8b08-f1df53f9e630 tempest-VolumeTypesTest-2033587948 tempest-VolumeTypesTest-2033587948-project-admin] Calling method 'index' {{(pid=109770) _process_stack /opt/stack/cinder/cinder/api/openstack/wsgi.py:868}}
Mar 10 17:25:35.706384 dv-cinder-830538-8-iscsi devstack@c-api.service[109769]: INFO cinder.api.openstack.wsgi [None req-c3f75e7a-8d88-474c-b202-6bea2d0d5174 tempest-VolumesCloneTest-1349934432 tempest-VolumesCloneTest-1349934432-project] http://10.222.0.16/volume/v3/b7ecd25c41a146719a8cd39f444b050c/volumes/1af69a74-f546-4bd6-b467-90a58424c9ef returned with HTTP 200
Mar 10 17:25:35.708267 dv-cinder-830538-8-iscsi devstack@c-api.service[109769]: [pid: 109769|app: 0|req: 160/359] 10.222.0.16 () {58 vars in 1324 bytes} [Thu Mar 10 17:25:35 2022] GET /volume/v3/b7ecd25c41a146719a8cd39f444b050c/volumes/1af69a74-f546-4bd6-b467-90a58424c9ef => generated 941 bytes in 51 msecs (HTTP/1.1 200) 7 headers in 285 bytes (2 switches on core 0)
Mar 10 17:25:35.747856 dv-cinder-830538-8-iscsi devstack@c-api.service[109770]: INFO cinder.api.openstack.wsgi [None req-a82c8675-24a1-44d0-8b08-f1df53f9e630 tempest-VolumeTypesTest-2033587948 tempest-VolumeTypesTest-2033587948-project-admin] http://10.222.0.16/volume/v3/944dd9a4d90f4a52b9ae3b37f2f12649/types returned with HTTP 200
Mar 10 17:25:35.750144 dv-cinder-830538-8-iscsi devstack@c-api.service[109770]: [pid: 109770|app: 0|req: 200/360] 10.222.0.16 () {58 vars in 1207 bytes} [Thu Mar 10 17:25:35 2022] GET /volume/v3/944dd9a4d90f4a52b9ae3b37f2f12649/types => generated 1570 bytes in 49 msecs (HTTP/1.1 200) 7 headers in 286 bytes (2 switches on core 0)
Mar 10 17:25:35.759370 dv-cinder-830538-8-iscsi devstack@c-api.service[109769]: DEBUG cinder.api.middleware.request_id [None req-d78e3318-707b-4378-82dd-a64e9f843f9e None None] RequestId filter calling following filter/app {{(pid=109769) _context_setter /opt/stack/cinder/cinder/api/middleware/request_id.py:62}}
Mar 10 17:25:35.760088 dv-cinder-830538-8-iscsi devstack@c-api.service[109770]: DEBUG cinder.api.middleware.request_id [None req-4713dc43-efbc-4430-8976-91a432b34b93 None None] RequestId filter calling following filter/app {{(pid=109770) _context_setter /opt/stack/cinder/cinder/api/middleware/request_id.py:62}}
Mar 10 17:25:35.763041 dv-cinder-830538-8-iscsi devstack@c-api.service[109769]: INFO cinder.api.openstack.wsgi [None req-d78e3318-707b-4378-82dd-a64e9f843f9e tempest-VolumeTypesTest-2033587948 tempest-VolumeTypesTest-2033587948-project-admin] POST http://10.222.0.16/volume/v3/944dd9a4d90f4a52b9ae3b37f2f12649/types
Mar 10 17:25:35.763605 dv-cinder-830538-8-iscsi devstack@c-api.service[109770]: INFO cinder.api.openstack.wsgi [None req-4713dc43-efbc-4430-8976-91a432b34b93 tempest-VolumesActionsTest-616712891 tempest-VolumesActionsTest-616712891-project] POST http://10.222.0.16/volume/v3/dc8de18800bb46d2a1f59a4d437dc968/volumes/8e317576-cf50-461f-8e26-96d40806763e/action
Mar 10 17:25:35.763800 dv-cinder-830538-8-iscsi devstack@c-api.service[109769]: DEBUG cinder.api.openstack.wsgi [None req-d78e3318-707b-4378-82dd-a64e9f843f9e tempest-VolumeTypesTest-2033587948 tempest-VolumeTypesTest-2033587948-project-admin] Action: 'create', calling method: _create, body: {"volume_type": {"name": "tempest-VolumeTypesTest-volume-type-382961324"}} {{(pid=109769) _process_stack /opt/stack/cinder/cinder/api/openstack/wsgi.py:866}}
Mar 10 17:25:35.764307 dv-cinder-830538-8-iscsi devstack@c-api.service[109770]: DEBUG cinder.api.openstack.wsgi [None req-4713dc43-efbc-4430-8976-91a432b34b93 tempest-VolumesActionsTest-616712891 tempest-VolumesActionsTest-616712891-project] Action body: b'{"os-attach": {"instance_uuid": "1561d036-cc25-40b8-9b40-93579f2fe794", "mountpoint": "/dev/sdb"}}' {{(pid=109770) get_method /opt/stack/cinder/cinder/api/openstack/wsgi.py:983}}
Mar 10 17:25:35.764656 dv-cinder-830538-8-iscsi devstack@c-api.service[109770]: DEBUG cinder.api.openstack.wsgi [None req-4713dc43-efbc-4430-8976-91a432b34b93 tempest-VolumesActionsTest-616712891 tempest-VolumesActionsTest-616712891-project] Action: 'action', calling method: _attach, body: {"os-attach": {"instance_uuid": "1561d036-cc25-40b8-9b40-93579f2fe794", "mountpoint": "/dev/sdb"}} {{(pid=109770) _process_stack /opt/stack/cinder/cinder/api/openstack/wsgi.py:866}}
Mar 10 17:25:35.782416 dv-cinder-830538-8-iscsi devstack@c-api.service[109770]: /usr/local/lib/python3.8/dist-packages/oslo_context/context.py:100: DeprecationWarning: Policy enforcement is depending on the value of is_admin. This key is deprecated. Please update your policy file to use the standard policy values.
Mar 10 17:25:35.782416 dv-cinder-830538-8-iscsi devstack@c-api.service[109770]: warnings.warn('Policy enforcement is depending on the value of '
Mar 10 17:25:35.783709 dv-cinder-830538-8-iscsi devstack@c-api.service[109770]: INFO cinder.volume.api [None req-4713dc43-efbc-4430-8976-91a432b34b93 tempest-VolumesActionsTest-616712891 tempest-VolumesActionsTest-616712891-project] Volume info retrieved successfully.
Mar 10 17:25:35.787627 dv-cinder-830538-8-iscsi devstack@c-api.service[109769]: INFO cinder.api.openstack.wsgi [None req-d78e3318-707b-4378-82dd-a64e9f843f9e tempest-VolumeTypesTest-2033587948 tempest-VolumeTypesTest-2033587948-project-admin] http://10.222.0.16/volume/v3/944dd9a4d90f4a52b9ae3b37f2f12649/types returned with HTTP 200
Mar 10 17:25:35.788337 dv-cinder-830538-8-iscsi devstack@c-api.service[109769]: [pid: 109769|app: 0|req: 161/361] 10.222.0.16 () {60 vars in 1228 bytes} [Thu Mar 10 17:25:35 2022] POST /volume/v3/944dd9a4d90f4a52b9ae3b37f2f12649/types => generated 220 bytes in 30 msecs (HTTP/1.1 200) 7 headers in 285 bytes (1 switches on core 0)
Mar 10 17:25:35.794287 dv-cinder-830538-8-iscsi devstack@c-api.service[109769]: DEBUG cinder.api.middleware.request_id [None req-e3ca495b-e34a-4e2d-a634-8f267b1de7f7 None None] RequestId filter calling following filter/app {{(pid=109769) _context_setter /opt/stack/cinder/cinder/api/middleware/request_id.py:62}}
Mar 10 17:25:35.797873 dv-cinder-830538-8-iscsi devstack@c-api.service[109769]: INFO cinder.api.openstack.wsgi [None req-e3ca495b-e34a-4e2d-a634-8f267b1de7f7 tempest-VolumeTypesTest-2033587948 tempest-VolumeTypesTest-2033587948-project-admin] PUT http://10.222.0.16/volume/v3/944dd9a4d90f4a52b9ae3b37f2f12649/types/56c016b4-b470-4fb1-a52a-f1c054e0bbed
Mar 10 17:25:35.798638 dv-cinder-830538-8-iscsi devstack@c-api.service[109769]: DEBUG cinder.api.openstack.wsgi [None req-e3ca495b-e34a-4e2d-a634-8f267b1de7f7 tempest-VolumeTypesTest-2033587948 tempest-VolumeTypesTest-2033587948-project-admin] Action: 'update', calling method: _update, body: {"volume_type": {"name": "tempest-volume-type-313243379", "description": "tempest-volume-type-description-1430412831", "is_public": false}} {{(pid=109769) _process_stack /opt/stack/cinder/cinder/api/openstack/wsgi.py:866}}
Mar 10 17:25:35.801578 dv-cinder-830538-8-iscsi devstack@c-api.service[109770]: INFO cinder.volume.api [None req-4713dc43-efbc-4430-8976-91a432b34b93 tempest-VolumesActionsTest-616712891 tempest-VolumesActionsTest-616712891-project] Update volume admin metadata completed successfully.
Mar 10 17:25:35.853890 dv-cinder-830538-8-iscsi devstack@c-api.service[109769]: INFO cinder.api.openstack.wsgi [None req-e3ca495b-e34a-4e2d-a634-8f267b1de7f7 tempest-VolumeTypesTest-2033587948 tempest-VolumeTypesTest-2033587948-project-admin] http://10.222.0.16/volume/v3/944dd9a4d90f4a52b9ae3b37f2f12649/types/56c016b4-b470-4fb1-a52a-f1c054e0bbed returned with HTTP 200
Mar 10 17:25:35.854704 dv-cinder-830538-8-iscsi devstack@c-api.service[109769]: [pid: 109769|app: 0|req: 162/362] 10.222.0.16 () {60 vars in 1339 bytes} [Thu Mar 10 17:25:35 2022] PUT /volume/v3/944dd9a4d90f4a52b9ae3b37f2f12649/types/56c016b4-b470-4fb1-a52a-f1c054e0bbed => generated 204 bytes in 61 msecs (HTTP/1.1 200) 7 headers in 285 bytes (2 switches on core 0)
Mar 10 17:25:35.860699 dv-cinder-830538-8-iscsi devstack@c-api.service[109769]: DEBUG cinder.api.middleware.request_id [None req-936e7f2c-bbd7-49bc-a019-b9e8fe2f9290 None None] RequestId filter calling following filter/app {{(pid=109769) _context_setter /opt/stack/cinder/cinder/api/middleware/request_id.py:62}}
Mar 10 17:25:35.865203 dv-cinder-830538-8-iscsi devstack@c-api.service[109769]: INFO cinder.api.openstack.wsgi [None req-936e7f2c-bbd7-49bc-a019-b9e8fe2f9290 tempest-VolumeTypesTest-2033587948 tempest-VolumeTypesTest-2033587948-project-admin] GET http://10.222.0.16/volume/v3/944dd9a4d90f4a52b9ae3b37f2f12649/types/56c016b4-b470-4fb1-a52a-f1c054e0bbed
Mar 10 17:25:35.865724 dv-cinder-830538-8-iscsi devstack@c-api.service[109769]: DEBUG cinder.api.openstack.wsgi [None req-936e7f2c-bbd7-49bc-a019-b9e8fe2f9290 tempest-VolumeTypesTest-2033587948 tempest-VolumeTypesTest-2033587948-project-admin] Empty body provided in request {{(pid=109769) get_body /opt/stack/cinder/cinder/api/openstack/wsgi.py:715}}
Mar 10 17:25:35.866191 dv-cinder-830538-8-iscsi devstack@c-api.service[109769]: DEBUG cinder.api.openstack.wsgi [None req-936e7f2c-bbd7-49bc-a019-b9e8fe2f9290 tempest-VolumeTypesTest-2033587948 tempest-VolumeTypesTest-2033587948-project-admin] Calling method 'show' {{(pid=109769) _process_stack /opt/stack/cinder/cinder/api/openstack/wsgi.py:868}}
Mar 10 17:25:35.875511 dv-cinder-830538-8-iscsi devstack@c-api.service[109769]: INFO cinder.api.openstack.wsgi [None req-936e7f2c-bbd7-49bc-a019-b9e8fe2f9290 tempest-VolumeTypesTest-2033587948 tempest-VolumeTypesTest-2033587948-project-admin] http://10.222.0.16/volume/v3/944dd9a4d90f4a52b9ae3b37f2f12649/types/56c016b4-b470-4fb1-a52a-f1c054e0bbed returned with HTTP 200
Mar 10 17:25:35.876215 dv-cinder-830538-8-iscsi devstack@c-api.service[109769]: [pid: 109769|app: 0|req: 163/363] 10.222.0.16 () {58 vars in 1318 bytes} [Thu Mar 10 17:25:35 2022] GET /volume/v3/944dd9a4d90f4a52b9ae3b37f2f12649/types/56c016b4-b470-4fb1-a52a-f1c054e0bbed => generated 268 bytes in 16 msecs (HTTP/1.1 200) 7 headers in 285 bytes (2 switches on core 0)
Mar 10 17:25:35.883253 dv-cinder-830538-8-iscsi devstack@c-api.service[109769]: DEBUG cinder.api.middleware.request_id [None req-0c969cd2-cbc0-4e70-b0ea-07410fe81131 None None] RequestId filter calling following filter/app {{(pid=109769) _context_setter /opt/stack/cinder/cinder/api/middleware/request_id.py:62}}
Mar 10 17:25:35.886804 dv-cinder-830538-8-iscsi devstack@c-api.service[109769]: INFO cinder.api.openstack.wsgi [None req-0c969cd2-cbc0-4e70-b0ea-07410fe81131 tempest-VolumeTypesTest-2033587948 tempest-VolumeTypesTest-2033587948-project-admin] DELETE http://10.222.0.16/volume/v3/944dd9a4d90f4a52b9ae3b37f2f12649/types/56c016b4-b470-4fb1-a52a-f1c054e0bbed
Mar 10 17:25:35.887246 dv-cinder-830538-8-iscsi devstack@c-api.service[109769]: DEBUG cinder.api.openstack.wsgi [None req-0c969cd2-cbc0-4e70-b0ea-07410fe81131 tempest-VolumeTypesTest-2033587948 tempest-VolumeTypesTest-2033587948-project-admin] Empty body provided in request {{(pid=109769) get_body /opt/stack/cinder/cinder/api/openstack/wsgi.py:715}}
Mar 10 17:25:35.887720 dv-cinder-830538-8-iscsi devstack@c-api.service[109769]: DEBUG cinder.api.openstack.wsgi [None req-0c969cd2-cbc0-4e70-b0ea-07410fe81131 tempest-VolumeTypesTest-2033587948 tempest-VolumeTypesTest-2033587948-project-admin] Calling method '_delete' {{(pid=109769) _process_stack /opt/stack/cinder/cinder/api/openstack/wsgi.py:868}}
Mar 10 17:25:35.927941 dv-cinder-830538-8-iscsi devstack@c-api.service[109769]: INFO cinder.api.openstack.wsgi [None req-0c969cd2-cbc0-4e70-b0ea-07410fe81131 tempest-VolumeTypesTest-2033587948 tempest-VolumeTypesTest-2033587948-project-admin] http://10.222.0.16/volume/v3/944dd9a4d90f4a52b9ae3b37f2f12649/types/56c016b4-b470-4fb1-a52a-f1c054e0bbed returned with HTTP 202
Mar 10 17:25:35.928639 dv-cinder-830538-8-iscsi devstack@c-api.service[109769]: [pid: 109769|app: 0|req: 164/364] 10.222.0.16 () {58 vars in 1321 bytes} [Thu Mar 10 17:25:35 2022] DELETE /volume/v3/944dd9a4d90f4a52b9ae3b37f2f12649/types/56c016b4-b470-4fb1-a52a-f1c054e0bbed => generated 0 bytes in 46 msecs (HTTP/1.1 202) 6 headers in 233 bytes (2 switches on core 0)
Mar 10 17:25:35.932878 dv-cinder-830538-8-iscsi devstack@c-api.service[109769]: DEBUG cinder.api.middleware.request_id [None req-d65424a1-2d18-4552-b69a-54b8047e68e9 None None] RequestId filter calling following filter/app {{(pid=109769) _context_setter /opt/stack/cinder/cinder/api/middleware/request_id.py:62}}
Mar 10 17:25:35.936482 dv-cinder-830538-8-iscsi devstack@c-api.service[109769]: INFO cinder.api.openstack.wsgi [None req-d65424a1-2d18-4552-b69a-54b8047e68e9 tempest-VolumeTypesTest-2033587948 tempest-VolumeTypesTest-2033587948-project-admin] GET http://10.222.0.16/volume/v3/944dd9a4d90f4a52b9ae3b37f2f12649/types/56c016b4-b470-4fb1-a52a-f1c054e0bbed
Mar 10 17:25:35.936922 dv-cinder-830538-8-iscsi devstack@c-api.service[109769]: DEBUG cinder.api.openstack.wsgi [None req-d65424a1-2d18-4552-b69a-54b8047e68e9 tempest-VolumeTypesTest-2033587948 tempest-VolumeTypesTest-2033587948-project-admin] Empty body provided in request {{(pid=109769) get_body /opt/stack/cinder/cinder/api/openstack/wsgi.py:715}}
Mar 10 17:25:35.937379 dv-cinder-830538-8-iscsi devstack@c-api.service[109769]: DEBUG cinder.api.openstack.wsgi [None req-d65424a1-2d18-4552-b69a-54b8047e68e9 tempest-VolumeTypesTest-2033587948 tempest-VolumeTypesTest-2033587948-project-admin] Calling method 'show' {{(pid=109769) _process_stack /opt/stack/cinder/cinder/api/openstack/wsgi.py:868}}
Mar 10 17:25:35.942381 dv-cinder-830538-8-iscsi devstack@c-api.service[109769]: INFO cinder.api.openstack.wsgi [None req-d65424a1-2d18-4552-b69a-54b8047e68e9 tempest-VolumeTypesTest-2033587948 tempest-VolumeTypesTest-2033587948-project-admin] http://10.222.0.16/volume/v3/944dd9a4d90f4a52b9ae3b37f2f12649/types/56c016b4-b470-4fb1-a52a-f1c054e0bbed returned with HTTP 404
Mar 10 17:25:35.943755 dv-cinder-830538-8-iscsi devstack@c-api.service[109769]: [pid: 109769|app: 0|req: 165/365] 10.222.0.16 () {58 vars in 1318 bytes} [Thu Mar 10 17:25:35 2022] GET /volume/v3/944dd9a4d90f4a52b9ae3b37f2f12649/types/56c016b4-b470-4fb1-a52a-f1c054e0bbed => generated 114 bytes in 12 msecs (HTTP/1.1 404) 7 headers in 292 bytes (2 switches on core 0)
Mar 10 17:25:35.947782 dv-cinder-830538-8-iscsi devstack@c-api.service[109769]: DEBUG cinder.api.middleware.request_id [None req-66ada1ca-f460-4dab-9540-723a1bc574c8 None None] RequestId filter calling following filter/app {{(pid=109769) _context_setter /opt/stack/cinder/cinder/api/middleware/request_id.py:62}}
Mar 10 17:25:35.951264 dv-cinder-830538-8-iscsi devstack@c-api.service[109769]: INFO cinder.api.openstack.wsgi [None req-66ada1ca-f460-4dab-9540-723a1bc574c8 tempest-VolumeTypesTest-2033587948 tempest-VolumeTypesTest-2033587948-project-admin] DELETE http://10.222.0.16/volume/v3/944dd9a4d90f4a52b9ae3b37f2f12649/types/7fbfa40f-af5e-45c6-a713-2cc97d7898bc
Mar 10 17:25:35.951698 dv-cinder-830538-8-iscsi devstack@c-api.service[109769]: DEBUG cinder.api.openstack.wsgi [None req-66ada1ca-f460-4dab-9540-723a1bc574c8 tempest-VolumeTypesTest-2033587948 tempest-VolumeTypesTest-2033587948-project-admin] Empty body provided in request {{(pid=109769) get_body /opt/stack/cinder/cinder/api/openstack/wsgi.py:715}}
Mar 10 17:25:35.952154 dv-cinder-830538-8-iscsi devstack@c-api.service[109769]: DEBUG cinder.api.openstack.wsgi [None req-66ada1ca-f460-4dab-9540-723a1bc574c8 tempest-VolumeTypesTest-2033587948 tempest-VolumeTypesTest-2033587948-project-admin] Calling method '_delete' {{(pid=109769) _process_stack /opt/stack/cinder/cinder/api/openstack/wsgi.py:868}}
Mar 10 17:25:35.992097 dv-cinder-830538-8-iscsi devstack@c-api.service[109769]: INFO cinder.api.openstack.wsgi [None req-66ada1ca-f460-4dab-9540-723a1bc574c8 tempest-VolumeTypesTest-2033587948 tempest-VolumeTypesTest-2033587948-project-admin] http://10.222.0.16/volume/v3/944dd9a4d90f4a52b9ae3b37f2f12649/types/7fbfa40f-af5e-45c6-a713-2cc97d7898bc returned with HTTP 202
Mar 10 17:25:35.992854 dv-cinder-830538-8-iscsi devstack@c-api.service[109769]: [pid: 109769|app: 0|req: 166/366] 10.222.0.16 () {58 vars in 1321 bytes} [Thu Mar 10 17:25:35 2022] DELETE /volume/v3/944dd9a4d90f4a52b9ae3b37f2f12649/types/7fbfa40f-af5e-45c6-a713-2cc97d7898bc => generated 0 bytes in 46 msecs (HTTP/1.1 202) 6 headers in 233 bytes (2 switches on core 0)
Mar 10 17:25:35.997133 dv-cinder-830538-8-iscsi devstack@c-api.service[109769]: DEBUG cinder.api.middleware.request_id [None req-63bb5063-416e-485e-aec2-ca338ded14ea None None] RequestId filter calling following filter/app {{(pid=109769) _context_setter /opt/stack/cinder/cinder/api/middleware/request_id.py:62}}
Mar 10 17:25:36.000800 dv-cinder-830538-8-iscsi devstack@c-api.service[109769]: INFO cinder.api.openstack.wsgi [None req-63bb5063-416e-485e-aec2-ca338ded14ea tempest-VolumeTypesTest-2033587948 tempest-VolumeTypesTest-2033587948-project-admin] GET http://10.222.0.16/volume/v3/944dd9a4d90f4a52b9ae3b37f2f12649/types/7fbfa40f-af5e-45c6-a713-2cc97d7898bc
Mar 10 17:25:36.001234 dv-cinder-830538-8-iscsi devstack@c-api.service[109769]: DEBUG cinder.api.openstack.wsgi [None req-63bb5063-416e-485e-aec2-ca338ded14ea tempest-VolumeTypesTest-2033587948 tempest-VolumeTypesTest-2033587948-project-admin] Empty body provided in request {{(pid=109769) get_body /opt/stack/cinder/cinder/api/openstack/wsgi.py:715}}
Mar 10 17:25:36.001703 dv-cinder-830538-8-iscsi devstack@c-api.service[109769]: DEBUG cinder.api.openstack.wsgi [None req-63bb5063-416e-485e-aec2-ca338ded14ea tempest-VolumeTypesTest-2033587948 tempest-VolumeTypesTest-2033587948-project-admin] Calling method 'show' {{(pid=109769) _process_stack /opt/stack/cinder/cinder/api/openstack/wsgi.py:868}}
Mar 10 17:25:36.007823 dv-cinder-830538-8-iscsi devstack@c-api.service[109769]: INFO cinder.api.openstack.wsgi [None req-63bb5063-416e-485e-aec2-ca338ded14ea tempest-VolumeTypesTest-2033587948 tempest-VolumeTypesTest-2033587948-project-admin] http://10.222.0.16/volume/v3/944dd9a4d90f4a52b9ae3b37f2f12649/types/7fbfa40f-af5e-45c6-a713-2cc97d7898bc returned with HTTP 404
Mar 10 17:25:36.008738 dv-cinder-830538-8-iscsi devstack@c-api.service[109769]: [pid: 109769|app: 0|req: 167/367] 10.222.0.16 () {58 vars in 1318 bytes} [Thu Mar 10 17:25:35 2022] GET /volume/v3/944dd9a4d90f4a52b9ae3b37f2f12649/types/7fbfa40f-af5e-45c6-a713-2cc97d7898bc => generated 114 bytes in 12 msecs (HTTP/1.1 404) 7 headers in 292 bytes (2 switches on core 0)
Mar 10 17:25:36.012882 dv-cinder-830538-8-iscsi devstack@c-api.service[109769]: DEBUG cinder.api.middleware.request_id [None req-0a17f02a-d9cd-4142-9f4c-2239e75ee4fd None None] RequestId filter calling following filter/app {{(pid=109769) _context_setter /opt/stack/cinder/cinder/api/middleware/request_id.py:62}}
Mar 10 17:25:36.017464 dv-cinder-830538-8-iscsi devstack@c-api.service[109769]: INFO cinder.api.openstack.wsgi [None req-0a17f02a-d9cd-4142-9f4c-2239e75ee4fd tempest-VolumeTypesTest-2033587948 tempest-VolumeTypesTest-2033587948-project-admin] DELETE http://10.222.0.16/volume/v3/944dd9a4d90f4a52b9ae3b37f2f12649/types/df8c8cc6-0d13-4fed-a32b-51783784c2cb
Mar 10 17:25:36.018088 dv-cinder-830538-8-iscsi devstack@c-api.service[109769]: DEBUG cinder.api.openstack.wsgi [None req-0a17f02a-d9cd-4142-9f4c-2239e75ee4fd tempest-VolumeTypesTest-2033587948 tempest-VolumeTypesTest-2033587948-project-admin] Empty body provided in request {{(pid=109769) get_body /opt/stack/cinder/cinder/api/openstack/wsgi.py:715}}
Mar 10 17:25:36.018587 dv-cinder-830538-8-iscsi devstack@c-api.service[109769]: DEBUG cinder.api.openstack.wsgi [None req-0a17f02a-d9cd-4142-9f4c-2239e75ee4fd tempest-VolumeTypesTest-2033587948 tempest-VolumeTypesTest-2033587948-project-admin] Calling method '_delete' {{(pid=109769) _process_stack /opt/stack/cinder/cinder/api/openstack/wsgi.py:868}}
Mar 10 17:25:36.058477 dv-cinder-830538-8-iscsi devstack@c-api.service[109769]: INFO cinder.api.openstack.wsgi [None req-0a17f02a-d9cd-4142-9f4c-2239e75ee4fd tempest-VolumeTypesTest-2033587948 tempest-VolumeTypesTest-2033587948-project-admin] http://10.222.0.16/volume/v3/944dd9a4d90f4a52b9ae3b37f2f12649/types/df8c8cc6-0d13-4fed-a32b-51783784c2cb returned with HTTP 202
Mar 10 17:25:36.059301 dv-cinder-830538-8-iscsi devstack@c-api.service[109769]: [pid: 109769|app: 0|req: 168/368] 10.222.0.16 () {58 vars in 1321 bytes} [Thu Mar 10 17:25:36 2022] DELETE /volume/v3/944dd9a4d90f4a52b9ae3b37f2f12649/types/df8c8cc6-0d13-4fed-a32b-51783784c2cb => generated 0 bytes in 47 msecs (HTTP/1.1 202) 6 headers in 233 bytes (2 switches on core 0)
Mar 10 17:25:36.063491 dv-cinder-830538-8-iscsi devstack@c-api.service[109769]: DEBUG cinder.api.middleware.request_id [None req-389e613c-0977-47e2-bb6a-015875de2920 None None] RequestId filter calling following filter/app {{(pid=109769) _context_setter /opt/stack/cinder/cinder/api/middleware/request_id.py:62}}
Mar 10 17:25:36.067035 dv-cinder-830538-8-iscsi devstack@c-api.service[109769]: INFO cinder.api.openstack.wsgi [None req-389e613c-0977-47e2-bb6a-015875de2920 tempest-VolumeTypesTest-2033587948 tempest-VolumeTypesTest-2033587948-project-admin] GET http://10.222.0.16/volume/v3/944dd9a4d90f4a52b9ae3b37f2f12649/types/df8c8cc6-0d13-4fed-a32b-51783784c2cb
Mar 10 17:25:36.068082 dv-cinder-830538-8-iscsi devstack@c-api.service[109769]: DEBUG cinder.api.openstack.wsgi [None req-389e613c-0977-47e2-bb6a-015875de2920 tempest-VolumeTypesTest-2033587948 tempest-VolumeTypesTest-2033587948-project-admin] Empty body provided in request {{(pid=109769) get_body /opt/stack/cinder/cinder/api/openstack/wsgi.py:715}}
Mar 10 17:25:36.068524 dv-cinder-830538-8-iscsi devstack@c-api.service[109769]: DEBUG cinder.api.openstack.wsgi [None req-389e613c-0977-47e2-bb6a-015875de2920 tempest-VolumeTypesTest-2033587948 tempest-VolumeTypesTest-2033587948-project-admin] Calling method 'show' {{(pid=109769) _process_stack /opt/stack/cinder/cinder/api/openstack/wsgi.py:868}}
Mar 10 17:25:36.073644 dv-cinder-830538-8-iscsi devstack@c-api.service[109769]: INFO cinder.api.openstack.wsgi [None req-389e613c-0977-47e2-bb6a-015875de2920 tempest-VolumeTypesTest-2033587948 tempest-VolumeTypesTest-2033587948-project-admin] http://10.222.0.16/volume/v3/944dd9a4d90f4a52b9ae3b37f2f12649/types/df8c8cc6-0d13-4fed-a32b-51783784c2cb returned with HTTP 404
Mar 10 17:25:36.074743 dv-cinder-830538-8-iscsi devstack@c-api.service[109769]: [pid: 109769|app: 0|req: 169/369] 10.222.0.16 () {58 vars in 1318 bytes} [Thu Mar 10 17:25:36 2022] GET /volume/v3/944dd9a4d90f4a52b9ae3b37f2f12649/types/df8c8cc6-0d13-4fed-a32b-51783784c2cb => generated 114 bytes in 12 msecs (HTTP/1.1 404) 7 headers in 292 bytes (2 switches on core 0)
Mar 10 17:25:36.079169 dv-cinder-830538-8-iscsi devstack@c-api.service[109769]: DEBUG cinder.api.middleware.request_id [None req-158748a5-038d-426c-91f4-c7282ff2aeb9 None None] RequestId filter calling following filter/app {{(pid=109769) _context_setter /opt/stack/cinder/cinder/api/middleware/request_id.py:62}}
Mar 10 17:25:36.082603 dv-cinder-830538-8-iscsi devstack@c-api.service[109769]: INFO cinder.api.openstack.wsgi [None req-158748a5-038d-426c-91f4-c7282ff2aeb9 tempest-VolumeTypesTest-2051208921 tempest-VolumeTypesTest-2051208921-project] DELETE http://10.222.0.16/volume/v3/061aca5f56fc463c8cbceb4fa553fe15/volumes/2cb41eec-2cbc-481b-97b6-2485e9a6321a
Mar 10 17:25:36.083044 dv-cinder-830538-8-iscsi devstack@c-api.service[109769]: DEBUG cinder.api.openstack.wsgi [None req-158748a5-038d-426c-91f4-c7282ff2aeb9 tempest-VolumeTypesTest-2051208921 tempest-VolumeTypesTest-2051208921-project] Empty body provided in request {{(pid=109769) get_body /opt/stack/cinder/cinder/api/openstack/wsgi.py:715}}
Mar 10 17:25:36.083486 dv-cinder-830538-8-iscsi devstack@c-api.service[109769]: DEBUG cinder.api.openstack.wsgi [None req-158748a5-038d-426c-91f4-c7282ff2aeb9 tempest-VolumeTypesTest-2051208921 tempest-VolumeTypesTest-2051208921-project] Calling method 'delete' {{(pid=109769) _process_stack /opt/stack/cinder/cinder/api/openstack/wsgi.py:868}}
Mar 10 17:25:36.083882 dv-cinder-830538-8-iscsi devstack@c-api.service[109769]: INFO cinder.api.v3.volumes [None req-158748a5-038d-426c-91f4-c7282ff2aeb9 tempest-VolumeTypesTest-2051208921 tempest-VolumeTypesTest-2051208921-project] Delete volume with id: 2cb41eec-2cbc-481b-97b6-2485e9a6321a
Mar 10 17:25:36.097882 dv-cinder-830538-8-iscsi devstack@c-api.service[109769]: /usr/local/lib/python3.8/dist-packages/oslo_context/context.py:100: DeprecationWarning: Policy enforcement is depending on the value of is_admin. This key is deprecated. Please update your policy file to use the standard policy values.
Mar 10 17:25:36.097882 dv-cinder-830538-8-iscsi devstack@c-api.service[109769]: warnings.warn('Policy enforcement is depending on the value of '
Mar 10 17:25:36.098908 dv-cinder-830538-8-iscsi devstack@c-api.service[109769]: INFO cinder.volume.api [None req-158748a5-038d-426c-91f4-c7282ff2aeb9 tempest-VolumeTypesTest-2051208921 tempest-VolumeTypesTest-2051208921-project] Volume info retrieved successfully.
Mar 10 17:25:36.124525 dv-cinder-830538-8-iscsi devstack@c-api.service[109769]: INFO cinder.volume.api [None req-158748a5-038d-426c-91f4-c7282ff2aeb9 tempest-VolumeTypesTest-2051208921 tempest-VolumeTypesTest-2051208921-project] Delete volume request issued successfully.
Mar 10 17:25:36.124923 dv-cinder-830538-8-iscsi devstack@c-api.service[109769]: INFO cinder.api.openstack.wsgi [None req-158748a5-038d-426c-91f4-c7282ff2aeb9 tempest-VolumeTypesTest-2051208921 tempest-VolumeTypesTest-2051208921-project] http://10.222.0.16/volume/v3/061aca5f56fc463c8cbceb4fa553fe15/volumes/2cb41eec-2cbc-481b-97b6-2485e9a6321a returned with HTTP 202
Mar 10 17:25:36.125684 dv-cinder-830538-8-iscsi devstack@c-api.service[109769]: [pid: 109769|app: 0|req: 170/370] 10.222.0.16 () {58 vars in 1327 bytes} [Thu Mar 10 17:25:36 2022] DELETE /volume/v3/061aca5f56fc463c8cbceb4fa553fe15/volumes/2cb41eec-2cbc-481b-97b6-2485e9a6321a => generated 0 bytes in 47 msecs (HTTP/1.1 202) 6 headers in 233 bytes (2 switches on core 0)
Mar 10 17:25:36.130416 dv-cinder-830538-8-iscsi devstack@c-api.service[109769]: DEBUG cinder.api.middleware.request_id [None req-4da8df7b-c563-458e-b873-a35e7c18186f None None] RequestId filter calling following filter/app {{(pid=109769) _context_setter /opt/stack/cinder/cinder/api/middleware/request_id.py:62}}
Mar 10 17:25:36.133867 dv-cinder-830538-8-iscsi devstack@c-api.service[109769]: INFO cinder.api.openstack.wsgi [None req-4da8df7b-c563-458e-b873-a35e7c18186f tempest-VolumeTypesTest-2051208921 tempest-VolumeTypesTest-2051208921-project] GET http://10.222.0.16/volume/v3/061aca5f56fc463c8cbceb4fa553fe15/volumes/2cb41eec-2cbc-481b-97b6-2485e9a6321a
Mar 10 17:25:36.134345 dv-cinder-830538-8-iscsi devstack@c-api.service[109769]: DEBUG cinder.api.openstack.wsgi [None req-4da8df7b-c563-458e-b873-a35e7c18186f tempest-VolumeTypesTest-2051208921 tempest-VolumeTypesTest-2051208921-project] Empty body provided in request {{(pid=109769) get_body /opt/stack/cinder/cinder/api/openstack/wsgi.py:715}}
Mar 10 17:25:36.134802 dv-cinder-830538-8-iscsi devstack@c-api.service[109769]: DEBUG cinder.api.openstack.wsgi [None req-4da8df7b-c563-458e-b873-a35e7c18186f tempest-VolumeTypesTest-2051208921 tempest-VolumeTypesTest-2051208921-project] Calling method 'show' {{(pid=109769) _process_stack /opt/stack/cinder/cinder/api/openstack/wsgi.py:868}}
Mar 10 17:25:36.149600 dv-cinder-830538-8-iscsi devstack@c-api.service[109769]: /usr/local/lib/python3.8/dist-packages/oslo_context/context.py:100: DeprecationWarning: Policy enforcement is depending on the value of is_admin. This key is deprecated. Please update your policy file to use the standard policy values.
Mar 10 17:25:36.149600 dv-cinder-830538-8-iscsi devstack@c-api.service[109769]: warnings.warn('Policy enforcement is depending on the value of '
Mar 10 17:25:36.156339 dv-cinder-830538-8-iscsi devstack@c-api.service[109769]: INFO cinder.volume.api [None req-4da8df7b-c563-458e-b873-a35e7c18186f tempest-VolumeTypesTest-2051208921 tempest-VolumeTypesTest-2051208921-project] Volume info retrieved successfully.
Mar 10 17:25:36.165537 dv-cinder-830538-8-iscsi devstack@c-api.service[109769]: INFO cinder.api.openstack.wsgi [None req-4da8df7b-c563-458e-b873-a35e7c18186f tempest-VolumeTypesTest-2051208921 tempest-VolumeTypesTest-2051208921-project] http://10.222.0.16/volume/v3/061aca5f56fc463c8cbceb4fa553fe15/volumes/2cb41eec-2cbc-481b-97b6-2485e9a6321a returned with HTTP 200
Mar 10 17:25:36.166274 dv-cinder-830538-8-iscsi devstack@c-api.service[109769]: [pid: 109769|app: 0|req: 171/371] 10.222.0.16 () {58 vars in 1324 bytes} [Thu Mar 10 17:25:36 2022] GET /volume/v3/061aca5f56fc463c8cbceb4fa553fe15/volumes/2cb41eec-2cbc-481b-97b6-2485e9a6321a => generated 941 bytes in 37 msecs (HTTP/1.1 200) 7 headers in 285 bytes (1 switches on core 0)
Mar 10 17:25:36.204271 dv-cinder-830538-8-iscsi devstack@c-api.service[109769]: DEBUG cinder.api.middleware.request_id [None req-a63ca787-f9fc-418f-b980-80347d5468d2 None None] RequestId filter calling following filter/app {{(pid=109769) _context_setter /opt/stack/cinder/cinder/api/middleware/request_id.py:62}}
Mar 10 17:25:36.207705 dv-cinder-830538-8-iscsi devstack@c-api.service[109769]: INFO cinder.api.openstack.wsgi [None req-a63ca787-f9fc-418f-b980-80347d5468d2 tempest-VolumesListAdminTestJSON-1308441203 tempest-VolumesListAdminTestJSON-1308441203-project] GET http://10.222.0.16/volume/v3/e53d9fbfc82246fb9dd63ed27638222d/volumes/d437ae67-526d-4f1d-b1dd-b255d3a874d9
Mar 10 17:25:36.208672 dv-cinder-830538-8-iscsi devstack@c-api.service[109769]: DEBUG cinder.api.openstack.wsgi [None req-a63ca787-f9fc-418f-b980-80347d5468d2 tempest-VolumesListAdminTestJSON-1308441203 tempest-VolumesListAdminTestJSON-1308441203-project] Empty body provided in request {{(pid=109769) get_body /opt/stack/cinder/cinder/api/openstack/wsgi.py:715}}
Mar 10 17:25:36.209180 dv-cinder-830538-8-iscsi devstack@c-api.service[109769]: DEBUG cinder.api.openstack.wsgi [None req-a63ca787-f9fc-418f-b980-80347d5468d2 tempest-VolumesListAdminTestJSON-1308441203 tempest-VolumesListAdminTestJSON-1308441203-project] Calling method 'show' {{(pid=109769) _process_stack /opt/stack/cinder/cinder/api/openstack/wsgi.py:868}}
Mar 10 17:25:36.219450 dv-cinder-830538-8-iscsi devstack@c-api.service[109769]: INFO cinder.api.openstack.wsgi [None req-a63ca787-f9fc-418f-b980-80347d5468d2 tempest-VolumesListAdminTestJSON-1308441203 tempest-VolumesListAdminTestJSON-1308441203-project] http://10.222.0.16/volume/v3/e53d9fbfc82246fb9dd63ed27638222d/volumes/d437ae67-526d-4f1d-b1dd-b255d3a874d9 returned with HTTP 404
Mar 10 17:25:36.220315 dv-cinder-830538-8-iscsi devstack@c-api.service[109769]: [pid: 109769|app: 0|req: 172/372] 10.222.0.16 () {58 vars in 1324 bytes} [Thu Mar 10 17:25:36 2022] GET /volume/v3/e53d9fbfc82246fb9dd63ed27638222d/volumes/d437ae67-526d-4f1d-b1dd-b255d3a874d9 => generated 109 bytes in 17 msecs (HTTP/1.1 404) 7 headers in 292 bytes (2 switches on core 0)
Mar 10 17:25:36.225209 dv-cinder-830538-8-iscsi devstack@c-api.service[109769]: DEBUG cinder.api.middleware.request_id [None req-228dc2b5-119a-4c64-9466-6a6a4254ff87 None None] RequestId filter calling following filter/app {{(pid=109769) _context_setter /opt/stack/cinder/cinder/api/middleware/request_id.py:62}}
Mar 10 17:25:36.228582 dv-cinder-830538-8-iscsi devstack@c-api.service[109769]: INFO cinder.api.openstack.wsgi [None req-228dc2b5-119a-4c64-9466-6a6a4254ff87 tempest-VolumesListAdminTestJSON-1308441203 tempest-VolumesListAdminTestJSON-1308441203-project] DELETE http://10.222.0.16/volume/v3/e53d9fbfc82246fb9dd63ed27638222d/volumes/35639c68-ae04-4b63-a057-ddb9a7bbfc31
Mar 10 17:25:36.229019 dv-cinder-830538-8-iscsi devstack@c-api.service[109769]: DEBUG cinder.api.openstack.wsgi [None req-228dc2b5-119a-4c64-9466-6a6a4254ff87 tempest-VolumesListAdminTestJSON-1308441203 tempest-VolumesListAdminTestJSON-1308441203-project] Empty body provided in request {{(pid=109769) get_body /opt/stack/cinder/cinder/api/openstack/wsgi.py:715}}
Mar 10 17:25:36.229464 dv-cinder-830538-8-iscsi devstack@c-api.service[109769]: DEBUG cinder.api.openstack.wsgi [None req-228dc2b5-119a-4c64-9466-6a6a4254ff87 tempest-VolumesListAdminTestJSON-1308441203 tempest-VolumesListAdminTestJSON-1308441203-project] Calling method 'delete' {{(pid=109769) _process_stack /opt/stack/cinder/cinder/api/openstack/wsgi.py:868}}
Mar 10 17:25:36.229854 dv-cinder-830538-8-iscsi devstack@c-api.service[109769]: INFO cinder.api.v3.volumes [None req-228dc2b5-119a-4c64-9466-6a6a4254ff87 tempest-VolumesListAdminTestJSON-1308441203 tempest-VolumesListAdminTestJSON-1308441203-project] Delete volume with id: 35639c68-ae04-4b63-a057-ddb9a7bbfc31
Mar 10 17:25:36.243088 dv-cinder-830538-8-iscsi devstack@c-api.service[109769]: /usr/local/lib/python3.8/dist-packages/oslo_context/context.py:100: DeprecationWarning: Policy enforcement is depending on the value of is_admin. This key is deprecated. Please update your policy file to use the standard policy values.
Mar 10 17:25:36.243088 dv-cinder-830538-8-iscsi devstack@c-api.service[109769]: warnings.warn('Policy enforcement is depending on the value of '
Mar 10 17:25:36.244048 dv-cinder-830538-8-iscsi devstack@c-api.service[109769]: INFO cinder.volume.api [None req-228dc2b5-119a-4c64-9466-6a6a4254ff87 tempest-VolumesListAdminTestJSON-1308441203 tempest-VolumesListAdminTestJSON-1308441203-project] Volume info retrieved successfully.
Mar 10 17:25:36.248562 dv-cinder-830538-8-iscsi devstack@c-api.service[109770]: INFO cinder.volume.api [None req-4713dc43-efbc-4430-8976-91a432b34b93 tempest-VolumesActionsTest-616712891 tempest-VolumesActionsTest-616712891-project] Attach volume completed successfully.
Mar 10 17:25:36.249394 dv-cinder-830538-8-iscsi devstack@c-api.service[109770]: INFO cinder.api.openstack.wsgi [None req-4713dc43-efbc-4430-8976-91a432b34b93 tempest-VolumesActionsTest-616712891 tempest-VolumesActionsTest-616712891-project] http://10.222.0.16/volume/v3/dc8de18800bb46d2a1f59a4d437dc968/volumes/8e317576-cf50-461f-8e26-96d40806763e/action returned with HTTP 202
Mar 10 17:25:36.252984 dv-cinder-830538-8-iscsi devstack@c-api.service[109770]: [pid: 109770|app: 0|req: 201/373] 10.222.0.16 () {60 vars in 1366 bytes} [Thu Mar 10 17:25:35 2022] POST /volume/v3/dc8de18800bb46d2a1f59a4d437dc968/volumes/8e317576-cf50-461f-8e26-96d40806763e/action => generated 0 bytes in 491 msecs (HTTP/1.1 202) 7 headers in 289 bytes (1 switches on core 0)
Mar 10 17:25:36.255449 dv-cinder-830538-8-iscsi devstack@c-api.service[109770]: DEBUG cinder.api.middleware.request_id [None req-b35c9bdb-b7af-40c5-af01-fde360cd820b None None] RequestId filter calling following filter/app {{(pid=109770) _context_setter /opt/stack/cinder/cinder/api/middleware/request_id.py:62}}
Mar 10 17:25:36.259627 dv-cinder-830538-8-iscsi devstack@c-api.service[109770]: INFO cinder.api.openstack.wsgi [None req-b35c9bdb-b7af-40c5-af01-fde360cd820b tempest-VolumesActionsTest-616712891 tempest-VolumesActionsTest-616712891-project] GET http://10.222.0.16/volume/v3/dc8de18800bb46d2a1f59a4d437dc968/volumes/8e317576-cf50-461f-8e26-96d40806763e
Mar 10 17:25:36.260093 dv-cinder-830538-8-iscsi devstack@c-api.service[109770]: DEBUG cinder.api.openstack.wsgi [None req-b35c9bdb-b7af-40c5-af01-fde360cd820b tempest-VolumesActionsTest-616712891 tempest-VolumesActionsTest-616712891-project] Empty body provided in request {{(pid=109770) get_body /opt/stack/cinder/cinder/api/openstack/wsgi.py:715}}
Mar 10 17:25:36.260552 dv-cinder-830538-8-iscsi devstack@c-api.service[109770]: DEBUG cinder.api.openstack.wsgi [None req-b35c9bdb-b7af-40c5-af01-fde360cd820b tempest-VolumesActionsTest-616712891 tempest-VolumesActionsTest-616712891-project] Calling method 'show' {{(pid=109770) _process_stack /opt/stack/cinder/cinder/api/openstack/wsgi.py:868}}
Mar 10 17:25:36.271868 dv-cinder-830538-8-iscsi devstack@c-api.service[109769]: INFO cinder.volume.api [None req-228dc2b5-119a-4c64-9466-6a6a4254ff87 tempest-VolumesListAdminTestJSON-1308441203 tempest-VolumesListAdminTestJSON-1308441203-project] Delete volume request issued successfully.
Mar 10 17:25:36.272278 dv-cinder-830538-8-iscsi devstack@c-api.service[109769]: INFO cinder.api.openstack.wsgi [None req-228dc2b5-119a-4c64-9466-6a6a4254ff87 tempest-VolumesListAdminTestJSON-1308441203 tempest-VolumesListAdminTestJSON-1308441203-project] http://10.222.0.16/volume/v3/e53d9fbfc82246fb9dd63ed27638222d/volumes/35639c68-ae04-4b63-a057-ddb9a7bbfc31 returned with HTTP 202
Mar 10 17:25:36.273040 dv-cinder-830538-8-iscsi devstack@c-api.service[109769]: [pid: 109769|app: 0|req: 173/374] 10.222.0.16 () {58 vars in 1327 bytes} [Thu Mar 10 17:25:36 2022] DELETE /volume/v3/e53d9fbfc82246fb9dd63ed27638222d/volumes/35639c68-ae04-4b63-a057-ddb9a7bbfc31 => generated 0 bytes in 49 msecs (HTTP/1.1 202) 6 headers in 233 bytes (2 switches on core 0)
Mar 10 17:25:36.278000 dv-cinder-830538-8-iscsi devstack@c-api.service[109769]: DEBUG cinder.api.middleware.request_id [None req-9d3cd2b8-b770-482d-85db-b0672e58361c None None] RequestId filter calling following filter/app {{(pid=109769) _context_setter /opt/stack/cinder/cinder/api/middleware/request_id.py:62}}
Mar 10 17:25:36.278493 dv-cinder-830538-8-iscsi devstack@c-api.service[109770]: /usr/local/lib/python3.8/dist-packages/oslo_context/context.py:100: DeprecationWarning: Policy enforcement is depending on the value of is_admin. This key is deprecated. Please update your policy file to use the standard policy values.
Mar 10 17:25:36.278493 dv-cinder-830538-8-iscsi devstack@c-api.service[109770]: warnings.warn('Policy enforcement is depending on the value of '
Mar 10 17:25:36.281606 dv-cinder-830538-8-iscsi devstack@c-api.service[109769]: INFO cinder.api.openstack.wsgi [None req-9d3cd2b8-b770-482d-85db-b0672e58361c tempest-VolumesListAdminTestJSON-1308441203 tempest-VolumesListAdminTestJSON-1308441203-project] GET http://10.222.0.16/volume/v3/e53d9fbfc82246fb9dd63ed27638222d/volumes/35639c68-ae04-4b63-a057-ddb9a7bbfc31
Mar 10 17:25:36.282048 dv-cinder-830538-8-iscsi devstack@c-api.service[109769]: DEBUG cinder.api.openstack.wsgi [None req-9d3cd2b8-b770-482d-85db-b0672e58361c tempest-VolumesListAdminTestJSON-1308441203 tempest-VolumesListAdminTestJSON-1308441203-project] Empty body provided in request {{(pid=109769) get_body /opt/stack/cinder/cinder/api/openstack/wsgi.py:715}}
Mar 10 17:25:36.282541 dv-cinder-830538-8-iscsi devstack@c-api.service[109769]: DEBUG cinder.api.openstack.wsgi [None req-9d3cd2b8-b770-482d-85db-b0672e58361c tempest-VolumesListAdminTestJSON-1308441203 tempest-VolumesListAdminTestJSON-1308441203-project] Calling method 'show' {{(pid=109769) _process_stack /opt/stack/cinder/cinder/api/openstack/wsgi.py:868}}
Mar 10 17:25:36.288174 dv-cinder-830538-8-iscsi devstack@c-api.service[109770]: INFO cinder.volume.api [None req-b35c9bdb-b7af-40c5-af01-fde360cd820b tempest-VolumesActionsTest-616712891 tempest-VolumesActionsTest-616712891-project] Volume info retrieved successfully.
Mar 10 17:25:36.297476 dv-cinder-830538-8-iscsi devstack@c-api.service[109770]: INFO cinder.api.openstack.wsgi [None req-b35c9bdb-b7af-40c5-af01-fde360cd820b tempest-VolumesActionsTest-616712891 tempest-VolumesActionsTest-616712891-project] http://10.222.0.16/volume/v3/dc8de18800bb46d2a1f59a4d437dc968/volumes/8e317576-cf50-461f-8e26-96d40806763e returned with HTTP 200
Mar 10 17:25:36.298261 dv-cinder-830538-8-iscsi devstack@c-api.service[109770]: [pid: 109770|app: 0|req: 202/375] 10.222.0.16 () {58 vars in 1324 bytes} [Thu Mar 10 17:25:36 2022] GET /volume/v3/dc8de18800bb46d2a1f59a4d437dc968/volumes/8e317576-cf50-461f-8e26-96d40806763e => generated 1244 bytes in 44 msecs (HTTP/1.1 200) 7 headers in 286 bytes (2 switches on core 0)
Mar 10 17:25:36.301574 dv-cinder-830538-8-iscsi devstack@c-api.service[109769]: /usr/local/lib/python3.8/dist-packages/oslo_context/context.py:100: DeprecationWarning: Policy enforcement is depending on the value of is_admin. This key is deprecated. Please update your policy file to use the standard policy values.
Mar 10 17:25:36.301574 dv-cinder-830538-8-iscsi devstack@c-api.service[109769]: warnings.warn('Policy enforcement is depending on the value of '
Mar 10 17:25:36.309788 dv-cinder-830538-8-iscsi devstack@c-api.service[109770]: DEBUG cinder.api.middleware.request_id [None req-1849757e-b60d-439d-b5d6-7e1a027c4e43 None None] RequestId filter calling following filter/app {{(pid=109770) _context_setter /opt/stack/cinder/cinder/api/middleware/request_id.py:62}}
Mar 10 17:25:36.310135 dv-cinder-830538-8-iscsi devstack@c-api.service[109769]: INFO cinder.volume.api [None req-9d3cd2b8-b770-482d-85db-b0672e58361c tempest-VolumesListAdminTestJSON-1308441203 tempest-VolumesListAdminTestJSON-1308441203-project] Volume info retrieved successfully.
Mar 10 17:25:36.313375 dv-cinder-830538-8-iscsi devstack@c-api.service[109770]: INFO cinder.api.openstack.wsgi [None req-1849757e-b60d-439d-b5d6-7e1a027c4e43 tempest-VolumesActionsTest-616712891 tempest-VolumesActionsTest-616712891-project] POST http://10.222.0.16/volume/v3/dc8de18800bb46d2a1f59a4d437dc968/volumes/8e317576-cf50-461f-8e26-96d40806763e/action
Mar 10 17:25:36.314613 dv-cinder-830538-8-iscsi devstack@c-api.service[109770]: DEBUG cinder.api.openstack.wsgi [None req-1849757e-b60d-439d-b5d6-7e1a027c4e43 tempest-VolumesActionsTest-616712891 tempest-VolumesActionsTest-616712891-project] Action body: b'{"os-detach": {}}' {{(pid=109770) get_method /opt/stack/cinder/cinder/api/openstack/wsgi.py:983}}
Mar 10 17:25:36.314936 dv-cinder-830538-8-iscsi devstack@c-api.service[109770]: DEBUG cinder.api.openstack.wsgi [None req-1849757e-b60d-439d-b5d6-7e1a027c4e43 tempest-VolumesActionsTest-616712891 tempest-VolumesActionsTest-616712891-project] Action: 'action', calling method: _detach, body: {"os-detach": {}} {{(pid=109770) _process_stack /opt/stack/cinder/cinder/api/openstack/wsgi.py:866}}
Mar 10 17:25:36.320534 dv-cinder-830538-8-iscsi devstack@c-api.service[109769]: INFO cinder.api.openstack.wsgi [None req-9d3cd2b8-b770-482d-85db-b0672e58361c tempest-VolumesListAdminTestJSON-1308441203 tempest-VolumesListAdminTestJSON-1308441203-project] http://10.222.0.16/volume/v3/e53d9fbfc82246fb9dd63ed27638222d/volumes/35639c68-ae04-4b63-a057-ddb9a7bbfc31 returned with HTTP 200
Mar 10 17:25:36.321267 dv-cinder-830538-8-iscsi devstack@c-api.service[109769]: [pid: 109769|app: 0|req: 174/376] 10.222.0.16 () {58 vars in 1324 bytes} [Thu Mar 10 17:25:36 2022] GET /volume/v3/e53d9fbfc82246fb9dd63ed27638222d/volumes/35639c68-ae04-4b63-a057-ddb9a7bbfc31 => generated 916 bytes in 45 msecs (HTTP/1.1 200) 7 headers in 285 bytes (2 switches on core 0)
