Mar 03 16:10:11.877983 dv-cinder-830538-6-smb devstack@c-api.service[109934]: INFO cinder.api.openstack.wsgi [None req-9a717ed2-9e96-4894-b990-10d612b3633e tempest-GroupSnapshotsTest-1161276053 tempest-GroupSnapshotsTest-1161276053-project] GET http://10.222.0.16/volume/v3/4106b12b18bb45d0ad1475da86ffab5f/snapshots/81417cc7-4558-4e01-a33f-ad62960d9811
Mar 03 16:10:11.878579 dv-cinder-830538-6-smb devstack@c-api.service[109934]: DEBUG cinder.api.openstack.wsgi [None req-9a717ed2-9e96-4894-b990-10d612b3633e tempest-GroupSnapshotsTest-1161276053 tempest-GroupSnapshotsTest-1161276053-project] Empty body provided in request {{(pid=109934) get_body /opt/stack/cinder/cinder/api/openstack/wsgi.py:715}}
Mar 03 16:10:11.879222 dv-cinder-830538-6-smb devstack@c-api.service[109934]: DEBUG cinder.api.openstack.wsgi [None req-9a717ed2-9e96-4894-b990-10d612b3633e tempest-GroupSnapshotsTest-1161276053 tempest-GroupSnapshotsTest-1161276053-project] Calling method 'show' {{(pid=109934) _process_stack /opt/stack/cinder/cinder/api/openstack/wsgi.py:868}}
Mar 03 16:10:12.077976 dv-cinder-830538-6-smb devstack@c-api.service[109934]: /usr/local/lib/python3.8/dist-packages/oslo_context/context.py:105: DeprecationWarning: Policy enforcement is depending on the value of is_admin. This key is deprecated. Please update your policy file to use the standard policy values.
Mar 03 16:10:12.077976 dv-cinder-830538-6-smb devstack@c-api.service[109934]: warnings.warn('Policy enforcement is depending on the value of '
Mar 03 16:10:12.081848 dv-cinder-830538-6-smb devstack@c-api.service[109934]: INFO cinder.volume.api [None req-9a717ed2-9e96-4894-b990-10d612b3633e tempest-GroupSnapshotsTest-1161276053 tempest-GroupSnapshotsTest-1161276053-project] Snapshot retrieved successfully.
Mar 03 16:10:12.091752 dv-cinder-830538-6-smb devstack@c-api.service[109934]: INFO cinder.api.openstack.wsgi [None req-9a717ed2-9e96-4894-b990-10d612b3633e tempest-GroupSnapshotsTest-1161276053 tempest-GroupSnapshotsTest-1161276053-project] http://10.222.0.16/volume/v3/4106b12b18bb45d0ad1475da86ffab5f/snapshots/81417cc7-4558-4e01-a33f-ad62960d9811 returned with HTTP 200
Mar 03 16:10:12.093552 dv-cinder-830538-6-smb devstack@c-api.service[109934]: [pid: 109934|app: 0|req: 40/87] 10.222.0.16 () {58 vars in 1330 bytes} [Thu Mar 3 16:10:11 2022] GET /volume/v3/4106b12b18bb45d0ad1475da86ffab5f/snapshots/81417cc7-4558-4e01-a33f-ad62960d9811 => generated 516 bytes in 222 msecs (HTTP/1.1 200) 7 headers in 285 bytes (1 switches on core 0)
Mar 03 16:10:12.101629 dv-cinder-830538-6-smb devstack@c-api.service[109933]: DEBUG cinder.api.middleware.request_id [None req-cdc403b2-f93b-4320-aa00-ac9d053028e4 None None] RequestId filter calling following filter/app {{(pid=109933) _context_setter /opt/stack/cinder/cinder/api/middleware/request_id.py:62}}
Mar 03 16:10:12.108989 dv-cinder-830538-6-smb devstack@c-api.service[109933]: INFO cinder.api.openstack.wsgi [None req-cdc403b2-f93b-4320-aa00-ac9d053028e4 tempest-GroupSnapshotsTest-1161276053 tempest-GroupSnapshotsTest-1161276053-project] POST http://10.222.0.16/volume/v3/4106b12b18bb45d0ad1475da86ffab5f/groups/action
Mar 03 16:10:12.115784 dv-cinder-830538-6-smb devstack@c-api.service[109933]: DEBUG cinder.api.openstack.wsgi [None req-cdc403b2-f93b-4320-aa00-ac9d053028e4 tempest-GroupSnapshotsTest-1161276053 tempest-GroupSnapshotsTest-1161276053-project] Action body: b'{"create-from-src": {"group_snapshot_id": "ebfa45a2-0efb-4ff9-bc8c-fd879968db3d", "name": "tempest-Group_from_snap-1757768721"}}' {{(pid=109933) get_method /opt/stack/cinder/cinder/api/openstack/wsgi.py:983}}
Mar 03 16:10:12.116366 dv-cinder-830538-6-smb devstack@c-api.service[109933]: DEBUG cinder.api.openstack.wsgi [None req-cdc403b2-f93b-4320-aa00-ac9d053028e4 tempest-GroupSnapshotsTest-1161276053 tempest-GroupSnapshotsTest-1161276053-project] Action: 'action', calling method: version_select, body: {"create-from-src": {"group_snapshot_id": "ebfa45a2-0efb-4ff9-bc8c-fd879968db3d", "name": "tempest-Group_from_snap-1757768721"}} {{(pid=109933) _process_stack /opt/stack/cinder/cinder/api/openstack/wsgi.py:866}}
Mar 03 16:10:12.117695 dv-cinder-830538-6-smb devstack@c-api.service[109933]: DEBUG cinder.api.v3.groups [None req-cdc403b2-f93b-4320-aa00-ac9d053028e4 tempest-GroupSnapshotsTest-1161276053 tempest-GroupSnapshotsTest-1161276053-project] Creating new group {'create-from-src': {'group_snapshot_id': 'ebfa45a2-0efb-4ff9-bc8c-fd879968db3d', 'name': 'tempest-Group_from_snap-1757768721'}}. {{(pid=109933) create_from_src /opt/stack/cinder/cinder/api/v3/groups.py:236}}
Mar 03 16:10:12.121978 dv-cinder-830538-6-smb devstack@c-api.service[109933]: INFO cinder.api.v3.groups [None req-cdc403b2-f93b-4320-aa00-ac9d053028e4 tempest-GroupSnapshotsTest-1161276053 tempest-GroupSnapshotsTest-1161276053-project] Creating group tempest-Group_from_snap-1757768721 from group_snapshot ebfa45a2-0efb-4ff9-bc8c-fd879968db3d.
Mar 03 16:10:12.147204 dv-cinder-830538-6-smb devstack@c-api.service[109933]: /usr/local/lib/python3.8/dist-packages/oslo_context/context.py:105: DeprecationWarning: Policy enforcement is depending on the value of is_admin. This key is deprecated. Please update your policy file to use the standard policy values.
Mar 03 16:10:12.147204 dv-cinder-830538-6-smb devstack@c-api.service[109933]: warnings.warn('Policy enforcement is depending on the value of '
Mar 03 16:10:12.211456 dv-cinder-830538-6-smb devstack@c-api.service[109933]: /usr/local/lib/python3.8/dist-packages/oslo_context/context.py:105: DeprecationWarning: Policy enforcement is depending on the value of is_admin. This key is deprecated. Please update your policy file to use the standard policy values.
Mar 03 16:10:12.211456 dv-cinder-830538-6-smb devstack@c-api.service[109933]: warnings.warn('Policy enforcement is depending on the value of '
Mar 03 16:10:12.244612 dv-cinder-830538-6-smb devstack@c-api.service[109933]: /usr/local/lib/python3.8/dist-packages/oslo_context/context.py:105: DeprecationWarning: Policy enforcement is depending on the value of is_admin. This key is deprecated. Please update your policy file to use the standard policy values.
Mar 03 16:10:12.244612 dv-cinder-830538-6-smb devstack@c-api.service[109933]: warnings.warn('Policy enforcement is depending on the value of '
Mar 03 16:10:12.450598 dv-cinder-830538-6-smb devstack@c-api.service[109933]: DEBUG cinder.quota [None req-cdc403b2-f93b-4320-aa00-ac9d053028e4 tempest-GroupSnapshotsTest-1161276053 tempest-GroupSnapshotsTest-1161276053-project] Created reservations ['98301d95-e5fe-431f-84b9-a2af4c362b9b'] {{(pid=109933) reserve /opt/stack/cinder/cinder/quota.py:755}}
Mar 03 16:10:12.764905 dv-cinder-830538-6-smb devstack@c-api.service[109933]: INFO cinder.group.api [None req-cdc403b2-f93b-4320-aa00-ac9d053028e4 tempest-GroupSnapshotsTest-1161276053 tempest-GroupSnapshotsTest-1161276053-project] A mapping entry already exists for group 7bc1785c-cf8b-4d95-a6f8-e05d6574999d and volume type b7873abb-e853-4d69-8db7-41266d213127. Do not need to create again.
Mar 03 16:10:12.769567 dv-cinder-830538-6-smb devstack@c-api.service[109933]: /usr/local/lib/python3.8/dist-packages/oslo_context/context.py:105: DeprecationWarning: Policy enforcement is depending on the value of is_admin. This key is deprecated. Please update your policy file to use the standard policy values.
Mar 03 16:10:12.769567 dv-cinder-830538-6-smb devstack@c-api.service[109933]: warnings.warn('Policy enforcement is depending on the value of '
Mar 03 16:10:12.773268 dv-cinder-830538-6-smb devstack@c-api.service[109934]: DEBUG cinder.api.middleware.request_id [None req-2ac6b66b-2c58-4281-8b16-8205caa0b816 None None] RequestId filter calling following filter/app {{(pid=109934) _context_setter /opt/stack/cinder/cinder/api/middleware/request_id.py:62}}
Mar 03 16:10:12.779725 dv-cinder-830538-6-smb devstack@c-api.service[109934]: INFO cinder.api.openstack.wsgi [None req-2ac6b66b-2c58-4281-8b16-8205caa0b816 tempest-SnapshotsActionsTest-629594739 tempest-SnapshotsActionsTest-629594739-project] GET http://10.222.0.16/volume/v3/f77a3aebfa964036accebdf605efe1d4/volumes/2f46f162-747d-429c-b35f-0cc3f74107ea
Mar 03 16:10:12.780564 dv-cinder-830538-6-smb devstack@c-api.service[109934]: DEBUG cinder.api.openstack.wsgi [None req-2ac6b66b-2c58-4281-8b16-8205caa0b816 tempest-SnapshotsActionsTest-629594739 tempest-SnapshotsActionsTest-629594739-project] Empty body provided in request {{(pid=109934) get_body /opt/stack/cinder/cinder/api/openstack/wsgi.py:715}}
Mar 03 16:10:12.781876 dv-cinder-830538-6-smb devstack@c-api.service[109934]: DEBUG cinder.api.openstack.wsgi [None req-2ac6b66b-2c58-4281-8b16-8205caa0b816 tempest-SnapshotsActionsTest-629594739 tempest-SnapshotsActionsTest-629594739-project] Calling method 'show' {{(pid=109934) _process_stack /opt/stack/cinder/cinder/api/openstack/wsgi.py:868}}
Mar 03 16:10:12.785424 dv-cinder-830538-6-smb devstack@c-api.service[109933]: DEBUG cinder.volume.api [None req-cdc403b2-f93b-4320-aa00-ac9d053028e4 tempest-GroupSnapshotsTest-1161276053 tempest-GroupSnapshotsTest-1161276053-project] Availability zone cache updated, next update will occur around 2022-03-03 17:10:12.783705. {{(pid=109933) list_availability_zones /opt/stack/cinder/cinder/volume/api.py:152}}
Mar 03 16:10:12.785722 dv-cinder-830538-6-smb devstack@c-api.service[109933]: INFO cinder.volume.api [None req-cdc403b2-f93b-4320-aa00-ac9d053028e4 tempest-GroupSnapshotsTest-1161276053 tempest-GroupSnapshotsTest-1161276053-project] Availability Zones retrieved successfully.
Mar 03 16:10:12.826578 dv-cinder-830538-6-smb devstack@c-api.service[109933]: DEBUG cinder.volume.api [None req-cdc403b2-f93b-4320-aa00-ac9d053028e4 tempest-GroupSnapshotsTest-1161276053 tempest-GroupSnapshotsTest-1161276053-project] Flow 'volume_create_api' (0f170f50-7388-4b68-8cf1-8d154810db9e) transitioned into state 'RUNNING' from state 'PENDING' {{(pid=109933) _flow_receiver /usr/local/lib/python3.8/dist-packages/taskflow/listeners/logging.py:141}}
Mar 03 16:10:12.834882 dv-cinder-830538-6-smb devstack@c-api.service[109933]: DEBUG cinder.volume.api [None req-cdc403b2-f93b-4320-aa00-ac9d053028e4 tempest-GroupSnapshotsTest-1161276053 tempest-GroupSnapshotsTest-1161276053-project] Task 'cinder.volume.flows.api.create_volume.ExtractVolumeRequestTask;volume:create' (cfe42895-ed19-40ef-9380-583c5387bbeb) transitioned into state 'RUNNING' from state 'PENDING' {{(pid=109933) _task_receiver /usr/local/lib/python3.8/dist-packages/taskflow/listeners/logging.py:190}}
Mar 03 16:10:12.837777 dv-cinder-830538-6-smb devstack@c-api.service[109934]: /usr/local/lib/python3.8/dist-packages/oslo_context/context.py:105: DeprecationWarning: Policy enforcement is depending on the value of is_admin. This key is deprecated. Please update your policy file to use the standard policy values.
Mar 03 16:10:12.837777 dv-cinder-830538-6-smb devstack@c-api.service[109934]: warnings.warn('Policy enforcement is depending on the value of '
Mar 03 16:10:12.844627 dv-cinder-830538-6-smb devstack@c-api.service[109933]: DEBUG cinder.volume.flows.api.create_volume [None req-cdc403b2-f93b-4320-aa00-ac9d053028e4 tempest-GroupSnapshotsTest-1161276053 tempest-GroupSnapshotsTest-1161276053-project] Validating volume size '1' using validate_int, validate_snap_size {{(pid=109933) _extract_size /opt/stack/cinder/cinder/volume/flows/api/create_volume.py:225}}
Mar 03 16:10:12.880471 dv-cinder-830538-6-smb devstack@c-api.service[109934]: INFO cinder.volume.api [None req-2ac6b66b-2c58-4281-8b16-8205caa0b816 tempest-SnapshotsActionsTest-629594739 tempest-SnapshotsActionsTest-629594739-project] Volume info retrieved successfully.
Mar 03 16:10:12.933101 dv-cinder-830538-6-smb devstack@c-api.service[109934]: INFO cinder.api.openstack.wsgi [None req-2ac6b66b-2c58-4281-8b16-8205caa0b816 tempest-SnapshotsActionsTest-629594739 tempest-SnapshotsActionsTest-629594739-project] http://10.222.0.16/volume/v3/f77a3aebfa964036accebdf605efe1d4/volumes/2f46f162-747d-429c-b35f-0cc3f74107ea returned with HTTP 200
Mar 03 16:10:12.955981 dv-cinder-830538-6-smb devstack@c-api.service[109934]: [pid: 109934|app: 0|req: 41/88] 10.222.0.16 () {58 vars in 1324 bytes} [Thu Mar 3 16:10:12 2022] GET /volume/v3/f77a3aebfa964036accebdf605efe1d4/volumes/2f46f162-747d-429c-b35f-0cc3f74107ea => generated 912 bytes in 182 msecs (HTTP/1.1 200) 7 headers in 285 bytes (1 switches on core 0)
Mar 03 16:10:12.965621 dv-cinder-830538-6-smb devstack@c-api.service[109934]: DEBUG cinder.api.middleware.request_id [None req-6b58740f-d5ff-4a9b-b836-2cdf6553ea24 None None] RequestId filter calling following filter/app {{(pid=109934) _context_setter /opt/stack/cinder/cinder/api/middleware/request_id.py:62}}
Mar 03 16:10:12.986679 dv-cinder-830538-6-smb devstack@c-api.service[109933]: DEBUG cinder.volume.api [None req-cdc403b2-f93b-4320-aa00-ac9d053028e4 tempest-GroupSnapshotsTest-1161276053 tempest-GroupSnapshotsTest-1161276053-project] Task 'cinder.volume.flows.api.create_volume.ExtractVolumeRequestTask;volume:create' (cfe42895-ed19-40ef-9380-583c5387bbeb) transitioned into state 'SUCCESS' from state 'RUNNING' with result '{'size': 1, 'snapshot_id': '81417cc7-4558-4e01-a33f-ad62960d9811', 'source_volid': None, 'volume_type': VolumeType(created_at=2022-03-03T16:10:05Z,deleted=False,deleted_at=None,description=None,extra_specs={},id=b7873abb-e853-4d69-8db7-41266d213127,is_public=True,name='tempest-GroupSnapshotsTest-volume-type-839013410',projects=[],qos_specs=,qos_specs_id=None,updated_at=None), 'volume_type_id': 'b7873abb-e853-4d69-8db7-41266d213127', 'encryption_key_id': None, 'qos_specs': None, 'consistencygroup_id': None, 'cgsnapshot_id': None, 'group_id': '7bc1785c-cf8b-4d95-a6f8-e05d6574999d', 'replication_status': 'disabled', 'refresh_az': False, 'backup_id': None, 'multiattach': False, 'availability_zones': ['nova']}' {{(pid=109933) _task_receiver /usr/local/lib/python3.8/dist-packages/taskflow/listeners/logging.py:178}}
Mar 03 16:10:12.990890 dv-cinder-830538-6-smb devstack@c-api.service[109934]: INFO cinder.api.openstack.wsgi [None req-6b58740f-d5ff-4a9b-b836-2cdf6553ea24 tempest-SnapshotsActionsTest-629594739 tempest-SnapshotsActionsTest-629594739-project] POST http://10.222.0.16/volume/v3/f77a3aebfa964036accebdf605efe1d4/snapshots
Mar 03 16:10:12.994572 dv-cinder-830538-6-smb devstack@c-api.service[109934]: DEBUG cinder.api.openstack.wsgi [None req-6b58740f-d5ff-4a9b-b836-2cdf6553ea24 tempest-SnapshotsActionsTest-629594739 tempest-SnapshotsActionsTest-629594739-project] Action: 'create', calling method: create, body: {"snapshot": {"volume_id": "2f46f162-747d-429c-b35f-0cc3f74107ea", "name": "tempest-SnapshotsActionsTest-Snapshot-966169866"}} {{(pid=109934) _process_stack /opt/stack/cinder/cinder/api/openstack/wsgi.py:866}}
Mar 03 16:10:12.999385 dv-cinder-830538-6-smb devstack@c-api.service[109933]: DEBUG cinder.volume.api [None req-cdc403b2-f93b-4320-aa00-ac9d053028e4 tempest-GroupSnapshotsTest-1161276053 tempest-GroupSnapshotsTest-1161276053-project] Task 'cinder.volume.flows.api.create_volume.QuotaReserveTask;volume:create' (d835c485-4892-4bf8-8184-7b6ccf559965) transitioned into state 'RUNNING' from state 'PENDING' {{(pid=109933) _task_receiver /usr/local/lib/python3.8/dist-packages/taskflow/listeners/logging.py:190}}
Mar 03 16:10:13.077502 dv-cinder-830538-6-smb devstack@c-api.service[109934]: /usr/local/lib/python3.8/dist-packages/oslo_context/context.py:105: DeprecationWarning: Policy enforcement is depending on the value of is_admin. This key is deprecated. Please update your policy file to use the standard policy values.
Mar 03 16:10:13.077502 dv-cinder-830538-6-smb devstack@c-api.service[109934]: warnings.warn('Policy enforcement is depending on the value of '
Mar 03 16:10:13.089321 dv-cinder-830538-6-smb devstack@c-api.service[109934]: INFO cinder.volume.api [None req-6b58740f-d5ff-4a9b-b836-2cdf6553ea24 tempest-SnapshotsActionsTest-629594739 tempest-SnapshotsActionsTest-629594739-project] Volume info retrieved successfully.
Mar 03 16:10:13.094332 dv-cinder-830538-6-smb devstack@c-api.service[109934]: INFO cinder.api.v3.snapshots [None req-6b58740f-d5ff-4a9b-b836-2cdf6553ea24 tempest-SnapshotsActionsTest-629594739 tempest-SnapshotsActionsTest-629594739-project] Create snapshot from volume 2f46f162-747d-429c-b35f-0cc3f74107ea
Mar 03 16:10:13.154490 dv-cinder-830538-6-smb devstack@c-api.service[109933]: DEBUG cinder.quota [None req-cdc403b2-f93b-4320-aa00-ac9d053028e4 tempest-GroupSnapshotsTest-1161276053 tempest-GroupSnapshotsTest-1161276053-project] Created reservations ['06cfed15-cef9-4407-93ce-ec107d43c0a4', '2dbd550e-f536-46d0-852f-8a2fb2c4f64f'] {{(pid=109933) reserve /opt/stack/cinder/cinder/quota.py:755}}
Mar 03 16:10:13.157665 dv-cinder-830538-6-smb devstack@c-api.service[109933]: DEBUG cinder.volume.api [None req-cdc403b2-f93b-4320-aa00-ac9d053028e4 tempest-GroupSnapshotsTest-1161276053 tempest-GroupSnapshotsTest-1161276053-project] Task 'cinder.volume.flows.api.create_volume.QuotaReserveTask;volume:create' (d835c485-4892-4bf8-8184-7b6ccf559965) transitioned into state 'SUCCESS' from state 'RUNNING' with result '{'reservations': ['06cfed15-cef9-4407-93ce-ec107d43c0a4', '2dbd550e-f536-46d0-852f-8a2fb2c4f64f']}' {{(pid=109933) _task_receiver /usr/local/lib/python3.8/dist-packages/taskflow/listeners/logging.py:178}}
Mar 03 16:10:13.174471 dv-cinder-830538-6-smb devstack@c-api.service[109933]: DEBUG cinder.volume.api [None req-cdc403b2-f93b-4320-aa00-ac9d053028e4 tempest-GroupSnapshotsTest-1161276053 tempest-GroupSnapshotsTest-1161276053-project] Task 'cinder.volume.flows.api.create_volume.EntryCreateTask;volume:create' (1118221c-446f-47a9-be40-0299c48df2ff) transitioned into state 'RUNNING' from state 'PENDING' {{(pid=109933) _task_receiver /usr/local/lib/python3.8/dist-packages/taskflow/listeners/logging.py:190}}
Mar 03 16:10:13.276944 dv-cinder-830538-6-smb devstack@c-api.service[109934]: DEBUG cinder.quota [None req-6b58740f-d5ff-4a9b-b836-2cdf6553ea24 tempest-SnapshotsActionsTest-629594739 tempest-SnapshotsActionsTest-629594739-project] Created reservations ['f9960437-7182-4a3f-b443-d7e0ecd62bbf', '4500fae9-90f5-4553-bf95-bd2435052270', '52ef08e8-f59e-4afd-94d5-410726aa1e9d', '8289ba51-9051-4fe0-9798-b9b81ee8c7aa'] {{(pid=109934) reserve /opt/stack/cinder/cinder/quota.py:755}}
Mar 03 16:10:13.352476 dv-cinder-830538-6-smb devstack@c-api.service[109933]: DEBUG cinder.volume.api [None req-cdc403b2-f93b-4320-aa00-ac9d053028e4 tempest-GroupSnapshotsTest-1161276053 tempest-GroupSnapshotsTest-1161276053-project] Task 'cinder.volume.flows.api.create_volume.EntryCreateTask;volume:create' (1118221c-446f-47a9-be40-0299c48df2ff) transitioned into state 'SUCCESS' from state 'RUNNING' with result '{'volume_id': '800f59dd-ab27-4927-80ec-054392b02179', 'volume_properties': VolumeProperties(attach_status='detached',availability_zone='nova',cgsnapshot_id=None,consistencygroup_id=None,display_description=None,display_name=None,encryption_key_id=None,group_id=7bc1785c-cf8b-4d95-a6f8-e05d6574999d,group_type_id=,metadata={},multiattach=False,project_id='4106b12b18bb45d0ad1475da86ffab5f',qos_specs=None,replication_status=,reservations=['06cfed15-cef9-4407-93ce-ec107d43c0a4','2dbd550e-f536-46d0-852f-8a2fb2c4f64f'],size=1,snapshot_id=81417cc7-4558-4e01-a33f-ad62960d9811,source_replicaid=,source_volid=None,status='creating',user_id='ef4bae11809747ad9bca6181f4e2fd4d',volume_type_id=b7873abb-e853-4d69-8db7-41266d213127), 'volume': Volume(_name_id=None,admin_metadata=,attach_status='detached',availability_zone='nova',bootable=False,cluster=,cluster_name=None,consistencygroup=,consistencygroup_id=None,created_at=2022-03-03T16:10:13Z,deleted=False,deleted_at=None,display_description=None,display_name=None,ec2_id=None,encryption_key_id=None,glance_metadata=,group=,group_id=7bc1785c-cf8b-4d95-a6f8-e05d6574999d,host=None,id=800f59dd-ab27-4927-80ec-054392b02179,launched_at=None,metadata={},migration_status=None,multiattach=False,previous_status=None,project_id='4106b12b18bb45d0ad1475da86ffab5f',provider_auth=None,provider_geometry=None,provider_id=None,provider_location=None,replication_driver_data=None,replication_extended_status=None,replication_status=None,scheduled_at=None,service_uuid=None,shared_targets=True,size=1,snapshot_id=81417cc7-4558-4e01-a33f-ad62960d9811,snapshots=,source_volid=None,status='creating',terminated_at=None,updated_at=None,use_quota=True,user_id='ef4bae11809747ad9bca6181f4e2fd4d',volume_attachment=VolumeAttachmentList,volume_type=VolumeType(b7873abb-e853-4d69-8db7-41266d213127),volume_type_id=b7873abb-e853-4d69-8db7-41266d213127)}' {{(pid=109933) _task_receiver /usr/local/lib/python3.8/dist-packages/taskflow/listeners/logging.py:178}}
Mar 03 16:10:13.361559 dv-cinder-830538-6-smb devstack@c-api.service[109933]: DEBUG cinder.volume.api [None req-cdc403b2-f93b-4320-aa00-ac9d053028e4 tempest-GroupSnapshotsTest-1161276053 tempest-GroupSnapshotsTest-1161276053-project] Task 'cinder.volume.flows.api.create_volume.QuotaCommitTask;volume:create' (5b85546d-e790-4165-84aa-3db14007c1fc) transitioned into state 'RUNNING' from state 'PENDING' {{(pid=109933) _task_receiver /usr/local/lib/python3.8/dist-packages/taskflow/listeners/logging.py:190}}
Mar 03 16:10:13.440710 dv-cinder-830538-6-smb devstack@c-api.service[109934]: INFO cinder.volume.api [None req-6b58740f-d5ff-4a9b-b836-2cdf6553ea24 tempest-SnapshotsActionsTest-629594739 tempest-SnapshotsActionsTest-629594739-project] Snapshot create request issued successfully.
Mar 03 16:10:13.443611 dv-cinder-830538-6-smb devstack@c-api.service[109933]: DEBUG cinder.volume.api [None req-cdc403b2-f93b-4320-aa00-ac9d053028e4 tempest-GroupSnapshotsTest-1161276053 tempest-GroupSnapshotsTest-1161276053-project] Task 'cinder.volume.flows.api.create_volume.QuotaCommitTask;volume:create' (5b85546d-e790-4165-84aa-3db14007c1fc) transitioned into state 'SUCCESS' from state 'RUNNING' with result '{'volume_properties': VolumeProperties(attach_status='detached',availability_zone='nova',cgsnapshot_id=None,consistencygroup_id=None,display_description=None,display_name=None,encryption_key_id=None,group_id=7bc1785c-cf8b-4d95-a6f8-e05d6574999d,group_type_id=,metadata={},multiattach=False,project_id='4106b12b18bb45d0ad1475da86ffab5f',qos_specs=None,replication_status=,reservations=['06cfed15-cef9-4407-93ce-ec107d43c0a4','2dbd550e-f536-46d0-852f-8a2fb2c4f64f'],size=1,snapshot_id=81417cc7-4558-4e01-a33f-ad62960d9811,source_replicaid=,source_volid=None,status='creating',user_id='ef4bae11809747ad9bca6181f4e2fd4d',volume_type_id=b7873abb-e853-4d69-8db7-41266d213127)}' {{(pid=109933) _task_receiver /usr/local/lib/python3.8/dist-packages/taskflow/listeners/logging.py:178}}
Mar 03 16:10:13.445995 dv-cinder-830538-6-smb devstack@c-api.service[109933]: DEBUG cinder.volume.api [None req-cdc403b2-f93b-4320-aa00-ac9d053028e4 tempest-GroupSnapshotsTest-1161276053 tempest-GroupSnapshotsTest-1161276053-project] Flow 'volume_create_api' (0f170f50-7388-4b68-8cf1-8d154810db9e) transitioned into state 'SUCCESS' from state 'RUNNING' {{(pid=109933) _flow_receiver /usr/local/lib/python3.8/dist-packages/taskflow/listeners/logging.py:141}}
Mar 03 16:10:13.446958 dv-cinder-830538-6-smb devstack@c-api.service[109934]: INFO cinder.api.openstack.wsgi [None req-6b58740f-d5ff-4a9b-b836-2cdf6553ea24 tempest-SnapshotsActionsTest-629594739 tempest-SnapshotsActionsTest-629594739-project] http://10.222.0.16/volume/v3/f77a3aebfa964036accebdf605efe1d4/snapshots returned with HTTP 202
Mar 03 16:10:13.449531 dv-cinder-830538-6-smb devstack@c-api.service[109933]: INFO cinder.volume.api [None req-cdc403b2-f93b-4320-aa00-ac9d053028e4 tempest-GroupSnapshotsTest-1161276053 tempest-GroupSnapshotsTest-1161276053-project] Create volume request issued successfully.
Mar 03 16:10:13.456043 dv-cinder-830538-6-smb devstack@c-api.service[109934]: [pid: 109934|app: 0|req: 42/89] 10.222.0.16 () {60 vars in 1241 bytes} [Thu Mar 3 16:10:12 2022] POST /volume/v3/f77a3aebfa964036accebdf605efe1d4/snapshots => generated 306 bytes in 499 msecs (HTTP/1.1 202) 7 headers in 291 bytes (1 switches on core 0)
Mar 03 16:10:13.460355 dv-cinder-830538-6-smb devstack@c-api.service[109934]: DEBUG cinder.api.middleware.request_id [None req-66f54b8b-1ee6-45de-a115-cc52bb8d76d1 None None] RequestId filter calling following filter/app {{(pid=109934) _context_setter /opt/stack/cinder/cinder/api/middleware/request_id.py:62}}
Mar 03 16:10:13.471077 dv-cinder-830538-6-smb devstack@c-api.service[109934]: INFO cinder.api.openstack.wsgi [None req-66f54b8b-1ee6-45de-a115-cc52bb8d76d1 tempest-SnapshotsActionsTest-629594739 tempest-SnapshotsActionsTest-629594739-project] GET http://10.222.0.16/volume/v3/f77a3aebfa964036accebdf605efe1d4/snapshots/ca0b2c86-87b4-4d8b-a2aa-1782d7a41323
Mar 03 16:10:13.482717 dv-cinder-830538-6-smb devstack@c-api.service[109934]: DEBUG cinder.api.openstack.wsgi [None req-66f54b8b-1ee6-45de-a115-cc52bb8d76d1 tempest-SnapshotsActionsTest-629594739 tempest-SnapshotsActionsTest-629594739-project] Empty body provided in request {{(pid=109934) get_body /opt/stack/cinder/cinder/api/openstack/wsgi.py:715}}
Mar 03 16:10:13.484207 dv-cinder-830538-6-smb devstack@c-api.service[109934]: DEBUG cinder.api.openstack.wsgi [None req-66f54b8b-1ee6-45de-a115-cc52bb8d76d1 tempest-SnapshotsActionsTest-629594739 tempest-SnapshotsActionsTest-629594739-project] Calling method 'show' {{(pid=109934) _process_stack /opt/stack/cinder/cinder/api/openstack/wsgi.py:868}}
Mar 03 16:10:13.518482 dv-cinder-830538-6-smb devstack@c-api.service[109934]: /usr/local/lib/python3.8/dist-packages/oslo_context/context.py:105: DeprecationWarning: Policy enforcement is depending on the value of is_admin. This key is deprecated. Please update your policy file to use the standard policy values.
Mar 03 16:10:13.518482 dv-cinder-830538-6-smb devstack@c-api.service[109934]: warnings.warn('Policy enforcement is depending on the value of '
Mar 03 16:10:13.522381 dv-cinder-830538-6-smb devstack@c-api.service[109934]: INFO cinder.volume.api [None req-66f54b8b-1ee6-45de-a115-cc52bb8d76d1 tempest-SnapshotsActionsTest-629594739 tempest-SnapshotsActionsTest-629594739-project] Snapshot retrieved successfully.
Mar 03 16:10:13.525237 dv-cinder-830538-6-smb devstack@c-api.service[109934]: INFO cinder.api.openstack.wsgi [None req-66f54b8b-1ee6-45de-a115-cc52bb8d76d1 tempest-SnapshotsActionsTest-629594739 tempest-SnapshotsActionsTest-629594739-project] http://10.222.0.16/volume/v3/f77a3aebfa964036accebdf605efe1d4/snapshots/ca0b2c86-87b4-4d8b-a2aa-1782d7a41323 returned with HTTP 200
Mar 03 16:10:13.537043 dv-cinder-830538-6-smb devstack@c-api.service[109934]: [pid: 109934|app: 0|req: 43/90] 10.222.0.16 () {58 vars in 1330 bytes} [Thu Mar 3 16:10:13 2022] GET /volume/v3/f77a3aebfa964036accebdf605efe1d4/snapshots/ca0b2c86-87b4-4d8b-a2aa-1782d7a41323 => generated 438 bytes in 80 msecs (HTTP/1.1 200) 7 headers in 285 bytes (1 switches on core 0)
Mar 03 16:10:13.597810 dv-cinder-830538-6-smb devstack@c-api.service[109933]: INFO cinder.api.openstack.wsgi [None req-cdc403b2-f93b-4320-aa00-ac9d053028e4 tempest-GroupSnapshotsTest-1161276053 tempest-GroupSnapshotsTest-1161276053-project] http://10.222.0.16/volume/v3/4106b12b18bb45d0ad1475da86ffab5f/groups/action returned with HTTP 202
Mar 03 16:10:13.600726 dv-cinder-830538-6-smb devstack@c-api.service[109933]: [pid: 109933|app: 0|req: 48/91] 10.222.0.16 () {62 vars in 1294 bytes} [Thu Mar 3 16:10:12 2022] POST /volume/v3/4106b12b18bb45d0ad1475da86ffab5f/groups/action => generated 103 bytes in 1500 msecs (HTTP/1.1 202) 7 headers in 292 bytes (1 switches on core 0)
Mar 03 16:10:13.607898 dv-cinder-830538-6-smb devstack@c-api.service[109934]: DEBUG cinder.api.middleware.request_id [None req-a896ce2a-77bf-4289-9b45-a1644dbbcb04 None None] RequestId filter calling following filter/app {{(pid=109934) _context_setter /opt/stack/cinder/cinder/api/middleware/request_id.py:62}}
Mar 03 16:10:13.612637 dv-cinder-830538-6-smb devstack@c-api.service[109934]: INFO cinder.api.openstack.wsgi [None req-a896ce2a-77bf-4289-9b45-a1644dbbcb04 tempest-GroupSnapshotsTest-1161276053 tempest-GroupSnapshotsTest-1161276053-project] GET http://10.222.0.16/volume/v3/4106b12b18bb45d0ad1475da86ffab5f/volumes/detail
Mar 03 16:10:13.613612 dv-cinder-830538-6-smb devstack@c-api.service[109934]: DEBUG cinder.api.openstack.wsgi [None req-a896ce2a-77bf-4289-9b45-a1644dbbcb04 tempest-GroupSnapshotsTest-1161276053 tempest-GroupSnapshotsTest-1161276053-project] Empty body provided in request {{(pid=109934) get_body /opt/stack/cinder/cinder/api/openstack/wsgi.py:715}}
Mar 03 16:10:13.614407 dv-cinder-830538-6-smb devstack@c-api.service[109934]: DEBUG cinder.api.openstack.wsgi [None req-a896ce2a-77bf-4289-9b45-a1644dbbcb04 tempest-GroupSnapshotsTest-1161276053 tempest-GroupSnapshotsTest-1161276053-project] Calling method 'detail' {{(pid=109934) _process_stack /opt/stack/cinder/cinder/api/openstack/wsgi.py:868}}
Mar 03 16:10:13.616210 dv-cinder-830538-6-smb devstack@c-api.service[109934]: DEBUG cinder.api.api_utils [None req-a896ce2a-77bf-4289-9b45-a1644dbbcb04 tempest-GroupSnapshotsTest-1161276053 tempest-GroupSnapshotsTest-1161276053-project] Removing options '' from query. {{(pid=109934) remove_invalid_filter_options /opt/stack/cinder/cinder/api/api_utils.py:73}}
Mar 03 16:10:13.619494 dv-cinder-830538-6-smb devstack@c-api.service[109934]: DEBUG cinder.volume.api [None req-a896ce2a-77bf-4289-9b45-a1644dbbcb04 tempest-GroupSnapshotsTest-1161276053 tempest-GroupSnapshotsTest-1161276053-project] Searching by: MultiDict([('no_migration_targets', True)]). {{(pid=109934) get_all /opt/stack/cinder/cinder/volume/api.py:662}}
Mar 03 16:10:13.790729 dv-cinder-830538-6-smb devstack@c-api.service[109934]: INFO cinder.volume.api [None req-a896ce2a-77bf-4289-9b45-a1644dbbcb04 tempest-GroupSnapshotsTest-1161276053 tempest-GroupSnapshotsTest-1161276053-project] Get all volumes completed successfully.
Mar 03 16:10:13.792584 dv-cinder-830538-6-smb devstack@c-api.service[109934]: WARNING stevedore.named [None req-a896ce2a-77bf-4289-9b45-a1644dbbcb04 tempest-GroupSnapshotsTest-1161276053 tempest-GroupSnapshotsTest-1161276053-project] Could not load cinder.keymgr.conf_key_mgr.ConfKeyManager
Mar 03 16:10:13.793168 dv-cinder-830538-6-smb devstack@c-api.service[109934]: WARNING castellan.key_manager [None req-a896ce2a-77bf-4289-9b45-a1644dbbcb04 tempest-GroupSnapshotsTest-1161276053 tempest-GroupSnapshotsTest-1161276053-project] Deprecation Warning : cinder.keymgr.conf_key_mgr.ConfKeyManager is not a stevedore based driver, trying to load it as a class: stevedore.exception.NoMatches: No 'castellan.drivers' driver found, looking for 'cinder.keymgr.conf_key_mgr.ConfKeyManager'
Mar 03 16:10:13.811916 dv-cinder-830538-6-smb devstack@c-api.service[109934]: DEBUG oslo_db.sqlalchemy.engines [None req-a896ce2a-77bf-4289-9b45-a1644dbbcb04 tempest-GroupSnapshotsTest-1161276053 tempest-GroupSnapshotsTest-1161276053-project] MySQL server mode set to STRICT_TRANS_TABLES,STRICT_ALL_TABLES,NO_ZERO_IN_DATE,NO_ZERO_DATE,ERROR_FOR_DIVISION_BY_ZERO,TRADITIONAL,NO_ENGINE_SUBSTITUTION {{(pid=109934) _check_effective_sql_mode /usr/local/lib/python3.8/dist-packages/oslo_db/sqlalchemy/engines.py:314}}
Mar 03 16:10:13.819455 dv-cinder-830538-6-smb devstack@c-api.service[109934]: /usr/local/lib/python3.8/dist-packages/oslo_context/context.py:105: DeprecationWarning: Policy enforcement is depending on the value of is_admin. This key is deprecated. Please update your policy file to use the standard policy values.
Mar 03 16:10:13.819455 dv-cinder-830538-6-smb devstack@c-api.service[109934]: warnings.warn('Policy enforcement is depending on the value of '
Mar 03 16:10:13.839366 dv-cinder-830538-6-smb devstack@c-api.service[109934]: WARNING stevedore.named [None req-a896ce2a-77bf-4289-9b45-a1644dbbcb04 tempest-GroupSnapshotsTest-1161276053 tempest-GroupSnapshotsTest-1161276053-project] Could not load cinder.keymgr.conf_key_mgr.ConfKeyManager
Mar 03 16:10:13.847037 dv-cinder-830538-6-smb devstack@c-api.service[109934]: WARNING castellan.key_manager [None req-a896ce2a-77bf-4289-9b45-a1644dbbcb04 tempest-GroupSnapshotsTest-1161276053 tempest-GroupSnapshotsTest-1161276053-project] Deprecation Warning : cinder.keymgr.conf_key_mgr.ConfKeyManager is not a stevedore based driver, trying to load it as a class: stevedore.exception.NoMatches: No 'castellan.drivers' driver found, looking for 'cinder.keymgr.conf_key_mgr.ConfKeyManager'
Mar 03 16:10:13.861420 dv-cinder-830538-6-smb devstack@c-api.service[109934]: DEBUG oslo_db.sqlalchemy.engines [None req-a896ce2a-77bf-4289-9b45-a1644dbbcb04 tempest-GroupSnapshotsTest-1161276053 tempest-GroupSnapshotsTest-1161276053-project] MySQL server mode set to STRICT_TRANS_TABLES,STRICT_ALL_TABLES,NO_ZERO_IN_DATE,NO_ZERO_DATE,ERROR_FOR_DIVISION_BY_ZERO,TRADITIONAL,NO_ENGINE_SUBSTITUTION {{(pid=109934) _check_effective_sql_mode /usr/local/lib/python3.8/dist-packages/oslo_db/sqlalchemy/engines.py:314}}
Mar 03 16:10:13.868629 dv-cinder-830538-6-smb devstack@c-api.service[109934]: /usr/local/lib/python3.8/dist-packages/oslo_context/context.py:105: DeprecationWarning: Policy enforcement is depending on the value of is_admin. This key is deprecated. Please update your policy file to use the standard policy values.
Mar 03 16:10:13.868629 dv-cinder-830538-6-smb devstack@c-api.service[109934]: warnings.warn('Policy enforcement is depending on the value of '
Mar 03 16:10:13.911229 dv-cinder-830538-6-smb devstack@c-api.service[109934]: INFO cinder.api.openstack.wsgi [None req-a896ce2a-77bf-4289-9b45-a1644dbbcb04 tempest-GroupSnapshotsTest-1161276053 tempest-GroupSnapshotsTest-1161276053-project] http://10.222.0.16/volume/v3/4106b12b18bb45d0ad1475da86ffab5f/volumes/detail returned with HTTP 200
Mar 03 16:10:13.913440 dv-cinder-830538-6-smb devstack@c-api.service[109934]: [pid: 109934|app: 0|req: 44/92] 10.222.0.16 () {60 vars in 1275 bytes} [Thu Mar 3 16:10:13 2022] GET /volume/v3/4106b12b18bb45d0ad1475da86ffab5f/volumes/detail => generated 1984 bytes in 307 msecs (HTTP/1.1 200) 7 headers in 287 bytes (1 switches on core 0)
Mar 03 16:10:13.928596 dv-cinder-830538-6-smb devstack@c-api.service[109933]: DEBUG cinder.api.middleware.request_id [None req-52ee4cca-a118-435d-b291-95b570406af4 None None] RequestId filter calling following filter/app {{(pid=109933) _context_setter /opt/stack/cinder/cinder/api/middleware/request_id.py:62}}
Mar 03 16:10:13.935805 dv-cinder-830538-6-smb devstack@c-api.service[109933]: INFO cinder.api.openstack.wsgi [None req-52ee4cca-a118-435d-b291-95b570406af4 tempest-GroupSnapshotsTest-1161276053 tempest-GroupSnapshotsTest-1161276053-project] GET http://10.222.0.16/volume/v3/4106b12b18bb45d0ad1475da86ffab5f/volumes/800f59dd-ab27-4927-80ec-054392b02179
Mar 03 16:10:13.935805 dv-cinder-830538-6-smb devstack@c-api.service[109933]: DEBUG cinder.api.openstack.wsgi [None req-52ee4cca-a118-435d-b291-95b570406af4 tempest-GroupSnapshotsTest-1161276053 tempest-GroupSnapshotsTest-1161276053-project] Empty body provided in request {{(pid=109933) get_body /opt/stack/cinder/cinder/api/openstack/wsgi.py:715}}
Mar 03 16:10:13.938080 dv-cinder-830538-6-smb devstack@c-api.service[109933]: DEBUG cinder.api.openstack.wsgi [None req-52ee4cca-a118-435d-b291-95b570406af4 tempest-GroupSnapshotsTest-1161276053 tempest-GroupSnapshotsTest-1161276053-project] Calling method 'show' {{(pid=109933) _process_stack /opt/stack/cinder/cinder/api/openstack/wsgi.py:868}}
Mar 03 16:10:13.972843 dv-cinder-830538-6-smb devstack@c-api.service[109933]: /usr/local/lib/python3.8/dist-packages/oslo_context/context.py:105: DeprecationWarning: Policy enforcement is depending on the value of is_admin. This key is deprecated. Please update your policy file to use the standard policy values.
Mar 03 16:10:13.972843 dv-cinder-830538-6-smb devstack@c-api.service[109933]: warnings.warn('Policy enforcement is depending on the value of '
Mar 03 16:10:13.988379 dv-cinder-830538-6-smb devstack@c-api.service[109933]: INFO cinder.volume.api [None req-52ee4cca-a118-435d-b291-95b570406af4 tempest-GroupSnapshotsTest-1161276053 tempest-GroupSnapshotsTest-1161276053-project] Volume info retrieved successfully.
Mar 03 16:10:13.993349 dv-cinder-830538-6-smb devstack@c-api.service[109933]: WARNING stevedore.named [None req-52ee4cca-a118-435d-b291-95b570406af4 tempest-GroupSnapshotsTest-1161276053 tempest-GroupSnapshotsTest-1161276053-project] Could not load cinder.keymgr.conf_key_mgr.ConfKeyManager
Mar 03 16:10:13.993800 dv-cinder-830538-6-smb devstack@c-api.service[109933]: WARNING castellan.key_manager [None req-52ee4cca-a118-435d-b291-95b570406af4 tempest-GroupSnapshotsTest-1161276053 tempest-GroupSnapshotsTest-1161276053-project] Deprecation Warning : cinder.keymgr.conf_key_mgr.ConfKeyManager is not a stevedore based driver, trying to load it as a class: stevedore.exception.NoMatches: No 'castellan.drivers' driver found, looking for 'cinder.keymgr.conf_key_mgr.ConfKeyManager'
Mar 03 16:10:14.024239 dv-cinder-830538-6-smb devstack@c-api.service[109933]: DEBUG oslo_db.sqlalchemy.engines [None req-52ee4cca-a118-435d-b291-95b570406af4 tempest-GroupSnapshotsTest-1161276053 tempest-GroupSnapshotsTest-1161276053-project] MySQL server mode set to STRICT_TRANS_TABLES,STRICT_ALL_TABLES,NO_ZERO_IN_DATE,NO_ZERO_DATE,ERROR_FOR_DIVISION_BY_ZERO,TRADITIONAL,NO_ENGINE_SUBSTITUTION {{(pid=109933) _check_effective_sql_mode /usr/local/lib/python3.8/dist-packages/oslo_db/sqlalchemy/engines.py:314}}
Mar 03 16:10:14.040612 dv-cinder-830538-6-smb devstack@c-api.service[109933]: /usr/local/lib/python3.8/dist-packages/oslo_context/context.py:105: DeprecationWarning: Policy enforcement is depending on the value of is_admin. This key is deprecated. Please update your policy file to use the standard policy values.
Mar 03 16:10:14.040612 dv-cinder-830538-6-smb devstack@c-api.service[109933]: warnings.warn('Policy enforcement is depending on the value of '
Mar 03 16:10:14.081369 dv-cinder-830538-6-smb devstack@c-api.service[109933]: INFO cinder.api.openstack.wsgi [None req-52ee4cca-a118-435d-b291-95b570406af4 tempest-GroupSnapshotsTest-1161276053 tempest-GroupSnapshotsTest-1161276053-project] http://10.222.0.16/volume/v3/4106b12b18bb45d0ad1475da86ffab5f/volumes/800f59dd-ab27-4927-80ec-054392b02179 returned with HTTP 200
Mar 03 16:10:14.095993 dv-cinder-830538-6-smb devstack@c-api.service[109933]: [pid: 109933|app: 0|req: 49/93] 10.222.0.16 () {60 vars in 1365 bytes} [Thu Mar 3 16:10:13 2022] GET /volume/v3/4106b12b18bb45d0ad1475da86ffab5f/volumes/800f59dd-ab27-4927-80ec-054392b02179 => generated 992 bytes in 169 msecs (HTTP/1.1 200) 7 headers in 286 bytes (1 switches on core 0)
Mar 03 16:10:14.110560 dv-cinder-830538-6-smb devstack@c-api.service[109934]: DEBUG cinder.api.middleware.request_id [None req-2888397a-ce1c-4bc2-a6eb-0020562263d2 None None] RequestId filter calling following filter/app {{(pid=109934) _context_setter /opt/stack/cinder/cinder/api/middleware/request_id.py:62}}
Mar 03 16:10:14.118040 dv-cinder-830538-6-smb devstack@c-api.service[109934]: INFO cinder.api.openstack.wsgi [None req-2888397a-ce1c-4bc2-a6eb-0020562263d2 tempest-GroupSnapshotsTest-1161276053 tempest-GroupSnapshotsTest-1161276053-project] GET http://10.222.0.16/volume/v3/4106b12b18bb45d0ad1475da86ffab5f/groups/7bc1785c-cf8b-4d95-a6f8-e05d6574999d
Mar 03 16:10:14.118730 dv-cinder-830538-6-smb devstack@c-api.service[109934]: DEBUG cinder.api.openstack.wsgi [None req-2888397a-ce1c-4bc2-a6eb-0020562263d2 tempest-GroupSnapshotsTest-1161276053 tempest-GroupSnapshotsTest-1161276053-project] Empty body provided in request {{(pid=109934) get_body /opt/stack/cinder/cinder/api/openstack/wsgi.py:715}}
Mar 03 16:10:14.119195 dv-cinder-830538-6-smb devstack@c-api.service[109934]: DEBUG cinder.api.openstack.wsgi [None req-2888397a-ce1c-4bc2-a6eb-0020562263d2 tempest-GroupSnapshotsTest-1161276053 tempest-GroupSnapshotsTest-1161276053-project] Calling method 'version_select' {{(pid=109934) _process_stack /opt/stack/cinder/cinder/api/openstack/wsgi.py:868}}
Mar 03 16:10:14.119553 dv-cinder-830538-6-smb devstack@c-api.service[109934]: DEBUG cinder.api.v3.groups [None req-2888397a-ce1c-4bc2-a6eb-0020562263d2 tempest-GroupSnapshotsTest-1161276053 tempest-GroupSnapshotsTest-1161276053-project] show called for member 7bc1785c-cf8b-4d95-a6f8-e05d6574999d {{(pid=109934) show /opt/stack/cinder/cinder/api/v3/groups.py:58}}
Mar 03 16:10:14.131087 dv-cinder-830538-6-smb devstack@c-api.service[109934]: /usr/local/lib/python3.8/dist-packages/oslo_context/context.py:105: DeprecationWarning: Policy enforcement is depending on the value of is_admin. This key is deprecated. Please update your policy file to use the standard policy values.
Mar 03 16:10:14.131087 dv-cinder-830538-6-smb devstack@c-api.service[109934]: warnings.warn('Policy enforcement is depending on the value of '
Mar 03 16:10:14.210848 dv-cinder-830538-6-smb devstack@c-api.service[109934]: INFO cinder.api.openstack.wsgi [None req-2888397a-ce1c-4bc2-a6eb-0020562263d2 tempest-GroupSnapshotsTest-1161276053 tempest-GroupSnapshotsTest-1161276053-project] http://10.222.0.16/volume/v3/4106b12b18bb45d0ad1475da86ffab5f/groups/7bc1785c-cf8b-4d95-a6f8-e05d6574999d returned with HTTP 200
Mar 03 16:10:14.230166 dv-cinder-830538-6-smb devstack@c-api.service[109934]: [pid: 109934|app: 0|req: 45/94] 10.222.0.16 () {60 vars in 1362 bytes} [Thu Mar 3 16:10:14 2022] GET /volume/v3/4106b12b18bb45d0ad1475da86ffab5f/groups/7bc1785c-cf8b-4d95-a6f8-e05d6574999d => generated 418 bytes in 121 msecs (HTTP/1.1 200) 7 headers in 286 bytes (2 switches on core 0)
Mar 03 16:10:14.238790 dv-cinder-830538-6-smb devstack@c-api.service[109933]: DEBUG cinder.api.middleware.request_id [None req-46267c06-37cf-4254-85d1-cf5483d92c00 None None] RequestId filter calling following filter/app {{(pid=109933) _context_setter /opt/stack/cinder/cinder/api/middleware/request_id.py:62}}
Mar 03 16:10:14.243835 dv-cinder-830538-6-smb devstack@c-api.service[109933]: INFO cinder.api.openstack.wsgi [None req-46267c06-37cf-4254-85d1-cf5483d92c00 tempest-GroupSnapshotsTest-1161276053 tempest-GroupSnapshotsTest-1161276053-project] GET http://10.222.0.16/volume/v3/4106b12b18bb45d0ad1475da86ffab5f/volumes/detail
Mar 03 16:10:14.244719 dv-cinder-830538-6-smb devstack@c-api.service[109933]: DEBUG cinder.api.openstack.wsgi [None req-46267c06-37cf-4254-85d1-cf5483d92c00 tempest-GroupSnapshotsTest-1161276053 tempest-GroupSnapshotsTest-1161276053-project] Empty body provided in request {{(pid=109933) get_body /opt/stack/cinder/cinder/api/openstack/wsgi.py:715}}
Mar 03 16:10:14.245351 dv-cinder-830538-6-smb devstack@c-api.service[109933]: DEBUG cinder.api.openstack.wsgi [None req-46267c06-37cf-4254-85d1-cf5483d92c00 tempest-GroupSnapshotsTest-1161276053 tempest-GroupSnapshotsTest-1161276053-project] Calling method 'detail' {{(pid=109933) _process_stack /opt/stack/cinder/cinder/api/openstack/wsgi.py:868}}
Mar 03 16:10:14.246270 dv-cinder-830538-6-smb devstack@c-api.service[109933]: DEBUG cinder.api.api_utils [None req-46267c06-37cf-4254-85d1-cf5483d92c00 tempest-GroupSnapshotsTest-1161276053 tempest-GroupSnapshotsTest-1161276053-project] Removing options '' from query. {{(pid=109933) remove_invalid_filter_options /opt/stack/cinder/cinder/api/api_utils.py:73}}
Mar 03 16:10:14.248331 dv-cinder-830538-6-smb devstack@c-api.service[109933]: DEBUG cinder.volume.api [None req-46267c06-37cf-4254-85d1-cf5483d92c00 tempest-GroupSnapshotsTest-1161276053 tempest-GroupSnapshotsTest-1161276053-project] Searching by: MultiDict([('no_migration_targets', True)]). {{(pid=109933) get_all /opt/stack/cinder/cinder/volume/api.py:662}}
Mar 03 16:10:14.400194 dv-cinder-830538-6-smb devstack@c-api.service[109933]: INFO cinder.volume.api [None req-46267c06-37cf-4254-85d1-cf5483d92c00 tempest-GroupSnapshotsTest-1161276053 tempest-GroupSnapshotsTest-1161276053-project] Get all volumes completed successfully.
Mar 03 16:10:14.405216 dv-cinder-830538-6-smb devstack@c-api.service[109933]: WARNING stevedore.named [None req-46267c06-37cf-4254-85d1-cf5483d92c00 tempest-GroupSnapshotsTest-1161276053 tempest-GroupSnapshotsTest-1161276053-project] Could not load cinder.keymgr.conf_key_mgr.ConfKeyManager
Mar 03 16:10:14.410409 dv-cinder-830538-6-smb devstack@c-api.service[109933]: WARNING castellan.key_manager [None req-46267c06-37cf-4254-85d1-cf5483d92c00 tempest-GroupSnapshotsTest-1161276053 tempest-GroupSnapshotsTest-1161276053-project] Deprecation Warning : cinder.keymgr.conf_key_mgr.ConfKeyManager is not a stevedore based driver, trying to load it as a class: stevedore.exception.NoMatches: No 'castellan.drivers' driver found, looking for 'cinder.keymgr.conf_key_mgr.ConfKeyManager'
Mar 03 16:10:14.421218 dv-cinder-830538-6-smb devstack@c-api.service[109933]: DEBUG oslo_db.sqlalchemy.engines [None req-46267c06-37cf-4254-85d1-cf5483d92c00 tempest-GroupSnapshotsTest-1161276053 tempest-GroupSnapshotsTest-1161276053-project] MySQL server mode set to STRICT_TRANS_TABLES,STRICT_ALL_TABLES,NO_ZERO_IN_DATE,NO_ZERO_DATE,ERROR_FOR_DIVISION_BY_ZERO,TRADITIONAL,NO_ENGINE_SUBSTITUTION {{(pid=109933) _check_effective_sql_mode /usr/local/lib/python3.8/dist-packages/oslo_db/sqlalchemy/engines.py:314}}
Mar 03 16:10:14.432461 dv-cinder-830538-6-smb devstack@c-api.service[109933]: /usr/local/lib/python3.8/dist-packages/oslo_context/context.py:105: DeprecationWarning: Policy enforcement is depending on the value of is_admin. This key is deprecated. Please update your policy file to use the standard policy values.
Mar 03 16:10:14.432461 dv-cinder-830538-6-smb devstack@c-api.service[109933]: warnings.warn('Policy enforcement is depending on the value of '
Mar 03 16:10:14.445640 dv-cinder-830538-6-smb devstack@c-api.service[109933]: WARNING stevedore.named [None req-46267c06-37cf-4254-85d1-cf5483d92c00 tempest-GroupSnapshotsTest-1161276053 tempest-GroupSnapshotsTest-1161276053-project] Could not load cinder.keymgr.conf_key_mgr.ConfKeyManager
Mar 03 16:10:14.446089 dv-cinder-830538-6-smb devstack@c-api.service[109933]: WARNING castellan.key_manager [None req-46267c06-37cf-4254-85d1-cf5483d92c00 tempest-GroupSnapshotsTest-1161276053 tempest-GroupSnapshotsTest-1161276053-project] Deprecation Warning : cinder.keymgr.conf_key_mgr.ConfKeyManager is not a stevedore based driver, trying to load it as a class: stevedore.exception.NoMatches: No 'castellan.drivers' driver found, looking for 'cinder.keymgr.conf_key_mgr.ConfKeyManager'
Mar 03 16:10:14.484012 dv-cinder-830538-6-smb devstack@c-api.service[109933]: DEBUG oslo_db.sqlalchemy.engines [None req-46267c06-37cf-4254-85d1-cf5483d92c00 tempest-GroupSnapshotsTest-1161276053 tempest-GroupSnapshotsTest-1161276053-project] MySQL server mode set to STRICT_TRANS_TABLES,STRICT_ALL_TABLES,NO_ZERO_IN_DATE,NO_ZERO_DATE,ERROR_FOR_DIVISION_BY_ZERO,TRADITIONAL,NO_ENGINE_SUBSTITUTION {{(pid=109933) _check_effective_sql_mode /usr/local/lib/python3.8/dist-packages/oslo_db/sqlalchemy/engines.py:314}}
Mar 03 16:10:14.492125 dv-cinder-830538-6-smb devstack@c-api.service[109933]: /usr/local/lib/python3.8/dist-packages/oslo_context/context.py:105: DeprecationWarning: Policy enforcement is depending on the value of is_admin. This key is deprecated. Please update your policy file to use the standard policy values.
Mar 03 16:10:14.492125 dv-cinder-830538-6-smb devstack@c-api.service[109933]: warnings.warn('Policy enforcement is depending on the value of '
Mar 03 16:10:14.530388 dv-cinder-830538-6-smb devstack@c-api.service[109933]: INFO cinder.api.openstack.wsgi [None req-46267c06-37cf-4254-85d1-cf5483d92c00 tempest-GroupSnapshotsTest-1161276053 tempest-GroupSnapshotsTest-1161276053-project] http://10.222.0.16/volume/v3/4106b12b18bb45d0ad1475da86ffab5f/volumes/detail returned with HTTP 200
Mar 03 16:10:14.531157 dv-cinder-830538-6-smb devstack@c-api.service[109933]: [pid: 109933|app: 0|req: 50/95] 10.222.0.16 () {60 vars in 1275 bytes} [Thu Mar 3 16:10:14 2022] GET /volume/v3/4106b12b18bb45d0ad1475da86ffab5f/volumes/detail => generated 1985 bytes in 294 msecs (HTTP/1.1 200) 7 headers in 287 bytes (1 switches on core 0)
Mar 03 16:10:14.544257 dv-cinder-830538-6-smb devstack@c-api.service[109934]: DEBUG cinder.api.middleware.request_id [None req-d11ebb62-d92f-4774-9cdb-eb62d85dac4d None None] RequestId filter calling following filter/app {{(pid=109934) _context_setter /opt/stack/cinder/cinder/api/middleware/request_id.py:62}}
Mar 03 16:10:14.554892 dv-cinder-830538-6-smb devstack@c-api.service[109934]: INFO cinder.api.openstack.wsgi [None req-d11ebb62-d92f-4774-9cdb-eb62d85dac4d tempest-SnapshotsActionsTest-629594739 tempest-SnapshotsActionsTest-629594739-project] GET http://10.222.0.16/volume/v3/f77a3aebfa964036accebdf605efe1d4/snapshots/ca0b2c86-87b4-4d8b-a2aa-1782d7a41323
Mar 03 16:10:14.555749 dv-cinder-830538-6-smb devstack@c-api.service[109933]: DEBUG cinder.api.middleware.request_id [None req-0c9cbfee-66dc-4a2f-a303-1338afc968ca None None] RequestId filter calling following filter/app {{(pid=109933) _context_setter /opt/stack/cinder/cinder/api/middleware/request_id.py:62}}
Mar 03 16:10:14.556541 dv-cinder-830538-6-smb devstack@c-api.service[109934]: DEBUG cinder.api.openstack.wsgi [None req-d11ebb62-d92f-4774-9cdb-eb62d85dac4d tempest-SnapshotsActionsTest-629594739 tempest-SnapshotsActionsTest-629594739-project] Empty body provided in request {{(pid=109934) get_body /opt/stack/cinder/cinder/api/openstack/wsgi.py:715}}
Mar 03 16:10:14.558331 dv-cinder-830538-6-smb devstack@c-api.service[109934]: DEBUG cinder.api.openstack.wsgi [None req-d11ebb62-d92f-4774-9cdb-eb62d85dac4d tempest-SnapshotsActionsTest-629594739 tempest-SnapshotsActionsTest-629594739-project] Calling method 'show' {{(pid=109934) _process_stack /opt/stack/cinder/cinder/api/openstack/wsgi.py:868}}
