Jun 15 10:13:45.007940 dv-cinder-830283-5-iscsi devstack@n-api.service[117721]: DEBUG nova.virt.hardware [None req-828218ed-15b8-4453-ab50-c88a43247542 tempest-ServerRescueNegativeTestJSON-1829646881 tempest-ServerRescueNegativeTestJSON-1829646881-project] Image limits 0:0:0 {{(pid=117721) get_cpu_topology_constraints /opt/stack/nova/nova/virt/hardware.py:347}}
Jun 15 10:13:45.008687 dv-cinder-830283-5-iscsi devstack@n-api.service[117721]: DEBUG nova.virt.hardware [None req-828218ed-15b8-4453-ab50-c88a43247542 tempest-ServerRescueNegativeTestJSON-1829646881 tempest-ServerRescueNegativeTestJSON-1829646881-project] Flavor pref 0:0:0 {{(pid=117721) get_cpu_topology_constraints /opt/stack/nova/nova/virt/hardware.py:383}}
Jun 15 10:13:45.009309 dv-cinder-830283-5-iscsi devstack@n-api.service[117721]: DEBUG nova.virt.hardware [None req-828218ed-15b8-4453-ab50-c88a43247542 tempest-ServerRescueNegativeTestJSON-1829646881 tempest-ServerRescueNegativeTestJSON-1829646881-project] Image pref 0:0:0 {{(pid=117721) get_cpu_topology_constraints /opt/stack/nova/nova/virt/hardware.py:387}}
Jun 15 10:13:45.010392 dv-cinder-830283-5-iscsi devstack@n-api.service[117721]: DEBUG nova.virt.hardware [None req-828218ed-15b8-4453-ab50-c88a43247542 tempest-ServerRescueNegativeTestJSON-1829646881 tempest-ServerRescueNegativeTestJSON-1829646881-project] Chose sockets=0, cores=0, threads=0; limits were sockets=65536, cores=65536, threads=65536 {{(pid=117721) get_cpu_topology_constraints /opt/stack/nova/nova/virt/hardware.py:425}}
Jun 15 10:13:45.033905 dv-cinder-830283-5-iscsi devstack@n-api.service[117721]: DEBUG oslo_concurrency.lockutils [None req-828218ed-15b8-4453-ab50-c88a43247542 tempest-ServerRescueNegativeTestJSON-1829646881 tempest-ServerRescueNegativeTestJSON-1829646881-project] Lock "00000000-0000-0000-0000-000000000000" acquired by "nova.context.set_target_cell..get_or_set_cached_cell_and_set_connections" :: waited 0.000s {{(pid=117721) inner /usr/local/lib/python3.8/dist-packages/oslo_concurrency/lockutils.py:386}}
Jun 15 10:13:45.038255 dv-cinder-830283-5-iscsi devstack@n-api.service[117721]: DEBUG oslo_concurrency.lockutils [None req-828218ed-15b8-4453-ab50-c88a43247542 tempest-ServerRescueNegativeTestJSON-1829646881 tempest-ServerRescueNegativeTestJSON-1829646881-project] Lock "00000000-0000-0000-0000-000000000000" "released" by "nova.context.set_target_cell..get_or_set_cached_cell_and_set_connections" :: held 0.004s {{(pid=117721) inner /usr/local/lib/python3.8/dist-packages/oslo_concurrency/lockutils.py:400}}
Jun 15 10:13:45.040725 dv-cinder-830283-5-iscsi devstack@n-api.service[117721]: DEBUG oslo_concurrency.lockutils [None req-828218ed-15b8-4453-ab50-c88a43247542 tempest-ServerRescueNegativeTestJSON-1829646881 tempest-ServerRescueNegativeTestJSON-1829646881-project] Lock "8150241a-a1e8-4d3b-89e1-e7326b204d0a" acquired by "nova.context.set_target_cell..get_or_set_cached_cell_and_set_connections" :: waited 0.000s {{(pid=117721) inner /usr/local/lib/python3.8/dist-packages/oslo_concurrency/lockutils.py:386}}
Jun 15 10:13:45.046957 dv-cinder-830283-5-iscsi devstack@n-api.service[117721]: DEBUG oslo_concurrency.lockutils [None req-828218ed-15b8-4453-ab50-c88a43247542 tempest-ServerRescueNegativeTestJSON-1829646881 tempest-ServerRescueNegativeTestJSON-1829646881-project] Lock "8150241a-a1e8-4d3b-89e1-e7326b204d0a" "released" by "nova.context.set_target_cell..get_or_set_cached_cell_and_set_connections" :: held 0.001s {{(pid=117721) inner /usr/local/lib/python3.8/dist-packages/oslo_concurrency/lockutils.py:400}}
Jun 15 10:13:45.076196 dv-cinder-830283-5-iscsi devstack@n-api.service[117720]: DEBUG nova.api.openstack.wsgi [None req-1fb85dae-3f93-4817-847c-4ef762bfb960 tempest-VolumesTestJSON-28488695 tempest-VolumesTestJSON-28488695-project] Calling method '.version_select at 0x7fe256b4cca0>' {{(pid=117720) _process_stack /opt/stack/nova/nova/api/openstack/wsgi.py:513}}
Jun 15 10:13:45.131599 dv-cinder-830283-5-iscsi devstack@n-api.service[117721]: DEBUG nova.quota [None req-828218ed-15b8-4453-ab50-c88a43247542 tempest-ServerRescueNegativeTestJSON-1829646881 tempest-ServerRescueNegativeTestJSON-1829646881-project] Getting quotas for project ea38be6c5c604346974bc9acac9628cd. Resources: {'instances', 'cores', 'ram'} {{(pid=117721) _get_quotas /opt/stack/nova/nova/quota.py:393}}
Jun 15 10:13:45.136922 dv-cinder-830283-5-iscsi devstack@n-api.service[117721]: DEBUG nova.quota [None req-828218ed-15b8-4453-ab50-c88a43247542 tempest-ServerRescueNegativeTestJSON-1829646881 tempest-ServerRescueNegativeTestJSON-1829646881-project] Getting quotas for user a3ee143a68b64f6f84e569b2b1823c5c and project ea38be6c5c604346974bc9acac9628cd. Resources: {'instances', 'cores', 'ram'} {{(pid=117721) _get_quotas /opt/stack/nova/nova/quota.py:383}}
Jun 15 10:13:45.150993 dv-cinder-830283-5-iscsi devstack@n-api.service[117721]: DEBUG nova.compute.api [None req-828218ed-15b8-4453-ab50-c88a43247542 tempest-ServerRescueNegativeTestJSON-1829646881 tempest-ServerRescueNegativeTestJSON-1829646881-project] Going to run 1 instances... {{(pid=117721) _provision_instances /opt/stack/nova/nova/compute/api.py:1389}}
Jun 15 10:13:45.154074 dv-cinder-830283-5-iscsi devstack@n-api.service[117721]: DEBUG nova.compute.api [None req-828218ed-15b8-4453-ab50-c88a43247542 tempest-ServerRescueNegativeTestJSON-1829646881 tempest-ServerRescueNegativeTestJSON-1829646881-project] [instance: d4e2f10f-8291-4024-8bc1-d0cb09b7d1bf] block_device_mapping [BlockDeviceMapping(attachment_id=,boot_index=0,connection_info=None,created_at=,delete_on_termination=True,deleted=,deleted_at=,destination_type='local',device_name=None,device_type='disk',disk_bus=None,guest_format=None,id=,image_id='63602f23-e999-4bd7-a413-bc2e75f22bcd',instance=,instance_uuid=,no_device=False,snapshot_id=None,source_type='image',tag=None,updated_at=,uuid=,volume_id=None,volume_size=None,volume_type=None)] {{(pid=117721) _bdm_validate_set_size_and_instance /opt/stack/nova/nova/compute/api.py:1807}}
Jun 15 10:13:45.308211 dv-cinder-830283-5-iscsi devstack@n-api.service[117721]: INFO nova.api.openstack.requestlog [None req-828218ed-15b8-4453-ab50-c88a43247542 tempest-ServerRescueNegativeTestJSON-1829646881 tempest-ServerRescueNegativeTestJSON-1829646881-project] 10.222.0.57 "POST /compute/v2.1/servers" status: 202 len: 383 microversion: 2.1 time: 3.416857
Jun 15 10:13:45.309762 dv-cinder-830283-5-iscsi devstack@n-api.service[117721]: [pid: 117721|app: 0|req: 30/52] 10.222.0.57 () {60 vars in 1146 bytes} [Wed Jun 15 10:13:41 2022] POST /compute/v2.1/servers => generated 383 bytes in 3420 msecs (HTTP/1.1 202) 10 headers in 451 bytes (2 switches on core 0)
Jun 15 10:13:45.359279 dv-cinder-830283-5-iscsi devstack@n-api.service[117721]: DEBUG nova.api.openstack.wsgi [None req-e23c83f8-2521-4733-b4f5-d83bd4a60e50 tempest-ServerRescueNegativeTestJSON-1829646881 tempest-ServerRescueNegativeTestJSON-1829646881-project] Calling method '>' {{(pid=117721) _process_stack /opt/stack/nova/nova/api/openstack/wsgi.py:513}}
Jun 15 10:13:45.373821 dv-cinder-830283-5-iscsi devstack@n-api.service[117721]: DEBUG nova.compute.api [None req-e23c83f8-2521-4733-b4f5-d83bd4a60e50 tempest-ServerRescueNegativeTestJSON-1829646881 tempest-ServerRescueNegativeTestJSON-1829646881-project] [instance: d4e2f10f-8291-4024-8bc1-d0cb09b7d1bf] Fetching instance by UUID {{(pid=117721) get /opt/stack/nova/nova/compute/api.py:2920}}
Jun 15 10:13:45.886492 dv-cinder-830283-5-iscsi devstack@n-api.service[117720]: INFO nova.api.openstack.requestlog [None req-1fb85dae-3f93-4817-847c-4ef762bfb960 tempest-VolumesTestJSON-28488695 tempest-VolumesTestJSON-28488695-project] 10.222.0.57 "GET /compute/v2.1/os-volumes/189f68ac-daa5-441a-953a-e6aca3d5d793" status: 200 len: 351 microversion: 2.1 time: 0.814051
Jun 15 10:13:45.887930 dv-cinder-830283-5-iscsi devstack@n-api.service[117720]: [pid: 117720|app: 0|req: 23/53] 10.222.0.57 () {58 vars in 1244 bytes} [Wed Jun 15 10:13:45 2022] GET /compute/v2.1/os-volumes/189f68ac-daa5-441a-953a-e6aca3d5d793 => generated 351 bytes in 816 msecs (HTTP/1.1 200) 9 headers in 357 bytes (2 switches on core 0)
Jun 15 10:13:45.903674 dv-cinder-830283-5-iscsi devstack@n-api.service[117721]: DEBUG nova.policy [None req-e23c83f8-2521-4733-b4f5-d83bd4a60e50 tempest-ServerRescueNegativeTestJSON-1829646881 tempest-ServerRescueNegativeTestJSON-1829646881-project] Policy check for os_compute_api:os-extended-server-attributes failed with credentials {'is_admin': False, 'user_id': 'a3ee143a68b64f6f84e569b2b1823c5c', 'user_domain_id': 'default', 'system_scope': None, 'domain_id': None, 'project_id': 'ea38be6c5c604346974bc9acac9628cd', 'project_domain_id': 'default', 'roles': ['member', 'reader'], 'is_admin_project': True, 'service_user_id': None, 'service_user_domain_id': None, 'service_project_id': None, 'service_project_domain_id': None, 'service_roles': []} {{(pid=117721) authorize /opt/stack/nova/nova/policy.py:199}}
Jun 15 10:13:45.908620 dv-cinder-830283-5-iscsi devstack@n-api.service[117720]: DEBUG nova.api.openstack.wsgi [None req-9cf09081-3fe6-4287-b249-0497327a0ab2 tempest-VolumesTestJSON-28488695 tempest-VolumesTestJSON-28488695-project] Calling method '.version_select at 0x7fe2573be5e0>' {{(pid=117720) _process_stack /opt/stack/nova/nova/api/openstack/wsgi.py:513}}
Jun 15 10:13:45.921197 dv-cinder-830283-5-iscsi devstack@n-api.service[117721]: INFO nova.api.openstack.requestlog [None req-e23c83f8-2521-4733-b4f5-d83bd4a60e50 tempest-ServerRescueNegativeTestJSON-1829646881 tempest-ServerRescueNegativeTestJSON-1829646881-project] 10.222.0.57 "GET /compute/v2.1/servers/d4e2f10f-8291-4024-8bc1-d0cb09b7d1bf" status: 200 len: 1221 microversion: 2.1 time: 0.585529
Jun 15 10:13:45.938668 dv-cinder-830283-5-iscsi devstack@n-api.service[117721]: [pid: 117721|app: 0|req: 31/54] 10.222.0.57 () {58 vars in 1235 bytes} [Wed Jun 15 10:13:45 2022] GET /compute/v2.1/servers/d4e2f10f-8291-4024-8bc1-d0cb09b7d1bf => generated 1221 bytes in 603 msecs (HTTP/1.1 200) 9 headers in 358 bytes (1 switches on core 0)
Jun 15 10:13:45.993035 dv-cinder-830283-5-iscsi devstack@n-api.service[117721]: DEBUG nova.api.openstack.wsgi [None req-0969e821-1193-4161-be78-551564025fbd tempest-DeleteServersTestJSON-2130061640 tempest-DeleteServersTestJSON-2130061640-project] Calling method '>' {{(pid=117721) _process_stack /opt/stack/nova/nova/api/openstack/wsgi.py:513}}
Jun 15 10:13:46.005255 dv-cinder-830283-5-iscsi devstack@n-api.service[117721]: DEBUG nova.compute.api [None req-0969e821-1193-4161-be78-551564025fbd tempest-DeleteServersTestJSON-2130061640 tempest-DeleteServersTestJSON-2130061640-project] [instance: 61fcf4d2-b8aa-425f-b5f7-dc79ce8c743a] Fetching instance by UUID {{(pid=117721) get /opt/stack/nova/nova/compute/api.py:2920}}
Jun 15 10:13:46.050197 dv-cinder-830283-5-iscsi devstack@n-api.service[117721]: DEBUG oslo_concurrency.lockutils [None req-0969e821-1193-4161-be78-551564025fbd tempest-DeleteServersTestJSON-2130061640 tempest-DeleteServersTestJSON-2130061640-project] Lock "8150241a-a1e8-4d3b-89e1-e7326b204d0a" acquired by "nova.context.set_target_cell..get_or_set_cached_cell_and_set_connections" :: waited 0.000s {{(pid=117721) inner /usr/local/lib/python3.8/dist-packages/oslo_concurrency/lockutils.py:386}}
Jun 15 10:13:46.051254 dv-cinder-830283-5-iscsi devstack@n-api.service[117721]: DEBUG oslo_concurrency.lockutils [None req-0969e821-1193-4161-be78-551564025fbd tempest-DeleteServersTestJSON-2130061640 tempest-DeleteServersTestJSON-2130061640-project] Lock "8150241a-a1e8-4d3b-89e1-e7326b204d0a" "released" by "nova.context.set_target_cell..get_or_set_cached_cell_and_set_connections" :: held 0.001s {{(pid=117721) inner /usr/local/lib/python3.8/dist-packages/oslo_concurrency/lockutils.py:400}}
Jun 15 10:13:46.052045 dv-cinder-830283-5-iscsi devstack@n-api.service[117721]: DEBUG oslo_concurrency.lockutils [None req-0969e821-1193-4161-be78-551564025fbd tempest-DeleteServersTestJSON-2130061640 tempest-DeleteServersTestJSON-2130061640-project] Lock "8150241a-a1e8-4d3b-89e1-e7326b204d0a" acquired by "nova.context.set_target_cell..get_or_set_cached_cell_and_set_connections" :: waited 0.000s {{(pid=117721) inner /usr/local/lib/python3.8/dist-packages/oslo_concurrency/lockutils.py:386}}
Jun 15 10:13:46.052695 dv-cinder-830283-5-iscsi devstack@n-api.service[117721]: DEBUG oslo_concurrency.lockutils [None req-0969e821-1193-4161-be78-551564025fbd tempest-DeleteServersTestJSON-2130061640 tempest-DeleteServersTestJSON-2130061640-project] Lock "8150241a-a1e8-4d3b-89e1-e7326b204d0a" "released" by "nova.context.set_target_cell..get_or_set_cached_cell_and_set_connections" :: held 0.001s {{(pid=117721) inner /usr/local/lib/python3.8/dist-packages/oslo_concurrency/lockutils.py:400}}
Jun 15 10:13:46.401189 dv-cinder-830283-5-iscsi devstack@n-api.service[117720]: INFO nova.api.openstack.requestlog [None req-9cf09081-3fe6-4287-b249-0497327a0ab2 tempest-VolumesTestJSON-28488695 tempest-VolumesTestJSON-28488695-project] 10.222.0.57 "GET /compute/v2.1/os-volumes" status: 200 len: 1034 microversion: 2.1 time: 0.505341
Jun 15 10:13:46.407023 dv-cinder-830283-5-iscsi devstack@n-api.service[117720]: [pid: 117720|app: 0|req: 24/55] 10.222.0.57 () {58 vars in 1133 bytes} [Wed Jun 15 10:13:45 2022] GET /compute/v2.1/os-volumes => generated 1034 bytes in 512 msecs (HTTP/1.1 200) 9 headers in 358 bytes (1 switches on core 0)
Jun 15 10:13:46.430702 dv-cinder-830283-5-iscsi devstack@n-api.service[117720]: DEBUG nova.api.openstack.wsgi [None req-add94a65-b93d-4a00-a197-0840118e727a tempest-VolumesTestJSON-28488695 tempest-VolumesTestJSON-28488695-project] Calling method '.version_select at 0x7fe256b60940>' {{(pid=117720) _process_stack /opt/stack/nova/nova/api/openstack/wsgi.py:513}}
Jun 15 10:13:46.819773 dv-cinder-830283-5-iscsi devstack@n-api.service[117720]: INFO nova.api.openstack.requestlog [None req-add94a65-b93d-4a00-a197-0840118e727a tempest-VolumesTestJSON-28488695 tempest-VolumesTestJSON-28488695-project] 10.222.0.57 "GET /compute/v2.1/os-volumes?limit=2" status: 200 len: 694 microversion: 2.1 time: 0.409172
Jun 15 10:13:46.837051 dv-cinder-830283-5-iscsi devstack@n-api.service[117720]: [pid: 117720|app: 0|req: 25/56] 10.222.0.57 () {58 vars in 1148 bytes} [Wed Jun 15 10:13:46 2022] GET /compute/v2.1/os-volumes?limit=2 => generated 694 bytes in 427 msecs (HTTP/1.1 200) 9 headers in 357 bytes (1 switches on core 0)
Jun 15 10:13:46.952960 dv-cinder-830283-5-iscsi devstack@n-api.service[117721]: DEBUG nova.policy [None req-0969e821-1193-4161-be78-551564025fbd tempest-DeleteServersTestJSON-2130061640 tempest-DeleteServersTestJSON-2130061640-project] Policy check for os_compute_api:os-extended-server-attributes failed with credentials {'is_admin': False, 'user_id': '506c7cbec190453cabb8fd8049a14cf9', 'user_domain_id': 'default', 'system_scope': None, 'domain_id': None, 'project_id': 'c5f1dab6f20e41308d7d4a58e42140d6', 'project_domain_id': 'default', 'roles': ['member', 'reader'], 'is_admin_project': True, 'service_user_id': None, 'service_user_domain_id': None, 'service_project_id': None, 'service_project_domain_id': None, 'service_roles': []} {{(pid=117721) authorize /opt/stack/nova/nova/policy.py:199}}
Jun 15 10:13:47.000855 dv-cinder-830283-5-iscsi devstack@n-api.service[117721]: INFO nova.api.openstack.requestlog [None req-0969e821-1193-4161-be78-551564025fbd tempest-DeleteServersTestJSON-2130061640 tempest-DeleteServersTestJSON-2130061640-project] 10.222.0.57 "GET /compute/v2.1/servers/61fcf4d2-b8aa-425f-b5f7-dc79ce8c743a" status: 200 len: 1314 microversion: 2.1 time: 1.059976
Jun 15 10:13:47.001788 dv-cinder-830283-5-iscsi devstack@n-api.service[117721]: [pid: 117721|app: 0|req: 32/57] 10.222.0.57 () {58 vars in 1235 bytes} [Wed Jun 15 10:13:45 2022] GET /compute/v2.1/servers/61fcf4d2-b8aa-425f-b5f7-dc79ce8c743a => generated 1314 bytes in 1063 msecs (HTTP/1.1 200) 9 headers in 358 bytes (1 switches on core 0)
Jun 15 10:13:47.017797 dv-cinder-830283-5-iscsi devstack@n-api.service[117721]: DEBUG nova.api.openstack.wsgi [None req-853e9e75-e46f-4b7c-9c4f-8614a412f36a tempest-VolumesTestJSON-28488695 tempest-VolumesTestJSON-28488695-project] Calling method '.version_select at 0x7fe256b83550>' {{(pid=117721) _process_stack /opt/stack/nova/nova/api/openstack/wsgi.py:513}}
Jun 15 10:13:47.392010 dv-cinder-830283-5-iscsi devstack@n-api.service[117721]: INFO nova.api.openstack.requestlog [None req-853e9e75-e46f-4b7c-9c4f-8614a412f36a tempest-VolumesTestJSON-28488695 tempest-VolumesTestJSON-28488695-project] 10.222.0.57 "GET /compute/v2.1/os-volumes" status: 200 len: 1034 microversion: 2.1 time: 0.384116
Jun 15 10:13:47.393521 dv-cinder-830283-5-iscsi devstack@n-api.service[117721]: [pid: 117721|app: 0|req: 33/58] 10.222.0.57 () {58 vars in 1133 bytes} [Wed Jun 15 10:13:47 2022] GET /compute/v2.1/os-volumes => generated 1034 bytes in 386 msecs (HTTP/1.1 200) 9 headers in 358 bytes (1 switches on core 0)
Jun 15 10:13:47.405954 dv-cinder-830283-5-iscsi devstack@n-api.service[117721]: DEBUG nova.api.openstack.wsgi [None req-c2551a89-586e-4d6b-8d8c-43d238f54d41 tempest-ServerRescueNegativeTestJSON-1829646881 tempest-ServerRescueNegativeTestJSON-1829646881-project] Calling method '>' {{(pid=117721) _process_stack /opt/stack/nova/nova/api/openstack/wsgi.py:513}}
Jun 15 10:13:47.406937 dv-cinder-830283-5-iscsi devstack@n-api.service[117721]: DEBUG nova.compute.api [None req-c2551a89-586e-4d6b-8d8c-43d238f54d41 tempest-ServerRescueNegativeTestJSON-1829646881 tempest-ServerRescueNegativeTestJSON-1829646881-project] [instance: d4e2f10f-8291-4024-8bc1-d0cb09b7d1bf] Fetching instance by UUID {{(pid=117721) get /opt/stack/nova/nova/compute/api.py:2920}}
Jun 15 10:13:47.427354 dv-cinder-830283-5-iscsi devstack@n-api.service[117721]: DEBUG oslo_concurrency.lockutils [None req-c2551a89-586e-4d6b-8d8c-43d238f54d41 tempest-ServerRescueNegativeTestJSON-1829646881 tempest-ServerRescueNegativeTestJSON-1829646881-project] Lock "8150241a-a1e8-4d3b-89e1-e7326b204d0a" acquired by "nova.context.set_target_cell..get_or_set_cached_cell_and_set_connections" :: waited 0.000s {{(pid=117721) inner /usr/local/lib/python3.8/dist-packages/oslo_concurrency/lockutils.py:386}}
Jun 15 10:13:47.427983 dv-cinder-830283-5-iscsi devstack@n-api.service[117721]: DEBUG oslo_concurrency.lockutils [None req-c2551a89-586e-4d6b-8d8c-43d238f54d41 tempest-ServerRescueNegativeTestJSON-1829646881 tempest-ServerRescueNegativeTestJSON-1829646881-project] Lock "8150241a-a1e8-4d3b-89e1-e7326b204d0a" "released" by "nova.context.set_target_cell..get_or_set_cached_cell_and_set_connections" :: held 0.006s {{(pid=117721) inner /usr/local/lib/python3.8/dist-packages/oslo_concurrency/lockutils.py:400}}
Jun 15 10:13:47.428958 dv-cinder-830283-5-iscsi devstack@n-api.service[117721]: DEBUG oslo_concurrency.lockutils [None req-c2551a89-586e-4d6b-8d8c-43d238f54d41 tempest-ServerRescueNegativeTestJSON-1829646881 tempest-ServerRescueNegativeTestJSON-1829646881-project] Lock "8150241a-a1e8-4d3b-89e1-e7326b204d0a" acquired by "nova.context.set_target_cell..get_or_set_cached_cell_and_set_connections" :: waited 0.000s {{(pid=117721) inner /usr/local/lib/python3.8/dist-packages/oslo_concurrency/lockutils.py:386}}
Jun 15 10:13:47.429423 dv-cinder-830283-5-iscsi devstack@n-api.service[117721]: DEBUG oslo_concurrency.lockutils [None req-c2551a89-586e-4d6b-8d8c-43d238f54d41 tempest-ServerRescueNegativeTestJSON-1829646881 tempest-ServerRescueNegativeTestJSON-1829646881-project] Lock "8150241a-a1e8-4d3b-89e1-e7326b204d0a" "released" by "nova.context.set_target_cell..get_or_set_cached_cell_and_set_connections" :: held 0.000s {{(pid=117721) inner /usr/local/lib/python3.8/dist-packages/oslo_concurrency/lockutils.py:400}}
Jun 15 10:13:47.600806 dv-cinder-830283-5-iscsi devstack@n-api.service[117720]: DEBUG nova.api.openstack.wsgi [req-3df12c37-fa1b-4ebd-a201-3640546a1b53 req-ecb4e4da-f0d1-4323-8faa-c9b1d08e1d22 service nova] Action: 'create', calling method: >, body: {"events": [{"name": "network-changed", "server_uuid": "61fcf4d2-b8aa-425f-b5f7-dc79ce8c743a", "tag": "4f233b8f-c4be-4757-8284-4c4bc12427d9"}]} {{(pid=117720) _process_stack /opt/stack/nova/nova/api/openstack/wsgi.py:511}}
Jun 15 10:13:47.628143 dv-cinder-830283-5-iscsi devstack@n-api.service[117720]: DEBUG oslo_concurrency.lockutils [req-3df12c37-fa1b-4ebd-a201-3640546a1b53 req-ecb4e4da-f0d1-4323-8faa-c9b1d08e1d22 service nova] Lock "8150241a-a1e8-4d3b-89e1-e7326b204d0a" acquired by "nova.context.set_target_cell..get_or_set_cached_cell_and_set_connections" :: waited 0.000s {{(pid=117720) inner /usr/local/lib/python3.8/dist-packages/oslo_concurrency/lockutils.py:386}}
Jun 15 10:13:47.628879 dv-cinder-830283-5-iscsi devstack@n-api.service[117720]: DEBUG oslo_concurrency.lockutils [req-3df12c37-fa1b-4ebd-a201-3640546a1b53 req-ecb4e4da-f0d1-4323-8faa-c9b1d08e1d22 service nova] Lock "8150241a-a1e8-4d3b-89e1-e7326b204d0a" "released" by "nova.context.set_target_cell..get_or_set_cached_cell_and_set_connections" :: held 0.001s {{(pid=117720) inner /usr/local/lib/python3.8/dist-packages/oslo_concurrency/lockutils.py:400}}
Jun 15 10:13:47.682152 dv-cinder-830283-5-iscsi devstack@n-api.service[117720]: INFO nova.api.openstack.compute.server_external_events [req-3df12c37-fa1b-4ebd-a201-3640546a1b53 req-ecb4e4da-f0d1-4323-8faa-c9b1d08e1d22 service nova] Creating event network-changed:4f233b8f-c4be-4757-8284-4c4bc12427d9 for instance 61fcf4d2-b8aa-425f-b5f7-dc79ce8c743a on hv-cinder-83028
Jun 15 10:13:47.688116 dv-cinder-830283-5-iscsi devstack@n-api.service[117720]: DEBUG oslo_concurrency.lockutils [req-3df12c37-fa1b-4ebd-a201-3640546a1b53 req-ecb4e4da-f0d1-4323-8faa-c9b1d08e1d22 service nova] Acquired lock "compute-rpcapi-router" {{(pid=117720) lock /usr/local/lib/python3.8/dist-packages/oslo_concurrency/lockutils.py:294}}
Jun 15 10:13:47.689867 dv-cinder-830283-5-iscsi devstack@n-api.service[117720]: DEBUG oslo_concurrency.lockutils [None req-9b6613e2-9cb6-4253-8cf8-b1bc6f8b6ad8 None None] Lock "00000000-0000-0000-0000-000000000000" acquired by "nova.context.set_target_cell..get_or_set_cached_cell_and_set_connections" :: waited 0.000s {{(pid=117720) inner /usr/local/lib/python3.8/dist-packages/oslo_concurrency/lockutils.py:386}}
Jun 15 10:13:47.690838 dv-cinder-830283-5-iscsi devstack@n-api.service[117720]: DEBUG oslo_concurrency.lockutils [None req-9b6613e2-9cb6-4253-8cf8-b1bc6f8b6ad8 None None] Lock "00000000-0000-0000-0000-000000000000" "released" by "nova.context.set_target_cell..get_or_set_cached_cell_and_set_connections" :: held 0.001s {{(pid=117720) inner /usr/local/lib/python3.8/dist-packages/oslo_concurrency/lockutils.py:400}}
Jun 15 10:13:47.692059 dv-cinder-830283-5-iscsi devstack@n-api.service[117720]: DEBUG oslo_concurrency.lockutils [None req-9b6613e2-9cb6-4253-8cf8-b1bc6f8b6ad8 None None] Lock "8150241a-a1e8-4d3b-89e1-e7326b204d0a" acquired by "nova.context.set_target_cell..get_or_set_cached_cell_and_set_connections" :: waited 0.000s {{(pid=117720) inner /usr/local/lib/python3.8/dist-packages/oslo_concurrency/lockutils.py:386}}
Jun 15 10:13:47.692678 dv-cinder-830283-5-iscsi devstack@n-api.service[117720]: DEBUG oslo_concurrency.lockutils [None req-9b6613e2-9cb6-4253-8cf8-b1bc6f8b6ad8 None None] Lock "8150241a-a1e8-4d3b-89e1-e7326b204d0a" "released" by "nova.context.set_target_cell..get_or_set_cached_cell_and_set_connections" :: held 0.001s {{(pid=117720) inner /usr/local/lib/python3.8/dist-packages/oslo_concurrency/lockutils.py:400}}
Jun 15 10:13:47.712915 dv-cinder-830283-5-iscsi devstack@n-api.service[117721]: DEBUG nova.policy [None req-c2551a89-586e-4d6b-8d8c-43d238f54d41 tempest-ServerRescueNegativeTestJSON-1829646881 tempest-ServerRescueNegativeTestJSON-1829646881-project] Policy check for os_compute_api:os-extended-server-attributes failed with credentials {'is_admin': False, 'user_id': 'a3ee143a68b64f6f84e569b2b1823c5c', 'user_domain_id': 'default', 'system_scope': None, 'domain_id': None, 'project_id': 'ea38be6c5c604346974bc9acac9628cd', 'project_domain_id': 'default', 'roles': ['member', 'reader'], 'is_admin_project': True, 'service_user_id': None, 'service_user_domain_id': None, 'service_project_id': None, 'service_project_domain_id': None, 'service_roles': []} {{(pid=117721) authorize /opt/stack/nova/nova/policy.py:199}}
Jun 15 10:13:47.717816 dv-cinder-830283-5-iscsi devstack@n-api.service[117720]: INFO nova.compute.rpcapi [None req-9b6613e2-9cb6-4253-8cf8-b1bc6f8b6ad8 None None] Automatically selected compute RPC version 6.0 from minimum service version 61
Jun 15 10:13:47.718934 dv-cinder-830283-5-iscsi devstack@n-api.service[117720]: DEBUG oslo_concurrency.lockutils [None req-9b6613e2-9cb6-4253-8cf8-b1bc6f8b6ad8 None None] Releasing lock "compute-rpcapi-router" {{(pid=117720) lock /usr/local/lib/python3.8/dist-packages/oslo_concurrency/lockutils.py:312}}
Jun 15 10:13:47.723115 dv-cinder-830283-5-iscsi devstack@n-api.service[117721]: INFO nova.api.openstack.requestlog [None req-c2551a89-586e-4d6b-8d8c-43d238f54d41 tempest-ServerRescueNegativeTestJSON-1829646881 tempest-ServerRescueNegativeTestJSON-1829646881-project] 10.222.0.57 "GET /compute/v2.1/servers/d4e2f10f-8291-4024-8bc1-d0cb09b7d1bf" status: 200 len: 1273 microversion: 2.1 time: 0.328242
Jun 15 10:13:47.729845 dv-cinder-830283-5-iscsi devstack@n-api.service[117721]: [pid: 117721|app: 0|req: 34/59] 10.222.0.57 () {58 vars in 1235 bytes} [Wed Jun 15 10:13:47 2022] GET /compute/v2.1/servers/d4e2f10f-8291-4024-8bc1-d0cb09b7d1bf => generated 1273 bytes in 334 msecs (HTTP/1.1 200) 9 headers in 358 bytes (1 switches on core 0)
Jun 15 10:13:47.752327 dv-cinder-830283-5-iscsi devstack@n-api.service[117721]: DEBUG nova.api.openstack.wsgi [None req-998709d9-334b-45b9-b7ff-c02563d0f8bb tempest-VolumesTestJSON-28488695 tempest-VolumesTestJSON-28488695-project] Calling method '.version_select at 0x7fe256b83dc0>' {{(pid=117721) _process_stack /opt/stack/nova/nova/api/openstack/wsgi.py:513}}
Jun 15 10:13:47.802150 dv-cinder-830283-5-iscsi devstack@n-api.service[117720]: INFO nova.api.openstack.requestlog [None req-9b6613e2-9cb6-4253-8cf8-b1bc6f8b6ad8 None None] 10.222.0.57 "POST /compute/v2.1/os-server-external-events" status: 200 len: 179 microversion: 2.1 time: 0.963662
Jun 15 10:13:47.803024 dv-cinder-830283-5-iscsi devstack@n-api.service[117720]: [pid: 117720|app: 0|req: 26/60] 10.222.0.57 () {64 vars in 1317 bytes} [Wed Jun 15 10:13:46 2022] POST /compute/v2.1/os-server-external-events => generated 179 bytes in 965 msecs (HTTP/1.1 200) 9 headers in 357 bytes (1 switches on core 0)
Jun 15 10:13:48.022368 dv-cinder-830283-5-iscsi devstack@n-api.service[117720]: DEBUG nova.api.openstack.wsgi [None req-30dc5904-9549-447d-a89b-5cca06281d00 tempest-DeleteServersTestJSON-2130061640 tempest-DeleteServersTestJSON-2130061640-project] Calling method '>' {{(pid=117720) _process_stack /opt/stack/nova/nova/api/openstack/wsgi.py:513}}
Jun 15 10:13:48.024073 dv-cinder-830283-5-iscsi devstack@n-api.service[117720]: DEBUG nova.compute.api [None req-30dc5904-9549-447d-a89b-5cca06281d00 tempest-DeleteServersTestJSON-2130061640 tempest-DeleteServersTestJSON-2130061640-project] [instance: 61fcf4d2-b8aa-425f-b5f7-dc79ce8c743a] Fetching instance by UUID {{(pid=117720) get /opt/stack/nova/nova/compute/api.py:2920}}
Jun 15 10:13:48.031428 dv-cinder-830283-5-iscsi devstack@n-api.service[117721]: INFO nova.api.openstack.requestlog [None req-998709d9-334b-45b9-b7ff-c02563d0f8bb tempest-VolumesTestJSON-28488695 tempest-VolumesTestJSON-28488695-project] 10.222.0.57 "GET /compute/v2.1/os-volumes?offset=1&limit=1" status: 200 len: 353 microversion: 2.1 time: 0.300084
Jun 15 10:13:48.032393 dv-cinder-830283-5-iscsi devstack@n-api.service[117721]: [pid: 117721|app: 0|req: 35/61] 10.222.0.57 () {58 vars in 1166 bytes} [Wed Jun 15 10:13:47 2022] GET /compute/v2.1/os-volumes?offset=1&limit=1 => generated 353 bytes in 302 msecs (HTTP/1.1 200) 9 headers in 357 bytes (1 switches on core 0)
Jun 15 10:13:48.037632 dv-cinder-830283-5-iscsi devstack@n-api.service[117720]: DEBUG oslo_concurrency.lockutils [None req-30dc5904-9549-447d-a89b-5cca06281d00 tempest-DeleteServersTestJSON-2130061640 tempest-DeleteServersTestJSON-2130061640-project] Lock "8150241a-a1e8-4d3b-89e1-e7326b204d0a" acquired by "nova.context.set_target_cell..get_or_set_cached_cell_and_set_connections" :: waited 0.000s {{(pid=117720) inner /usr/local/lib/python3.8/dist-packages/oslo_concurrency/lockutils.py:386}}
Jun 15 10:13:48.038318 dv-cinder-830283-5-iscsi devstack@n-api.service[117720]: DEBUG oslo_concurrency.lockutils [None req-30dc5904-9549-447d-a89b-5cca06281d00 tempest-DeleteServersTestJSON-2130061640 tempest-DeleteServersTestJSON-2130061640-project] Lock "8150241a-a1e8-4d3b-89e1-e7326b204d0a" "released" by "nova.context.set_target_cell..get_or_set_cached_cell_and_set_connections" :: held 0.001s {{(pid=117720) inner /usr/local/lib/python3.8/dist-packages/oslo_concurrency/lockutils.py:400}}
Jun 15 10:13:48.039645 dv-cinder-830283-5-iscsi devstack@n-api.service[117720]: DEBUG oslo_concurrency.lockutils [None req-30dc5904-9549-447d-a89b-5cca06281d00 tempest-DeleteServersTestJSON-2130061640 tempest-DeleteServersTestJSON-2130061640-project] Lock "8150241a-a1e8-4d3b-89e1-e7326b204d0a" acquired by "nova.context.set_target_cell..get_or_set_cached_cell_and_set_connections" :: waited 0.000s {{(pid=117720) inner /usr/local/lib/python3.8/dist-packages/oslo_concurrency/lockutils.py:386}}
Jun 15 10:13:48.040101 dv-cinder-830283-5-iscsi devstack@n-api.service[117720]: DEBUG oslo_concurrency.lockutils [None req-30dc5904-9549-447d-a89b-5cca06281d00 tempest-DeleteServersTestJSON-2130061640 tempest-DeleteServersTestJSON-2130061640-project] Lock "8150241a-a1e8-4d3b-89e1-e7326b204d0a" "released" by "nova.context.set_target_cell..get_or_set_cached_cell_and_set_connections" :: held 0.000s {{(pid=117720) inner /usr/local/lib/python3.8/dist-packages/oslo_concurrency/lockutils.py:400}}
Jun 15 10:13:48.045402 dv-cinder-830283-5-iscsi devstack@n-api.service[117721]: DEBUG nova.api.openstack.wsgi [None req-42c5d19b-da02-4737-8867-39745dfa5be8 tempest-VolumesTestJSON-28488695 tempest-VolumesTestJSON-28488695-project] Calling method '.version_select at 0x7fe256bc5ee0>' {{(pid=117721) _process_stack /opt/stack/nova/nova/api/openstack/wsgi.py:513}}
Jun 15 10:13:48.875160 dv-cinder-830283-5-iscsi devstack@n-api.service[117721]: INFO nova.api.openstack.requestlog [None req-42c5d19b-da02-4737-8867-39745dfa5be8 tempest-VolumesTestJSON-28488695 tempest-VolumesTestJSON-28488695-project] 10.222.0.57 "GET /compute/v2.1/os-volumes/detail?limit=2" status: 200 len: 694 microversion: 2.1 time: 0.829612
Jun 15 10:13:48.876508 dv-cinder-830283-5-iscsi devstack@n-api.service[117721]: [pid: 117721|app: 0|req: 36/62] 10.222.0.57 () {58 vars in 1169 bytes} [Wed Jun 15 10:13:48 2022] GET /compute/v2.1/os-volumes/detail?limit=2 => generated 694 bytes in 837 msecs (HTTP/1.1 200) 9 headers in 357 bytes (1 switches on core 0)
Jun 15 10:13:48.882557 dv-cinder-830283-5-iscsi devstack@n-api.service[117721]: DEBUG nova.api.openstack.wsgi [None req-825cbbaa-1408-4d5a-9adb-877186dd2087 tempest-ServerRescueNegativeTestJSON-1829646881 tempest-ServerRescueNegativeTestJSON-1829646881-project] Calling method '>' {{(pid=117721) _process_stack /opt/stack/nova/nova/api/openstack/wsgi.py:513}}
Jun 15 10:13:48.883401 dv-cinder-830283-5-iscsi devstack@n-api.service[117721]: DEBUG nova.compute.api [None req-825cbbaa-1408-4d5a-9adb-877186dd2087 tempest-ServerRescueNegativeTestJSON-1829646881 tempest-ServerRescueNegativeTestJSON-1829646881-project] [instance: d4e2f10f-8291-4024-8bc1-d0cb09b7d1bf] Fetching instance by UUID {{(pid=117721) get /opt/stack/nova/nova/compute/api.py:2920}}
Jun 15 10:13:48.916274 dv-cinder-830283-5-iscsi devstack@n-api.service[117720]: DEBUG nova.policy [None req-30dc5904-9549-447d-a89b-5cca06281d00 tempest-DeleteServersTestJSON-2130061640 tempest-DeleteServersTestJSON-2130061640-project] Policy check for os_compute_api:os-extended-server-attributes failed with credentials {'is_admin': False, 'user_id': '506c7cbec190453cabb8fd8049a14cf9', 'user_domain_id': 'default', 'system_scope': None, 'domain_id': None, 'project_id': 'c5f1dab6f20e41308d7d4a58e42140d6', 'project_domain_id': 'default', 'roles': ['member', 'reader'], 'is_admin_project': True, 'service_user_id': None, 'service_user_domain_id': None, 'service_project_id': None, 'service_project_domain_id': None, 'service_roles': []} {{(pid=117720) authorize /opt/stack/nova/nova/policy.py:199}}
Jun 15 10:13:48.921140 dv-cinder-830283-5-iscsi devstack@n-api.service[117721]: DEBUG oslo_concurrency.lockutils [None req-825cbbaa-1408-4d5a-9adb-877186dd2087 tempest-ServerRescueNegativeTestJSON-1829646881 tempest-ServerRescueNegativeTestJSON-1829646881-project] Lock "8150241a-a1e8-4d3b-89e1-e7326b204d0a" acquired by "nova.context.set_target_cell..get_or_set_cached_cell_and_set_connections" :: waited 0.000s {{(pid=117721) inner /usr/local/lib/python3.8/dist-packages/oslo_concurrency/lockutils.py:386}}
Jun 15 10:13:48.922733 dv-cinder-830283-5-iscsi devstack@n-api.service[117721]: DEBUG oslo_concurrency.lockutils [None req-825cbbaa-1408-4d5a-9adb-877186dd2087 tempest-ServerRescueNegativeTestJSON-1829646881 tempest-ServerRescueNegativeTestJSON-1829646881-project] Lock "8150241a-a1e8-4d3b-89e1-e7326b204d0a" "released" by "nova.context.set_target_cell..get_or_set_cached_cell_and_set_connections" :: held 0.002s {{(pid=117721) inner /usr/local/lib/python3.8/dist-packages/oslo_concurrency/lockutils.py:400}}
Jun 15 10:13:48.936146 dv-cinder-830283-5-iscsi devstack@n-api.service[117721]: DEBUG oslo_concurrency.lockutils [None req-825cbbaa-1408-4d5a-9adb-877186dd2087 tempest-ServerRescueNegativeTestJSON-1829646881 tempest-ServerRescueNegativeTestJSON-1829646881-project] Lock "8150241a-a1e8-4d3b-89e1-e7326b204d0a" acquired by "nova.context.set_target_cell..get_or_set_cached_cell_and_set_connections" :: waited 0.000s {{(pid=117721) inner /usr/local/lib/python3.8/dist-packages/oslo_concurrency/lockutils.py:386}}
Jun 15 10:13:48.936146 dv-cinder-830283-5-iscsi devstack@n-api.service[117721]: DEBUG oslo_concurrency.lockutils [None req-825cbbaa-1408-4d5a-9adb-877186dd2087 tempest-ServerRescueNegativeTestJSON-1829646881 tempest-ServerRescueNegativeTestJSON-1829646881-project] Lock "8150241a-a1e8-4d3b-89e1-e7326b204d0a" "released" by "nova.context.set_target_cell..get_or_set_cached_cell_and_set_connections" :: held 0.008s {{(pid=117721) inner /usr/local/lib/python3.8/dist-packages/oslo_concurrency/lockutils.py:400}}
Jun 15 10:13:48.937403 dv-cinder-830283-5-iscsi devstack@n-api.service[117720]: INFO nova.api.openstack.requestlog [None req-30dc5904-9549-447d-a89b-5cca06281d00 tempest-DeleteServersTestJSON-2130061640 tempest-DeleteServersTestJSON-2130061640-project] 10.222.0.57 "GET /compute/v2.1/servers/61fcf4d2-b8aa-425f-b5f7-dc79ce8c743a" status: 200 len: 1314 microversion: 2.1 time: 0.921286
Jun 15 10:13:48.939828 dv-cinder-830283-5-iscsi devstack@n-api.service[117720]: [pid: 117720|app: 0|req: 27/63] 10.222.0.57 () {58 vars in 1235 bytes} [Wed Jun 15 10:13:48 2022] GET /compute/v2.1/servers/61fcf4d2-b8aa-425f-b5f7-dc79ce8c743a => generated 1314 bytes in 925 msecs (HTTP/1.1 200) 9 headers in 358 bytes (2 switches on core 0)
Jun 15 10:13:48.956583 dv-cinder-830283-5-iscsi devstack@n-api.service[117720]: DEBUG nova.api.openstack.wsgi [None req-1a646251-3bfa-4186-afad-a7fd0a7e345f tempest-VolumesTestJSON-28488695 tempest-VolumesTestJSON-28488695-project] Calling method '.version_select at 0x7fe256b4cca0>' {{(pid=117720) _process_stack /opt/stack/nova/nova/api/openstack/wsgi.py:513}}
Jun 15 10:13:49.325424 dv-cinder-830283-5-iscsi devstack@n-api.service[117720]: INFO nova.api.openstack.requestlog [None req-1a646251-3bfa-4186-afad-a7fd0a7e345f tempest-VolumesTestJSON-28488695 tempest-VolumesTestJSON-28488695-project] 10.222.0.57 "GET /compute/v2.1/os-volumes/detail" status: 200 len: 1034 microversion: 2.1 time: 0.372655
Jun 15 10:13:49.326232 dv-cinder-830283-5-iscsi devstack@n-api.service[117720]: [pid: 117720|app: 0|req: 28/64] 10.222.0.57 () {58 vars in 1154 bytes} [Wed Jun 15 10:13:48 2022] GET /compute/v2.1/os-volumes/detail => generated 1034 bytes in 374 msecs (HTTP/1.1 200) 9 headers in 358 bytes (1 switches on core 0)
Jun 15 10:13:49.337608 dv-cinder-830283-5-iscsi devstack@n-api.service[117720]: DEBUG nova.api.openstack.wsgi [None req-4b075fb7-073b-40a3-98c9-9afff4927cc9 tempest-VolumesTestJSON-28488695 tempest-VolumesTestJSON-28488695-project] Calling method '.version_select at 0x7fe2573be1f0>' {{(pid=117720) _process_stack /opt/stack/nova/nova/api/openstack/wsgi.py:513}}
Jun 15 10:13:49.627172 dv-cinder-830283-5-iscsi devstack@n-api.service[117721]: DEBUG nova.policy [None req-825cbbaa-1408-4d5a-9adb-877186dd2087 tempest-ServerRescueNegativeTestJSON-1829646881 tempest-ServerRescueNegativeTestJSON-1829646881-project] Policy check for os_compute_api:os-extended-server-attributes failed with credentials {'is_admin': False, 'user_id': 'a3ee143a68b64f6f84e569b2b1823c5c', 'user_domain_id': 'default', 'system_scope': None, 'domain_id': None, 'project_id': 'ea38be6c5c604346974bc9acac9628cd', 'project_domain_id': 'default', 'roles': ['member', 'reader'], 'is_admin_project': True, 'service_user_id': None, 'service_user_domain_id': None, 'service_project_id': None, 'service_project_domain_id': None, 'service_roles': []} {{(pid=117721) authorize /opt/stack/nova/nova/policy.py:199}}
Jun 15 10:13:49.631964 dv-cinder-830283-5-iscsi devstack@n-api.service[117720]: INFO nova.api.openstack.requestlog [None req-4b075fb7-073b-40a3-98c9-9afff4927cc9 tempest-VolumesTestJSON-28488695 tempest-VolumesTestJSON-28488695-project] 10.222.0.57 "GET /compute/v2.1/os-volumes/detail?offset=1&limit=1" status: 200 len: 353 microversion: 2.1 time: 0.298065
Jun 15 10:13:49.632618 dv-cinder-830283-5-iscsi devstack@n-api.service[117720]: [pid: 117720|app: 0|req: 29/65] 10.222.0.57 () {58 vars in 1187 bytes} [Wed Jun 15 10:13:49 2022] GET /compute/v2.1/os-volumes/detail?offset=1&limit=1 => generated 353 bytes in 299 msecs (HTTP/1.1 200) 9 headers in 357 bytes (1 switches on core 0)
Jun 15 10:13:49.638765 dv-cinder-830283-5-iscsi devstack@n-api.service[117721]: INFO nova.api.openstack.requestlog [None req-825cbbaa-1408-4d5a-9adb-877186dd2087 tempest-ServerRescueNegativeTestJSON-1829646881 tempest-ServerRescueNegativeTestJSON-1829646881-project] 10.222.0.57 "GET /compute/v2.1/servers/d4e2f10f-8291-4024-8bc1-d0cb09b7d1bf" status: 200 len: 1279 microversion: 2.1 time: 0.759428
Jun 15 10:13:49.639369 dv-cinder-830283-5-iscsi devstack@n-api.service[117721]: [pid: 117721|app: 0|req: 37/66] 10.222.0.57 () {58 vars in 1235 bytes} [Wed Jun 15 10:13:48 2022] GET /compute/v2.1/servers/d4e2f10f-8291-4024-8bc1-d0cb09b7d1bf => generated 1279 bytes in 762 msecs (HTTP/1.1 200) 9 headers in 358 bytes (1 switches on core 0)
Jun 15 10:13:49.645064 dv-cinder-830283-5-iscsi devstack@n-api.service[117720]: DEBUG nova.api.openstack.wsgi [None req-bbf55c38-7fc1-4781-acc2-b8fab23ae4cb tempest-VolumesTestJSON-28488695 tempest-VolumesTestJSON-28488695-project] Calling method '.version_select at 0x7fe256b36820>' {{(pid=117720) _process_stack /opt/stack/nova/nova/api/openstack/wsgi.py:513}}
Jun 15 10:13:49.857885 dv-cinder-830283-5-iscsi devstack@n-api.service[117720]: INFO nova.api.openstack.requestlog [None req-bbf55c38-7fc1-4781-acc2-b8fab23ae4cb tempest-VolumesTestJSON-28488695 tempest-VolumesTestJSON-28488695-project] 10.222.0.57 "GET /compute/v2.1/os-volumes/detail" status: 200 len: 1034 microversion: 2.1 time: 0.216757
Jun 15 10:13:49.858729 dv-cinder-830283-5-iscsi devstack@n-api.service[117720]: [pid: 117720|app: 0|req: 30/67] 10.222.0.57 () {58 vars in 1154 bytes} [Wed Jun 15 10:13:49 2022] GET /compute/v2.1/os-volumes/detail => generated 1034 bytes in 218 msecs (HTTP/1.1 200) 9 headers in 358 bytes (2 switches on core 0)
Jun 15 10:13:49.961619 dv-cinder-830283-5-iscsi devstack@n-api.service[117721]: DEBUG nova.api.openstack.wsgi [None req-bef27dba-d561-4c01-a2c3-f0f0e7408b19 tempest-DeleteServersTestJSON-2130061640 tempest-DeleteServersTestJSON-2130061640-project] Calling method '>' {{(pid=117721) _process_stack /opt/stack/nova/nova/api/openstack/wsgi.py:513}}
Jun 15 10:13:49.962688 dv-cinder-830283-5-iscsi devstack@n-api.service[117720]: DEBUG nova.api.openstack.wsgi [None req-abf60abc-b6f2-4e6c-a99f-99cd0f3889ac tempest-AttachVolumeShelveTestJSON-1478292163 tempest-AttachVolumeShelveTestJSON-1478292163-project] Action: 'create', calling method: >, body: {"server": {"name": "tempest-AttachVolumeShelveTestJSON-server-159645371", "imageRef": "63602f23-e999-4bd7-a413-bc2e75f22bcd", "flavorRef": "452", "adminPass": "***", "networks": [{"uuid": "1a926aae-ec26-461f-9351-b7dd3268c1ac"}], "security_groups": [{"name": "tempest-securitygroup--346290296"}], "key_name": "tempest-keypair-1213979694", "user_data": "}} {{(pid=117720) _process_stack /opt/stack/nova/nova/api/openstack/wsgi.py:511}}
Jun 15 10:13:49.963104 dv-cinder-830283-5-iscsi devstack@n-api.service[117721]: DEBUG nova.compute.api [None req-bef27dba-d561-4c01-a2c3-f0f0e7408b19 tempest-DeleteServersTestJSON-2130061640 tempest-DeleteServersTestJSON-2130061640-project] [instance: 61fcf4d2-b8aa-425f-b5f7-dc79ce8c743a] Fetching instance by UUID {{(pid=117721) get /opt/stack/nova/nova/compute/api.py:2920}}
Jun 15 10:13:49.973356 dv-cinder-830283-5-iscsi devstack@n-api.service[117721]: DEBUG oslo_concurrency.lockutils [None req-bef27dba-d561-4c01-a2c3-f0f0e7408b19 tempest-DeleteServersTestJSON-2130061640 tempest-DeleteServersTestJSON-2130061640-project] Lock "8150241a-a1e8-4d3b-89e1-e7326b204d0a" acquired by "nova.context.set_target_cell..get_or_set_cached_cell_and_set_connections" :: waited 0.000s {{(pid=117721) inner /usr/local/lib/python3.8/dist-packages/oslo_concurrency/lockutils.py:386}}
Jun 15 10:13:49.974345 dv-cinder-830283-5-iscsi devstack@n-api.service[117721]: DEBUG oslo_concurrency.lockutils [None req-bef27dba-d561-4c01-a2c3-f0f0e7408b19 tempest-DeleteServersTestJSON-2130061640 tempest-DeleteServersTestJSON-2130061640-project] Lock "8150241a-a1e8-4d3b-89e1-e7326b204d0a" "released" by "nova.context.set_target_cell..get_or_set_cached_cell_and_set_connections" :: held 0.001s {{(pid=117721) inner /usr/local/lib/python3.8/dist-packages/oslo_concurrency/lockutils.py:400}}
Jun 15 10:13:49.975377 dv-cinder-830283-5-iscsi devstack@n-api.service[117721]: DEBUG oslo_concurrency.lockutils [None req-bef27dba-d561-4c01-a2c3-f0f0e7408b19 tempest-DeleteServersTestJSON-2130061640 tempest-DeleteServersTestJSON-2130061640-project] Lock "8150241a-a1e8-4d3b-89e1-e7326b204d0a" acquired by "nova.context.set_target_cell..get_or_set_cached_cell_and_set_connections" :: waited 0.000s {{(pid=117721) inner /usr/local/lib/python3.8/dist-packages/oslo_concurrency/lockutils.py:386}}
Jun 15 10:13:49.976344 dv-cinder-830283-5-iscsi devstack@n-api.service[117721]: DEBUG oslo_concurrency.lockutils [None req-bef27dba-d561-4c01-a2c3-f0f0e7408b19 tempest-DeleteServersTestJSON-2130061640 tempest-DeleteServersTestJSON-2130061640-project] Lock "8150241a-a1e8-4d3b-89e1-e7326b204d0a" "released" by "nova.context.set_target_cell..get_or_set_cached_cell_and_set_connections" :: held 0.001s {{(pid=117721) inner /usr/local/lib/python3.8/dist-packages/oslo_concurrency/lockutils.py:400}}
Jun 15 10:13:50.146053 dv-cinder-830283-5-iscsi devstack@n-api.service[117720]: DEBUG nova.network.neutron [None req-abf60abc-b6f2-4e6c-a99f-99cd0f3889ac tempest-AttachVolumeShelveTestJSON-1478292163 tempest-AttachVolumeShelveTestJSON-1478292163-project] validate_networks() for [('1a926aae-ec26-461f-9351-b7dd3268c1ac', None, None, None, None, None)] {{(pid=117720) validate_networks /opt/stack/nova/nova/network/neutron.py:2626}}
Jun 15 10:13:50.197909 dv-cinder-830283-5-iscsi devstack@n-api.service[117721]: DEBUG nova.policy [None req-bef27dba-d561-4c01-a2c3-f0f0e7408b19 tempest-DeleteServersTestJSON-2130061640 tempest-DeleteServersTestJSON-2130061640-project] Policy check for os_compute_api:os-extended-server-attributes failed with credentials {'is_admin': False, 'user_id': '506c7cbec190453cabb8fd8049a14cf9', 'user_domain_id': 'default', 'system_scope': None, 'domain_id': None, 'project_id': 'c5f1dab6f20e41308d7d4a58e42140d6', 'project_domain_id': 'default', 'roles': ['member', 'reader'], 'is_admin_project': True, 'service_user_id': None, 'service_user_domain_id': None, 'service_project_id': None, 'service_project_domain_id': None, 'service_roles': []} {{(pid=117721) authorize /opt/stack/nova/nova/policy.py:199}}
Jun 15 10:13:50.205762 dv-cinder-830283-5-iscsi devstack@n-api.service[117721]: INFO nova.api.openstack.requestlog [None req-bef27dba-d561-4c01-a2c3-f0f0e7408b19 tempest-DeleteServersTestJSON-2130061640 tempest-DeleteServersTestJSON-2130061640-project] 10.222.0.57 "GET /compute/v2.1/servers/61fcf4d2-b8aa-425f-b5f7-dc79ce8c743a" status: 200 len: 1314 microversion: 2.1 time: 0.248813
Jun 15 10:13:50.206657 dv-cinder-830283-5-iscsi devstack@n-api.service[117721]: [pid: 117721|app: 0|req: 38/68] 10.222.0.57 () {58 vars in 1235 bytes} [Wed Jun 15 10:13:49 2022] GET /compute/v2.1/servers/61fcf4d2-b8aa-425f-b5f7-dc79ce8c743a => generated 1314 bytes in 250 msecs (HTTP/1.1 200) 9 headers in 358 bytes (1 switches on core 0)
Jun 15 10:13:50.554676 dv-cinder-830283-5-iscsi devstack@n-api.service[117720]: DEBUG nova.virt.hardware [None req-abf60abc-b6f2-4e6c-a99f-99cd0f3889ac tempest-AttachVolumeShelveTestJSON-1478292163 tempest-AttachVolumeShelveTestJSON-1478292163-project] Flavor limits 0:0:0 {{(pid=117720) get_cpu_topology_constraints /opt/stack/nova/nova/virt/hardware.py:343}}
Jun 15 10:13:50.555115 dv-cinder-830283-5-iscsi devstack@n-api.service[117720]: DEBUG nova.virt.hardware [None req-abf60abc-b6f2-4e6c-a99f-99cd0f3889ac tempest-AttachVolumeShelveTestJSON-1478292163 tempest-AttachVolumeShelveTestJSON-1478292163-project] Image limits 0:0:0 {{(pid=117720) get_cpu_topology_constraints /opt/stack/nova/nova/virt/hardware.py:347}}
Jun 15 10:13:50.555606 dv-cinder-830283-5-iscsi devstack@n-api.service[117720]: DEBUG nova.virt.hardware [None req-abf60abc-b6f2-4e6c-a99f-99cd0f3889ac tempest-AttachVolumeShelveTestJSON-1478292163 tempest-AttachVolumeShelveTestJSON-1478292163-project] Flavor pref 0:0:0 {{(pid=117720) get_cpu_topology_constraints /opt/stack/nova/nova/virt/hardware.py:383}}
Jun 15 10:13:50.556023 dv-cinder-830283-5-iscsi devstack@n-api.service[117720]: DEBUG nova.virt.hardware [None req-abf60abc-b6f2-4e6c-a99f-99cd0f3889ac tempest-AttachVolumeShelveTestJSON-1478292163 tempest-AttachVolumeShelveTestJSON-1478292163-project] Image pref 0:0:0 {{(pid=117720) get_cpu_topology_constraints /opt/stack/nova/nova/virt/hardware.py:387}}
Jun 15 10:13:50.556470 dv-cinder-830283-5-iscsi devstack@n-api.service[117720]: DEBUG nova.virt.hardware [None req-abf60abc-b6f2-4e6c-a99f-99cd0f3889ac tempest-AttachVolumeShelveTestJSON-1478292163 tempest-AttachVolumeShelveTestJSON-1478292163-project] Chose sockets=0, cores=0, threads=0; limits were sockets=65536, cores=65536, threads=65536 {{(pid=117720) get_cpu_topology_constraints /opt/stack/nova/nova/virt/hardware.py:425}}
Jun 15 10:13:50.565630 dv-cinder-830283-5-iscsi devstack@n-api.service[117720]: DEBUG oslo_concurrency.lockutils [None req-abf60abc-b6f2-4e6c-a99f-99cd0f3889ac tempest-AttachVolumeShelveTestJSON-1478292163 tempest-AttachVolumeShelveTestJSON-1478292163-project] Lock "00000000-0000-0000-0000-000000000000" acquired by "nova.context.set_target_cell..get_or_set_cached_cell_and_set_connections" :: waited 0.000s {{(pid=117720) inner /usr/local/lib/python3.8/dist-packages/oslo_concurrency/lockutils.py:386}}
Jun 15 10:13:50.566085 dv-cinder-830283-5-iscsi devstack@n-api.service[117720]: DEBUG oslo_concurrency.lockutils [None req-abf60abc-b6f2-4e6c-a99f-99cd0f3889ac tempest-AttachVolumeShelveTestJSON-1478292163 tempest-AttachVolumeShelveTestJSON-1478292163-project] Lock "00000000-0000-0000-0000-000000000000" "released" by "nova.context.set_target_cell..get_or_set_cached_cell_and_set_connections" :: held 0.001s {{(pid=117720) inner /usr/local/lib/python3.8/dist-packages/oslo_concurrency/lockutils.py:400}}
Jun 15 10:13:50.566926 dv-cinder-830283-5-iscsi devstack@n-api.service[117720]: DEBUG oslo_concurrency.lockutils [None req-abf60abc-b6f2-4e6c-a99f-99cd0f3889ac tempest-AttachVolumeShelveTestJSON-1478292163 tempest-AttachVolumeShelveTestJSON-1478292163-project] Lock "8150241a-a1e8-4d3b-89e1-e7326b204d0a" acquired by "nova.context.set_target_cell..get_or_set_cached_cell_and_set_connections" :: waited 0.000s {{(pid=117720) inner /usr/local/lib/python3.8/dist-packages/oslo_concurrency/lockutils.py:386}}
Jun 15 10:13:50.567370 dv-cinder-830283-5-iscsi devstack@n-api.service[117720]: DEBUG oslo_concurrency.lockutils [None req-abf60abc-b6f2-4e6c-a99f-99cd0f3889ac tempest-AttachVolumeShelveTestJSON-1478292163 tempest-AttachVolumeShelveTestJSON-1478292163-project] Lock "8150241a-a1e8-4d3b-89e1-e7326b204d0a" "released" by "nova.context.set_target_cell..get_or_set_cached_cell_and_set_connections" :: held 0.000s {{(pid=117720) inner /usr/local/lib/python3.8/dist-packages/oslo_concurrency/lockutils.py:400}}
Jun 15 10:13:50.584559 dv-cinder-830283-5-iscsi devstack@n-api.service[117720]: DEBUG nova.quota [None req-abf60abc-b6f2-4e6c-a99f-99cd0f3889ac tempest-AttachVolumeShelveTestJSON-1478292163 tempest-AttachVolumeShelveTestJSON-1478292163-project] Getting quotas for project f30e2cce69fb4e9bba7c053c4a37ba07. Resources: {'instances', 'cores', 'ram'} {{(pid=117720) _get_quotas /opt/stack/nova/nova/quota.py:393}}
