Jun 15 10:06:25.597939 dv-cinder-830283-5-iscsi devstack@c-api.service[110866]: /usr/local/lib/python3.8/dist-packages/oslo_policy/policy.py:809: UserWarning: Policy "volume_extension:default_set_or_update":"rule:system_or_domain_or_project_admin" was deprecated in X in favor of "volume_extension:default_set_or_update":"rule:admin_api". Reason: Default policies now support the three Keystone default roles, namely 'admin', 'member', and 'reader' to implement three Cinder "personas". See "Policy Personas and Permissions" in the "Cinder Service Configuration" documentation (Xena release) for details.. Either ensure your deployment is ready for the new default or copy/paste the deprecated policy into your policy file and maintain it manually.
Jun 15 10:06:25.597939 dv-cinder-830283-5-iscsi devstack@c-api.service[110866]: warnings.warn(deprecated_msg)
Jun 15 10:06:25.597939 dv-cinder-830283-5-iscsi devstack@c-api.service[110866]: /usr/local/lib/python3.8/dist-packages/oslo_policy/policy.py:809: UserWarning: Policy "volume_extension:default_get":"rule:system_or_domain_or_project_admin" was deprecated in X in favor of "volume_extension:default_get":"rule:admin_api". Reason: Default policies now support the three Keystone default roles, namely 'admin', 'member', and 'reader' to implement three Cinder "personas". See "Policy Personas and Permissions" in the "Cinder Service Configuration" documentation (Xena release) for details.. Either ensure your deployment is ready for the new default or copy/paste the deprecated policy into your policy file and maintain it manually.
Jun 15 10:06:25.597939 dv-cinder-830283-5-iscsi devstack@c-api.service[110866]: warnings.warn(deprecated_msg)
Jun 15 10:06:25.597939 dv-cinder-830283-5-iscsi devstack@c-api.service[110866]: /usr/local/lib/python3.8/dist-packages/oslo_policy/policy.py:809: UserWarning: Policy "volume_extension:default_get_all":"role:admin and system_scope:all" was deprecated in X in favor of "volume_extension:default_get_all":"rule:admin_api". Reason: Default policies now support the three Keystone default roles, namely 'admin', 'member', and 'reader' to implement three Cinder "personas". See "Policy Personas and Permissions" in the "Cinder Service Configuration" documentation (Xena release) for details.. Either ensure your deployment is ready for the new default or copy/paste the deprecated policy into your policy file and maintain it manually.
Jun 15 10:06:25.598682 dv-cinder-830283-5-iscsi devstack@c-api.service[110866]: warnings.warn(deprecated_msg)
Jun 15 10:06:25.598682 dv-cinder-830283-5-iscsi devstack@c-api.service[110866]: /usr/local/lib/python3.8/dist-packages/oslo_policy/policy.py:809: UserWarning: Policy "volume_extension:default_unset":"rule:system_or_domain_or_project_admin" was deprecated in X in favor of "volume_extension:default_unset":"rule:admin_api". Reason: Default policies now support the three Keystone default roles, namely 'admin', 'member', and 'reader' to implement three Cinder "personas". See "Policy Personas and Permissions" in the "Cinder Service Configuration" documentation (Xena release) for details.. Either ensure your deployment is ready for the new default or copy/paste the deprecated policy into your policy file and maintain it manually.
Jun 15 10:06:25.598682 dv-cinder-830283-5-iscsi devstack@c-api.service[110866]: warnings.warn(deprecated_msg)
Jun 15 10:06:25.598682 dv-cinder-830283-5-iscsi devstack@c-api.service[110866]: DEBUG cinder.api.middleware.request_id [None req-28b9d657-213f-414b-8833-bc2fa4e07fcf None None] RequestId filter calling following filter/app {{(pid=110866) _context_setter /opt/stack/cinder/cinder/api/middleware/request_id.py:62}}
Jun 15 10:06:26.403605 dv-cinder-830283-5-iscsi devstack@c-api.service[110866]: INFO cinder.api.openstack.wsgi [None req-28b9d657-213f-414b-8833-bc2fa4e07fcf admin admin] POST http://10.222.0.57/volume/v3/5ca5bc2dcee64d0eb4fea80b38a3107c/types
Jun 15 10:06:26.404803 dv-cinder-830283-5-iscsi devstack@c-api.service[110866]: DEBUG cinder.api.openstack.wsgi [None req-28b9d657-213f-414b-8833-bc2fa4e07fcf admin admin] Action: 'create', calling method: _create, body: {"volume_type": {"name": "lvmdriver-1", "description": null, "os-volume-type-access:is_public": true}} {{(pid=110866) _process_stack /opt/stack/cinder/cinder/api/openstack/wsgi.py:866}}
Jun 15 10:06:26.406732 dv-cinder-830283-5-iscsi devstack@c-api.service[110866]: /usr/local/lib/python3.8/dist-packages/oslo_context/context.py:100: DeprecationWarning: Policy enforcement is depending on the value of is_admin. This key is deprecated. Please update your policy file to use the standard policy values.
Jun 15 10:06:26.406732 dv-cinder-830283-5-iscsi devstack@c-api.service[110866]: warnings.warn('Policy enforcement is depending on the value of '
Jun 15 10:06:26.415081 dv-cinder-830283-5-iscsi devstack@c-api.service[110866]: DEBUG oslo_db.sqlalchemy.engines [None req-28b9d657-213f-414b-8833-bc2fa4e07fcf admin admin] MySQL server mode set to STRICT_TRANS_TABLES,STRICT_ALL_TABLES,NO_ZERO_IN_DATE,NO_ZERO_DATE,ERROR_FOR_DIVISION_BY_ZERO,TRADITIONAL,NO_ENGINE_SUBSTITUTION {{(pid=110866) _check_effective_sql_mode /usr/local/lib/python3.8/dist-packages/oslo_db/sqlalchemy/engines.py:314}}
Jun 15 10:06:26.456784 dv-cinder-830283-5-iscsi devstack@c-api.service[110866]: INFO cinder.api.openstack.wsgi [None req-28b9d657-213f-414b-8833-bc2fa4e07fcf admin admin] http://10.222.0.57/volume/v3/5ca5bc2dcee64d0eb4fea80b38a3107c/types returned with HTTP 200
Jun 15 10:06:26.458012 dv-cinder-830283-5-iscsi devstack@c-api.service[110866]: [pid: 110866|app: 0|req: 1/2] 10.222.0.57 () {60 vars in 1237 bytes} [Wed Jun 15 10:06:25 2022] POST /volume/v3/5ca5bc2dcee64d0eb4fea80b38a3107c/types => generated 186 bytes in 907 msecs (HTTP/1.1 200) 7 headers in 285 bytes (1 switches on core 0)
Jun 15 10:06:26.466490 dv-cinder-830283-5-iscsi devstack@c-api.service[110865]: DEBUG cinder.api.middleware.request_id [req-28b9d657-213f-414b-8833-bc2fa4e07fcf req-4deeb55b-9745-4f91-bb20-65c00ef07834 None None] RequestId filter calling following filter/app {{(pid=110865) _context_setter /opt/stack/cinder/cinder/api/middleware/request_id.py:62}}
Jun 15 10:06:27.166532 dv-cinder-830283-5-iscsi devstack@c-api.service[110865]: INFO cinder.api.openstack.wsgi [req-28b9d657-213f-414b-8833-bc2fa4e07fcf req-4deeb55b-9745-4f91-bb20-65c00ef07834 admin admin] POST http://10.222.0.57/volume/v3/5ca5bc2dcee64d0eb4fea80b38a3107c/types/eb60b1b9-ae57-4f11-bf83-a28a11ebd30f/extra_specs
Jun 15 10:06:27.167710 dv-cinder-830283-5-iscsi devstack@c-api.service[110865]: DEBUG cinder.api.openstack.wsgi [req-28b9d657-213f-414b-8833-bc2fa4e07fcf req-4deeb55b-9745-4f91-bb20-65c00ef07834 admin admin] Action: 'create', calling method: create, body: {"extra_specs": {"volume_backend_name": "lvmdriver-1"}} {{(pid=110865) _process_stack /opt/stack/cinder/cinder/api/openstack/wsgi.py:866}}
Jun 15 10:06:27.170439 dv-cinder-830283-5-iscsi devstack@c-api.service[110865]: /usr/local/lib/python3.8/dist-packages/oslo_context/context.py:100: DeprecationWarning: Policy enforcement is depending on the value of is_admin. This key is deprecated. Please update your policy file to use the standard policy values.
Jun 15 10:06:27.170439 dv-cinder-830283-5-iscsi devstack@c-api.service[110865]: warnings.warn('Policy enforcement is depending on the value of '
Jun 15 10:06:27.177939 dv-cinder-830283-5-iscsi devstack@c-api.service[110865]: DEBUG oslo_db.sqlalchemy.engines [req-28b9d657-213f-414b-8833-bc2fa4e07fcf req-4deeb55b-9745-4f91-bb20-65c00ef07834 admin admin] MySQL server mode set to STRICT_TRANS_TABLES,STRICT_ALL_TABLES,NO_ZERO_IN_DATE,NO_ZERO_DATE,ERROR_FOR_DIVISION_BY_ZERO,TRADITIONAL,NO_ENGINE_SUBSTITUTION {{(pid=110865) _check_effective_sql_mode /usr/local/lib/python3.8/dist-packages/oslo_db/sqlalchemy/engines.py:314}}
Jun 15 10:06:27.322899 dv-cinder-830283-5-iscsi devstack@c-api.service[110865]: INFO cinder.api.openstack.wsgi [req-28b9d657-213f-414b-8833-bc2fa4e07fcf req-4deeb55b-9745-4f91-bb20-65c00ef07834 admin admin] http://10.222.0.57/volume/v3/5ca5bc2dcee64d0eb4fea80b38a3107c/types/eb60b1b9-ae57-4f11-bf83-a28a11ebd30f/extra_specs returned with HTTP 200
Jun 15 10:06:27.329653 dv-cinder-830283-5-iscsi devstack@c-api.service[110865]: [pid: 110865|app: 0|req: 2/3] 10.222.0.57 () {62 vars in 1454 bytes} [Wed Jun 15 10:06:26 2022] POST /volume/v3/5ca5bc2dcee64d0eb4fea80b38a3107c/types/eb60b1b9-ae57-4f11-bf83-a28a11ebd30f/extra_specs => generated 55 bytes in 860 msecs (HTTP/1.1 200) 7 headers in 284 bytes (1 switches on core 0)
Jun 15 10:06:36.454675 dv-cinder-830283-5-iscsi devstack@c-api.service[110866]: DEBUG dbcounter [-] [110866] Writing DB stats cinder:SELECT=18,cinder:INSERT=1 {{(pid=110866) stat_writer /usr/local/lib/python3.8/dist-packages/dbcounter.py:114}}
Jun 15 10:06:37.318673 dv-cinder-830283-5-iscsi devstack@c-api.service[110865]: DEBUG dbcounter [-] [110865] Writing DB stats cinder:SELECT=25,cinder:INSERT=1 {{(pid=110865) stat_writer /usr/local/lib/python3.8/dist-packages/dbcounter.py:114}}
Jun 15 10:07:06.015088 dv-cinder-830283-5-iscsi devstack@c-api.service[110866]: DEBUG cinder.api.middleware.request_id [None req-9ae7edf5-fb30-4805-ac2b-e7b7db11d59b None None] RequestId filter calling following filter/app {{(pid=110866) _context_setter /opt/stack/cinder/cinder/api/middleware/request_id.py:62}}
Jun 15 10:07:06.016296 dv-cinder-830283-5-iscsi devstack@c-api.service[110866]: INFO cinder.api.openstack.wsgi [None req-9ae7edf5-fb30-4805-ac2b-e7b7db11d59b None None] GET http://10.222.0.57/volume//
Jun 15 10:07:06.016692 dv-cinder-830283-5-iscsi devstack@c-api.service[110866]: DEBUG cinder.api.openstack.wsgi [None req-9ae7edf5-fb30-4805-ac2b-e7b7db11d59b None None] Empty body provided in request {{(pid=110866) get_body /opt/stack/cinder/cinder/api/openstack/wsgi.py:715}}
Jun 15 10:07:06.017144 dv-cinder-830283-5-iscsi devstack@c-api.service[110866]: DEBUG cinder.api.openstack.wsgi [None req-9ae7edf5-fb30-4805-ac2b-e7b7db11d59b None None] Calling method 'all' {{(pid=110866) _process_stack /opt/stack/cinder/cinder/api/openstack/wsgi.py:868}}
Jun 15 10:07:06.018195 dv-cinder-830283-5-iscsi devstack@c-api.service[110866]: INFO cinder.api.openstack.wsgi [None req-9ae7edf5-fb30-4805-ac2b-e7b7db11d59b None None] http://10.222.0.57/volume// returned with HTTP 300
Jun 15 10:07:06.018800 dv-cinder-830283-5-iscsi devstack@c-api.service[110866]: [pid: 110866|app: 0|req: 2/4] 10.222.0.57 () {56 vars in 1098 bytes} [Wed Jun 15 10:07:06 2022] GET /volume/ => generated 386 bytes in 5 msecs (HTTP/1.1 300) 7 headers in 299 bytes (1 switches on core 0)
Jun 15 10:09:41.577303 dv-cinder-830283-5-iscsi devstack@c-api.service[110865]: DEBUG cinder.api.middleware.request_id [None req-bee05329-b79e-40d2-b444-bc4a2f07f82a None None] RequestId filter calling following filter/app {{(pid=110865) _context_setter /opt/stack/cinder/cinder/api/middleware/request_id.py:62}}
Jun 15 10:09:41.712090 dv-cinder-830283-5-iscsi devstack@c-api.service[110865]: INFO cinder.api.openstack.wsgi [None req-bee05329-b79e-40d2-b444-bc4a2f07f82a tempest-verify_tempest_config-1520243337 tempest-verify_tempest_config-1520243337-project] GET http://10.222.0.57/volume/v3/c52862da516047c0aa9f729a7638646b/extensions
Jun 15 10:09:41.712537 dv-cinder-830283-5-iscsi devstack@c-api.service[110865]: DEBUG cinder.api.openstack.wsgi [None req-bee05329-b79e-40d2-b444-bc4a2f07f82a tempest-verify_tempest_config-1520243337 tempest-verify_tempest_config-1520243337-project] Empty body provided in request {{(pid=110865) get_body /opt/stack/cinder/cinder/api/openstack/wsgi.py:715}}
Jun 15 10:09:41.712984 dv-cinder-830283-5-iscsi devstack@c-api.service[110865]: DEBUG cinder.api.openstack.wsgi [None req-bee05329-b79e-40d2-b444-bc4a2f07f82a tempest-verify_tempest_config-1520243337 tempest-verify_tempest_config-1520243337-project] Calling method 'index' {{(pid=110865) _process_stack /opt/stack/cinder/cinder/api/openstack/wsgi.py:868}}
Jun 15 10:09:41.713829 dv-cinder-830283-5-iscsi devstack@c-api.service[110865]: INFO cinder.api.openstack.wsgi [None req-bee05329-b79e-40d2-b444-bc4a2f07f82a tempest-verify_tempest_config-1520243337 tempest-verify_tempest_config-1520243337-project] http://10.222.0.57/volume/v3/c52862da516047c0aa9f729a7638646b/extensions returned with HTTP 200
Jun 15 10:09:41.714745 dv-cinder-830283-5-iscsi devstack@c-api.service[110865]: [pid: 110865|app: 0|req: 3/5] 10.222.0.57 () {58 vars in 1222 bytes} [Wed Jun 15 10:09:41 2022] GET /volume/v3/c52862da516047c0aa9f729a7638646b/extensions => generated 5245 bytes in 139 msecs (HTTP/1.1 200) 7 headers in 286 bytes (1 switches on core 0)
Jun 15 10:11:49.082036 dv-cinder-830283-5-iscsi devstack@c-api.service[110866]: DEBUG cinder.api.middleware.request_id [None req-7c13b27f-e7f8-4f75-9ece-14481f440749 None None] RequestId filter calling following filter/app {{(pid=110866) _context_setter /opt/stack/cinder/cinder/api/middleware/request_id.py:62}}
Jun 15 10:11:49.184001 dv-cinder-830283-5-iscsi devstack@c-api.service[110866]: INFO cinder.api.openstack.wsgi [None req-7c13b27f-e7f8-4f75-9ece-14481f440749 admin admin] GET http://10.222.0.57/volume/v3/5ca5bc2dcee64d0eb4fea80b38a3107c/os-services
Jun 15 10:11:49.184474 dv-cinder-830283-5-iscsi devstack@c-api.service[110866]: DEBUG cinder.api.openstack.wsgi [None req-7c13b27f-e7f8-4f75-9ece-14481f440749 admin admin] Empty body provided in request {{(pid=110866) get_body /opt/stack/cinder/cinder/api/openstack/wsgi.py:715}}
Jun 15 10:11:49.184928 dv-cinder-830283-5-iscsi devstack@c-api.service[110866]: DEBUG cinder.api.openstack.wsgi [None req-7c13b27f-e7f8-4f75-9ece-14481f440749 admin admin] Calling method 'index' {{(pid=110866) _process_stack /opt/stack/cinder/cinder/api/openstack/wsgi.py:868}}
Jun 15 10:11:49.193833 dv-cinder-830283-5-iscsi devstack@c-api.service[110866]: INFO cinder.api.openstack.wsgi [None req-7c13b27f-e7f8-4f75-9ece-14481f440749 admin admin] http://10.222.0.57/volume/v3/5ca5bc2dcee64d0eb4fea80b38a3107c/os-services returned with HTTP 200
Jun 15 10:11:49.194592 dv-cinder-830283-5-iscsi devstack@c-api.service[110866]: [pid: 110866|app: 0|req: 3/6] 10.222.0.57 () {56 vars in 1201 bytes} [Wed Jun 15 10:11:49 2022] GET /volume/v3/5ca5bc2dcee64d0eb4fea80b38a3107c/os-services => generated 642 bytes in 114 msecs (HTTP/1.1 200) 7 headers in 285 bytes (1 switches on core 0)
Jun 15 10:11:51.699035 dv-cinder-830283-5-iscsi devstack@c-api.service[110865]: DEBUG cinder.api.middleware.request_id [None req-23a24e2f-568e-4d8a-b29e-87f14871944c None None] RequestId filter calling following filter/app {{(pid=110865) _context_setter /opt/stack/cinder/cinder/api/middleware/request_id.py:62}}
Jun 15 10:11:51.752137 dv-cinder-830283-5-iscsi devstack@c-api.service[110865]: INFO cinder.api.openstack.wsgi [None req-23a24e2f-568e-4d8a-b29e-87f14871944c admin admin] GET http://10.222.0.57/volume/v3/5ca5bc2dcee64d0eb4fea80b38a3107c/os-services
Jun 15 10:11:51.752592 dv-cinder-830283-5-iscsi devstack@c-api.service[110865]: DEBUG cinder.api.openstack.wsgi [None req-23a24e2f-568e-4d8a-b29e-87f14871944c admin admin] Empty body provided in request {{(pid=110865) get_body /opt/stack/cinder/cinder/api/openstack/wsgi.py:715}}
Jun 15 10:11:51.753075 dv-cinder-830283-5-iscsi devstack@c-api.service[110865]: DEBUG cinder.api.openstack.wsgi [None req-23a24e2f-568e-4d8a-b29e-87f14871944c admin admin] Calling method 'index' {{(pid=110865) _process_stack /opt/stack/cinder/cinder/api/openstack/wsgi.py:868}}
Jun 15 10:11:51.762082 dv-cinder-830283-5-iscsi devstack@c-api.service[110865]: INFO cinder.api.openstack.wsgi [None req-23a24e2f-568e-4d8a-b29e-87f14871944c admin admin] http://10.222.0.57/volume/v3/5ca5bc2dcee64d0eb4fea80b38a3107c/os-services returned with HTTP 200
Jun 15 10:11:51.762821 dv-cinder-830283-5-iscsi devstack@c-api.service[110865]: [pid: 110865|app: 0|req: 4/7] 10.222.0.57 () {56 vars in 1201 bytes} [Wed Jun 15 10:11:51 2022] GET /volume/v3/5ca5bc2dcee64d0eb4fea80b38a3107c/os-services => generated 642 bytes in 65 msecs (HTTP/1.1 200) 7 headers in 285 bytes (1 switches on core 0)
Jun 15 10:11:59.189893 dv-cinder-830283-5-iscsi devstack@c-api.service[110866]: DEBUG dbcounter [-] [110866] Writing DB stats cinder:SELECT=2 {{(pid=110866) stat_writer /usr/local/lib/python3.8/dist-packages/dbcounter.py:114}}
Jun 15 10:12:01.757977 dv-cinder-830283-5-iscsi devstack@c-api.service[110865]: DEBUG dbcounter [-] [110865] Writing DB stats cinder:SELECT=2 {{(pid=110865) stat_writer /usr/local/lib/python3.8/dist-packages/dbcounter.py:114}}
Jun 15 10:13:24.749041 dv-cinder-830283-5-iscsi devstack@c-api.service[110866]: DEBUG cinder.api.middleware.request_id [req-5c4f51be-0d44-404c-a4d7-58769d12efe3 req-3ad2d955-622b-47a2-b8b2-7cbb9ba9cc1d None None] RequestId filter calling following filter/app {{(pid=110866) _context_setter /opt/stack/cinder/cinder/api/middleware/request_id.py:62}}
Jun 15 10:13:25.178062 dv-cinder-830283-5-iscsi devstack@c-api.service[110866]: WARNING keystonemiddleware.auth_token [req-5c4f51be-0d44-404c-a4d7-58769d12efe3 req-3ad2d955-622b-47a2-b8b2-7cbb9ba9cc1d None None] A valid token was submitted as a service token, but it was not a valid service token. This is incorrect but backwards compatible behaviour. This will be removed in future releases.
Jun 15 10:13:25.181204 dv-cinder-830283-5-iscsi devstack@c-api.service[110866]: INFO cinder.api.openstack.wsgi [req-5c4f51be-0d44-404c-a4d7-58769d12efe3 req-3ad2d955-622b-47a2-b8b2-7cbb9ba9cc1d tempest-VolumesNegativeTest-1948508575 tempest-VolumesNegativeTest-1948508575-project] DELETE http://10.222.0.57/volume/v3/752562516b8547a28e864d89892088d7/volumes/tempest-invalid-900082970
Jun 15 10:13:25.182165 dv-cinder-830283-5-iscsi devstack@c-api.service[110866]: DEBUG cinder.api.openstack.wsgi [req-5c4f51be-0d44-404c-a4d7-58769d12efe3 req-3ad2d955-622b-47a2-b8b2-7cbb9ba9cc1d tempest-VolumesNegativeTest-1948508575 tempest-VolumesNegativeTest-1948508575-project] Empty body provided in request {{(pid=110866) get_body /opt/stack/cinder/cinder/api/openstack/wsgi.py:715}}
Jun 15 10:13:25.182661 dv-cinder-830283-5-iscsi devstack@c-api.service[110866]: DEBUG cinder.api.openstack.wsgi [req-5c4f51be-0d44-404c-a4d7-58769d12efe3 req-3ad2d955-622b-47a2-b8b2-7cbb9ba9cc1d tempest-VolumesNegativeTest-1948508575 tempest-VolumesNegativeTest-1948508575-project] Calling method 'delete' {{(pid=110866) _process_stack /opt/stack/cinder/cinder/api/openstack/wsgi.py:868}}
Jun 15 10:13:25.183081 dv-cinder-830283-5-iscsi devstack@c-api.service[110866]: INFO cinder.api.v3.volumes [req-5c4f51be-0d44-404c-a4d7-58769d12efe3 req-3ad2d955-622b-47a2-b8b2-7cbb9ba9cc1d tempest-VolumesNegativeTest-1948508575 tempest-VolumesNegativeTest-1948508575-project] Delete volume with id: tempest-invalid-900082970
Jun 15 10:13:25.285221 dv-cinder-830283-5-iscsi devstack@c-api.service[110866]: INFO cinder.api.openstack.wsgi [req-5c4f51be-0d44-404c-a4d7-58769d12efe3 req-3ad2d955-622b-47a2-b8b2-7cbb9ba9cc1d tempest-VolumesNegativeTest-1948508575 tempest-VolumesNegativeTest-1948508575-project] http://10.222.0.57/volume/v3/752562516b8547a28e864d89892088d7/volumes/tempest-invalid-900082970 returned with HTTP 404
Jun 15 10:13:25.286603 dv-cinder-830283-5-iscsi devstack@c-api.service[110866]: [pid: 110866|app: 0|req: 4/8] 10.222.0.57 () {62 vars in 1567 bytes} [Wed Jun 15 10:13:24 2022] DELETE /volume/v3/752562516b8547a28e864d89892088d7/volumes/tempest-invalid-900082970 => generated 98 bytes in 539 msecs (HTTP/1.1 404) 7 headers in 291 bytes (1 switches on core 0)
Jun 15 10:13:25.344723 dv-cinder-830283-5-iscsi devstack@c-api.service[110865]: DEBUG cinder.api.middleware.request_id [req-636ab28d-b0b3-48e3-be90-1d7d4dd053fa req-4d99aeb5-5900-4fca-ac00-89a8900823d8 None None] RequestId filter calling following filter/app {{(pid=110865) _context_setter /opt/stack/cinder/cinder/api/middleware/request_id.py:62}}
Jun 15 10:13:25.346836 dv-cinder-830283-5-iscsi devstack@c-api.service[110865]: WARNING keystonemiddleware.auth_token [req-636ab28d-b0b3-48e3-be90-1d7d4dd053fa req-4d99aeb5-5900-4fca-ac00-89a8900823d8 None None] A valid token was submitted as a service token, but it was not a valid service token. This is incorrect but backwards compatible behaviour. This will be removed in future releases.
Jun 15 10:13:25.350399 dv-cinder-830283-5-iscsi devstack@c-api.service[110865]: INFO cinder.api.openstack.wsgi [req-636ab28d-b0b3-48e3-be90-1d7d4dd053fa req-4d99aeb5-5900-4fca-ac00-89a8900823d8 tempest-VolumesNegativeTest-1948508575 tempest-VolumesNegativeTest-1948508575-project] DELETE http://10.222.0.57/volume/v3/752562516b8547a28e864d89892088d7/volumes/fbbec252-28ab-4288-9d17-a720c0dbe1b6
Jun 15 10:13:25.350915 dv-cinder-830283-5-iscsi devstack@c-api.service[110865]: DEBUG cinder.api.openstack.wsgi [req-636ab28d-b0b3-48e3-be90-1d7d4dd053fa req-4d99aeb5-5900-4fca-ac00-89a8900823d8 tempest-VolumesNegativeTest-1948508575 tempest-VolumesNegativeTest-1948508575-project] Empty body provided in request {{(pid=110865) get_body /opt/stack/cinder/cinder/api/openstack/wsgi.py:715}}
Jun 15 10:13:25.352505 dv-cinder-830283-5-iscsi devstack@c-api.service[110865]: DEBUG cinder.api.openstack.wsgi [req-636ab28d-b0b3-48e3-be90-1d7d4dd053fa req-4d99aeb5-5900-4fca-ac00-89a8900823d8 tempest-VolumesNegativeTest-1948508575 tempest-VolumesNegativeTest-1948508575-project] Calling method 'delete' {{(pid=110865) _process_stack /opt/stack/cinder/cinder/api/openstack/wsgi.py:868}}
Jun 15 10:13:25.352939 dv-cinder-830283-5-iscsi devstack@c-api.service[110865]: INFO cinder.api.v3.volumes [req-636ab28d-b0b3-48e3-be90-1d7d4dd053fa req-4d99aeb5-5900-4fca-ac00-89a8900823d8 tempest-VolumesNegativeTest-1948508575 tempest-VolumesNegativeTest-1948508575-project] Delete volume with id: fbbec252-28ab-4288-9d17-a720c0dbe1b6
Jun 15 10:13:25.428944 dv-cinder-830283-5-iscsi devstack@c-api.service[110865]: INFO cinder.api.openstack.wsgi [req-636ab28d-b0b3-48e3-be90-1d7d4dd053fa req-4d99aeb5-5900-4fca-ac00-89a8900823d8 tempest-VolumesNegativeTest-1948508575 tempest-VolumesNegativeTest-1948508575-project] http://10.222.0.57/volume/v3/752562516b8547a28e864d89892088d7/volumes/fbbec252-28ab-4288-9d17-a720c0dbe1b6 returned with HTTP 404
Jun 15 10:13:25.430627 dv-cinder-830283-5-iscsi devstack@c-api.service[110865]: [pid: 110865|app: 0|req: 5/9] 10.222.0.57 () {62 vars in 1600 bytes} [Wed Jun 15 10:13:25 2022] DELETE /volume/v3/752562516b8547a28e864d89892088d7/volumes/fbbec252-28ab-4288-9d17-a720c0dbe1b6 => generated 109 bytes in 87 msecs (HTTP/1.1 404) 7 headers in 292 bytes (1 switches on core 0)
Jun 15 10:13:25.435504 dv-cinder-830283-5-iscsi devstack@c-api.service[110866]: DEBUG cinder.api.middleware.request_id [None req-320d3a4c-4364-4f82-a048-a283c1d16989 None None] RequestId filter calling following filter/app {{(pid=110866) _context_setter /opt/stack/cinder/cinder/api/middleware/request_id.py:62}}
Jun 15 10:13:25.484458 dv-cinder-830283-5-iscsi devstack@c-api.service[110865]: DEBUG cinder.api.middleware.request_id [req-3a537cbc-7897-4e71-ba4f-12c5b741ba36 req-233f899d-fdde-4896-8970-d7465dbdd886 None None] RequestId filter calling following filter/app {{(pid=110865) _context_setter /opt/stack/cinder/cinder/api/middleware/request_id.py:62}}
Jun 15 10:13:25.530723 dv-cinder-830283-5-iscsi devstack@c-api.service[110866]: INFO cinder.api.openstack.wsgi [None req-320d3a4c-4364-4f82-a048-a283c1d16989 tempest-GroupsTest-471903510 tempest-GroupsTest-471903510-project-admin] POST http://10.222.0.57/volume/v3/cb4adc7736ff462e92b5f58417f0be76/types
Jun 15 10:13:25.531461 dv-cinder-830283-5-iscsi devstack@c-api.service[110866]: DEBUG cinder.api.openstack.wsgi [None req-320d3a4c-4364-4f82-a048-a283c1d16989 tempest-GroupsTest-471903510 tempest-GroupsTest-471903510-project-admin] Action: 'create', calling method: _create, body: {"volume_type": {"name": "tempest-GroupsTest-volume-type-1346457850"}} {{(pid=110866) _process_stack /opt/stack/cinder/cinder/api/openstack/wsgi.py:866}}
Jun 15 10:13:25.573190 dv-cinder-830283-5-iscsi devstack@c-api.service[110866]: INFO cinder.api.openstack.wsgi [None req-320d3a4c-4364-4f82-a048-a283c1d16989 tempest-GroupsTest-471903510 tempest-GroupsTest-471903510-project-admin] http://10.222.0.57/volume/v3/cb4adc7736ff462e92b5f58417f0be76/types returned with HTTP 200
Jun 15 10:13:25.581384 dv-cinder-830283-5-iscsi devstack@c-api.service[110866]: [pid: 110866|app: 0|req: 5/10] 10.222.0.57 () {60 vars in 1228 bytes} [Wed Jun 15 10:13:25 2022] POST /volume/v3/cb4adc7736ff462e92b5f58417f0be76/types => generated 216 bytes in 147 msecs (HTTP/1.1 200) 7 headers in 285 bytes (1 switches on core 0)
Jun 15 10:13:25.585763 dv-cinder-830283-5-iscsi devstack@c-api.service[110866]: DEBUG cinder.api.middleware.request_id [req-58014a7d-3e3a-4630-afdd-0e33edf913d4 req-1ddc4091-4a9a-4af1-bc8a-cecada13a9a9 None None] RequestId filter calling following filter/app {{(pid=110866) _context_setter /opt/stack/cinder/cinder/api/middleware/request_id.py:62}}
Jun 15 10:13:25.594838 dv-cinder-830283-5-iscsi devstack@c-api.service[110866]: INFO cinder.api.openstack.wsgi [req-58014a7d-3e3a-4630-afdd-0e33edf913d4 req-1ddc4091-4a9a-4af1-bc8a-cecada13a9a9 tempest-VolumesSnapshotsTestJSON-580051365 tempest-VolumesSnapshotsTestJSON-580051365-project] POST http://10.222.0.57/volume/v3/4e925f49443949868110949ae44c4240/volumes
Jun 15 10:13:25.595568 dv-cinder-830283-5-iscsi devstack@c-api.service[110866]: DEBUG cinder.api.openstack.wsgi [req-58014a7d-3e3a-4630-afdd-0e33edf913d4 req-1ddc4091-4a9a-4af1-bc8a-cecada13a9a9 tempest-VolumesSnapshotsTestJSON-580051365 tempest-VolumesSnapshotsTestJSON-580051365-project] Action: 'create', calling method: create, body: {"volume": {"size": 1, "consistencygroup_id": null, "snapshot_id": null, "name": "tempest-VolumesSnapshotsTestJSON-volume-864967625", "description": null, "volume_type": null, "availability_zone": null, "metadata": {}, "imageRef": null, "source_volid": null, "backup_id": null}} {{(pid=110866) _process_stack /opt/stack/cinder/cinder/api/openstack/wsgi.py:866}}
Jun 15 10:13:25.600574 dv-cinder-830283-5-iscsi devstack@c-api.service[110866]: DEBUG cinder.api.v3.volumes [req-58014a7d-3e3a-4630-afdd-0e33edf913d4 req-1ddc4091-4a9a-4af1-bc8a-cecada13a9a9 tempest-VolumesSnapshotsTestJSON-580051365 tempest-VolumesSnapshotsTestJSON-580051365-project] Create volume request body: {'volume': {'size': 1, 'consistencygroup_id': None, 'snapshot_id': None, 'name': 'tempest-VolumesSnapshotsTestJSON-volume-864967625', 'description': None, 'volume_type': None, 'availability_zone': None, 'metadata': {}, 'imageRef': None, 'source_volid': None, 'backup_id': None}} {{(pid=110866) create /opt/stack/cinder/cinder/api/v3/volumes.py:298}}
Jun 15 10:13:25.604130 dv-cinder-830283-5-iscsi devstack@c-api.service[110866]: INFO cinder.api.v3.volumes [req-58014a7d-3e3a-4630-afdd-0e33edf913d4 req-1ddc4091-4a9a-4af1-bc8a-cecada13a9a9 tempest-VolumesSnapshotsTestJSON-580051365 tempest-VolumesSnapshotsTestJSON-580051365-project] Create volume of 1 GB
Jun 15 10:13:25.635419 dv-cinder-830283-5-iscsi devstack@c-api.service[110866]: DEBUG cinder.volume.api [req-58014a7d-3e3a-4630-afdd-0e33edf913d4 req-1ddc4091-4a9a-4af1-bc8a-cecada13a9a9 tempest-VolumesSnapshotsTestJSON-580051365 tempest-VolumesSnapshotsTestJSON-580051365-project] Availability zone cache updated, next update will occur around 2022-06-15 11:13:25.633497. {{(pid=110866) list_availability_zones /opt/stack/cinder/cinder/volume/api.py:153}}
Jun 15 10:13:25.636093 dv-cinder-830283-5-iscsi devstack@c-api.service[110866]: INFO cinder.volume.api [req-58014a7d-3e3a-4630-afdd-0e33edf913d4 req-1ddc4091-4a9a-4af1-bc8a-cecada13a9a9 tempest-VolumesSnapshotsTestJSON-580051365 tempest-VolumesSnapshotsTestJSON-580051365-project] Availability Zones retrieved successfully.
Jun 15 10:13:25.651489 dv-cinder-830283-5-iscsi devstack@c-api.service[110865]: INFO cinder.api.openstack.wsgi [req-3a537cbc-7897-4e71-ba4f-12c5b741ba36 req-233f899d-fdde-4896-8970-d7465dbdd886 tempest-VolumesGetTestJSON-771167219 tempest-VolumesGetTestJSON-771167219-project] POST http://10.222.0.57/volume/v3/57780554d7a24aa499407bdc6a214405/volumes
Jun 15 10:13:25.652275 dv-cinder-830283-5-iscsi devstack@c-api.service[110865]: DEBUG cinder.api.openstack.wsgi [req-3a537cbc-7897-4e71-ba4f-12c5b741ba36 req-233f899d-fdde-4896-8970-d7465dbdd886 tempest-VolumesGetTestJSON-771167219 tempest-VolumesGetTestJSON-771167219-project] Action: 'create', calling method: create, body: {"volume": {"size": 1, "consistencygroup_id": null, "snapshot_id": null, "name": "tempest-VolumesGetTestJSON-Volume-1140734410", "description": null, "volume_type": null, "availability_zone": null, "metadata": {"Type": "work"}, "imageRef": null, "source_volid": null, "backup_id": null}} {{(pid=110865) _process_stack /opt/stack/cinder/cinder/api/openstack/wsgi.py:866}}
Jun 15 10:13:25.655187 dv-cinder-830283-5-iscsi devstack@c-api.service[110865]: DEBUG cinder.api.v3.volumes [req-3a537cbc-7897-4e71-ba4f-12c5b741ba36 req-233f899d-fdde-4896-8970-d7465dbdd886 tempest-VolumesGetTestJSON-771167219 tempest-VolumesGetTestJSON-771167219-project] Create volume request body: {'volume': {'size': 1, 'consistencygroup_id': None, 'snapshot_id': None, 'name': 'tempest-VolumesGetTestJSON-Volume-1140734410', 'description': None, 'volume_type': None, 'availability_zone': None, 'metadata': {'Type': 'work'}, 'imageRef': None, 'source_volid': None, 'backup_id': None}} {{(pid=110865) create /opt/stack/cinder/cinder/api/v3/volumes.py:298}}
Jun 15 10:13:25.655981 dv-cinder-830283-5-iscsi devstack@c-api.service[110865]: INFO cinder.api.v3.volumes [req-3a537cbc-7897-4e71-ba4f-12c5b741ba36 req-233f899d-fdde-4896-8970-d7465dbdd886 tempest-VolumesGetTestJSON-771167219 tempest-VolumesGetTestJSON-771167219-project] Create volume of 1 GB
Jun 15 10:13:25.681990 dv-cinder-830283-5-iscsi devstack@c-api.service[110865]: DEBUG cinder.volume.api [req-3a537cbc-7897-4e71-ba4f-12c5b741ba36 req-233f899d-fdde-4896-8970-d7465dbdd886 tempest-VolumesGetTestJSON-771167219 tempest-VolumesGetTestJSON-771167219-project] Availability zone cache updated, next update will occur around 2022-06-15 11:13:25.681171. {{(pid=110865) list_availability_zones /opt/stack/cinder/cinder/volume/api.py:153}}
Jun 15 10:13:25.682487 dv-cinder-830283-5-iscsi devstack@c-api.service[110865]: INFO cinder.volume.api [req-3a537cbc-7897-4e71-ba4f-12c5b741ba36 req-233f899d-fdde-4896-8970-d7465dbdd886 tempest-VolumesGetTestJSON-771167219 tempest-VolumesGetTestJSON-771167219-project] Availability Zones retrieved successfully.
Jun 15 10:13:25.730719 dv-cinder-830283-5-iscsi devstack@c-api.service[110865]: DEBUG cinder.volume.api [req-3a537cbc-7897-4e71-ba4f-12c5b741ba36 req-233f899d-fdde-4896-8970-d7465dbdd886 tempest-VolumesGetTestJSON-771167219 tempest-VolumesGetTestJSON-771167219-project] Flow 'volume_create_api' (972aef6c-900b-4c65-a9cf-10f5a9fc255e) transitioned into state 'RUNNING' from state 'PENDING' {{(pid=110865) _flow_receiver /usr/local/lib/python3.8/dist-packages/taskflow/listeners/logging.py:141}}
Jun 15 10:13:25.731088 dv-cinder-830283-5-iscsi devstack@c-api.service[110866]: DEBUG cinder.volume.api [req-58014a7d-3e3a-4630-afdd-0e33edf913d4 req-1ddc4091-4a9a-4af1-bc8a-cecada13a9a9 tempest-VolumesSnapshotsTestJSON-580051365 tempest-VolumesSnapshotsTestJSON-580051365-project] Flow 'volume_create_api' (4eb61cb2-da4f-4039-aa1c-caa510f452b1) transitioned into state 'RUNNING' from state 'PENDING' {{(pid=110866) _flow_receiver /usr/local/lib/python3.8/dist-packages/taskflow/listeners/logging.py:141}}
Jun 15 10:13:25.733784 dv-cinder-830283-5-iscsi devstack@c-api.service[110866]: DEBUG cinder.volume.api [req-58014a7d-3e3a-4630-afdd-0e33edf913d4 req-1ddc4091-4a9a-4af1-bc8a-cecada13a9a9 tempest-VolumesSnapshotsTestJSON-580051365 tempest-VolumesSnapshotsTestJSON-580051365-project] Task 'cinder.volume.flows.api.create_volume.ExtractVolumeRequestTask;volume:create' (39327802-3f40-4f09-bd08-3fe899469453) transitioned into state 'RUNNING' from state 'PENDING' {{(pid=110866) _task_receiver /usr/local/lib/python3.8/dist-packages/taskflow/listeners/logging.py:190}}
Jun 15 10:13:25.736011 dv-cinder-830283-5-iscsi devstack@c-api.service[110865]: DEBUG cinder.volume.api [req-3a537cbc-7897-4e71-ba4f-12c5b741ba36 req-233f899d-fdde-4896-8970-d7465dbdd886 tempest-VolumesGetTestJSON-771167219 tempest-VolumesGetTestJSON-771167219-project] Task 'cinder.volume.flows.api.create_volume.ExtractVolumeRequestTask;volume:create' (525b393b-e604-4776-93ba-6c1865cf210e) transitioned into state 'RUNNING' from state 'PENDING' {{(pid=110865) _task_receiver /usr/local/lib/python3.8/dist-packages/taskflow/listeners/logging.py:190}}
Jun 15 10:13:25.739086 dv-cinder-830283-5-iscsi devstack@c-api.service[110865]: DEBUG cinder.volume.flows.api.create_volume [req-3a537cbc-7897-4e71-ba4f-12c5b741ba36 req-233f899d-fdde-4896-8970-d7465dbdd886 tempest-VolumesGetTestJSON-771167219 tempest-VolumesGetTestJSON-771167219-project] Validating volume size '1' using validate_int {{(pid=110865) _extract_size /opt/stack/cinder/cinder/volume/flows/api/create_volume.py:228}}
Jun 15 10:13:25.750282 dv-cinder-830283-5-iscsi devstack@c-api.service[110866]: DEBUG cinder.volume.flows.api.create_volume [req-58014a7d-3e3a-4630-afdd-0e33edf913d4 req-1ddc4091-4a9a-4af1-bc8a-cecada13a9a9 tempest-VolumesSnapshotsTestJSON-580051365 tempest-VolumesSnapshotsTestJSON-580051365-project] Validating volume size '1' using validate_int {{(pid=110866) _extract_size /opt/stack/cinder/cinder/volume/flows/api/create_volume.py:228}}
Jun 15 10:13:25.845083 dv-cinder-830283-5-iscsi devstack@c-api.service[110865]: DEBUG cinder.volume.api [req-3a537cbc-7897-4e71-ba4f-12c5b741ba36 req-233f899d-fdde-4896-8970-d7465dbdd886 tempest-VolumesGetTestJSON-771167219 tempest-VolumesGetTestJSON-771167219-project] Task 'cinder.volume.flows.api.create_volume.ExtractVolumeRequestTask;volume:create' (525b393b-e604-4776-93ba-6c1865cf210e) transitioned into state 'SUCCESS' from state 'RUNNING' with result '{'size': 1, 'snapshot_id': None, 'source_volid': None, 'volume_type': VolumeType(created_at=2022-06-15T10:03:41Z,deleted=False,deleted_at=None,description='Default Volume Type',extra_specs={},id=945541d8-fc66-41d5-8c41-799f9bbfac4d,is_public=True,name='__DEFAULT__',projects=[],qos_specs=,qos_specs_id=None,updated_at=2022-06-15T10:03:41Z), 'volume_type_id': '945541d8-fc66-41d5-8c41-799f9bbfac4d', 'encryption_key_id': None, 'qos_specs': None, 'consistencygroup_id': None, 'cgsnapshot_id': None, 'group_id': None, 'replication_status': 'disabled', 'refresh_az': False, 'backup_id': None, 'multiattach': False, 'availability_zones': ['nova']}' {{(pid=110865) _task_receiver /usr/local/lib/python3.8/dist-packages/taskflow/listeners/logging.py:178}}
Jun 15 10:13:25.847861 dv-cinder-830283-5-iscsi devstack@c-api.service[110865]: DEBUG cinder.volume.api [req-3a537cbc-7897-4e71-ba4f-12c5b741ba36 req-233f899d-fdde-4896-8970-d7465dbdd886 tempest-VolumesGetTestJSON-771167219 tempest-VolumesGetTestJSON-771167219-project] Task 'cinder.volume.flows.api.create_volume.QuotaReserveTask;volume:create' (2843c75c-906b-42ef-8656-95d4199567e7) transitioned into state 'RUNNING' from state 'PENDING' {{(pid=110865) _task_receiver /usr/local/lib/python3.8/dist-packages/taskflow/listeners/logging.py:190}}
Jun 15 10:13:25.926511 dv-cinder-830283-5-iscsi devstack@c-api.service[110865]: WARNING cinder.quota [req-3a537cbc-7897-4e71-ba4f-12c5b741ba36 req-233f899d-fdde-4896-8970-d7465dbdd886 tempest-VolumesGetTestJSON-771167219 tempest-VolumesGetTestJSON-771167219-project] Deprecated: Default quota for resource: volumes___DEFAULT__ is set by the default quota flag: quota_volumes___DEFAULT__, it is now deprecated. Please use the default quota class for default quota.
Jun 15 10:13:25.927639 dv-cinder-830283-5-iscsi devstack@c-api.service[110865]: WARNING cinder.quota [req-3a537cbc-7897-4e71-ba4f-12c5b741ba36 req-233f899d-fdde-4896-8970-d7465dbdd886 tempest-VolumesGetTestJSON-771167219 tempest-VolumesGetTestJSON-771167219-project] Deprecated: Default quota for resource: gigabytes___DEFAULT__ is set by the default quota flag: quota_gigabytes___DEFAULT__, it is now deprecated. Please use the default quota class for default quota.
Jun 15 10:13:25.929428 dv-cinder-830283-5-iscsi devstack@c-api.service[110866]: DEBUG cinder.volume.api [req-58014a7d-3e3a-4630-afdd-0e33edf913d4 req-1ddc4091-4a9a-4af1-bc8a-cecada13a9a9 tempest-VolumesSnapshotsTestJSON-580051365 tempest-VolumesSnapshotsTestJSON-580051365-project] Task 'cinder.volume.flows.api.create_volume.ExtractVolumeRequestTask;volume:create' (39327802-3f40-4f09-bd08-3fe899469453) transitioned into state 'SUCCESS' from state 'RUNNING' with result '{'size': 1, 'snapshot_id': None, 'source_volid': None, 'volume_type': VolumeType(created_at=2022-06-15T10:03:41Z,deleted=False,deleted_at=None,description='Default Volume Type',extra_specs={},id=945541d8-fc66-41d5-8c41-799f9bbfac4d,is_public=True,name='__DEFAULT__',projects=[],qos_specs=,qos_specs_id=None,updated_at=2022-06-15T10:03:41Z), 'volume_type_id': '945541d8-fc66-41d5-8c41-799f9bbfac4d', 'encryption_key_id': None, 'qos_specs': None, 'consistencygroup_id': None, 'cgsnapshot_id': None, 'group_id': None, 'replication_status': 'disabled', 'refresh_az': False, 'backup_id': None, 'multiattach': False, 'availability_zones': ['nova']}' {{(pid=110866) _task_receiver /usr/local/lib/python3.8/dist-packages/taskflow/listeners/logging.py:178}}
Jun 15 10:13:25.931638 dv-cinder-830283-5-iscsi devstack@c-api.service[110866]: DEBUG cinder.volume.api [req-58014a7d-3e3a-4630-afdd-0e33edf913d4 req-1ddc4091-4a9a-4af1-bc8a-cecada13a9a9 tempest-VolumesSnapshotsTestJSON-580051365 tempest-VolumesSnapshotsTestJSON-580051365-project] Task 'cinder.volume.flows.api.create_volume.QuotaReserveTask;volume:create' (f0e257c4-ddc2-4d54-b809-e9492733b873) transitioned into state 'RUNNING' from state 'PENDING' {{(pid=110866) _task_receiver /usr/local/lib/python3.8/dist-packages/taskflow/listeners/logging.py:190}}
Jun 15 10:13:26.064034 dv-cinder-830283-5-iscsi devstack@c-api.service[110866]: WARNING cinder.quota [req-58014a7d-3e3a-4630-afdd-0e33edf913d4 req-1ddc4091-4a9a-4af1-bc8a-cecada13a9a9 tempest-VolumesSnapshotsTestJSON-580051365 tempest-VolumesSnapshotsTestJSON-580051365-project] Deprecated: Default quota for resource: volumes___DEFAULT__ is set by the default quota flag: quota_volumes___DEFAULT__, it is now deprecated. Please use the default quota class for default quota.
Jun 15 10:13:26.064812 dv-cinder-830283-5-iscsi devstack@c-api.service[110866]: WARNING cinder.quota [req-58014a7d-3e3a-4630-afdd-0e33edf913d4 req-1ddc4091-4a9a-4af1-bc8a-cecada13a9a9 tempest-VolumesSnapshotsTestJSON-580051365 tempest-VolumesSnapshotsTestJSON-580051365-project] Deprecated: Default quota for resource: gigabytes___DEFAULT__ is set by the default quota flag: quota_gigabytes___DEFAULT__, it is now deprecated. Please use the default quota class for default quota.
Jun 15 10:13:26.087793 dv-cinder-830283-5-iscsi devstack@c-api.service[110865]: DEBUG cinder.quota [req-3a537cbc-7897-4e71-ba4f-12c5b741ba36 req-233f899d-fdde-4896-8970-d7465dbdd886 tempest-VolumesGetTestJSON-771167219 tempest-VolumesGetTestJSON-771167219-project] Created reservations ['e599085f-0206-44f5-8808-14c247872aa4', 'beccbeca-982a-470a-98d8-4be81480bfb5', '7b47ddb4-e94b-42a0-8e82-2a2a9f980b0a', '9c589a28-71e5-4326-999d-0f47d939a797'] {{(pid=110865) reserve /opt/stack/cinder/cinder/quota.py:755}}
Jun 15 10:13:26.089720 dv-cinder-830283-5-iscsi devstack@c-api.service[110865]: DEBUG cinder.volume.api [req-3a537cbc-7897-4e71-ba4f-12c5b741ba36 req-233f899d-fdde-4896-8970-d7465dbdd886 tempest-VolumesGetTestJSON-771167219 tempest-VolumesGetTestJSON-771167219-project] Task 'cinder.volume.flows.api.create_volume.QuotaReserveTask;volume:create' (2843c75c-906b-42ef-8656-95d4199567e7) transitioned into state 'SUCCESS' from state 'RUNNING' with result '{'reservations': ['e599085f-0206-44f5-8808-14c247872aa4', 'beccbeca-982a-470a-98d8-4be81480bfb5', '7b47ddb4-e94b-42a0-8e82-2a2a9f980b0a', '9c589a28-71e5-4326-999d-0f47d939a797']}' {{(pid=110865) _task_receiver /usr/local/lib/python3.8/dist-packages/taskflow/listeners/logging.py:178}}
Jun 15 10:13:26.091952 dv-cinder-830283-5-iscsi devstack@c-api.service[110865]: DEBUG cinder.volume.api [req-3a537cbc-7897-4e71-ba4f-12c5b741ba36 req-233f899d-fdde-4896-8970-d7465dbdd886 tempest-VolumesGetTestJSON-771167219 tempest-VolumesGetTestJSON-771167219-project] Task 'cinder.volume.flows.api.create_volume.EntryCreateTask;volume:create' (5a240705-e298-4943-8d86-e570e2487dc9) transitioned into state 'RUNNING' from state 'PENDING' {{(pid=110865) _task_receiver /usr/local/lib/python3.8/dist-packages/taskflow/listeners/logging.py:190}}
Jun 15 10:13:26.171954 dv-cinder-830283-5-iscsi devstack@c-api.service[110865]: DEBUG cinder.volume.api [req-3a537cbc-7897-4e71-ba4f-12c5b741ba36 req-233f899d-fdde-4896-8970-d7465dbdd886 tempest-VolumesGetTestJSON-771167219 tempest-VolumesGetTestJSON-771167219-project] Task 'cinder.volume.flows.api.create_volume.EntryCreateTask;volume:create' (5a240705-e298-4943-8d86-e570e2487dc9) transitioned into state 'SUCCESS' from state 'RUNNING' with result '{'volume_id': '532e3231-cf0d-40a9-853c-4bb5db64f708', 'volume_properties': VolumeProperties(attach_status='detached',availability_zone='nova',cgsnapshot_id=None,consistencygroup_id=None,display_description=None,display_name='tempest-VolumesGetTestJSON-Volume-1140734410',encryption_key_id=None,group_id=None,group_type_id=,metadata={Type='work'},multiattach=False,project_id='57780554d7a24aa499407bdc6a214405',qos_specs=None,replication_status=,reservations=['e599085f-0206-44f5-8808-14c247872aa4','beccbeca-982a-470a-98d8-4be81480bfb5','7b47ddb4-e94b-42a0-8e82-2a2a9f980b0a','9c589a28-71e5-4326-999d-0f47d939a797'],size=1,snapshot_id=None,source_replicaid=,source_volid=None,status='creating',user_id='08df9f76f97e4ab2b789487f16f70182',volume_type_id=945541d8-fc66-41d5-8c41-799f9bbfac4d), 'volume': Volume(_name_id=None,admin_metadata=,attach_status='detached',availability_zone='nova',bootable=False,cluster=,cluster_name=None,consistencygroup=,consistencygroup_id=None,created_at=2022-06-15T10:13:26Z,deleted=False,deleted_at=None,display_description=None,display_name='tempest-VolumesGetTestJSON-Volume-1140734410',ec2_id=None,encryption_key_id=None,glance_metadata=,group=,group_id=None,host=None,id=532e3231-cf0d-40a9-853c-4bb5db64f708,launched_at=None,metadata={Type='work'},migration_status=None,multiattach=False,previous_status=None,project_id='57780554d7a24aa499407bdc6a214405',provider_auth=None,provider_geometry=None,provider_id=None,provider_location=None,replication_driver_data=None,replication_extended_status=None,replication_status=None,scheduled_at=None,service_uuid=None,shared_targets=True,size=1,snapshot_id=None,snapshots=,source_volid=None,status='creating',terminated_at=None,updated_at=None,use_quota=True,user_id='08df9f76f97e4ab2b789487f16f70182',volume_attachment=VolumeAttachmentList,volume_type=VolumeType(945541d8-fc66-41d5-8c41-799f9bbfac4d),volume_type_id=945541d8-fc66-41d5-8c41-799f9bbfac4d)}' {{(pid=110865) _task_receiver /usr/local/lib/python3.8/dist-packages/taskflow/listeners/logging.py:178}}
Jun 15 10:13:26.172669 dv-cinder-830283-5-iscsi devstack@c-api.service[110866]: DEBUG cinder.quota [req-58014a7d-3e3a-4630-afdd-0e33edf913d4 req-1ddc4091-4a9a-4af1-bc8a-cecada13a9a9 tempest-VolumesSnapshotsTestJSON-580051365 tempest-VolumesSnapshotsTestJSON-580051365-project] Created reservations ['56e2aed4-8bf9-4947-bb0e-984799bce81d', 'd5ae9d9f-a033-4407-9a2c-9f8c7d7cfcf2', '9db386e2-8e4a-4023-af33-feda73e33192', 'bd710b47-3dcf-4645-9d2f-930bba648b1d'] {{(pid=110866) reserve /opt/stack/cinder/cinder/quota.py:755}}
Jun 15 10:13:26.174848 dv-cinder-830283-5-iscsi devstack@c-api.service[110865]: DEBUG cinder.volume.api [req-3a537cbc-7897-4e71-ba4f-12c5b741ba36 req-233f899d-fdde-4896-8970-d7465dbdd886 tempest-VolumesGetTestJSON-771167219 tempest-VolumesGetTestJSON-771167219-project] Task 'cinder.volume.flows.api.create_volume.QuotaCommitTask;volume:create' (bd2ed1dc-aa68-4ba2-92df-0ba062de2bfe) transitioned into state 'RUNNING' from state 'PENDING' {{(pid=110865) _task_receiver /usr/local/lib/python3.8/dist-packages/taskflow/listeners/logging.py:190}}
Jun 15 10:13:26.175005 dv-cinder-830283-5-iscsi devstack@c-api.service[110866]: DEBUG cinder.volume.api [req-58014a7d-3e3a-4630-afdd-0e33edf913d4 req-1ddc4091-4a9a-4af1-bc8a-cecada13a9a9 tempest-VolumesSnapshotsTestJSON-580051365 tempest-VolumesSnapshotsTestJSON-580051365-project] Task 'cinder.volume.flows.api.create_volume.QuotaReserveTask;volume:create' (f0e257c4-ddc2-4d54-b809-e9492733b873) transitioned into state 'SUCCESS' from state 'RUNNING' with result '{'reservations': ['56e2aed4-8bf9-4947-bb0e-984799bce81d', 'd5ae9d9f-a033-4407-9a2c-9f8c7d7cfcf2', '9db386e2-8e4a-4023-af33-feda73e33192', 'bd710b47-3dcf-4645-9d2f-930bba648b1d']}' {{(pid=110866) _task_receiver /usr/local/lib/python3.8/dist-packages/taskflow/listeners/logging.py:178}}
Jun 15 10:13:26.178862 dv-cinder-830283-5-iscsi devstack@c-api.service[110866]: DEBUG cinder.volume.api [req-58014a7d-3e3a-4630-afdd-0e33edf913d4 req-1ddc4091-4a9a-4af1-bc8a-cecada13a9a9 tempest-VolumesSnapshotsTestJSON-580051365 tempest-VolumesSnapshotsTestJSON-580051365-project] Task 'cinder.volume.flows.api.create_volume.EntryCreateTask;volume:create' (8cdc7089-d7c5-40e9-b603-1d48752dabbd) transitioned into state 'RUNNING' from state 'PENDING' {{(pid=110866) _task_receiver /usr/local/lib/python3.8/dist-packages/taskflow/listeners/logging.py:190}}
Jun 15 10:13:26.222207 dv-cinder-830283-5-iscsi devstack@c-api.service[110866]: DEBUG cinder.volume.api [req-58014a7d-3e3a-4630-afdd-0e33edf913d4 req-1ddc4091-4a9a-4af1-bc8a-cecada13a9a9 tempest-VolumesSnapshotsTestJSON-580051365 tempest-VolumesSnapshotsTestJSON-580051365-project] Task 'cinder.volume.flows.api.create_volume.EntryCreateTask;volume:create' (8cdc7089-d7c5-40e9-b603-1d48752dabbd) transitioned into state 'SUCCESS' from state 'RUNNING' with result '{'volume_id': '37923664-7570-4ac2-a4b4-e7994aef6b9e', 'volume_properties': VolumeProperties(attach_status='detached',availability_zone='nova',cgsnapshot_id=None,consistencygroup_id=None,display_description=None,display_name='tempest-VolumesSnapshotsTestJSON-volume-864967625',encryption_key_id=None,group_id=None,group_type_id=,metadata={},multiattach=False,project_id='4e925f49443949868110949ae44c4240',qos_specs=None,replication_status=,reservations=['56e2aed4-8bf9-4947-bb0e-984799bce81d','d5ae9d9f-a033-4407-9a2c-9f8c7d7cfcf2','9db386e2-8e4a-4023-af33-feda73e33192','bd710b47-3dcf-4645-9d2f-930bba648b1d'],size=1,snapshot_id=None,source_replicaid=,source_volid=None,status='creating',user_id='78d1fc46c75b46898328b86ff5ed79bd',volume_type_id=945541d8-fc66-41d5-8c41-799f9bbfac4d), 'volume': Volume(_name_id=None,admin_metadata=,attach_status='detached',availability_zone='nova',bootable=False,cluster=,cluster_name=None,consistencygroup=,consistencygroup_id=None,created_at=2022-06-15T10:13:26Z,deleted=False,deleted_at=None,display_description=None,display_name='tempest-VolumesSnapshotsTestJSON-volume-864967625',ec2_id=None,encryption_key_id=None,glance_metadata=,group=,group_id=None,host=None,id=37923664-7570-4ac2-a4b4-e7994aef6b9e,launched_at=None,metadata={},migration_status=None,multiattach=False,previous_status=None,project_id='4e925f49443949868110949ae44c4240',provider_auth=None,provider_geometry=None,provider_id=None,provider_location=None,replication_driver_data=None,replication_extended_status=None,replication_status=None,scheduled_at=None,service_uuid=None,shared_targets=True,size=1,snapshot_id=None,snapshots=,source_volid=None,status='creating',terminated_at=None,updated_at=None,use_quota=True,user_id='78d1fc46c75b46898328b86ff5ed79bd',volume_attachment=VolumeAttachmentList,volume_type=VolumeType(945541d8-fc66-41d5-8c41-799f9bbfac4d),volume_type_id=945541d8-fc66-41d5-8c41-799f9bbfac4d)}' {{(pid=110866) _task_receiver /usr/local/lib/python3.8/dist-packages/taskflow/listeners/logging.py:178}}
Jun 15 10:13:26.228436 dv-cinder-830283-5-iscsi devstack@c-api.service[110866]: DEBUG cinder.volume.api [req-58014a7d-3e3a-4630-afdd-0e33edf913d4 req-1ddc4091-4a9a-4af1-bc8a-cecada13a9a9 tempest-VolumesSnapshotsTestJSON-580051365 tempest-VolumesSnapshotsTestJSON-580051365-project] Task 'cinder.volume.flows.api.create_volume.QuotaCommitTask;volume:create' (68882dfa-8fbf-4f8c-a6f5-641a347401ad) transitioned into state 'RUNNING' from state 'PENDING' {{(pid=110866) _task_receiver /usr/local/lib/python3.8/dist-packages/taskflow/listeners/logging.py:190}}
Jun 15 10:13:26.435985 dv-cinder-830283-5-iscsi devstack@c-api.service[110865]: DEBUG cinder.volume.api [req-3a537cbc-7897-4e71-ba4f-12c5b741ba36 req-233f899d-fdde-4896-8970-d7465dbdd886 tempest-VolumesGetTestJSON-771167219 tempest-VolumesGetTestJSON-771167219-project] Task 'cinder.volume.flows.api.create_volume.QuotaCommitTask;volume:create' (bd2ed1dc-aa68-4ba2-92df-0ba062de2bfe) transitioned into state 'SUCCESS' from state 'RUNNING' with result '{'volume_properties': VolumeProperties(attach_status='detached',availability_zone='nova',cgsnapshot_id=None,consistencygroup_id=None,display_description=None,display_name='tempest-VolumesGetTestJSON-Volume-1140734410',encryption_key_id=None,group_id=None,group_type_id=,metadata={Type='work'},multiattach=False,project_id='57780554d7a24aa499407bdc6a214405',qos_specs=None,replication_status=,reservations=['e599085f-0206-44f5-8808-14c247872aa4','beccbeca-982a-470a-98d8-4be81480bfb5','7b47ddb4-e94b-42a0-8e82-2a2a9f980b0a','9c589a28-71e5-4326-999d-0f47d939a797'],size=1,snapshot_id=None,source_replicaid=,source_volid=None,status='creating',user_id='08df9f76f97e4ab2b789487f16f70182',volume_type_id=945541d8-fc66-41d5-8c41-799f9bbfac4d)}' {{(pid=110865) _task_receiver /usr/local/lib/python3.8/dist-packages/taskflow/listeners/logging.py:178}}
