Apr 12 13:32:42.604657 dv-cinder-830098-4-iscsi devstack@c-api.service[110045]: [pid: 110045|app: 0|req: 105/201] 10.222.0.11 () {58 vars in 1321 bytes} [Tue Apr 12 13:32:42 2022] DELETE /volume/v3/a5c0a0a24f834252a0aec46a4a5cb219/types/539b5b0c-8747-44c0-80e3-04ac596fb324 => generated 0 bytes in 73 msecs (HTTP/1.1 202) 6 headers in 233 bytes (1 switches on core 0)
Apr 12 13:32:42.609291 dv-cinder-830098-4-iscsi devstack@c-api.service[110045]: DEBUG cinder.api.middleware.request_id [None req-77daf864-355f-4bef-9981-dbf67f51c251 None None] RequestId filter calling following filter/app {{(pid=110045) _context_setter /opt/stack/cinder/cinder/api/middleware/request_id.py:62}}
Apr 12 13:32:42.619599 dv-cinder-830098-4-iscsi devstack@c-api.service[110045]: INFO cinder.api.openstack.wsgi [None req-77daf864-355f-4bef-9981-dbf67f51c251 tempest-VolumeTypesAccessTest-2024096145 tempest-VolumeTypesAccessTest-2024096145-project-admin] GET http://10.222.0.11/volume/v3/a5c0a0a24f834252a0aec46a4a5cb219/types/539b5b0c-8747-44c0-80e3-04ac596fb324
Apr 12 13:32:42.620240 dv-cinder-830098-4-iscsi devstack@c-api.service[110045]: DEBUG cinder.api.openstack.wsgi [None req-77daf864-355f-4bef-9981-dbf67f51c251 tempest-VolumeTypesAccessTest-2024096145 tempest-VolumeTypesAccessTest-2024096145-project-admin] Empty body provided in request {{(pid=110045) get_body /opt/stack/cinder/cinder/api/openstack/wsgi.py:715}}
Apr 12 13:32:42.620703 dv-cinder-830098-4-iscsi devstack@c-api.service[110045]: DEBUG cinder.api.openstack.wsgi [None req-77daf864-355f-4bef-9981-dbf67f51c251 tempest-VolumeTypesAccessTest-2024096145 tempest-VolumeTypesAccessTest-2024096145-project-admin] Calling method 'show' {{(pid=110045) _process_stack /opt/stack/cinder/cinder/api/openstack/wsgi.py:868}}
Apr 12 13:32:42.623184 dv-cinder-830098-4-iscsi devstack@c-api.service[110044]: INFO cinder.api.openstack.wsgi [None req-a7dd1520-3b08-4901-9f58-de371f88f779 tempest-VolumesActionsTest-1513515257 tempest-VolumesActionsTest-1513515257-project-admin] POST http://10.222.0.11/volume/v3/fbe05d87a5c94ca391c043866e37ef9b/volumes/3672bd28-d765-4762-ad41-a2afdfdac2df/action
Apr 12 13:32:42.624329 dv-cinder-830098-4-iscsi devstack@c-api.service[110044]: DEBUG cinder.api.openstack.wsgi [None req-a7dd1520-3b08-4901-9f58-de371f88f779 tempest-VolumesActionsTest-1513515257 tempest-VolumesActionsTest-1513515257-project-admin] Action body: b'{"os-reset_status": {"status": "attaching"}}' {{(pid=110044) get_method /opt/stack/cinder/cinder/api/openstack/wsgi.py:983}}
Apr 12 13:32:42.625547 dv-cinder-830098-4-iscsi devstack@c-api.service[110044]: DEBUG cinder.api.openstack.wsgi [None req-a7dd1520-3b08-4901-9f58-de371f88f779 tempest-VolumesActionsTest-1513515257 tempest-VolumesActionsTest-1513515257-project-admin] Action: 'action', calling method: _reset_status, body: {"os-reset_status": {"status": "attaching"}} {{(pid=110044) _process_stack /opt/stack/cinder/cinder/api/openstack/wsgi.py:866}}
Apr 12 13:32:42.628345 dv-cinder-830098-4-iscsi devstack@c-api.service[110045]: INFO cinder.api.openstack.wsgi [None req-77daf864-355f-4bef-9981-dbf67f51c251 tempest-VolumeTypesAccessTest-2024096145 tempest-VolumeTypesAccessTest-2024096145-project-admin] http://10.222.0.11/volume/v3/a5c0a0a24f834252a0aec46a4a5cb219/types/539b5b0c-8747-44c0-80e3-04ac596fb324 returned with HTTP 404
Apr 12 13:32:42.632786 dv-cinder-830098-4-iscsi devstack@c-api.service[110045]: [pid: 110045|app: 0|req: 106/202] 10.222.0.11 () {58 vars in 1318 bytes} [Tue Apr 12 13:32:42 2022] GET /volume/v3/a5c0a0a24f834252a0aec46a4a5cb219/types/539b5b0c-8747-44c0-80e3-04ac596fb324 => generated 114 bytes in 24 msecs (HTTP/1.1 404) 7 headers in 292 bytes (1 switches on core 0)
Apr 12 13:32:42.635060 dv-cinder-830098-4-iscsi devstack@c-api.service[110045]: DEBUG cinder.api.middleware.request_id [None req-b720fab2-a8f4-45eb-853e-1d30f62e59e7 None None] RequestId filter calling following filter/app {{(pid=110045) _context_setter /opt/stack/cinder/cinder/api/middleware/request_id.py:62}}
Apr 12 13:32:42.642510 dv-cinder-830098-4-iscsi devstack@c-api.service[110045]: INFO cinder.api.openstack.wsgi [None req-b720fab2-a8f4-45eb-853e-1d30f62e59e7 tempest-VolumeTypesAccessTest-923026973 tempest-VolumeTypesAccessTest-923026973-project] DELETE http://10.222.0.11/volume/v3/4a627fbda50e4a65b57423f5da8241f7/volumes/c036cd5b-2d7b-4c13-ae9f-23253f5b442b
Apr 12 13:32:42.642510 dv-cinder-830098-4-iscsi devstack@c-api.service[110045]: DEBUG cinder.api.openstack.wsgi [None req-b720fab2-a8f4-45eb-853e-1d30f62e59e7 tempest-VolumeTypesAccessTest-923026973 tempest-VolumeTypesAccessTest-923026973-project] Empty body provided in request {{(pid=110045) get_body /opt/stack/cinder/cinder/api/openstack/wsgi.py:715}}
Apr 12 13:32:42.642510 dv-cinder-830098-4-iscsi devstack@c-api.service[110045]: DEBUG cinder.api.openstack.wsgi [None req-b720fab2-a8f4-45eb-853e-1d30f62e59e7 tempest-VolumeTypesAccessTest-923026973 tempest-VolumeTypesAccessTest-923026973-project] Calling method 'delete' {{(pid=110045) _process_stack /opt/stack/cinder/cinder/api/openstack/wsgi.py:868}}
Apr 12 13:32:42.642510 dv-cinder-830098-4-iscsi devstack@c-api.service[110045]: INFO cinder.api.v3.volumes [None req-b720fab2-a8f4-45eb-853e-1d30f62e59e7 tempest-VolumeTypesAccessTest-923026973 tempest-VolumeTypesAccessTest-923026973-project] Delete volume with id: c036cd5b-2d7b-4c13-ae9f-23253f5b442b
Apr 12 13:32:42.661386 dv-cinder-830098-4-iscsi devstack@c-api.service[110045]: /usr/local/lib/python3.8/dist-packages/oslo_context/context.py:100: DeprecationWarning: Policy enforcement is depending on the value of is_admin. This key is deprecated. Please update your policy file to use the standard policy values.
Apr 12 13:32:42.661386 dv-cinder-830098-4-iscsi devstack@c-api.service[110045]: warnings.warn('Policy enforcement is depending on the value of '
Apr 12 13:32:42.662623 dv-cinder-830098-4-iscsi devstack@c-api.service[110045]: INFO cinder.volume.api [None req-b720fab2-a8f4-45eb-853e-1d30f62e59e7 tempest-VolumeTypesAccessTest-923026973 tempest-VolumeTypesAccessTest-923026973-project] Volume info retrieved successfully.
Apr 12 13:32:42.688177 dv-cinder-830098-4-iscsi devstack@c-api.service[110044]: /usr/local/lib/python3.8/dist-packages/oslo_context/context.py:100: DeprecationWarning: Policy enforcement is depending on the value of is_admin. This key is deprecated. Please update your policy file to use the standard policy values.
Apr 12 13:32:42.688177 dv-cinder-830098-4-iscsi devstack@c-api.service[110044]: warnings.warn('Policy enforcement is depending on the value of '
Apr 12 13:32:42.688879 dv-cinder-830098-4-iscsi devstack@c-api.service[110044]: DEBUG cinder.api.contrib.admin_actions [None req-a7dd1520-3b08-4901-9f58-de371f88f779 tempest-VolumesActionsTest-1513515257 tempest-VolumesActionsTest-1513515257-project-admin] Updating volume '3672bd28-d765-4762-ad41-a2afdfdac2df' with '{'status': 'attaching'}' {{(pid=110044) _reset_status /opt/stack/cinder/cinder/api/contrib/admin_actions.py:200}}
Apr 12 13:32:42.702654 dv-cinder-830098-4-iscsi devstack@c-api.service[110045]: INFO cinder.volume.api [None req-b720fab2-a8f4-45eb-853e-1d30f62e59e7 tempest-VolumeTypesAccessTest-923026973 tempest-VolumeTypesAccessTest-923026973-project] Delete volume request issued successfully.
Apr 12 13:32:42.703069 dv-cinder-830098-4-iscsi devstack@c-api.service[110045]: INFO cinder.api.openstack.wsgi [None req-b720fab2-a8f4-45eb-853e-1d30f62e59e7 tempest-VolumeTypesAccessTest-923026973 tempest-VolumeTypesAccessTest-923026973-project] http://10.222.0.11/volume/v3/4a627fbda50e4a65b57423f5da8241f7/volumes/c036cd5b-2d7b-4c13-ae9f-23253f5b442b returned with HTTP 202
Apr 12 13:32:42.704412 dv-cinder-830098-4-iscsi devstack@c-api.service[110045]: [pid: 110045|app: 0|req: 107/203] 10.222.0.11 () {58 vars in 1327 bytes} [Tue Apr 12 13:32:42 2022] DELETE /volume/v3/4a627fbda50e4a65b57423f5da8241f7/volumes/c036cd5b-2d7b-4c13-ae9f-23253f5b442b => generated 0 bytes in 71 msecs (HTTP/1.1 202) 6 headers in 233 bytes (2 switches on core 0)
Apr 12 13:32:42.710564 dv-cinder-830098-4-iscsi devstack@c-api.service[110045]: DEBUG cinder.api.middleware.request_id [None req-397ebe55-42cf-441b-b0a7-c2e1716d7840 None None] RequestId filter calling following filter/app {{(pid=110045) _context_setter /opt/stack/cinder/cinder/api/middleware/request_id.py:62}}
Apr 12 13:32:42.716547 dv-cinder-830098-4-iscsi devstack@c-api.service[110045]: INFO cinder.api.openstack.wsgi [None req-397ebe55-42cf-441b-b0a7-c2e1716d7840 tempest-VolumeTypesAccessTest-923026973 tempest-VolumeTypesAccessTest-923026973-project] GET http://10.222.0.11/volume/v3/4a627fbda50e4a65b57423f5da8241f7/volumes/c036cd5b-2d7b-4c13-ae9f-23253f5b442b
Apr 12 13:32:42.717059 dv-cinder-830098-4-iscsi devstack@c-api.service[110045]: DEBUG cinder.api.openstack.wsgi [None req-397ebe55-42cf-441b-b0a7-c2e1716d7840 tempest-VolumeTypesAccessTest-923026973 tempest-VolumeTypesAccessTest-923026973-project] Empty body provided in request {{(pid=110045) get_body /opt/stack/cinder/cinder/api/openstack/wsgi.py:715}}
Apr 12 13:32:42.718216 dv-cinder-830098-4-iscsi devstack@c-api.service[110045]: DEBUG cinder.api.openstack.wsgi [None req-397ebe55-42cf-441b-b0a7-c2e1716d7840 tempest-VolumeTypesAccessTest-923026973 tempest-VolumeTypesAccessTest-923026973-project] Calling method 'show' {{(pid=110045) _process_stack /opt/stack/cinder/cinder/api/openstack/wsgi.py:868}}
Apr 12 13:32:42.740316 dv-cinder-830098-4-iscsi devstack@c-api.service[110045]: /usr/local/lib/python3.8/dist-packages/oslo_context/context.py:100: DeprecationWarning: Policy enforcement is depending on the value of is_admin. This key is deprecated. Please update your policy file to use the standard policy values.
Apr 12 13:32:42.740316 dv-cinder-830098-4-iscsi devstack@c-api.service[110045]: warnings.warn('Policy enforcement is depending on the value of '
Apr 12 13:32:42.753775 dv-cinder-830098-4-iscsi devstack@c-api.service[110045]: INFO cinder.volume.api [None req-397ebe55-42cf-441b-b0a7-c2e1716d7840 tempest-VolumeTypesAccessTest-923026973 tempest-VolumeTypesAccessTest-923026973-project] Volume info retrieved successfully.
Apr 12 13:32:42.764013 dv-cinder-830098-4-iscsi devstack@c-api.service[110044]: INFO cinder.api.openstack.wsgi [None req-a7dd1520-3b08-4901-9f58-de371f88f779 tempest-VolumesActionsTest-1513515257 tempest-VolumesActionsTest-1513515257-project-admin] http://10.222.0.11/volume/v3/fbe05d87a5c94ca391c043866e37ef9b/volumes/3672bd28-d765-4762-ad41-a2afdfdac2df/action returned with HTTP 202
Apr 12 13:32:42.767762 dv-cinder-830098-4-iscsi devstack@c-api.service[110044]: [pid: 110044|app: 0|req: 97/204] 10.222.0.11 () {60 vars in 1366 bytes} [Tue Apr 12 13:32:42 2022] POST /volume/v3/fbe05d87a5c94ca391c043866e37ef9b/volumes/3672bd28-d765-4762-ad41-a2afdfdac2df/action => generated 0 bytes in 222 msecs (HTTP/1.1 202) 7 headers in 289 bytes (2 switches on core 0)
Apr 12 13:32:42.770136 dv-cinder-830098-4-iscsi devstack@c-api.service[110044]: DEBUG cinder.api.middleware.request_id [None req-cadd0e03-4ae3-4748-9201-58a6c19b6e39 None None] RequestId filter calling following filter/app {{(pid=110044) _context_setter /opt/stack/cinder/cinder/api/middleware/request_id.py:62}}
Apr 12 13:32:42.774851 dv-cinder-830098-4-iscsi devstack@c-api.service[110044]: INFO cinder.api.openstack.wsgi [None req-cadd0e03-4ae3-4748-9201-58a6c19b6e39 tempest-VolumeSnapshotQuotasNegativeTestJSON-588926072 tempest-VolumeSnapshotQuotasNegativeTestJSON-588926072-project] GET http://10.222.0.11/volume/v3/706b798140f643c2abfa7426469706cf/snapshots/30297d37-8d85-4c6b-b492-06a0cf41cb82
Apr 12 13:32:42.775533 dv-cinder-830098-4-iscsi devstack@c-api.service[110044]: DEBUG cinder.api.openstack.wsgi [None req-cadd0e03-4ae3-4748-9201-58a6c19b6e39 tempest-VolumeSnapshotQuotasNegativeTestJSON-588926072 tempest-VolumeSnapshotQuotasNegativeTestJSON-588926072-project] Empty body provided in request {{(pid=110044) get_body /opt/stack/cinder/cinder/api/openstack/wsgi.py:715}}
Apr 12 13:32:42.777547 dv-cinder-830098-4-iscsi devstack@c-api.service[110045]: INFO cinder.api.openstack.wsgi [None req-397ebe55-42cf-441b-b0a7-c2e1716d7840 tempest-VolumeTypesAccessTest-923026973 tempest-VolumeTypesAccessTest-923026973-project] http://10.222.0.11/volume/v3/4a627fbda50e4a65b57423f5da8241f7/volumes/c036cd5b-2d7b-4c13-ae9f-23253f5b442b returned with HTTP 200
Apr 12 13:32:42.783521 dv-cinder-830098-4-iscsi devstack@c-api.service[110045]: [pid: 110045|app: 0|req: 108/205] 10.222.0.11 () {58 vars in 1324 bytes} [Tue Apr 12 13:32:42 2022] GET /volume/v3/4a627fbda50e4a65b57423f5da8241f7/volumes/c036cd5b-2d7b-4c13-ae9f-23253f5b442b => generated 954 bytes in 75 msecs (HTTP/1.1 200) 7 headers in 285 bytes (1 switches on core 0)
Apr 12 13:32:42.785736 dv-cinder-830098-4-iscsi devstack@c-api.service[110045]: DEBUG cinder.api.middleware.request_id [None req-23b4c9d9-0999-47a1-a43e-8a3c7b443409 None None] RequestId filter calling following filter/app {{(pid=110045) _context_setter /opt/stack/cinder/cinder/api/middleware/request_id.py:62}}
Apr 12 13:32:42.794526 dv-cinder-830098-4-iscsi devstack@c-api.service[110044]: DEBUG cinder.api.openstack.wsgi [None req-cadd0e03-4ae3-4748-9201-58a6c19b6e39 tempest-VolumeSnapshotQuotasNegativeTestJSON-588926072 tempest-VolumeSnapshotQuotasNegativeTestJSON-588926072-project] Calling method 'show' {{(pid=110044) _process_stack /opt/stack/cinder/cinder/api/openstack/wsgi.py:868}}
Apr 12 13:32:42.795983 dv-cinder-830098-4-iscsi devstack@c-api.service[110045]: INFO cinder.api.openstack.wsgi [None req-23b4c9d9-0999-47a1-a43e-8a3c7b443409 tempest-VolumesActionsTest-1191053643 tempest-VolumesActionsTest-1191053643-project] GET http://10.222.0.11/volume/v3/6c3026c8d1d84064a388ff46c04dafd3/volumes/3672bd28-d765-4762-ad41-a2afdfdac2df
Apr 12 13:32:42.797689 dv-cinder-830098-4-iscsi devstack@c-api.service[110045]: DEBUG cinder.api.openstack.wsgi [None req-23b4c9d9-0999-47a1-a43e-8a3c7b443409 tempest-VolumesActionsTest-1191053643 tempest-VolumesActionsTest-1191053643-project] Empty body provided in request {{(pid=110045) get_body /opt/stack/cinder/cinder/api/openstack/wsgi.py:715}}
Apr 12 13:32:42.798509 dv-cinder-830098-4-iscsi devstack@c-api.service[110045]: DEBUG cinder.api.openstack.wsgi [None req-23b4c9d9-0999-47a1-a43e-8a3c7b443409 tempest-VolumesActionsTest-1191053643 tempest-VolumesActionsTest-1191053643-project] Calling method 'show' {{(pid=110045) _process_stack /opt/stack/cinder/cinder/api/openstack/wsgi.py:868}}
Apr 12 13:32:42.816460 dv-cinder-830098-4-iscsi devstack@c-api.service[110044]: INFO cinder.api.openstack.wsgi [None req-cadd0e03-4ae3-4748-9201-58a6c19b6e39 tempest-VolumeSnapshotQuotasNegativeTestJSON-588926072 tempest-VolumeSnapshotQuotasNegativeTestJSON-588926072-project] http://10.222.0.11/volume/v3/706b798140f643c2abfa7426469706cf/snapshots/30297d37-8d85-4c6b-b492-06a0cf41cb82 returned with HTTP 404
Apr 12 13:32:42.822949 dv-cinder-830098-4-iscsi devstack@c-api.service[110044]: [pid: 110044|app: 0|req: 98/206] 10.222.0.11 () {58 vars in 1330 bytes} [Tue Apr 12 13:32:42 2022] GET /volume/v3/706b798140f643c2abfa7426469706cf/snapshots/30297d37-8d85-4c6b-b492-06a0cf41cb82 => generated 111 bytes in 54 msecs (HTTP/1.1 404) 7 headers in 292 bytes (1 switches on core 0)
Apr 12 13:32:42.824349 dv-cinder-830098-4-iscsi devstack@c-api.service[110045]: /usr/local/lib/python3.8/dist-packages/oslo_context/context.py:100: DeprecationWarning: Policy enforcement is depending on the value of is_admin. This key is deprecated. Please update your policy file to use the standard policy values.
Apr 12 13:32:42.824349 dv-cinder-830098-4-iscsi devstack@c-api.service[110045]: warnings.warn('Policy enforcement is depending on the value of '
Apr 12 13:32:42.825197 dv-cinder-830098-4-iscsi devstack@c-api.service[110044]: DEBUG cinder.api.middleware.request_id [None req-f6f15576-18c9-4aa9-97f9-0f488236e5a5 None None] RequestId filter calling following filter/app {{(pid=110044) _context_setter /opt/stack/cinder/cinder/api/middleware/request_id.py:62}}
Apr 12 13:32:42.831189 dv-cinder-830098-4-iscsi devstack@c-api.service[110044]: INFO cinder.api.openstack.wsgi [None req-f6f15576-18c9-4aa9-97f9-0f488236e5a5 tempest-VolumeSnapshotQuotasNegativeTestJSON-588926072 tempest-VolumeSnapshotQuotasNegativeTestJSON-588926072-project] DELETE http://10.222.0.11/volume/v3/706b798140f643c2abfa7426469706cf/volumes/98a94ccb-27a9-43a0-9f5f-33412e4cf997
Apr 12 13:32:42.831985 dv-cinder-830098-4-iscsi devstack@c-api.service[110044]: DEBUG cinder.api.openstack.wsgi [None req-f6f15576-18c9-4aa9-97f9-0f488236e5a5 tempest-VolumeSnapshotQuotasNegativeTestJSON-588926072 tempest-VolumeSnapshotQuotasNegativeTestJSON-588926072-project] Empty body provided in request {{(pid=110044) get_body /opt/stack/cinder/cinder/api/openstack/wsgi.py:715}}
Apr 12 13:32:42.832236 dv-cinder-830098-4-iscsi devstack@c-api.service[110045]: INFO cinder.volume.api [None req-23b4c9d9-0999-47a1-a43e-8a3c7b443409 tempest-VolumesActionsTest-1191053643 tempest-VolumesActionsTest-1191053643-project] Volume info retrieved successfully.
Apr 12 13:32:42.832997 dv-cinder-830098-4-iscsi devstack@c-api.service[110044]: DEBUG cinder.api.openstack.wsgi [None req-f6f15576-18c9-4aa9-97f9-0f488236e5a5 tempest-VolumeSnapshotQuotasNegativeTestJSON-588926072 tempest-VolumeSnapshotQuotasNegativeTestJSON-588926072-project] Calling method 'delete' {{(pid=110044) _process_stack /opt/stack/cinder/cinder/api/openstack/wsgi.py:868}}
Apr 12 13:32:42.833617 dv-cinder-830098-4-iscsi devstack@c-api.service[110044]: INFO cinder.api.v3.volumes [None req-f6f15576-18c9-4aa9-97f9-0f488236e5a5 tempest-VolumeSnapshotQuotasNegativeTestJSON-588926072 tempest-VolumeSnapshotQuotasNegativeTestJSON-588926072-project] Delete volume with id: 98a94ccb-27a9-43a0-9f5f-33412e4cf997
Apr 12 13:32:42.842852 dv-cinder-830098-4-iscsi devstack@c-api.service[110045]: INFO cinder.api.openstack.wsgi [None req-23b4c9d9-0999-47a1-a43e-8a3c7b443409 tempest-VolumesActionsTest-1191053643 tempest-VolumesActionsTest-1191053643-project] http://10.222.0.11/volume/v3/6c3026c8d1d84064a388ff46c04dafd3/volumes/3672bd28-d765-4762-ad41-a2afdfdac2df returned with HTTP 200
Apr 12 13:32:42.843900 dv-cinder-830098-4-iscsi devstack@c-api.service[110045]: [pid: 110045|app: 0|req: 109/207] 10.222.0.11 () {58 vars in 1324 bytes} [Tue Apr 12 13:32:42 2022] GET /volume/v3/6c3026c8d1d84064a388ff46c04dafd3/volumes/3672bd28-d765-4762-ad41-a2afdfdac2df => generated 911 bytes in 60 msecs (HTTP/1.1 200) 7 headers in 285 bytes (1 switches on core 0)
Apr 12 13:32:42.851147 dv-cinder-830098-4-iscsi devstack@c-api.service[110044]: /usr/local/lib/python3.8/dist-packages/oslo_context/context.py:100: DeprecationWarning: Policy enforcement is depending on the value of is_admin. This key is deprecated. Please update your policy file to use the standard policy values.
Apr 12 13:32:42.851147 dv-cinder-830098-4-iscsi devstack@c-api.service[110044]: warnings.warn('Policy enforcement is depending on the value of '
Apr 12 13:32:42.852509 dv-cinder-830098-4-iscsi devstack@c-api.service[110044]: INFO cinder.volume.api [None req-f6f15576-18c9-4aa9-97f9-0f488236e5a5 tempest-VolumeSnapshotQuotasNegativeTestJSON-588926072 tempest-VolumeSnapshotQuotasNegativeTestJSON-588926072-project] Volume info retrieved successfully.
Apr 12 13:32:42.865178 dv-cinder-830098-4-iscsi devstack@c-api.service[110045]: DEBUG cinder.api.middleware.request_id [None req-0e76be51-36b4-44c1-956d-73af0d5d968b None None] RequestId filter calling following filter/app {{(pid=110045) _context_setter /opt/stack/cinder/cinder/api/middleware/request_id.py:62}}
Apr 12 13:32:42.871642 dv-cinder-830098-4-iscsi devstack@c-api.service[110045]: INFO cinder.api.openstack.wsgi [None req-0e76be51-36b4-44c1-956d-73af0d5d968b tempest-VolumesActionsTest-1513515257 tempest-VolumesActionsTest-1513515257-project-admin] POST http://10.222.0.11/volume/v3/fbe05d87a5c94ca391c043866e37ef9b/volumes/3672bd28-d765-4762-ad41-a2afdfdac2df/action
Apr 12 13:32:42.872779 dv-cinder-830098-4-iscsi devstack@c-api.service[110045]: DEBUG cinder.api.openstack.wsgi [None req-0e76be51-36b4-44c1-956d-73af0d5d968b tempest-VolumesActionsTest-1513515257 tempest-VolumesActionsTest-1513515257-project-admin] Action body: b'{"os-force_delete": {}}' {{(pid=110045) get_method /opt/stack/cinder/cinder/api/openstack/wsgi.py:983}}
Apr 12 13:32:42.873179 dv-cinder-830098-4-iscsi devstack@c-api.service[110045]: DEBUG cinder.api.openstack.wsgi [None req-0e76be51-36b4-44c1-956d-73af0d5d968b tempest-VolumesActionsTest-1513515257 tempest-VolumesActionsTest-1513515257-project-admin] Action: 'action', calling method: _force_delete, body: {"os-force_delete": {}} {{(pid=110045) _process_stack /opt/stack/cinder/cinder/api/openstack/wsgi.py:866}}
Apr 12 13:32:42.908575 dv-cinder-830098-4-iscsi devstack@c-api.service[110044]: INFO cinder.volume.api [None req-f6f15576-18c9-4aa9-97f9-0f488236e5a5 tempest-VolumeSnapshotQuotasNegativeTestJSON-588926072 tempest-VolumeSnapshotQuotasNegativeTestJSON-588926072-project] Delete volume request issued successfully.
Apr 12 13:32:42.909848 dv-cinder-830098-4-iscsi devstack@c-api.service[110044]: INFO cinder.api.openstack.wsgi [None req-f6f15576-18c9-4aa9-97f9-0f488236e5a5 tempest-VolumeSnapshotQuotasNegativeTestJSON-588926072 tempest-VolumeSnapshotQuotasNegativeTestJSON-588926072-project] http://10.222.0.11/volume/v3/706b798140f643c2abfa7426469706cf/volumes/98a94ccb-27a9-43a0-9f5f-33412e4cf997 returned with HTTP 202
Apr 12 13:32:42.910461 dv-cinder-830098-4-iscsi devstack@c-api.service[110045]: /usr/local/lib/python3.8/dist-packages/oslo_context/context.py:100: DeprecationWarning: Policy enforcement is depending on the value of is_admin. This key is deprecated. Please update your policy file to use the standard policy values.
Apr 12 13:32:42.910461 dv-cinder-830098-4-iscsi devstack@c-api.service[110045]: warnings.warn('Policy enforcement is depending on the value of '
Apr 12 13:32:42.911120 dv-cinder-830098-4-iscsi devstack@c-api.service[110044]: [pid: 110044|app: 0|req: 99/208] 10.222.0.11 () {58 vars in 1327 bytes} [Tue Apr 12 13:32:42 2022] DELETE /volume/v3/706b798140f643c2abfa7426469706cf/volumes/98a94ccb-27a9-43a0-9f5f-33412e4cf997 => generated 0 bytes in 87 msecs (HTTP/1.1 202) 6 headers in 233 bytes (1 switches on core 0)
Apr 12 13:32:42.914236 dv-cinder-830098-4-iscsi devstack@c-api.service[110045]: INFO cinder.volume.api [None req-0e76be51-36b4-44c1-956d-73af0d5d968b tempest-VolumesActionsTest-1513515257 tempest-VolumesActionsTest-1513515257-project-admin] Volume info retrieved successfully.
Apr 12 13:32:42.916760 dv-cinder-830098-4-iscsi devstack@c-api.service[110044]: DEBUG cinder.api.middleware.request_id [None req-0917a966-bbaa-466b-9939-d3dda2bfc88b None None] RequestId filter calling following filter/app {{(pid=110044) _context_setter /opt/stack/cinder/cinder/api/middleware/request_id.py:62}}
Apr 12 13:32:42.920688 dv-cinder-830098-4-iscsi devstack@c-api.service[110044]: INFO cinder.api.openstack.wsgi [None req-0917a966-bbaa-466b-9939-d3dda2bfc88b tempest-VolumeSnapshotQuotasNegativeTestJSON-588926072 tempest-VolumeSnapshotQuotasNegativeTestJSON-588926072-project] GET http://10.222.0.11/volume/v3/706b798140f643c2abfa7426469706cf/volumes/98a94ccb-27a9-43a0-9f5f-33412e4cf997
Apr 12 13:32:42.921152 dv-cinder-830098-4-iscsi devstack@c-api.service[110044]: DEBUG cinder.api.openstack.wsgi [None req-0917a966-bbaa-466b-9939-d3dda2bfc88b tempest-VolumeSnapshotQuotasNegativeTestJSON-588926072 tempest-VolumeSnapshotQuotasNegativeTestJSON-588926072-project] Empty body provided in request {{(pid=110044) get_body /opt/stack/cinder/cinder/api/openstack/wsgi.py:715}}
Apr 12 13:32:42.921636 dv-cinder-830098-4-iscsi devstack@c-api.service[110044]: DEBUG cinder.api.openstack.wsgi [None req-0917a966-bbaa-466b-9939-d3dda2bfc88b tempest-VolumeSnapshotQuotasNegativeTestJSON-588926072 tempest-VolumeSnapshotQuotasNegativeTestJSON-588926072-project] Calling method 'show' {{(pid=110044) _process_stack /opt/stack/cinder/cinder/api/openstack/wsgi.py:868}}
Apr 12 13:32:42.967991 dv-cinder-830098-4-iscsi devstack@c-api.service[110044]: /usr/local/lib/python3.8/dist-packages/oslo_context/context.py:100: DeprecationWarning: Policy enforcement is depending on the value of is_admin. This key is deprecated. Please update your policy file to use the standard policy values.
Apr 12 13:32:42.967991 dv-cinder-830098-4-iscsi devstack@c-api.service[110044]: warnings.warn('Policy enforcement is depending on the value of '
Apr 12 13:32:42.976614 dv-cinder-830098-4-iscsi devstack@c-api.service[110044]: INFO cinder.volume.api [None req-0917a966-bbaa-466b-9939-d3dda2bfc88b tempest-VolumeSnapshotQuotasNegativeTestJSON-588926072 tempest-VolumeSnapshotQuotasNegativeTestJSON-588926072-project] Volume info retrieved successfully.
Apr 12 13:32:42.987816 dv-cinder-830098-4-iscsi devstack@c-api.service[110044]: INFO cinder.api.openstack.wsgi [None req-0917a966-bbaa-466b-9939-d3dda2bfc88b tempest-VolumeSnapshotQuotasNegativeTestJSON-588926072 tempest-VolumeSnapshotQuotasNegativeTestJSON-588926072-project] http://10.222.0.11/volume/v3/706b798140f643c2abfa7426469706cf/volumes/98a94ccb-27a9-43a0-9f5f-33412e4cf997 returned with HTTP 200
Apr 12 13:32:42.989310 dv-cinder-830098-4-iscsi devstack@c-api.service[110044]: [pid: 110044|app: 0|req: 100/209] 10.222.0.11 () {58 vars in 1324 bytes} [Tue Apr 12 13:32:42 2022] GET /volume/v3/706b798140f643c2abfa7426469706cf/volumes/98a94ccb-27a9-43a0-9f5f-33412e4cf997 => generated 927 bytes in 74 msecs (HTTP/1.1 200) 7 headers in 285 bytes (2 switches on core 0)
Apr 12 13:32:43.004869 dv-cinder-830098-4-iscsi devstack@c-api.service[110045]: INFO cinder.volume.api [None req-0e76be51-36b4-44c1-956d-73af0d5d968b tempest-VolumesActionsTest-1513515257 tempest-VolumesActionsTest-1513515257-project-admin] Delete volume request issued successfully.
Apr 12 13:32:43.005991 dv-cinder-830098-4-iscsi devstack@c-api.service[110045]: INFO cinder.api.openstack.wsgi [None req-0e76be51-36b4-44c1-956d-73af0d5d968b tempest-VolumesActionsTest-1513515257 tempest-VolumesActionsTest-1513515257-project-admin] http://10.222.0.11/volume/v3/fbe05d87a5c94ca391c043866e37ef9b/volumes/3672bd28-d765-4762-ad41-a2afdfdac2df/action returned with HTTP 202
Apr 12 13:32:43.007479 dv-cinder-830098-4-iscsi devstack@c-api.service[110045]: [pid: 110045|app: 0|req: 110/210] 10.222.0.11 () {60 vars in 1366 bytes} [Tue Apr 12 13:32:42 2022] POST /volume/v3/fbe05d87a5c94ca391c043866e37ef9b/volumes/3672bd28-d765-4762-ad41-a2afdfdac2df/action => generated 0 bytes in 145 msecs (HTTP/1.1 202) 7 headers in 289 bytes (1 switches on core 0)
Apr 12 13:32:43.013263 dv-cinder-830098-4-iscsi devstack@c-api.service[110044]: DEBUG cinder.api.middleware.request_id [None req-1156b07a-de8a-4054-b273-be1cec6e9205 None None] RequestId filter calling following filter/app {{(pid=110044) _context_setter /opt/stack/cinder/cinder/api/middleware/request_id.py:62}}
Apr 12 13:32:43.017845 dv-cinder-830098-4-iscsi devstack@c-api.service[110044]: INFO cinder.api.openstack.wsgi [None req-1156b07a-de8a-4054-b273-be1cec6e9205 tempest-VolumesActionsTest-1191053643 tempest-VolumesActionsTest-1191053643-project] GET http://10.222.0.11/volume/v3/6c3026c8d1d84064a388ff46c04dafd3/volumes/3672bd28-d765-4762-ad41-a2afdfdac2df
Apr 12 13:32:43.018290 dv-cinder-830098-4-iscsi devstack@c-api.service[110044]: DEBUG cinder.api.openstack.wsgi [None req-1156b07a-de8a-4054-b273-be1cec6e9205 tempest-VolumesActionsTest-1191053643 tempest-VolumesActionsTest-1191053643-project] Empty body provided in request {{(pid=110044) get_body /opt/stack/cinder/cinder/api/openstack/wsgi.py:715}}
Apr 12 13:32:43.018799 dv-cinder-830098-4-iscsi devstack@c-api.service[110044]: DEBUG cinder.api.openstack.wsgi [None req-1156b07a-de8a-4054-b273-be1cec6e9205 tempest-VolumesActionsTest-1191053643 tempest-VolumesActionsTest-1191053643-project] Calling method 'show' {{(pid=110044) _process_stack /opt/stack/cinder/cinder/api/openstack/wsgi.py:868}}
Apr 12 13:32:43.051594 dv-cinder-830098-4-iscsi devstack@c-api.service[110044]: /usr/local/lib/python3.8/dist-packages/oslo_context/context.py:100: DeprecationWarning: Policy enforcement is depending on the value of is_admin. This key is deprecated. Please update your policy file to use the standard policy values.
Apr 12 13:32:43.051594 dv-cinder-830098-4-iscsi devstack@c-api.service[110044]: warnings.warn('Policy enforcement is depending on the value of '
Apr 12 13:32:43.062221 dv-cinder-830098-4-iscsi devstack@c-api.service[110044]: INFO cinder.volume.api [None req-1156b07a-de8a-4054-b273-be1cec6e9205 tempest-VolumesActionsTest-1191053643 tempest-VolumesActionsTest-1191053643-project] Volume info retrieved successfully.
Apr 12 13:32:43.072233 dv-cinder-830098-4-iscsi devstack@c-api.service[110044]: INFO cinder.api.openstack.wsgi [None req-1156b07a-de8a-4054-b273-be1cec6e9205 tempest-VolumesActionsTest-1191053643 tempest-VolumesActionsTest-1191053643-project] http://10.222.0.11/volume/v3/6c3026c8d1d84064a388ff46c04dafd3/volumes/3672bd28-d765-4762-ad41-a2afdfdac2df returned with HTTP 200
Apr 12 13:32:43.082694 dv-cinder-830098-4-iscsi devstack@c-api.service[110044]: [pid: 110044|app: 0|req: 101/211] 10.222.0.11 () {58 vars in 1324 bytes} [Tue Apr 12 13:32:43 2022] GET /volume/v3/6c3026c8d1d84064a388ff46c04dafd3/volumes/3672bd28-d765-4762-ad41-a2afdfdac2df => generated 910 bytes in 70 msecs (HTTP/1.1 200) 7 headers in 285 bytes (1 switches on core 0)
Apr 12 13:32:43.255817 dv-cinder-830098-4-iscsi devstack@c-api.service[110045]: DEBUG cinder.api.middleware.request_id [None req-2ae671f6-0f09-4e65-9fac-679eb27e05ea None None] RequestId filter calling following filter/app {{(pid=110045) _context_setter /opt/stack/cinder/cinder/api/middleware/request_id.py:62}}
Apr 12 13:32:43.260193 dv-cinder-830098-4-iscsi devstack@c-api.service[110045]: INFO cinder.api.openstack.wsgi [None req-2ae671f6-0f09-4e65-9fac-679eb27e05ea tempest-DeleteServersTestJSON-1960959871 tempest-DeleteServersTestJSON-1960959871-project] POST http://10.222.0.11/volume/v3/9710ad5778594c64b12108da4f6db548/volumes
Apr 12 13:32:43.261363 dv-cinder-830098-4-iscsi devstack@c-api.service[110045]: DEBUG cinder.api.openstack.wsgi [None req-2ae671f6-0f09-4e65-9fac-679eb27e05ea tempest-DeleteServersTestJSON-1960959871 tempest-DeleteServersTestJSON-1960959871-project] Action: 'create', calling method: create, body: {"volume": {"size": 1, "display_name": "tempest-DeleteServersTestJSON-volume-1247387356"}} {{(pid=110045) _process_stack /opt/stack/cinder/cinder/api/openstack/wsgi.py:866}}
Apr 12 13:32:43.262625 dv-cinder-830098-4-iscsi devstack@c-api.service[110045]: DEBUG cinder.api.v3.volumes [None req-2ae671f6-0f09-4e65-9fac-679eb27e05ea tempest-DeleteServersTestJSON-1960959871 tempest-DeleteServersTestJSON-1960959871-project] Create volume request body: {'volume': {'size': 1, 'display_name': 'tempest-DeleteServersTestJSON-volume-1247387356'}} {{(pid=110045) create /opt/stack/cinder/cinder/api/v3/volumes.py:298}}
Apr 12 13:32:43.263193 dv-cinder-830098-4-iscsi devstack@c-api.service[110045]: INFO cinder.api.v3.volumes [None req-2ae671f6-0f09-4e65-9fac-679eb27e05ea tempest-DeleteServersTestJSON-1960959871 tempest-DeleteServersTestJSON-1960959871-project] Create volume of 1 GB
Apr 12 13:32:43.272008 dv-cinder-830098-4-iscsi devstack@c-api.service[110045]: INFO cinder.volume.api [None req-2ae671f6-0f09-4e65-9fac-679eb27e05ea tempest-DeleteServersTestJSON-1960959871 tempest-DeleteServersTestJSON-1960959871-project] Availability Zones retrieved successfully.
Apr 12 13:32:43.296418 dv-cinder-830098-4-iscsi devstack@c-api.service[110045]: DEBUG cinder.volume.api [None req-2ae671f6-0f09-4e65-9fac-679eb27e05ea tempest-DeleteServersTestJSON-1960959871 tempest-DeleteServersTestJSON-1960959871-project] Flow 'volume_create_api' (99181701-53df-4139-81d2-6fd4396c5703) transitioned into state 'RUNNING' from state 'PENDING' {{(pid=110045) _flow_receiver /usr/local/lib/python3.8/dist-packages/taskflow/listeners/logging.py:141}}
Apr 12 13:32:43.302303 dv-cinder-830098-4-iscsi devstack@c-api.service[110045]: DEBUG cinder.volume.api [None req-2ae671f6-0f09-4e65-9fac-679eb27e05ea tempest-DeleteServersTestJSON-1960959871 tempest-DeleteServersTestJSON-1960959871-project] Task 'cinder.volume.flows.api.create_volume.ExtractVolumeRequestTask;volume:create' (eae19dfc-3f89-49e2-b990-514531d42d3f) transitioned into state 'RUNNING' from state 'PENDING' {{(pid=110045) _task_receiver /usr/local/lib/python3.8/dist-packages/taskflow/listeners/logging.py:190}}
Apr 12 13:32:43.305240 dv-cinder-830098-4-iscsi devstack@c-api.service[110045]: DEBUG cinder.volume.flows.api.create_volume [None req-2ae671f6-0f09-4e65-9fac-679eb27e05ea tempest-DeleteServersTestJSON-1960959871 tempest-DeleteServersTestJSON-1960959871-project] Validating volume size '1' using validate_int {{(pid=110045) _extract_size /opt/stack/cinder/cinder/volume/flows/api/create_volume.py:225}}
Apr 12 13:32:43.351375 dv-cinder-830098-4-iscsi devstack@c-api.service[110045]: DEBUG cinder.volume.api [None req-2ae671f6-0f09-4e65-9fac-679eb27e05ea tempest-DeleteServersTestJSON-1960959871 tempest-DeleteServersTestJSON-1960959871-project] Task 'cinder.volume.flows.api.create_volume.ExtractVolumeRequestTask;volume:create' (eae19dfc-3f89-49e2-b990-514531d42d3f) transitioned into state 'SUCCESS' from state 'RUNNING' with result '{'size': 1, 'snapshot_id': None, 'source_volid': None, 'volume_type': VolumeType(created_at=2022-04-12T13:21:14Z,deleted=False,deleted_at=None,description='Default Volume Type',extra_specs={},id=8ce4f97a-f855-4a97-abe2-2778e0dfc55e,is_public=True,name='__DEFAULT__',projects=[],qos_specs=,qos_specs_id=None,updated_at=2022-04-12T13:21:14Z), 'volume_type_id': '8ce4f97a-f855-4a97-abe2-2778e0dfc55e', 'encryption_key_id': None, 'qos_specs': None, 'consistencygroup_id': None, 'cgsnapshot_id': None, 'group_id': None, 'replication_status': 'disabled', 'refresh_az': False, 'backup_id': None, 'multiattach': False, 'availability_zones': ['nova']}' {{(pid=110045) _task_receiver /usr/local/lib/python3.8/dist-packages/taskflow/listeners/logging.py:178}}
Apr 12 13:32:43.354661 dv-cinder-830098-4-iscsi devstack@c-api.service[110045]: DEBUG cinder.volume.api [None req-2ae671f6-0f09-4e65-9fac-679eb27e05ea tempest-DeleteServersTestJSON-1960959871 tempest-DeleteServersTestJSON-1960959871-project] Task 'cinder.volume.flows.api.create_volume.QuotaReserveTask;volume:create' (95bdfcdf-9fa9-4803-831a-d2fb054e8a9d) transitioned into state 'RUNNING' from state 'PENDING' {{(pid=110045) _task_receiver /usr/local/lib/python3.8/dist-packages/taskflow/listeners/logging.py:190}}
Apr 12 13:32:43.514540 dv-cinder-830098-4-iscsi devstack@c-api.service[110045]: DEBUG cinder.quota [None req-2ae671f6-0f09-4e65-9fac-679eb27e05ea tempest-DeleteServersTestJSON-1960959871 tempest-DeleteServersTestJSON-1960959871-project] Created reservations ['7093780e-f1f4-4df4-864a-8917edadf234', '7059617a-8a31-44d9-b9c9-40566821eee1', '7fe95b86-ea5d-4f04-a9f6-3c32fcc86945', '1aa527b7-367f-4cec-8634-4d5c2fa4658d'] {{(pid=110045) reserve /opt/stack/cinder/cinder/quota.py:755}}
Apr 12 13:32:43.518366 dv-cinder-830098-4-iscsi devstack@c-api.service[110045]: DEBUG cinder.volume.api [None req-2ae671f6-0f09-4e65-9fac-679eb27e05ea tempest-DeleteServersTestJSON-1960959871 tempest-DeleteServersTestJSON-1960959871-project] Task 'cinder.volume.flows.api.create_volume.QuotaReserveTask;volume:create' (95bdfcdf-9fa9-4803-831a-d2fb054e8a9d) transitioned into state 'SUCCESS' from state 'RUNNING' with result '{'reservations': ['7093780e-f1f4-4df4-864a-8917edadf234', '7059617a-8a31-44d9-b9c9-40566821eee1', '7fe95b86-ea5d-4f04-a9f6-3c32fcc86945', '1aa527b7-367f-4cec-8634-4d5c2fa4658d']}' {{(pid=110045) _task_receiver /usr/local/lib/python3.8/dist-packages/taskflow/listeners/logging.py:178}}
Apr 12 13:32:43.522134 dv-cinder-830098-4-iscsi devstack@c-api.service[110045]: DEBUG cinder.volume.api [None req-2ae671f6-0f09-4e65-9fac-679eb27e05ea tempest-DeleteServersTestJSON-1960959871 tempest-DeleteServersTestJSON-1960959871-project] Task 'cinder.volume.flows.api.create_volume.EntryCreateTask;volume:create' (501af6b9-325b-4522-aa8b-2b472517b128) transitioned into state 'RUNNING' from state 'PENDING' {{(pid=110045) _task_receiver /usr/local/lib/python3.8/dist-packages/taskflow/listeners/logging.py:190}}
Apr 12 13:32:43.569555 dv-cinder-830098-4-iscsi devstack@c-api.service[110045]: DEBUG cinder.volume.api [None req-2ae671f6-0f09-4e65-9fac-679eb27e05ea tempest-DeleteServersTestJSON-1960959871 tempest-DeleteServersTestJSON-1960959871-project] Task 'cinder.volume.flows.api.create_volume.EntryCreateTask;volume:create' (501af6b9-325b-4522-aa8b-2b472517b128) transitioned into state 'SUCCESS' from state 'RUNNING' with result '{'volume_id': '4f1f6b9e-ae87-4a8f-b635-1375d754e538', 'volume_properties': VolumeProperties(attach_status='detached',availability_zone='nova',cgsnapshot_id=None,consistencygroup_id=None,display_description=None,display_name='tempest-DeleteServersTestJSON-volume-1247387356',encryption_key_id=None,group_id=None,group_type_id=,metadata={},multiattach=False,project_id='9710ad5778594c64b12108da4f6db548',qos_specs=None,replication_status=,reservations=['7093780e-f1f4-4df4-864a-8917edadf234','7059617a-8a31-44d9-b9c9-40566821eee1','7fe95b86-ea5d-4f04-a9f6-3c32fcc86945','1aa527b7-367f-4cec-8634-4d5c2fa4658d'],size=1,snapshot_id=None,source_replicaid=,source_volid=None,status='creating',user_id='df3beab2baae45e7b7244a552fb32316',volume_type_id=8ce4f97a-f855-4a97-abe2-2778e0dfc55e), 'volume': Volume(_name_id=None,admin_metadata=,attach_status='detached',availability_zone='nova',bootable=False,cluster=,cluster_name=None,consistencygroup=,consistencygroup_id=None,created_at=2022-04-12T13:32:43Z,deleted=False,deleted_at=None,display_description=None,display_name='tempest-DeleteServersTestJSON-volume-1247387356',ec2_id=None,encryption_key_id=None,glance_metadata=,group=,group_id=None,host=None,id=4f1f6b9e-ae87-4a8f-b635-1375d754e538,launched_at=None,metadata={},migration_status=None,multiattach=False,previous_status=None,project_id='9710ad5778594c64b12108da4f6db548',provider_auth=None,provider_geometry=None,provider_id=None,provider_location=None,replication_driver_data=None,replication_extended_status=None,replication_status=None,scheduled_at=None,service_uuid=None,shared_targets=True,size=1,snapshot_id=None,snapshots=,source_volid=None,status='creating',terminated_at=None,updated_at=None,use_quota=True,user_id='df3beab2baae45e7b7244a552fb32316',volume_attachment=VolumeAttachmentList,volume_type=VolumeType(8ce4f97a-f855-4a97-abe2-2778e0dfc55e),volume_type_id=8ce4f97a-f855-4a97-abe2-2778e0dfc55e)}' {{(pid=110045) _task_receiver /usr/local/lib/python3.8/dist-packages/taskflow/listeners/logging.py:178}}
Apr 12 13:32:43.572893 dv-cinder-830098-4-iscsi devstack@c-api.service[110045]: DEBUG cinder.volume.api [None req-2ae671f6-0f09-4e65-9fac-679eb27e05ea tempest-DeleteServersTestJSON-1960959871 tempest-DeleteServersTestJSON-1960959871-project] Task 'cinder.volume.flows.api.create_volume.QuotaCommitTask;volume:create' (cd15459d-8fa0-4cc0-b388-2740d0c0ab8d) transitioned into state 'RUNNING' from state 'PENDING' {{(pid=110045) _task_receiver /usr/local/lib/python3.8/dist-packages/taskflow/listeners/logging.py:190}}
Apr 12 13:32:43.612764 dv-cinder-830098-4-iscsi devstack@c-api.service[110045]: DEBUG cinder.volume.api [None req-2ae671f6-0f09-4e65-9fac-679eb27e05ea tempest-DeleteServersTestJSON-1960959871 tempest-DeleteServersTestJSON-1960959871-project] Task 'cinder.volume.flows.api.create_volume.QuotaCommitTask;volume:create' (cd15459d-8fa0-4cc0-b388-2740d0c0ab8d) transitioned into state 'SUCCESS' from state 'RUNNING' with result '{'volume_properties': VolumeProperties(attach_status='detached',availability_zone='nova',cgsnapshot_id=None,consistencygroup_id=None,display_description=None,display_name='tempest-DeleteServersTestJSON-volume-1247387356',encryption_key_id=None,group_id=None,group_type_id=,metadata={},multiattach=False,project_id='9710ad5778594c64b12108da4f6db548',qos_specs=None,replication_status=,reservations=['7093780e-f1f4-4df4-864a-8917edadf234','7059617a-8a31-44d9-b9c9-40566821eee1','7fe95b86-ea5d-4f04-a9f6-3c32fcc86945','1aa527b7-367f-4cec-8634-4d5c2fa4658d'],size=1,snapshot_id=None,source_replicaid=,source_volid=None,status='creating',user_id='df3beab2baae45e7b7244a552fb32316',volume_type_id=8ce4f97a-f855-4a97-abe2-2778e0dfc55e)}' {{(pid=110045) _task_receiver /usr/local/lib/python3.8/dist-packages/taskflow/listeners/logging.py:178}}
Apr 12 13:32:43.617805 dv-cinder-830098-4-iscsi devstack@c-api.service[110045]: DEBUG cinder.volume.api [None req-2ae671f6-0f09-4e65-9fac-679eb27e05ea tempest-DeleteServersTestJSON-1960959871 tempest-DeleteServersTestJSON-1960959871-project] Task 'cinder.volume.flows.api.create_volume.VolumeCastTask;volume:create' (3bbe5f22-255f-4772-a817-b4d46144270d) transitioned into state 'RUNNING' from state 'PENDING' {{(pid=110045) _task_receiver /usr/local/lib/python3.8/dist-packages/taskflow/listeners/logging.py:190}}
Apr 12 13:32:43.636403 dv-cinder-830098-4-iscsi devstack@c-api.service[110045]: DEBUG cinder.volume.api [None req-2ae671f6-0f09-4e65-9fac-679eb27e05ea tempest-DeleteServersTestJSON-1960959871 tempest-DeleteServersTestJSON-1960959871-project] Task 'cinder.volume.flows.api.create_volume.VolumeCastTask;volume:create' (3bbe5f22-255f-4772-a817-b4d46144270d) transitioned into state 'SUCCESS' from state 'RUNNING' with result 'None' {{(pid=110045) _task_receiver /usr/local/lib/python3.8/dist-packages/taskflow/listeners/logging.py:178}}
Apr 12 13:32:43.645217 dv-cinder-830098-4-iscsi devstack@c-api.service[110045]: DEBUG cinder.volume.api [None req-2ae671f6-0f09-4e65-9fac-679eb27e05ea tempest-DeleteServersTestJSON-1960959871 tempest-DeleteServersTestJSON-1960959871-project] Flow 'volume_create_api' (99181701-53df-4139-81d2-6fd4396c5703) transitioned into state 'SUCCESS' from state 'RUNNING' {{(pid=110045) _flow_receiver /usr/local/lib/python3.8/dist-packages/taskflow/listeners/logging.py:141}}
Apr 12 13:32:43.645217 dv-cinder-830098-4-iscsi devstack@c-api.service[110045]: INFO cinder.volume.api [None req-2ae671f6-0f09-4e65-9fac-679eb27e05ea tempest-DeleteServersTestJSON-1960959871 tempest-DeleteServersTestJSON-1960959871-project] Create volume request issued successfully.
Apr 12 13:32:43.645217 dv-cinder-830098-4-iscsi devstack@c-api.service[110045]: INFO cinder.api.openstack.wsgi [None req-2ae671f6-0f09-4e65-9fac-679eb27e05ea tempest-DeleteServersTestJSON-1960959871 tempest-DeleteServersTestJSON-1960959871-project] http://10.222.0.11/volume/v3/9710ad5778594c64b12108da4f6db548/volumes returned with HTTP 202
Apr 12 13:32:43.645217 dv-cinder-830098-4-iscsi devstack@c-api.service[110045]: [pid: 110045|app: 0|req: 111/212] 10.222.0.11 () {60 vars in 1234 bytes} [Tue Apr 12 13:32:43 2022] POST /volume/v3/9710ad5778594c64b12108da4f6db548/volumes => generated 821 bytes in 389 msecs (HTTP/1.1 202) 7 headers in 291 bytes (1 switches on core 0)
Apr 12 13:32:43.654673 dv-cinder-830098-4-iscsi devstack@c-api.service[110044]: DEBUG cinder.api.middleware.request_id [None req-fd7bf8b3-9a6b-440e-b347-f64732b84c53 None None] RequestId filter calling following filter/app {{(pid=110044) _context_setter /opt/stack/cinder/cinder/api/middleware/request_id.py:62}}
Apr 12 13:32:43.658536 dv-cinder-830098-4-iscsi devstack@c-api.service[110044]: INFO cinder.api.openstack.wsgi [None req-fd7bf8b3-9a6b-440e-b347-f64732b84c53 tempest-DeleteServersTestJSON-1960959871 tempest-DeleteServersTestJSON-1960959871-project] GET http://10.222.0.11/volume/v3/9710ad5778594c64b12108da4f6db548/volumes/4f1f6b9e-ae87-4a8f-b635-1375d754e538
Apr 12 13:32:43.659058 dv-cinder-830098-4-iscsi devstack@c-api.service[110044]: DEBUG cinder.api.openstack.wsgi [None req-fd7bf8b3-9a6b-440e-b347-f64732b84c53 tempest-DeleteServersTestJSON-1960959871 tempest-DeleteServersTestJSON-1960959871-project] Empty body provided in request {{(pid=110044) get_body /opt/stack/cinder/cinder/api/openstack/wsgi.py:715}}
Apr 12 13:32:43.659575 dv-cinder-830098-4-iscsi devstack@c-api.service[110044]: DEBUG cinder.api.openstack.wsgi [None req-fd7bf8b3-9a6b-440e-b347-f64732b84c53 tempest-DeleteServersTestJSON-1960959871 tempest-DeleteServersTestJSON-1960959871-project] Calling method 'show' {{(pid=110044) _process_stack /opt/stack/cinder/cinder/api/openstack/wsgi.py:868}}
Apr 12 13:32:43.675157 dv-cinder-830098-4-iscsi devstack@c-api.service[110044]: /usr/local/lib/python3.8/dist-packages/oslo_context/context.py:100: DeprecationWarning: Policy enforcement is depending on the value of is_admin. This key is deprecated. Please update your policy file to use the standard policy values.
Apr 12 13:32:43.675157 dv-cinder-830098-4-iscsi devstack@c-api.service[110044]: warnings.warn('Policy enforcement is depending on the value of '
Apr 12 13:32:43.684644 dv-cinder-830098-4-iscsi devstack@c-api.service[110044]: INFO cinder.volume.api [None req-fd7bf8b3-9a6b-440e-b347-f64732b84c53 tempest-DeleteServersTestJSON-1960959871 tempest-DeleteServersTestJSON-1960959871-project] Volume info retrieved successfully.
Apr 12 13:32:43.696091 dv-cinder-830098-4-iscsi devstack@c-api.service[110044]: INFO cinder.api.openstack.wsgi [None req-fd7bf8b3-9a6b-440e-b347-f64732b84c53 tempest-DeleteServersTestJSON-1960959871 tempest-DeleteServersTestJSON-1960959871-project] http://10.222.0.11/volume/v3/9710ad5778594c64b12108da4f6db548/volumes/4f1f6b9e-ae87-4a8f-b635-1375d754e538 returned with HTTP 200
Apr 12 13:32:43.701465 dv-cinder-830098-4-iscsi devstack@c-api.service[110044]: [pid: 110044|app: 0|req: 102/213] 10.222.0.11 () {58 vars in 1324 bytes} [Tue Apr 12 13:32:43 2022] GET /volume/v3/9710ad5778594c64b12108da4f6db548/volumes/4f1f6b9e-ae87-4a8f-b635-1375d754e538 => generated 889 bytes in 45 msecs (HTTP/1.1 200) 7 headers in 285 bytes (1 switches on core 0)
Apr 12 13:32:43.792138 dv-cinder-830098-4-iscsi devstack@c-api.service[110045]: DEBUG cinder.api.middleware.request_id [None req-1e228595-3666-49b0-b6ba-cc63a790b736 None None] RequestId filter calling following filter/app {{(pid=110045) _context_setter /opt/stack/cinder/cinder/api/middleware/request_id.py:62}}
Apr 12 13:32:43.798858 dv-cinder-830098-4-iscsi devstack@c-api.service[110045]: INFO cinder.api.openstack.wsgi [None req-1e228595-3666-49b0-b6ba-cc63a790b736 tempest-VolumeTypesAccessTest-923026973 tempest-VolumeTypesAccessTest-923026973-project] GET http://10.222.0.11/volume/v3/4a627fbda50e4a65b57423f5da8241f7/volumes/c036cd5b-2d7b-4c13-ae9f-23253f5b442b
Apr 12 13:32:43.799643 dv-cinder-830098-4-iscsi devstack@c-api.service[110045]: DEBUG cinder.api.openstack.wsgi [None req-1e228595-3666-49b0-b6ba-cc63a790b736 tempest-VolumeTypesAccessTest-923026973 tempest-VolumeTypesAccessTest-923026973-project] Empty body provided in request {{(pid=110045) get_body /opt/stack/cinder/cinder/api/openstack/wsgi.py:715}}
Apr 12 13:32:43.800596 dv-cinder-830098-4-iscsi devstack@c-api.service[110045]: DEBUG cinder.api.openstack.wsgi [None req-1e228595-3666-49b0-b6ba-cc63a790b736 tempest-VolumeTypesAccessTest-923026973 tempest-VolumeTypesAccessTest-923026973-project] Calling method 'show' {{(pid=110045) _process_stack /opt/stack/cinder/cinder/api/openstack/wsgi.py:868}}
Apr 12 13:32:43.832061 dv-cinder-830098-4-iscsi devstack@c-api.service[110045]: INFO cinder.api.openstack.wsgi [None req-1e228595-3666-49b0-b6ba-cc63a790b736 tempest-VolumeTypesAccessTest-923026973 tempest-VolumeTypesAccessTest-923026973-project] http://10.222.0.11/volume/v3/4a627fbda50e4a65b57423f5da8241f7/volumes/c036cd5b-2d7b-4c13-ae9f-23253f5b442b returned with HTTP 404
Apr 12 13:32:43.833436 dv-cinder-830098-4-iscsi devstack@c-api.service[110045]: [pid: 110045|app: 0|req: 112/214] 10.222.0.11 () {58 vars in 1324 bytes} [Tue Apr 12 13:32:43 2022] GET /volume/v3/4a627fbda50e4a65b57423f5da8241f7/volumes/c036cd5b-2d7b-4c13-ae9f-23253f5b442b => generated 109 bytes in 43 msecs (HTTP/1.1 404) 7 headers in 292 bytes (1 switches on core 0)
Apr 12 13:32:43.839190 dv-cinder-830098-4-iscsi devstack@c-api.service[110044]: DEBUG cinder.api.middleware.request_id [None req-188273de-e1a2-40d7-9b61-457298b40a25 None None] RequestId filter calling following filter/app {{(pid=110044) _context_setter /opt/stack/cinder/cinder/api/middleware/request_id.py:62}}
Apr 12 13:32:43.846478 dv-cinder-830098-4-iscsi devstack@c-api.service[110044]: INFO cinder.api.openstack.wsgi [None req-188273de-e1a2-40d7-9b61-457298b40a25 tempest-VolumeTypesAccessTest-2024096145 tempest-VolumeTypesAccessTest-2024096145-project-admin] DELETE http://10.222.0.11/volume/v3/a5c0a0a24f834252a0aec46a4a5cb219/types/37fad0f1-4db6-4bd5-a422-c0b7626f8974
Apr 12 13:32:43.847187 dv-cinder-830098-4-iscsi devstack@c-api.service[110044]: DEBUG cinder.api.openstack.wsgi [None req-188273de-e1a2-40d7-9b61-457298b40a25 tempest-VolumeTypesAccessTest-2024096145 tempest-VolumeTypesAccessTest-2024096145-project-admin] Empty body provided in request {{(pid=110044) get_body /opt/stack/cinder/cinder/api/openstack/wsgi.py:715}}
Apr 12 13:32:43.847903 dv-cinder-830098-4-iscsi devstack@c-api.service[110044]: DEBUG cinder.api.openstack.wsgi [None req-188273de-e1a2-40d7-9b61-457298b40a25 tempest-VolumeTypesAccessTest-2024096145 tempest-VolumeTypesAccessTest-2024096145-project-admin] Calling method '_delete' {{(pid=110044) _process_stack /opt/stack/cinder/cinder/api/openstack/wsgi.py:868}}
Apr 12 13:32:43.942438 dv-cinder-830098-4-iscsi devstack@c-api.service[110044]: INFO cinder.api.openstack.wsgi [None req-188273de-e1a2-40d7-9b61-457298b40a25 tempest-VolumeTypesAccessTest-2024096145 tempest-VolumeTypesAccessTest-2024096145-project-admin] http://10.222.0.11/volume/v3/a5c0a0a24f834252a0aec46a4a5cb219/types/37fad0f1-4db6-4bd5-a422-c0b7626f8974 returned with HTTP 202
