Mar 08 14:54:24.794487 dv-cinder-830097-2-smb devstack@c-api.service[109816]: /usr/local/lib/python3.8/dist-packages/oslo_context/context.py:100: DeprecationWarning: Policy enforcement is depending on the value of is_admin. This key is deprecated. Please update your policy file to use the standard policy values.
Mar 08 14:54:24.794487 dv-cinder-830097-2-smb devstack@c-api.service[109816]: warnings.warn('Policy enforcement is depending on the value of '
Mar 08 14:54:24.800324 dv-cinder-830097-2-smb devstack@c-api.service[109815]: INFO cinder.api.openstack.wsgi [None req-7237bc8b-b3a5-4ff7-9499-3560710611fa tempest-GroupsTest-1743420871 tempest-GroupsTest-1743420871-project] GET http://10.222.0.58/volume/v3/d5261e0ba27049359ef3a912b284075a/volumes/ca2753ba-c942-4e55-b0ba-8d0ca27c29ac
Mar 08 14:54:24.801446 dv-cinder-830097-2-smb devstack@c-api.service[109815]: DEBUG cinder.api.openstack.wsgi [None req-7237bc8b-b3a5-4ff7-9499-3560710611fa tempest-GroupsTest-1743420871 tempest-GroupsTest-1743420871-project] Empty body provided in request {{(pid=109815) get_body /opt/stack/cinder/cinder/api/openstack/wsgi.py:715}}
Mar 08 14:54:24.802005 dv-cinder-830097-2-smb devstack@c-api.service[109815]: DEBUG cinder.api.openstack.wsgi [None req-7237bc8b-b3a5-4ff7-9499-3560710611fa tempest-GroupsTest-1743420871 tempest-GroupsTest-1743420871-project] Calling method 'show' {{(pid=109815) _process_stack /opt/stack/cinder/cinder/api/openstack/wsgi.py:868}}
Mar 08 14:54:24.818420 dv-cinder-830097-2-smb devstack@c-api.service[109815]: /usr/local/lib/python3.8/dist-packages/oslo_context/context.py:100: DeprecationWarning: Policy enforcement is depending on the value of is_admin. This key is deprecated. Please update your policy file to use the standard policy values.
Mar 08 14:54:24.818420 dv-cinder-830097-2-smb devstack@c-api.service[109815]: warnings.warn('Policy enforcement is depending on the value of '
Mar 08 14:54:24.825849 dv-cinder-830097-2-smb devstack@c-api.service[109815]: INFO cinder.volume.api [None req-7237bc8b-b3a5-4ff7-9499-3560710611fa tempest-GroupsTest-1743420871 tempest-GroupsTest-1743420871-project] Volume info retrieved successfully.
Mar 08 14:54:24.827779 dv-cinder-830097-2-smb devstack@c-api.service[109815]: WARNING stevedore.named [None req-7237bc8b-b3a5-4ff7-9499-3560710611fa tempest-GroupsTest-1743420871 tempest-GroupsTest-1743420871-project] Could not load cinder.keymgr.conf_key_mgr.ConfKeyManager
Mar 08 14:54:24.827779 dv-cinder-830097-2-smb devstack@c-api.service[109815]: WARNING castellan.key_manager [None req-7237bc8b-b3a5-4ff7-9499-3560710611fa tempest-GroupsTest-1743420871 tempest-GroupsTest-1743420871-project] Deprecation Warning : cinder.keymgr.conf_key_mgr.ConfKeyManager is not a stevedore based driver, trying to load it as a class: stevedore.exception.NoMatches: No 'castellan.drivers' driver found, looking for 'cinder.keymgr.conf_key_mgr.ConfKeyManager'
Mar 08 14:54:24.843236 dv-cinder-830097-2-smb devstack@c-api.service[109815]: DEBUG oslo_db.sqlalchemy.engines [None req-7237bc8b-b3a5-4ff7-9499-3560710611fa tempest-GroupsTest-1743420871 tempest-GroupsTest-1743420871-project] MySQL server mode set to STRICT_TRANS_TABLES,STRICT_ALL_TABLES,NO_ZERO_IN_DATE,NO_ZERO_DATE,ERROR_FOR_DIVISION_BY_ZERO,TRADITIONAL,NO_ENGINE_SUBSTITUTION {{(pid=109815) _check_effective_sql_mode /usr/local/lib/python3.8/dist-packages/oslo_db/sqlalchemy/engines.py:314}}
Mar 08 14:54:24.850573 dv-cinder-830097-2-smb devstack@c-api.service[109815]: /usr/local/lib/python3.8/dist-packages/oslo_context/context.py:100: DeprecationWarning: Policy enforcement is depending on the value of is_admin. This key is deprecated. Please update your policy file to use the standard policy values.
Mar 08 14:54:24.850573 dv-cinder-830097-2-smb devstack@c-api.service[109815]: warnings.warn('Policy enforcement is depending on the value of '
Mar 08 14:54:24.866508 dv-cinder-830097-2-smb devstack@c-api.service[109816]: INFO cinder.api.openstack.wsgi [None req-8b93f1c5-26b6-4a30-b658-094bf2de0bcf tempest-GroupSnapshotsTest-1727105577 tempest-GroupSnapshotsTest-1727105577-project] http://10.222.0.58/volume/v3/472d85dbb68c4e91a7727320da207124/groups/a9041551-e371-475d-aba2-4ae981dd5787/action returned with HTTP 202
Mar 08 14:54:24.868415 dv-cinder-830097-2-smb devstack@c-api.service[109815]: INFO cinder.api.openstack.wsgi [None req-7237bc8b-b3a5-4ff7-9499-3560710611fa tempest-GroupsTest-1743420871 tempest-GroupsTest-1743420871-project] http://10.222.0.58/volume/v3/d5261e0ba27049359ef3a912b284075a/volumes/ca2753ba-c942-4e55-b0ba-8d0ca27c29ac returned with HTTP 200
Mar 08 14:54:24.876975 dv-cinder-830097-2-smb devstack@c-api.service[109816]: [pid: 109816|app: 0|req: 133/232] 10.222.0.58 () {62 vars in 1404 bytes} [Tue Mar 8 14:54:24 2022] POST /volume/v3/472d85dbb68c4e91a7727320da207124/groups/a9041551-e371-475d-aba2-4ae981dd5787/action => generated 0 bytes in 99 msecs (HTTP/1.1 202) 6 headers in 234 bytes (1 switches on core 0)
Mar 08 14:54:24.880835 dv-cinder-830097-2-smb devstack@c-api.service[109815]: [pid: 109815|app: 0|req: 100/233] 10.222.0.58 () {60 vars in 1365 bytes} [Tue Mar 8 14:54:24 2022] GET /volume/v3/d5261e0ba27049359ef3a912b284075a/volumes/ca2753ba-c942-4e55-b0ba-8d0ca27c29ac => generated 984 bytes in 88 msecs (HTTP/1.1 200) 7 headers in 286 bytes (1 switches on core 0)
Mar 08 14:54:24.901130 dv-cinder-830097-2-smb devstack@c-api.service[109816]: DEBUG cinder.api.middleware.request_id [None req-14a42aaa-ebcf-4cfd-9852-fe70d39bdcfc None None] RequestId filter calling following filter/app {{(pid=109816) _context_setter /opt/stack/cinder/cinder/api/middleware/request_id.py:62}}
Mar 08 14:54:24.905106 dv-cinder-830097-2-smb devstack@c-api.service[109816]: INFO cinder.api.openstack.wsgi [None req-14a42aaa-ebcf-4cfd-9852-fe70d39bdcfc tempest-GroupSnapshotsTest-1727105577 tempest-GroupSnapshotsTest-1727105577-project] GET http://10.222.0.58/volume/v3/472d85dbb68c4e91a7727320da207124/volumes/3107d5f6-27c8-4508-80ee-f96d36276e13
Mar 08 14:54:24.906038 dv-cinder-830097-2-smb devstack@c-api.service[109816]: DEBUG cinder.api.openstack.wsgi [None req-14a42aaa-ebcf-4cfd-9852-fe70d39bdcfc tempest-GroupSnapshotsTest-1727105577 tempest-GroupSnapshotsTest-1727105577-project] Empty body provided in request {{(pid=109816) get_body /opt/stack/cinder/cinder/api/openstack/wsgi.py:715}}
Mar 08 14:54:24.906669 dv-cinder-830097-2-smb devstack@c-api.service[109816]: DEBUG cinder.api.openstack.wsgi [None req-14a42aaa-ebcf-4cfd-9852-fe70d39bdcfc tempest-GroupSnapshotsTest-1727105577 tempest-GroupSnapshotsTest-1727105577-project] Calling method 'show' {{(pid=109816) _process_stack /opt/stack/cinder/cinder/api/openstack/wsgi.py:868}}
Mar 08 14:54:24.910004 dv-cinder-830097-2-smb devstack@c-api.service[109815]: DEBUG cinder.api.middleware.request_id [None req-e70c39a8-3163-4edd-a9d5-a195e143e6fd None None] RequestId filter calling following filter/app {{(pid=109815) _context_setter /opt/stack/cinder/cinder/api/middleware/request_id.py:62}}
Mar 08 14:54:24.918314 dv-cinder-830097-2-smb devstack@c-api.service[109815]: INFO cinder.api.openstack.wsgi [None req-e70c39a8-3163-4edd-a9d5-a195e143e6fd tempest-VolumesImageMetadata-206979665 tempest-VolumesImageMetadata-206979665-project] GET http://10.222.0.58/volume/v3/fd301c7929fe4524979433ea5ccc05af/volumes/32e1c8fb-7f24-49d8-9598-e3e9116e41e5
Mar 08 14:54:24.918847 dv-cinder-830097-2-smb devstack@c-api.service[109815]: DEBUG cinder.api.openstack.wsgi [None req-e70c39a8-3163-4edd-a9d5-a195e143e6fd tempest-VolumesImageMetadata-206979665 tempest-VolumesImageMetadata-206979665-project] Empty body provided in request {{(pid=109815) get_body /opt/stack/cinder/cinder/api/openstack/wsgi.py:715}}
Mar 08 14:54:24.919816 dv-cinder-830097-2-smb devstack@c-api.service[109815]: DEBUG cinder.api.openstack.wsgi [None req-e70c39a8-3163-4edd-a9d5-a195e143e6fd tempest-VolumesImageMetadata-206979665 tempest-VolumesImageMetadata-206979665-project] Calling method 'show' {{(pid=109815) _process_stack /opt/stack/cinder/cinder/api/openstack/wsgi.py:868}}
Mar 08 14:54:24.943077 dv-cinder-830097-2-smb devstack@c-api.service[109816]: /usr/local/lib/python3.8/dist-packages/oslo_context/context.py:100: DeprecationWarning: Policy enforcement is depending on the value of is_admin. This key is deprecated. Please update your policy file to use the standard policy values.
Mar 08 14:54:24.943077 dv-cinder-830097-2-smb devstack@c-api.service[109816]: warnings.warn('Policy enforcement is depending on the value of '
Mar 08 14:54:24.951699 dv-cinder-830097-2-smb devstack@c-api.service[109815]: /usr/local/lib/python3.8/dist-packages/oslo_context/context.py:100: DeprecationWarning: Policy enforcement is depending on the value of is_admin. This key is deprecated. Please update your policy file to use the standard policy values.
Mar 08 14:54:24.951699 dv-cinder-830097-2-smb devstack@c-api.service[109815]: warnings.warn('Policy enforcement is depending on the value of '
Mar 08 14:54:24.964305 dv-cinder-830097-2-smb devstack@c-api.service[109816]: INFO cinder.volume.api [None req-14a42aaa-ebcf-4cfd-9852-fe70d39bdcfc tempest-GroupSnapshotsTest-1727105577 tempest-GroupSnapshotsTest-1727105577-project] Volume info retrieved successfully.
Mar 08 14:54:24.965906 dv-cinder-830097-2-smb devstack@c-api.service[109816]: WARNING stevedore.named [None req-14a42aaa-ebcf-4cfd-9852-fe70d39bdcfc tempest-GroupSnapshotsTest-1727105577 tempest-GroupSnapshotsTest-1727105577-project] Could not load cinder.keymgr.conf_key_mgr.ConfKeyManager
Mar 08 14:54:24.966408 dv-cinder-830097-2-smb devstack@c-api.service[109816]: WARNING castellan.key_manager [None req-14a42aaa-ebcf-4cfd-9852-fe70d39bdcfc tempest-GroupSnapshotsTest-1727105577 tempest-GroupSnapshotsTest-1727105577-project] Deprecation Warning : cinder.keymgr.conf_key_mgr.ConfKeyManager is not a stevedore based driver, trying to load it as a class: stevedore.exception.NoMatches: No 'castellan.drivers' driver found, looking for 'cinder.keymgr.conf_key_mgr.ConfKeyManager'
Mar 08 14:54:24.976061 dv-cinder-830097-2-smb devstack@c-api.service[109815]: INFO cinder.volume.api [None req-e70c39a8-3163-4edd-a9d5-a195e143e6fd tempest-VolumesImageMetadata-206979665 tempest-VolumesImageMetadata-206979665-project] Volume info retrieved successfully.
Mar 08 14:54:24.982309 dv-cinder-830097-2-smb devstack@c-api.service[109816]: DEBUG oslo_db.sqlalchemy.engines [None req-14a42aaa-ebcf-4cfd-9852-fe70d39bdcfc tempest-GroupSnapshotsTest-1727105577 tempest-GroupSnapshotsTest-1727105577-project] MySQL server mode set to STRICT_TRANS_TABLES,STRICT_ALL_TABLES,NO_ZERO_IN_DATE,NO_ZERO_DATE,ERROR_FOR_DIVISION_BY_ZERO,TRADITIONAL,NO_ENGINE_SUBSTITUTION {{(pid=109816) _check_effective_sql_mode /usr/local/lib/python3.8/dist-packages/oslo_db/sqlalchemy/engines.py:314}}
Mar 08 14:54:25.006474 dv-cinder-830097-2-smb devstack@c-api.service[109816]: /usr/local/lib/python3.8/dist-packages/oslo_context/context.py:100: DeprecationWarning: Policy enforcement is depending on the value of is_admin. This key is deprecated. Please update your policy file to use the standard policy values.
Mar 08 14:54:25.006474 dv-cinder-830097-2-smb devstack@c-api.service[109816]: warnings.warn('Policy enforcement is depending on the value of '
Mar 08 14:54:25.020519 dv-cinder-830097-2-smb devstack@c-api.service[109815]: INFO cinder.api.openstack.wsgi [None req-e70c39a8-3163-4edd-a9d5-a195e143e6fd tempest-VolumesImageMetadata-206979665 tempest-VolumesImageMetadata-206979665-project] http://10.222.0.58/volume/v3/fd301c7929fe4524979433ea5ccc05af/volumes/32e1c8fb-7f24-49d8-9598-e3e9116e41e5 returned with HTTP 200
Mar 08 14:54:25.021476 dv-cinder-830097-2-smb devstack@c-api.service[109815]: [pid: 109815|app: 0|req: 101/234] 10.222.0.58 () {58 vars in 1324 bytes} [Tue Mar 8 14:54:24 2022] GET /volume/v3/fd301c7929fe4524979433ea5ccc05af/volumes/32e1c8fb-7f24-49d8-9598-e3e9116e41e5 => generated 911 bytes in 113 msecs (HTTP/1.1 200) 7 headers in 285 bytes (1 switches on core 0)
Mar 08 14:54:25.027553 dv-cinder-830097-2-smb devstack@c-api.service[109816]: INFO cinder.api.openstack.wsgi [None req-14a42aaa-ebcf-4cfd-9852-fe70d39bdcfc tempest-GroupSnapshotsTest-1727105577 tempest-GroupSnapshotsTest-1727105577-project] http://10.222.0.58/volume/v3/472d85dbb68c4e91a7727320da207124/volumes/3107d5f6-27c8-4508-80ee-f96d36276e13 returned with HTTP 200
Mar 08 14:54:25.036219 dv-cinder-830097-2-smb devstack@c-api.service[109816]: [pid: 109816|app: 0|req: 134/235] 10.222.0.58 () {60 vars in 1365 bytes} [Tue Mar 8 14:54:24 2022] GET /volume/v3/472d85dbb68c4e91a7727320da207124/volumes/3107d5f6-27c8-4508-80ee-f96d36276e13 => generated 999 bytes in 132 msecs (HTTP/1.1 200) 7 headers in 286 bytes (1 switches on core 0)
Mar 08 14:54:25.036696 dv-cinder-830097-2-smb devstack@c-api.service[109815]: DEBUG cinder.api.middleware.request_id [None req-cae34451-71ea-4fbb-9b2e-0920dea60083 None None] RequestId filter calling following filter/app {{(pid=109815) _context_setter /opt/stack/cinder/cinder/api/middleware/request_id.py:62}}
Mar 08 14:54:25.041020 dv-cinder-830097-2-smb devstack@c-api.service[109815]: INFO cinder.api.openstack.wsgi [None req-cae34451-71ea-4fbb-9b2e-0920dea60083 tempest-VolumeRetypeWithoutMigrationTest-269370741 tempest-VolumeRetypeWithoutMigrationTest-269370741-project] GET http://10.222.0.58/volume/v3/a0a5cdd90c2b4bd0a439260714e10b32/volumes/62df4e2e-df3c-4e49-9817-49a74224a0e5
Mar 08 14:54:25.041715 dv-cinder-830097-2-smb devstack@c-api.service[109815]: DEBUG cinder.api.openstack.wsgi [None req-cae34451-71ea-4fbb-9b2e-0920dea60083 tempest-VolumeRetypeWithoutMigrationTest-269370741 tempest-VolumeRetypeWithoutMigrationTest-269370741-project] Empty body provided in request {{(pid=109815) get_body /opt/stack/cinder/cinder/api/openstack/wsgi.py:715}}
Mar 08 14:54:25.042383 dv-cinder-830097-2-smb devstack@c-api.service[109815]: DEBUG cinder.api.openstack.wsgi [None req-cae34451-71ea-4fbb-9b2e-0920dea60083 tempest-VolumeRetypeWithoutMigrationTest-269370741 tempest-VolumeRetypeWithoutMigrationTest-269370741-project] Calling method 'show' {{(pid=109815) _process_stack /opt/stack/cinder/cinder/api/openstack/wsgi.py:868}}
Mar 08 14:54:25.059873 dv-cinder-830097-2-smb devstack@c-api.service[109815]: INFO cinder.api.openstack.wsgi [None req-cae34451-71ea-4fbb-9b2e-0920dea60083 tempest-VolumeRetypeWithoutMigrationTest-269370741 tempest-VolumeRetypeWithoutMigrationTest-269370741-project] http://10.222.0.58/volume/v3/a0a5cdd90c2b4bd0a439260714e10b32/volumes/62df4e2e-df3c-4e49-9817-49a74224a0e5 returned with HTTP 404
Mar 08 14:54:25.061155 dv-cinder-830097-2-smb devstack@c-api.service[109815]: [pid: 109815|app: 0|req: 102/236] 10.222.0.58 () {58 vars in 1324 bytes} [Tue Mar 8 14:54:25 2022] GET /volume/v3/a0a5cdd90c2b4bd0a439260714e10b32/volumes/62df4e2e-df3c-4e49-9817-49a74224a0e5 => generated 109 bytes in 28 msecs (HTTP/1.1 404) 7 headers in 292 bytes (1 switches on core 0)
Mar 08 14:54:25.068585 dv-cinder-830097-2-smb devstack@c-api.service[109816]: DEBUG cinder.api.middleware.request_id [None req-e0147998-898d-4370-8e1e-87acc51df4e8 None None] RequestId filter calling following filter/app {{(pid=109816) _context_setter /opt/stack/cinder/cinder/api/middleware/request_id.py:62}}
Mar 08 14:54:25.072773 dv-cinder-830097-2-smb devstack@c-api.service[109816]: INFO cinder.api.openstack.wsgi [None req-e0147998-898d-4370-8e1e-87acc51df4e8 tempest-VolumeRetypeWithoutMigrationTest-1374884956 tempest-VolumeRetypeWithoutMigrationTest-1374884956-project-admin] DELETE http://10.222.0.58/volume/v3/d2f7fad3447646e7a9843b4594f9ebaa/types/14672a87-7296-4c97-9328-0e52c90acee8
Mar 08 14:54:25.073294 dv-cinder-830097-2-smb devstack@c-api.service[109816]: DEBUG cinder.api.openstack.wsgi [None req-e0147998-898d-4370-8e1e-87acc51df4e8 tempest-VolumeRetypeWithoutMigrationTest-1374884956 tempest-VolumeRetypeWithoutMigrationTest-1374884956-project-admin] Empty body provided in request {{(pid=109816) get_body /opt/stack/cinder/cinder/api/openstack/wsgi.py:715}}
Mar 08 14:54:25.073899 dv-cinder-830097-2-smb devstack@c-api.service[109816]: DEBUG cinder.api.openstack.wsgi [None req-e0147998-898d-4370-8e1e-87acc51df4e8 tempest-VolumeRetypeWithoutMigrationTest-1374884956 tempest-VolumeRetypeWithoutMigrationTest-1374884956-project-admin] Calling method '_delete' {{(pid=109816) _process_stack /opt/stack/cinder/cinder/api/openstack/wsgi.py:868}}
Mar 08 14:54:25.169922 dv-cinder-830097-2-smb devstack@c-api.service[109816]: INFO cinder.api.openstack.wsgi [None req-e0147998-898d-4370-8e1e-87acc51df4e8 tempest-VolumeRetypeWithoutMigrationTest-1374884956 tempest-VolumeRetypeWithoutMigrationTest-1374884956-project-admin] http://10.222.0.58/volume/v3/d2f7fad3447646e7a9843b4594f9ebaa/types/14672a87-7296-4c97-9328-0e52c90acee8 returned with HTTP 202
Mar 08 14:54:25.171002 dv-cinder-830097-2-smb devstack@c-api.service[109816]: [pid: 109816|app: 0|req: 135/237] 10.222.0.58 () {58 vars in 1321 bytes} [Tue Mar 8 14:54:25 2022] DELETE /volume/v3/d2f7fad3447646e7a9843b4594f9ebaa/types/14672a87-7296-4c97-9328-0e52c90acee8 => generated 0 bytes in 104 msecs (HTTP/1.1 202) 6 headers in 233 bytes (1 switches on core 0)
Mar 08 14:54:25.175887 dv-cinder-830097-2-smb devstack@c-api.service[109815]: DEBUG cinder.api.middleware.request_id [None req-fa4a124d-3b43-4d82-a1e3-2fe2eef7e8e7 None None] RequestId filter calling following filter/app {{(pid=109815) _context_setter /opt/stack/cinder/cinder/api/middleware/request_id.py:62}}
Mar 08 14:54:25.180073 dv-cinder-830097-2-smb devstack@c-api.service[109815]: INFO cinder.api.openstack.wsgi [None req-fa4a124d-3b43-4d82-a1e3-2fe2eef7e8e7 tempest-VolumeRetypeWithoutMigrationTest-1374884956 tempest-VolumeRetypeWithoutMigrationTest-1374884956-project-admin] GET http://10.222.0.58/volume/v3/d2f7fad3447646e7a9843b4594f9ebaa/types/14672a87-7296-4c97-9328-0e52c90acee8
Mar 08 14:54:25.180732 dv-cinder-830097-2-smb devstack@c-api.service[109815]: DEBUG cinder.api.openstack.wsgi [None req-fa4a124d-3b43-4d82-a1e3-2fe2eef7e8e7 tempest-VolumeRetypeWithoutMigrationTest-1374884956 tempest-VolumeRetypeWithoutMigrationTest-1374884956-project-admin] Empty body provided in request {{(pid=109815) get_body /opt/stack/cinder/cinder/api/openstack/wsgi.py:715}}
Mar 08 14:54:25.181263 dv-cinder-830097-2-smb devstack@c-api.service[109815]: DEBUG cinder.api.openstack.wsgi [None req-fa4a124d-3b43-4d82-a1e3-2fe2eef7e8e7 tempest-VolumeRetypeWithoutMigrationTest-1374884956 tempest-VolumeRetypeWithoutMigrationTest-1374884956-project-admin] Calling method 'show' {{(pid=109815) _process_stack /opt/stack/cinder/cinder/api/openstack/wsgi.py:868}}
Mar 08 14:54:25.186958 dv-cinder-830097-2-smb devstack@c-api.service[109815]: INFO cinder.api.openstack.wsgi [None req-fa4a124d-3b43-4d82-a1e3-2fe2eef7e8e7 tempest-VolumeRetypeWithoutMigrationTest-1374884956 tempest-VolumeRetypeWithoutMigrationTest-1374884956-project-admin] http://10.222.0.58/volume/v3/d2f7fad3447646e7a9843b4594f9ebaa/types/14672a87-7296-4c97-9328-0e52c90acee8 returned with HTTP 404
Mar 08 14:54:25.188352 dv-cinder-830097-2-smb devstack@c-api.service[109815]: [pid: 109815|app: 0|req: 103/238] 10.222.0.58 () {58 vars in 1318 bytes} [Tue Mar 8 14:54:25 2022] GET /volume/v3/d2f7fad3447646e7a9843b4594f9ebaa/types/14672a87-7296-4c97-9328-0e52c90acee8 => generated 114 bytes in 13 msecs (HTTP/1.1 404) 7 headers in 292 bytes (1 switches on core 0)
Mar 08 14:54:25.193569 dv-cinder-830097-2-smb devstack@c-api.service[109816]: DEBUG cinder.api.middleware.request_id [None req-605e9914-c2ad-4498-99a9-cab0fde0bbbf None None] RequestId filter calling following filter/app {{(pid=109816) _context_setter /opt/stack/cinder/cinder/api/middleware/request_id.py:62}}
Mar 08 14:54:25.197598 dv-cinder-830097-2-smb devstack@c-api.service[109816]: INFO cinder.api.openstack.wsgi [None req-605e9914-c2ad-4498-99a9-cab0fde0bbbf tempest-VolumeRetypeWithoutMigrationTest-1374884956 tempest-VolumeRetypeWithoutMigrationTest-1374884956-project-admin] DELETE http://10.222.0.58/volume/v3/d2f7fad3447646e7a9843b4594f9ebaa/types/3ecfa590-7f1c-49f4-bcdf-d13de1382944
Mar 08 14:54:25.198150 dv-cinder-830097-2-smb devstack@c-api.service[109816]: DEBUG cinder.api.openstack.wsgi [None req-605e9914-c2ad-4498-99a9-cab0fde0bbbf tempest-VolumeRetypeWithoutMigrationTest-1374884956 tempest-VolumeRetypeWithoutMigrationTest-1374884956-project-admin] Empty body provided in request {{(pid=109816) get_body /opt/stack/cinder/cinder/api/openstack/wsgi.py:715}}
Mar 08 14:54:25.199003 dv-cinder-830097-2-smb devstack@c-api.service[109816]: DEBUG cinder.api.openstack.wsgi [None req-605e9914-c2ad-4498-99a9-cab0fde0bbbf tempest-VolumeRetypeWithoutMigrationTest-1374884956 tempest-VolumeRetypeWithoutMigrationTest-1374884956-project-admin] Calling method '_delete' {{(pid=109816) _process_stack /opt/stack/cinder/cinder/api/openstack/wsgi.py:868}}
Mar 08 14:54:25.261643 dv-cinder-830097-2-smb devstack@c-api.service[109816]: INFO cinder.api.openstack.wsgi [None req-605e9914-c2ad-4498-99a9-cab0fde0bbbf tempest-VolumeRetypeWithoutMigrationTest-1374884956 tempest-VolumeRetypeWithoutMigrationTest-1374884956-project-admin] http://10.222.0.58/volume/v3/d2f7fad3447646e7a9843b4594f9ebaa/types/3ecfa590-7f1c-49f4-bcdf-d13de1382944 returned with HTTP 202
Mar 08 14:54:25.262845 dv-cinder-830097-2-smb devstack@c-api.service[109816]: [pid: 109816|app: 0|req: 136/239] 10.222.0.58 () {58 vars in 1321 bytes} [Tue Mar 8 14:54:25 2022] DELETE /volume/v3/d2f7fad3447646e7a9843b4594f9ebaa/types/3ecfa590-7f1c-49f4-bcdf-d13de1382944 => generated 0 bytes in 71 msecs (HTTP/1.1 202) 6 headers in 233 bytes (2 switches on core 0)
Mar 08 14:54:25.267624 dv-cinder-830097-2-smb devstack@c-api.service[109815]: DEBUG cinder.api.middleware.request_id [None req-bbf141ea-3231-487d-b353-cc269603603c None None] RequestId filter calling following filter/app {{(pid=109815) _context_setter /opt/stack/cinder/cinder/api/middleware/request_id.py:62}}
Mar 08 14:54:25.272439 dv-cinder-830097-2-smb devstack@c-api.service[109815]: INFO cinder.api.openstack.wsgi [None req-bbf141ea-3231-487d-b353-cc269603603c tempest-VolumeRetypeWithoutMigrationTest-1374884956 tempest-VolumeRetypeWithoutMigrationTest-1374884956-project-admin] GET http://10.222.0.58/volume/v3/d2f7fad3447646e7a9843b4594f9ebaa/types/3ecfa590-7f1c-49f4-bcdf-d13de1382944
Mar 08 14:54:25.273011 dv-cinder-830097-2-smb devstack@c-api.service[109815]: DEBUG cinder.api.openstack.wsgi [None req-bbf141ea-3231-487d-b353-cc269603603c tempest-VolumeRetypeWithoutMigrationTest-1374884956 tempest-VolumeRetypeWithoutMigrationTest-1374884956-project-admin] Empty body provided in request {{(pid=109815) get_body /opt/stack/cinder/cinder/api/openstack/wsgi.py:715}}
Mar 08 14:54:25.273586 dv-cinder-830097-2-smb devstack@c-api.service[109815]: DEBUG cinder.api.openstack.wsgi [None req-bbf141ea-3231-487d-b353-cc269603603c tempest-VolumeRetypeWithoutMigrationTest-1374884956 tempest-VolumeRetypeWithoutMigrationTest-1374884956-project-admin] Calling method 'show' {{(pid=109815) _process_stack /opt/stack/cinder/cinder/api/openstack/wsgi.py:868}}
Mar 08 14:54:25.278652 dv-cinder-830097-2-smb devstack@c-api.service[109815]: INFO cinder.api.openstack.wsgi [None req-bbf141ea-3231-487d-b353-cc269603603c tempest-VolumeRetypeWithoutMigrationTest-1374884956 tempest-VolumeRetypeWithoutMigrationTest-1374884956-project-admin] http://10.222.0.58/volume/v3/d2f7fad3447646e7a9843b4594f9ebaa/types/3ecfa590-7f1c-49f4-bcdf-d13de1382944 returned with HTTP 404
Mar 08 14:54:25.282888 dv-cinder-830097-2-smb devstack@c-api.service[109815]: [pid: 109815|app: 0|req: 104/240] 10.222.0.58 () {58 vars in 1318 bytes} [Tue Mar 8 14:54:25 2022] GET /volume/v3/d2f7fad3447646e7a9843b4594f9ebaa/types/3ecfa590-7f1c-49f4-bcdf-d13de1382944 => generated 114 bytes in 14 msecs (HTTP/1.1 404) 7 headers in 292 bytes (1 switches on core 0)
Mar 08 14:54:25.897537 dv-cinder-830097-2-smb devstack@c-api.service[109816]: DEBUG cinder.api.middleware.request_id [None req-a98c2a39-74cc-4252-9bc4-c9a71c8af1e3 None None] RequestId filter calling following filter/app {{(pid=109816) _context_setter /opt/stack/cinder/cinder/api/middleware/request_id.py:62}}
Mar 08 14:54:25.901651 dv-cinder-830097-2-smb devstack@c-api.service[109816]: INFO cinder.api.openstack.wsgi [None req-a98c2a39-74cc-4252-9bc4-c9a71c8af1e3 tempest-GroupsTest-1743420871 tempest-GroupsTest-1743420871-project] GET http://10.222.0.58/volume/v3/d5261e0ba27049359ef3a912b284075a/volumes/ca2753ba-c942-4e55-b0ba-8d0ca27c29ac
Mar 08 14:54:25.902386 dv-cinder-830097-2-smb devstack@c-api.service[109816]: DEBUG cinder.api.openstack.wsgi [None req-a98c2a39-74cc-4252-9bc4-c9a71c8af1e3 tempest-GroupsTest-1743420871 tempest-GroupsTest-1743420871-project] Empty body provided in request {{(pid=109816) get_body /opt/stack/cinder/cinder/api/openstack/wsgi.py:715}}
Mar 08 14:54:25.903104 dv-cinder-830097-2-smb devstack@c-api.service[109816]: DEBUG cinder.api.openstack.wsgi [None req-a98c2a39-74cc-4252-9bc4-c9a71c8af1e3 tempest-GroupsTest-1743420871 tempest-GroupsTest-1743420871-project] Calling method 'show' {{(pid=109816) _process_stack /opt/stack/cinder/cinder/api/openstack/wsgi.py:868}}
Mar 08 14:54:25.915744 dv-cinder-830097-2-smb devstack@c-api.service[109816]: INFO cinder.api.openstack.wsgi [None req-a98c2a39-74cc-4252-9bc4-c9a71c8af1e3 tempest-GroupsTest-1743420871 tempest-GroupsTest-1743420871-project] http://10.222.0.58/volume/v3/d5261e0ba27049359ef3a912b284075a/volumes/ca2753ba-c942-4e55-b0ba-8d0ca27c29ac returned with HTTP 404
Mar 08 14:54:25.920321 dv-cinder-830097-2-smb devstack@c-api.service[109816]: [pid: 109816|app: 0|req: 137/241] 10.222.0.58 () {60 vars in 1365 bytes} [Tue Mar 8 14:54:25 2022] GET /volume/v3/d5261e0ba27049359ef3a912b284075a/volumes/ca2753ba-c942-4e55-b0ba-8d0ca27c29ac => generated 109 bytes in 25 msecs (HTTP/1.1 404) 7 headers in 293 bytes (1 switches on core 0)
Mar 08 14:54:25.923683 dv-cinder-830097-2-smb devstack@c-api.service[109815]: DEBUG cinder.api.middleware.request_id [None req-55edb956-dd1c-4493-83fa-c832169d4b79 None None] RequestId filter calling following filter/app {{(pid=109815) _context_setter /opt/stack/cinder/cinder/api/middleware/request_id.py:62}}
Mar 08 14:54:25.927758 dv-cinder-830097-2-smb devstack@c-api.service[109815]: INFO cinder.api.openstack.wsgi [None req-55edb956-dd1c-4493-83fa-c832169d4b79 tempest-GroupsTest-1743420871 tempest-GroupsTest-1743420871-project] GET http://10.222.0.58/volume/v3/d5261e0ba27049359ef3a912b284075a/volumes/ac4b6ad8-1c43-42d0-ba52-4a5573985cb0
Mar 08 14:54:25.928278 dv-cinder-830097-2-smb devstack@c-api.service[109815]: DEBUG cinder.api.openstack.wsgi [None req-55edb956-dd1c-4493-83fa-c832169d4b79 tempest-GroupsTest-1743420871 tempest-GroupsTest-1743420871-project] Empty body provided in request {{(pid=109815) get_body /opt/stack/cinder/cinder/api/openstack/wsgi.py:715}}
Mar 08 14:54:25.928912 dv-cinder-830097-2-smb devstack@c-api.service[109815]: DEBUG cinder.api.openstack.wsgi [None req-55edb956-dd1c-4493-83fa-c832169d4b79 tempest-GroupsTest-1743420871 tempest-GroupsTest-1743420871-project] Calling method 'show' {{(pid=109815) _process_stack /opt/stack/cinder/cinder/api/openstack/wsgi.py:868}}
Mar 08 14:54:25.940689 dv-cinder-830097-2-smb devstack@c-api.service[109815]: INFO cinder.api.openstack.wsgi [None req-55edb956-dd1c-4493-83fa-c832169d4b79 tempest-GroupsTest-1743420871 tempest-GroupsTest-1743420871-project] http://10.222.0.58/volume/v3/d5261e0ba27049359ef3a912b284075a/volumes/ac4b6ad8-1c43-42d0-ba52-4a5573985cb0 returned with HTTP 404
Mar 08 14:54:25.945671 dv-cinder-830097-2-smb devstack@c-api.service[109815]: [pid: 109815|app: 0|req: 105/242] 10.222.0.58 () {60 vars in 1365 bytes} [Tue Mar 8 14:54:25 2022] GET /volume/v3/d5261e0ba27049359ef3a912b284075a/volumes/ac4b6ad8-1c43-42d0-ba52-4a5573985cb0 => generated 109 bytes in 25 msecs (HTTP/1.1 404) 7 headers in 293 bytes (1 switches on core 0)
Mar 08 14:54:25.947046 dv-cinder-830097-2-smb devstack@c-api.service[109816]: DEBUG cinder.api.middleware.request_id [None req-be5e668c-39f3-424f-9de2-d317b08dd3a1 None None] RequestId filter calling following filter/app {{(pid=109816) _context_setter /opt/stack/cinder/cinder/api/middleware/request_id.py:62}}
Mar 08 14:54:25.951409 dv-cinder-830097-2-smb devstack@c-api.service[109816]: INFO cinder.api.openstack.wsgi [None req-be5e668c-39f3-424f-9de2-d317b08dd3a1 tempest-GroupsTest-1743420871 tempest-GroupsTest-1743420871-project] GET http://10.222.0.58/volume/v3/d5261e0ba27049359ef3a912b284075a/groups/27dcc50e-85db-4c69-a6c4-9d84501ebb27
Mar 08 14:54:25.952078 dv-cinder-830097-2-smb devstack@c-api.service[109816]: DEBUG cinder.api.openstack.wsgi [None req-be5e668c-39f3-424f-9de2-d317b08dd3a1 tempest-GroupsTest-1743420871 tempest-GroupsTest-1743420871-project] Empty body provided in request {{(pid=109816) get_body /opt/stack/cinder/cinder/api/openstack/wsgi.py:715}}
Mar 08 14:54:25.954540 dv-cinder-830097-2-smb devstack@c-api.service[109816]: DEBUG cinder.api.openstack.wsgi [None req-be5e668c-39f3-424f-9de2-d317b08dd3a1 tempest-GroupsTest-1743420871 tempest-GroupsTest-1743420871-project] Calling method 'version_select' {{(pid=109816) _process_stack /opt/stack/cinder/cinder/api/openstack/wsgi.py:868}}
Mar 08 14:54:25.954899 dv-cinder-830097-2-smb devstack@c-api.service[109816]: DEBUG cinder.api.v3.groups [None req-be5e668c-39f3-424f-9de2-d317b08dd3a1 tempest-GroupsTest-1743420871 tempest-GroupsTest-1743420871-project] show called for member 27dcc50e-85db-4c69-a6c4-9d84501ebb27 {{(pid=109816) show /opt/stack/cinder/cinder/api/v3/groups.py:58}}
Mar 08 14:54:25.959453 dv-cinder-830097-2-smb devstack@c-api.service[109816]: INFO cinder.api.openstack.wsgi [None req-be5e668c-39f3-424f-9de2-d317b08dd3a1 tempest-GroupsTest-1743420871 tempest-GroupsTest-1743420871-project] http://10.222.0.58/volume/v3/d5261e0ba27049359ef3a912b284075a/groups/27dcc50e-85db-4c69-a6c4-9d84501ebb27 returned with HTTP 404
Mar 08 14:54:25.960817 dv-cinder-830097-2-smb devstack@c-api.service[109816]: [pid: 109816|app: 0|req: 138/243] 10.222.0.58 () {60 vars in 1362 bytes} [Tue Mar 8 14:54:25 2022] GET /volume/v3/d5261e0ba27049359ef3a912b284075a/groups/27dcc50e-85db-4c69-a6c4-9d84501ebb27 => generated 108 bytes in 15 msecs (HTTP/1.1 404) 7 headers in 293 bytes (2 switches on core 0)
Mar 08 14:54:25.965990 dv-cinder-830097-2-smb devstack@c-api.service[109815]: DEBUG cinder.api.middleware.request_id [None req-d3dcc605-9064-4455-a093-6c941c9f2757 None None] RequestId filter calling following filter/app {{(pid=109815) _context_setter /opt/stack/cinder/cinder/api/middleware/request_id.py:62}}
Mar 08 14:54:25.971804 dv-cinder-830097-2-smb devstack@c-api.service[109815]: INFO cinder.api.openstack.wsgi [None req-d3dcc605-9064-4455-a093-6c941c9f2757 tempest-GroupsTest-1429882044 tempest-GroupsTest-1429882044-project-admin] DELETE http://10.222.0.58/volume/v3/852aba46ba1a46d092d0661bdc9a9794/group_types/84808f87-8315-4c08-ac43-5ea99006f2c4
Mar 08 14:54:25.972703 dv-cinder-830097-2-smb devstack@c-api.service[109815]: DEBUG cinder.api.openstack.wsgi [None req-d3dcc605-9064-4455-a093-6c941c9f2757 tempest-GroupsTest-1429882044 tempest-GroupsTest-1429882044-project-admin] Empty body provided in request {{(pid=109815) get_body /opt/stack/cinder/cinder/api/openstack/wsgi.py:715}}
Mar 08 14:54:25.973520 dv-cinder-830097-2-smb devstack@c-api.service[109815]: DEBUG cinder.api.openstack.wsgi [None req-d3dcc605-9064-4455-a093-6c941c9f2757 tempest-GroupsTest-1429882044 tempest-GroupsTest-1429882044-project-admin] Calling method 'version_select' {{(pid=109815) _process_stack /opt/stack/cinder/cinder/api/openstack/wsgi.py:868}}
Mar 08 14:54:26.010483 dv-cinder-830097-2-smb devstack@c-api.service[109815]: INFO cinder.api.openstack.wsgi [None req-d3dcc605-9064-4455-a093-6c941c9f2757 tempest-GroupsTest-1429882044 tempest-GroupsTest-1429882044-project-admin] http://10.222.0.58/volume/v3/852aba46ba1a46d092d0661bdc9a9794/group_types/84808f87-8315-4c08-ac43-5ea99006f2c4 returned with HTTP 202
Mar 08 14:54:26.012542 dv-cinder-830097-2-smb devstack@c-api.service[109815]: [pid: 109815|app: 0|req: 106/244] 10.222.0.58 () {60 vars in 1380 bytes} [Tue Mar 8 14:54:25 2022] DELETE /volume/v3/852aba46ba1a46d092d0661bdc9a9794/group_types/84808f87-8315-4c08-ac43-5ea99006f2c4 => generated 0 bytes in 48 msecs (HTTP/1.1 202) 6 headers in 234 bytes (1 switches on core 0)
Mar 08 14:54:26.018452 dv-cinder-830097-2-smb devstack@c-api.service[109816]: DEBUG cinder.api.middleware.request_id [None req-27521615-6440-447f-a666-5a8a2911f7a8 None None] RequestId filter calling following filter/app {{(pid=109816) _context_setter /opt/stack/cinder/cinder/api/middleware/request_id.py:62}}
Mar 08 14:54:26.021877 dv-cinder-830097-2-smb devstack@c-api.service[109816]: INFO cinder.api.openstack.wsgi [None req-27521615-6440-447f-a666-5a8a2911f7a8 tempest-GroupsTest-1743420871 tempest-GroupsTest-1743420871-project] DELETE http://10.222.0.58/volume/v3/d5261e0ba27049359ef3a912b284075a/volumes/ca2753ba-c942-4e55-b0ba-8d0ca27c29ac
Mar 08 14:54:26.022359 dv-cinder-830097-2-smb devstack@c-api.service[109816]: DEBUG cinder.api.openstack.wsgi [None req-27521615-6440-447f-a666-5a8a2911f7a8 tempest-GroupsTest-1743420871 tempest-GroupsTest-1743420871-project] Empty body provided in request {{(pid=109816) get_body /opt/stack/cinder/cinder/api/openstack/wsgi.py:715}}
Mar 08 14:54:26.022815 dv-cinder-830097-2-smb devstack@c-api.service[109816]: DEBUG cinder.api.openstack.wsgi [None req-27521615-6440-447f-a666-5a8a2911f7a8 tempest-GroupsTest-1743420871 tempest-GroupsTest-1743420871-project] Calling method 'delete' {{(pid=109816) _process_stack /opt/stack/cinder/cinder/api/openstack/wsgi.py:868}}
Mar 08 14:54:26.023209 dv-cinder-830097-2-smb devstack@c-api.service[109816]: INFO cinder.api.v3.volumes [None req-27521615-6440-447f-a666-5a8a2911f7a8 tempest-GroupsTest-1743420871 tempest-GroupsTest-1743420871-project] Delete volume with id: ca2753ba-c942-4e55-b0ba-8d0ca27c29ac
Mar 08 14:54:26.034582 dv-cinder-830097-2-smb devstack@c-api.service[109815]: DEBUG cinder.api.middleware.request_id [None req-4fe98efc-ee72-488d-830e-7d2a2252778a None None] RequestId filter calling following filter/app {{(pid=109815) _context_setter /opt/stack/cinder/cinder/api/middleware/request_id.py:62}}
Mar 08 14:54:26.034928 dv-cinder-830097-2-smb devstack@c-api.service[109816]: INFO cinder.api.openstack.wsgi [None req-27521615-6440-447f-a666-5a8a2911f7a8 tempest-GroupsTest-1743420871 tempest-GroupsTest-1743420871-project] http://10.222.0.58/volume/v3/d5261e0ba27049359ef3a912b284075a/volumes/ca2753ba-c942-4e55-b0ba-8d0ca27c29ac returned with HTTP 404
Mar 08 14:54:26.036033 dv-cinder-830097-2-smb devstack@c-api.service[109816]: [pid: 109816|app: 0|req: 139/245] 10.222.0.58 () {60 vars in 1368 bytes} [Tue Mar 8 14:54:26 2022] DELETE /volume/v3/d5261e0ba27049359ef3a912b284075a/volumes/ca2753ba-c942-4e55-b0ba-8d0ca27c29ac => generated 109 bytes in 19 msecs (HTTP/1.1 404) 7 headers in 293 bytes (1 switches on core 0)
Mar 08 14:54:26.038716 dv-cinder-830097-2-smb devstack@c-api.service[109815]: INFO cinder.api.openstack.wsgi [None req-4fe98efc-ee72-488d-830e-7d2a2252778a tempest-VolumesImageMetadata-206979665 tempest-VolumesImageMetadata-206979665-project] GET http://10.222.0.58/volume/v3/fd301c7929fe4524979433ea5ccc05af/volumes/32e1c8fb-7f24-49d8-9598-e3e9116e41e5
Mar 08 14:54:26.039220 dv-cinder-830097-2-smb devstack@c-api.service[109815]: DEBUG cinder.api.openstack.wsgi [None req-4fe98efc-ee72-488d-830e-7d2a2252778a tempest-VolumesImageMetadata-206979665 tempest-VolumesImageMetadata-206979665-project] Empty body provided in request {{(pid=109815) get_body /opt/stack/cinder/cinder/api/openstack/wsgi.py:715}}
Mar 08 14:54:26.040010 dv-cinder-830097-2-smb devstack@c-api.service[109815]: DEBUG cinder.api.openstack.wsgi [None req-4fe98efc-ee72-488d-830e-7d2a2252778a tempest-VolumesImageMetadata-206979665 tempest-VolumesImageMetadata-206979665-project] Calling method 'show' {{(pid=109815) _process_stack /opt/stack/cinder/cinder/api/openstack/wsgi.py:868}}
Mar 08 14:54:26.041070 dv-cinder-830097-2-smb devstack@c-api.service[109816]: DEBUG cinder.api.middleware.request_id [None req-a5067331-9449-4526-818d-3d6119340138 None None] RequestId filter calling following filter/app {{(pid=109816) _context_setter /opt/stack/cinder/cinder/api/middleware/request_id.py:62}}
Mar 08 14:54:26.045359 dv-cinder-830097-2-smb devstack@c-api.service[109816]: INFO cinder.api.openstack.wsgi [None req-a5067331-9449-4526-818d-3d6119340138 tempest-GroupSnapshotsTest-1727105577 tempest-GroupSnapshotsTest-1727105577-project] GET http://10.222.0.58/volume/v3/472d85dbb68c4e91a7727320da207124/volumes/3107d5f6-27c8-4508-80ee-f96d36276e13
Mar 08 14:54:26.046186 dv-cinder-830097-2-smb devstack@c-api.service[109816]: DEBUG cinder.api.openstack.wsgi [None req-a5067331-9449-4526-818d-3d6119340138 tempest-GroupSnapshotsTest-1727105577 tempest-GroupSnapshotsTest-1727105577-project] Empty body provided in request {{(pid=109816) get_body /opt/stack/cinder/cinder/api/openstack/wsgi.py:715}}
Mar 08 14:54:26.046772 dv-cinder-830097-2-smb devstack@c-api.service[109816]: DEBUG cinder.api.openstack.wsgi [None req-a5067331-9449-4526-818d-3d6119340138 tempest-GroupSnapshotsTest-1727105577 tempest-GroupSnapshotsTest-1727105577-project] Calling method 'show' {{(pid=109816) _process_stack /opt/stack/cinder/cinder/api/openstack/wsgi.py:868}}
Mar 08 14:54:26.057608 dv-cinder-830097-2-smb devstack@c-api.service[109815]: /usr/local/lib/python3.8/dist-packages/oslo_context/context.py:100: DeprecationWarning: Policy enforcement is depending on the value of is_admin. This key is deprecated. Please update your policy file to use the standard policy values.
Mar 08 14:54:26.057608 dv-cinder-830097-2-smb devstack@c-api.service[109815]: warnings.warn('Policy enforcement is depending on the value of '
Mar 08 14:54:26.059094 dv-cinder-830097-2-smb devstack@c-api.service[109816]: INFO cinder.api.openstack.wsgi [None req-a5067331-9449-4526-818d-3d6119340138 tempest-GroupSnapshotsTest-1727105577 tempest-GroupSnapshotsTest-1727105577-project] http://10.222.0.58/volume/v3/472d85dbb68c4e91a7727320da207124/volumes/3107d5f6-27c8-4508-80ee-f96d36276e13 returned with HTTP 404
Mar 08 14:54:26.060659 dv-cinder-830097-2-smb devstack@c-api.service[109816]: [pid: 109816|app: 0|req: 140/246] 10.222.0.58 () {60 vars in 1365 bytes} [Tue Mar 8 14:54:26 2022] GET /volume/v3/472d85dbb68c4e91a7727320da207124/volumes/3107d5f6-27c8-4508-80ee-f96d36276e13 => generated 109 bytes in 21 msecs (HTTP/1.1 404) 7 headers in 293 bytes (2 switches on core 0)
Mar 08 14:54:26.062640 dv-cinder-830097-2-smb devstack@c-api.service[109816]: DEBUG cinder.api.middleware.request_id [None req-8632f06f-2d00-4b33-a782-1298daaae469 None None] RequestId filter calling following filter/app {{(pid=109816) _context_setter /opt/stack/cinder/cinder/api/middleware/request_id.py:62}}
Mar 08 14:54:26.068868 dv-cinder-830097-2-smb devstack@c-api.service[109816]: INFO cinder.api.openstack.wsgi [None req-8632f06f-2d00-4b33-a782-1298daaae469 tempest-GroupsTest-1743420871 tempest-GroupsTest-1743420871-project] DELETE http://10.222.0.58/volume/v3/d5261e0ba27049359ef3a912b284075a/volumes/ac4b6ad8-1c43-42d0-ba52-4a5573985cb0
Mar 08 14:54:26.069675 dv-cinder-830097-2-smb devstack@c-api.service[109816]: DEBUG cinder.api.openstack.wsgi [None req-8632f06f-2d00-4b33-a782-1298daaae469 tempest-GroupsTest-1743420871 tempest-GroupsTest-1743420871-project] Empty body provided in request {{(pid=109816) get_body /opt/stack/cinder/cinder/api/openstack/wsgi.py:715}}
Mar 08 14:54:26.070266 dv-cinder-830097-2-smb devstack@c-api.service[109816]: DEBUG cinder.api.openstack.wsgi [None req-8632f06f-2d00-4b33-a782-1298daaae469 tempest-GroupsTest-1743420871 tempest-GroupsTest-1743420871-project] Calling method 'delete' {{(pid=109816) _process_stack /opt/stack/cinder/cinder/api/openstack/wsgi.py:868}}
Mar 08 14:54:26.070893 dv-cinder-830097-2-smb devstack@c-api.service[109816]: INFO cinder.api.v3.volumes [None req-8632f06f-2d00-4b33-a782-1298daaae469 tempest-GroupsTest-1743420871 tempest-GroupsTest-1743420871-project] Delete volume with id: ac4b6ad8-1c43-42d0-ba52-4a5573985cb0
Mar 08 14:54:26.078014 dv-cinder-830097-2-smb devstack@c-api.service[109815]: INFO cinder.volume.api [None req-4fe98efc-ee72-488d-830e-7d2a2252778a tempest-VolumesImageMetadata-206979665 tempest-VolumesImageMetadata-206979665-project] Volume info retrieved successfully.
Mar 08 14:54:26.083814 dv-cinder-830097-2-smb devstack@c-api.service[109816]: INFO cinder.api.openstack.wsgi [None req-8632f06f-2d00-4b33-a782-1298daaae469 tempest-GroupsTest-1743420871 tempest-GroupsTest-1743420871-project] http://10.222.0.58/volume/v3/d5261e0ba27049359ef3a912b284075a/volumes/ac4b6ad8-1c43-42d0-ba52-4a5573985cb0 returned with HTTP 404
Mar 08 14:54:26.085166 dv-cinder-830097-2-smb devstack@c-api.service[109816]: [pid: 109816|app: 0|req: 141/247] 10.222.0.58 () {60 vars in 1368 bytes} [Tue Mar 8 14:54:26 2022] DELETE /volume/v3/d5261e0ba27049359ef3a912b284075a/volumes/ac4b6ad8-1c43-42d0-ba52-4a5573985cb0 => generated 109 bytes in 24 msecs (HTTP/1.1 404) 7 headers in 293 bytes (1 switches on core 0)
Mar 08 14:54:26.091584 dv-cinder-830097-2-smb devstack@c-api.service[109816]: DEBUG cinder.api.middleware.request_id [None req-149fe1cd-679b-4fdd-b919-bfa558cb3bc5 None None] RequestId filter calling following filter/app {{(pid=109816) _context_setter /opt/stack/cinder/cinder/api/middleware/request_id.py:62}}
Mar 08 14:54:26.099126 dv-cinder-830097-2-smb devstack@c-api.service[109816]: INFO cinder.api.openstack.wsgi [None req-149fe1cd-679b-4fdd-b919-bfa558cb3bc5 tempest-GroupSnapshotsTest-1727105577 tempest-GroupSnapshotsTest-1727105577-project] GET http://10.222.0.58/volume/v3/472d85dbb68c4e91a7727320da207124/groups/a9041551-e371-475d-aba2-4ae981dd5787
Mar 08 14:54:26.099858 dv-cinder-830097-2-smb devstack@c-api.service[109816]: DEBUG cinder.api.openstack.wsgi [None req-149fe1cd-679b-4fdd-b919-bfa558cb3bc5 tempest-GroupSnapshotsTest-1727105577 tempest-GroupSnapshotsTest-1727105577-project] Empty body provided in request {{(pid=109816) get_body /opt/stack/cinder/cinder/api/openstack/wsgi.py:715}}
Mar 08 14:54:26.100467 dv-cinder-830097-2-smb devstack@c-api.service[109816]: DEBUG cinder.api.openstack.wsgi [None req-149fe1cd-679b-4fdd-b919-bfa558cb3bc5 tempest-GroupSnapshotsTest-1727105577 tempest-GroupSnapshotsTest-1727105577-project] Calling method 'version_select' {{(pid=109816) _process_stack /opt/stack/cinder/cinder/api/openstack/wsgi.py:868}}
Mar 08 14:54:26.100982 dv-cinder-830097-2-smb devstack@c-api.service[109816]: DEBUG cinder.api.v3.groups [None req-149fe1cd-679b-4fdd-b919-bfa558cb3bc5 tempest-GroupSnapshotsTest-1727105577 tempest-GroupSnapshotsTest-1727105577-project] show called for member a9041551-e371-475d-aba2-4ae981dd5787 {{(pid=109816) show /opt/stack/cinder/cinder/api/v3/groups.py:58}}
Mar 08 14:54:26.101109 dv-cinder-830097-2-smb devstack@c-api.service[109815]: INFO cinder.api.openstack.wsgi [None req-4fe98efc-ee72-488d-830e-7d2a2252778a tempest-VolumesImageMetadata-206979665 tempest-VolumesImageMetadata-206979665-project] http://10.222.0.58/volume/v3/fd301c7929fe4524979433ea5ccc05af/volumes/32e1c8fb-7f24-49d8-9598-e3e9116e41e5 returned with HTTP 200
Mar 08 14:54:26.102283 dv-cinder-830097-2-smb devstack@c-api.service[109815]: [pid: 109815|app: 0|req: 107/248] 10.222.0.58 () {58 vars in 1324 bytes} [Tue Mar 8 14:54:26 2022] GET /volume/v3/fd301c7929fe4524979433ea5ccc05af/volumes/32e1c8fb-7f24-49d8-9598-e3e9116e41e5 => generated 911 bytes in 69 msecs (HTTP/1.1 200) 7 headers in 285 bytes (1 switches on core 0)
Mar 08 14:54:26.106802 dv-cinder-830097-2-smb devstack@c-api.service[109815]: DEBUG cinder.api.middleware.request_id [None req-3fde8e14-9ed5-41eb-b4e3-476b5002a90c None None] RequestId filter calling following filter/app {{(pid=109815) _context_setter /opt/stack/cinder/cinder/api/middleware/request_id.py:62}}
Mar 08 14:54:26.108677 dv-cinder-830097-2-smb devstack@c-api.service[109816]: INFO cinder.api.openstack.wsgi [None req-149fe1cd-679b-4fdd-b919-bfa558cb3bc5 tempest-GroupSnapshotsTest-1727105577 tempest-GroupSnapshotsTest-1727105577-project] http://10.222.0.58/volume/v3/472d85dbb68c4e91a7727320da207124/groups/a9041551-e371-475d-aba2-4ae981dd5787 returned with HTTP 404
Mar 08 14:54:26.109759 dv-cinder-830097-2-smb devstack@c-api.service[109816]: [pid: 109816|app: 0|req: 142/249] 10.222.0.58 () {60 vars in 1362 bytes} [Tue Mar 8 14:54:26 2022] GET /volume/v3/472d85dbb68c4e91a7727320da207124/groups/a9041551-e371-475d-aba2-4ae981dd5787 => generated 108 bytes in 21 msecs (HTTP/1.1 404) 7 headers in 293 bytes (1 switches on core 0)
Mar 08 14:54:26.114893 dv-cinder-830097-2-smb devstack@c-api.service[109816]: DEBUG cinder.api.middleware.request_id [None req-82583608-120d-4eb7-adb9-50b5c92db962 None None] RequestId filter calling following filter/app {{(pid=109816) _context_setter /opt/stack/cinder/cinder/api/middleware/request_id.py:62}}
Mar 08 14:54:26.118003 dv-cinder-830097-2-smb devstack@c-api.service[109815]: INFO cinder.api.openstack.wsgi [None req-3fde8e14-9ed5-41eb-b4e3-476b5002a90c tempest-GroupsTest-1429882044 tempest-GroupsTest-1429882044-project-admin] DELETE http://10.222.0.58/volume/v3/852aba46ba1a46d092d0661bdc9a9794/types/7f4fba8b-1fb9-4d96-adce-745d2c124faf
Mar 08 14:54:26.118644 dv-cinder-830097-2-smb devstack@c-api.service[109815]: DEBUG cinder.api.openstack.wsgi [None req-3fde8e14-9ed5-41eb-b4e3-476b5002a90c tempest-GroupsTest-1429882044 tempest-GroupsTest-1429882044-project-admin] Empty body provided in request {{(pid=109815) get_body /opt/stack/cinder/cinder/api/openstack/wsgi.py:715}}
Mar 08 14:54:26.121697 dv-cinder-830097-2-smb devstack@c-api.service[109815]: DEBUG cinder.api.openstack.wsgi [None req-3fde8e14-9ed5-41eb-b4e3-476b5002a90c tempest-GroupsTest-1429882044 tempest-GroupsTest-1429882044-project-admin] Calling method '_delete' {{(pid=109815) _process_stack /opt/stack/cinder/cinder/api/openstack/wsgi.py:868}}
Mar 08 14:54:26.125551 dv-cinder-830097-2-smb devstack@c-api.service[109816]: INFO cinder.api.openstack.wsgi [None req-82583608-120d-4eb7-adb9-50b5c92db962 tempest-GroupSnapshotsTest-1458801282 tempest-GroupSnapshotsTest-1458801282-project-admin] DELETE http://10.222.0.58/volume/v3/cfe5e1d2dcb14bccb2aebe76ce3e27f2/group_types/27fdac67-07ac-47ba-8b35-233810cc39bd
Mar 08 14:54:26.126324 dv-cinder-830097-2-smb devstack@c-api.service[109816]: DEBUG cinder.api.openstack.wsgi [None req-82583608-120d-4eb7-adb9-50b5c92db962 tempest-GroupSnapshotsTest-1458801282 tempest-GroupSnapshotsTest-1458801282-project-admin] Empty body provided in request {{(pid=109816) get_body /opt/stack/cinder/cinder/api/openstack/wsgi.py:715}}
Mar 08 14:54:26.127099 dv-cinder-830097-2-smb devstack@c-api.service[109816]: DEBUG cinder.api.openstack.wsgi [None req-82583608-120d-4eb7-adb9-50b5c92db962 tempest-GroupSnapshotsTest-1458801282 tempest-GroupSnapshotsTest-1458801282-project-admin] Calling method 'version_select' {{(pid=109816) _process_stack /opt/stack/cinder/cinder/api/openstack/wsgi.py:868}}
Mar 08 14:54:26.205174 dv-cinder-830097-2-smb devstack@c-api.service[109816]: INFO cinder.api.openstack.wsgi [None req-82583608-120d-4eb7-adb9-50b5c92db962 tempest-GroupSnapshotsTest-1458801282 tempest-GroupSnapshotsTest-1458801282-project-admin] http://10.222.0.58/volume/v3/cfe5e1d2dcb14bccb2aebe76ce3e27f2/group_types/27fdac67-07ac-47ba-8b35-233810cc39bd returned with HTTP 202
Mar 08 14:54:26.211233 dv-cinder-830097-2-smb devstack@c-api.service[109816]: [pid: 109816|app: 0|req: 143/250] 10.222.0.58 () {60 vars in 1380 bytes} [Tue Mar 8 14:54:26 2022] DELETE /volume/v3/cfe5e1d2dcb14bccb2aebe76ce3e27f2/group_types/27fdac67-07ac-47ba-8b35-233810cc39bd => generated 0 bytes in 92 msecs (HTTP/1.1 202) 6 headers in 234 bytes (1 switches on core 0)
Mar 08 14:54:26.213120 dv-cinder-830097-2-smb devstack@c-api.service[109816]: DEBUG cinder.api.middleware.request_id [None req-5d813d0f-e83d-45ad-9af2-fd0cb7bf8b17 None None] RequestId filter calling following filter/app {{(pid=109816) _context_setter /opt/stack/cinder/cinder/api/middleware/request_id.py:62}}
Mar 08 14:54:26.218334 dv-cinder-830097-2-smb devstack@c-api.service[109816]: INFO cinder.api.openstack.wsgi [None req-5d813d0f-e83d-45ad-9af2-fd0cb7bf8b17 tempest-GroupSnapshotsTest-1458801282 tempest-GroupSnapshotsTest-1458801282-project-admin] POST http://10.222.0.58/volume/v3/cfe5e1d2dcb14bccb2aebe76ce3e27f2/types
Mar 08 14:54:26.220494 dv-cinder-830097-2-smb devstack@c-api.service[109816]: DEBUG cinder.api.openstack.wsgi [None req-5d813d0f-e83d-45ad-9af2-fd0cb7bf8b17 tempest-GroupSnapshotsTest-1458801282 tempest-GroupSnapshotsTest-1458801282-project-admin] Action: 'create', calling method: _create, body: {"volume_type": {"name": "tempest-GroupSnapshotsTest-volume-type-334044436"}} {{(pid=109816) _process_stack /opt/stack/cinder/cinder/api/openstack/wsgi.py:866}}
Mar 08 14:54:26.232821 dv-cinder-830097-2-smb devstack@c-api.service[109815]: INFO cinder.api.openstack.wsgi [None req-3fde8e14-9ed5-41eb-b4e3-476b5002a90c tempest-GroupsTest-1429882044 tempest-GroupsTest-1429882044-project-admin] http://10.222.0.58/volume/v3/852aba46ba1a46d092d0661bdc9a9794/types/7f4fba8b-1fb9-4d96-adce-745d2c124faf returned with HTTP 202
Mar 08 14:54:26.233820 dv-cinder-830097-2-smb devstack@c-api.service[109815]: [pid: 109815|app: 0|req: 108/251] 10.222.0.58 () {58 vars in 1321 bytes} [Tue Mar 8 14:54:26 2022] DELETE /volume/v3/852aba46ba1a46d092d0661bdc9a9794/types/7f4fba8b-1fb9-4d96-adce-745d2c124faf => generated 0 bytes in 129 msecs (HTTP/1.1 202) 6 headers in 233 bytes (1 switches on core 0)
