Mar 08 19:45:57.370388 dv-cinder-830095-3-smb neutron-server[115046]: INFO neutron.wsgi [None req-ea7255fb-2095-4049-8d46-5352afe603e0 admin admin] 10.222.0.69 "GET /v2.0/security-groups?tenant_id=5cfca63277704a7f96d5e4001110064e&name=default HTTP/1.1" status: 200 len: 2996 time: 1.4979038
Mar 08 19:45:57.374225 dv-cinder-830095-3-smb neutron-server[115046]: DEBUG neutron.wsgi [-] (115046) accepted ('10.222.0.69', 60296) {{(pid=115046) server /usr/local/lib/python3.8/dist-packages/eventlet/wsgi.py:1004}}
Mar 08 19:45:57.548632 dv-cinder-830095-3-smb neutron-server[115047]: DEBUG neutron.plugins.ml2.plugin [None req-12154dd6-f1eb-42d2-865a-492494edac42 None None] Current status of the port f928b11c-9507-4c4b-a4e5-35054efcd23f is: DOWN; New status is: ACTIVE {{(pid=115047) _update_individual_port_db_status /opt/stack/neutron/neutron/plugins/ml2/plugin.py:2232}}
Mar 08 19:45:57.549131 dv-cinder-830095-3-smb neutron-server[115047]: DEBUG neutron_lib.callbacks.manager [None req-12154dd6-f1eb-42d2-865a-492494edac42 None None] Publish callbacks ['neutron.plugins.ml2.plugin.SecurityGroupDbMixin._ensure_default_security_group_handler-3608031'] for port (f928b11c-9507-4c4b-a4e5-35054efcd23f), before_update {{(pid=115047) _notify_loop /usr/local/lib/python3.8/dist-packages/neutron_lib/callbacks/manager.py:176}}
Mar 08 19:45:57.555565 dv-cinder-830095-3-smb neutron-server[115046]: INFO neutron.wsgi [req-88a480c1-8faa-49be-aff5-253b1e0c78a4 req-0a07298f-e079-4a25-8131-518b951ea4f1 tempest-AttachVolumeTestJSON-1332967318 tempest-AttachVolumeTestJSON-1332967318-project] 10.222.0.69 "GET /v2.0/security-groups?name=tempest-securitygroup--1041355975&fields=id&tenant_id=23f6476beef3473bbfcf27c4e8b8d5d5 HTTP/1.1" status: 200 len: 267 time: 0.2927384
Mar 08 19:45:57.584459 dv-cinder-830095-3-smb neutron-server[115045]: DEBUG neutron.db.db_base_plugin_common [None req-186bdd44-0870-462f-acf8-4a2f74444ddf tempest-AttachVolumeShelveTestJSON-429715025 tempest-AttachVolumeShelveTestJSON-429715025-project] Allocated IP 172.28.0.26 (d5f083d1-e857-4685-bbe2-999b45519900/0ee59bab-bfab-4a08-a990-100f7b7f731e/2d72908b-b9d8-4044-8c70-c8bb46f2d0ee) {{(pid=115045) _store_ip_allocation /opt/stack/neutron/neutron/db/db_base_plugin_common.py:131}}
Mar 08 19:45:57.630848 dv-cinder-830095-3-smb neutron-server[115046]: DEBUG neutron_lib.callbacks.manager [None req-764ddf3f-a95e-4343-aa38-2bcaafaff17a admin admin] Publish callbacks [] for security_group (fa2afc42-bae8-46de-aaba-d38142327d2b), before_delete {{(pid=115046) _notify_loop /usr/local/lib/python3.8/dist-packages/neutron_lib/callbacks/manager.py:176}}
Mar 08 19:45:57.757786 dv-cinder-830095-3-smb neutron-server[115047]: DEBUG neutron.plugins.ml2.db [None req-12154dd6-f1eb-42d2-865a-492494edac42 None None] For port f928b11c-9507-4c4b-a4e5-35054efcd23f, host dv-cinder-830095-3-smb, got binding levels [PortBindingLevel(driver='openvswitch',host='dv-cinder-830095-3-smb',level=0,port_id=f928b11c-9507-4c4b-a4e5-35054efcd23f,segment=NetworkSegment(656eeb23-8dd3-469d-bbf2-7b1ff9d1bf29),segment_id=656eeb23-8dd3-469d-bbf2-7b1ff9d1bf29)] {{(pid=115047) get_binding_level_objs /opt/stack/neutron/neutron/plugins/ml2/db.py:74}}
Mar 08 19:45:57.777090 dv-cinder-830095-3-smb neutron-server[115047]: DEBUG neutron_lib.callbacks.manager [None req-12154dd6-f1eb-42d2-865a-492494edac42 None None] Publish callbacks ['neutron.plugins.ml2.plugin.SecurityGroupServerNotifierRpcMixin._notify_sg_on_port_change-3607952', 'neutron.plugins.ml2.ovo_rpc._ObjectChangeHandler.handle_event-450876', 'neutron.api.rpc.agentnotifiers.dhcp_rpc_agent_api.DhcpAgentNotifyAPI._native_event_send_dhcp_notification-584453', 'neutron.db.l3_db.L3RpcNotifierMixin._notify_gateway_port_ip_changed-8742470815672', 'neutron.db.l3_dvrscheduler_db._notify_l3_agent_port_update-8742470341825', 'neutron.db.l3_hascheduler_db._notify_l3_agent_ha_port_update-8742470341843'] for port (f928b11c-9507-4c4b-a4e5-35054efcd23f), after_update {{(pid=115047) _notify_loop /usr/local/lib/python3.8/dist-packages/neutron_lib/callbacks/manager.py:176}}
Mar 08 19:45:57.820545 dv-cinder-830095-3-smb neutron-server[115046]: DEBUG neutron_lib.callbacks.manager [None req-764ddf3f-a95e-4343-aa38-2bcaafaff17a admin admin] Publish callbacks [] for security_group (fa2afc42-bae8-46de-aaba-d38142327d2b), precommit_delete {{(pid=115046) _notify_loop /usr/local/lib/python3.8/dist-packages/neutron_lib/callbacks/manager.py:176}}
Mar 08 19:45:57.870421 dv-cinder-830095-3-smb neutron-server[115047]: DEBUG neutron.plugins.ml2.plugin [None req-d57828ce-eb93-4bbf-8ee2-66edccb251b4 None None] Current status of the port 217d68c2-39f0-4143-bb71-cd491c6b8c3c is: DOWN; New status is: ACTIVE {{(pid=115047) _update_individual_port_db_status /opt/stack/neutron/neutron/plugins/ml2/plugin.py:2232}}
Mar 08 19:45:57.870756 dv-cinder-830095-3-smb neutron-server[115047]: DEBUG neutron_lib.callbacks.manager [None req-d57828ce-eb93-4bbf-8ee2-66edccb251b4 None None] Publish callbacks ['neutron.plugins.ml2.plugin.SecurityGroupDbMixin._ensure_default_security_group_handler-3608031'] for port (217d68c2-39f0-4143-bb71-cd491c6b8c3c), before_update {{(pid=115047) _notify_loop /usr/local/lib/python3.8/dist-packages/neutron_lib/callbacks/manager.py:176}}
Mar 08 19:45:57.880788 dv-cinder-830095-3-smb neutron-server[115045]: DEBUG neutron_lib.callbacks.manager [None req-ab351b8e-e791-414b-a056-c452d1251de2 admin admin] Publish callbacks ['neutron.plugins.ml2.ovo_rpc._ObjectChangeHandler.handle_event-379217', 'neutron.api.rpc.agentnotifiers.dhcp_rpc_agent_api.DhcpAgentNotifyAPI._native_event_send_dhcp_notification-584453'] for subnet (a7710850-cf7e-4db7-b421-76af5c62588a), after_create {{(pid=115045) _notify_loop /usr/local/lib/python3.8/dist-packages/neutron_lib/callbacks/manager.py:176}}
Mar 08 19:45:57.936889 dv-cinder-830095-3-smb neutron-server[115047]: DEBUG neutron.db.l3_dvr_db [None req-ef4635b7-0c9d-49a5-9b0e-0d3440f75ad5 None None] Set router caf2c6bd-1a89-4c67-a126-73eb536df2fc gateway port host: dv-cinder-830095-3-smb {{(pid=115047) _build_routers_list /opt/stack/neutron/neutron/db/l3_dvr_db.py:906}}
Mar 08 19:45:57.970838 dv-cinder-830095-3-smb neutron-server[115045]: DEBUG neutron.pecan_wsgi.hooks.policy_enforcement [req-69be27e7-0203-459b-881b-6e2357d608f7 req-89d602ba-2dd5-4b00-994a-51642b519312 tempest-ServerRescueNegativeTestJSON-614579021 tempest-ServerRescueNegativeTestJSON-614579021-project] Attributes excluded by policy engine: ['standard_attr_id', 'vlan_transparent', 'provider:network_type', 'provider:physical_network', 'provider:segmentation_id'] {{(pid=115045) _exclude_attributes_by_policy /opt/stack/neutron/neutron/pecan_wsgi/hooks/policy_enforcement.py:255}}
Mar 08 19:45:57.972798 dv-cinder-830095-3-smb neutron-server[115045]: INFO neutron.wsgi [req-69be27e7-0203-459b-881b-6e2357d608f7 req-89d602ba-2dd5-4b00-994a-51642b519312 tempest-ServerRescueNegativeTestJSON-614579021 tempest-ServerRescueNegativeTestJSON-614579021-project] 10.222.0.73 "GET /v2.0/networks?id=1d73737e-6ba1-4bda-b0e4-790509c088e2 HTTP/1.1" status: 200 len: 818 time: 0.5375507
Mar 08 19:45:58.014442 dv-cinder-830095-3-smb neutron-server[115045]: DEBUG neutron.api.v2.base [req-69be27e7-0203-459b-881b-6e2357d608f7 req-adb9de25-513e-4c1b-9186-2f40818fe7f7 tempest-ServerRescueNegativeTestJSON-614579021 tempest-ServerRescueNegativeTestJSON-614579021-project] Request body: {'port': {'device_id': '331933d3-3bbd-4961-bca9-92636cae637a', 'network_id': '1d73737e-6ba1-4bda-b0e4-790509c088e2', 'admin_state_up': True, 'tenant_id': '33531ba195724aff91dd64b44eb816c0'}} {{(pid=115045) prepare_request_body /opt/stack/neutron/neutron/api/v2/base.py:729}}
Mar 08 19:45:58.014679 dv-cinder-830095-3-smb neutron-server[115047]: DEBUG neutron.plugins.ml2.db [None req-d57828ce-eb93-4bbf-8ee2-66edccb251b4 None None] For port 217d68c2-39f0-4143-bb71-cd491c6b8c3c, host dv-cinder-830095-3-smb, got binding levels [PortBindingLevel(driver='openvswitch',host='dv-cinder-830095-3-smb',level=0,port_id=217d68c2-39f0-4143-bb71-cd491c6b8c3c,segment=NetworkSegment(744ebe05-51bb-48ca-b2ae-f598105b9d99),segment_id=744ebe05-51bb-48ca-b2ae-f598105b9d99)] {{(pid=115047) get_binding_level_objs /opt/stack/neutron/neutron/plugins/ml2/db.py:74}}
Mar 08 19:45:58.033559 dv-cinder-830095-3-smb neutron-server[115047]: DEBUG neutron.db.provisioning_blocks [None req-b700950b-19a1-4c51-b27f-e4f0882a9d01 None None] Provisioning complete for port f928b11c-9507-4c4b-a4e5-35054efcd23f triggered by entity DHCP. {{(pid=115047) provisioning_complete /opt/stack/neutron/neutron/db/provisioning_blocks.py:140}}
Mar 08 19:45:58.033952 dv-cinder-830095-3-smb neutron-server[115047]: DEBUG neutron_lib.callbacks.manager [None req-b700950b-19a1-4c51-b27f-e4f0882a9d01 None None] Publish callbacks ['neutron.plugins.ml2.plugin.Ml2Plugin._port_provisioned-3479272'] for port (f928b11c-9507-4c4b-a4e5-35054efcd23f), provisioning_complete {{(pid=115047) _notify_loop /usr/local/lib/python3.8/dist-packages/neutron_lib/callbacks/manager.py:176}}
Mar 08 19:45:58.092304 dv-cinder-830095-3-smb neutron-server[115047]: DEBUG neutron_lib.callbacks.manager [None req-d57828ce-eb93-4bbf-8ee2-66edccb251b4 None None] Publish callbacks ['neutron.plugins.ml2.plugin.SecurityGroupServerNotifierRpcMixin._notify_sg_on_port_change-3607952', 'neutron.plugins.ml2.ovo_rpc._ObjectChangeHandler.handle_event-450876', 'neutron.api.rpc.agentnotifiers.dhcp_rpc_agent_api.DhcpAgentNotifyAPI._native_event_send_dhcp_notification-584453', 'neutron.db.l3_db.L3RpcNotifierMixin._notify_gateway_port_ip_changed-8742470815672', 'neutron.db.l3_dvrscheduler_db._notify_l3_agent_port_update-8742470341825', 'neutron.db.l3_hascheduler_db._notify_l3_agent_ha_port_update-8742470341843'] for port (217d68c2-39f0-4143-bb71-cd491c6b8c3c), after_update {{(pid=115047) _notify_loop /usr/local/lib/python3.8/dist-packages/neutron_lib/callbacks/manager.py:176}}
Mar 08 19:45:58.102076 dv-cinder-830095-3-smb neutron-server[115045]: DEBUG neutron.api.rpc.handlers.resources_rpc [None req-ab351b8e-e791-414b-a056-c452d1251de2 admin admin] Pushing event updated for resources: {'Subnet': ['ID=a7710850-cf7e-4db7-b421-76af5c62588a,revision_number=0']} {{(pid=115045) push /opt/stack/neutron/neutron/api/rpc/handlers/resources_rpc.py:237}}
Mar 08 19:45:58.113322 dv-cinder-830095-3-smb neutron-server[115047]: DEBUG neutron.api.rpc.handlers.resources_rpc [None req-12154dd6-f1eb-42d2-865a-492494edac42 None None] Pushing event updated for resources: {'Port': ['ID=f928b11c-9507-4c4b-a4e5-35054efcd23f,revision_number=5']} {{(pid=115047) push /opt/stack/neutron/neutron/api/rpc/handlers/resources_rpc.py:237}}
Mar 08 19:45:58.118879 dv-cinder-830095-3-smb neutron-server[115046]: DEBUG neutron_lib.callbacks.manager [None req-764ddf3f-a95e-4343-aa38-2bcaafaff17a admin admin] Publish callbacks ['neutron.plugins.ml2.ovo_rpc._ObjectChangeHandler.handle_event-833175'] for security_group (fa2afc42-bae8-46de-aaba-d38142327d2b), after_delete {{(pid=115046) _notify_loop /usr/local/lib/python3.8/dist-packages/neutron_lib/callbacks/manager.py:176}}
Mar 08 19:45:58.122281 dv-cinder-830095-3-smb neutron-server[115046]: DEBUG neutron_lib.callbacks.manager [None req-764ddf3f-a95e-4343-aa38-2bcaafaff17a admin admin] Publish callbacks [] for security_group (None), before_response {{(pid=115046) _notify_loop /usr/local/lib/python3.8/dist-packages/neutron_lib/callbacks/manager.py:176}}
Mar 08 19:45:58.124239 dv-cinder-830095-3-smb neutron-server[115046]: INFO neutron.wsgi [None req-764ddf3f-a95e-4343-aa38-2bcaafaff17a admin admin] 10.222.0.69 "DELETE /v2.0/security-groups/fa2afc42-bae8-46de-aaba-d38142327d2b HTTP/1.1" status: 204 len: 168 time: 0.7486594
Mar 08 19:45:58.159968 dv-cinder-830095-3-smb neutron-server[115046]: DEBUG neutron.api.rpc.handlers.resources_rpc [None req-764ddf3f-a95e-4343-aa38-2bcaafaff17a admin admin] Pushing event deleted for resources: {'SecurityGroup': ['ID=fa2afc42-bae8-46de-aaba-d38142327d2b,revision_number=None']} {{(pid=115046) push /opt/stack/neutron/neutron/api/rpc/handlers/resources_rpc.py:237}}
Mar 08 19:45:58.210740 dv-cinder-830095-3-smb neutron-server[115046]: DEBUG neutron.pecan_wsgi.hooks.policy_enforcement [req-88a480c1-8faa-49be-aff5-253b1e0c78a4 req-a6e18515-49c1-46c4-8f18-e7c2941ef6f0 tempest-AttachVolumeTestJSON-1332967318 tempest-AttachVolumeTestJSON-1332967318-project] Attributes excluded by policy engine: ['standard_attr_id', 'vlan_transparent', 'provider:network_type', 'provider:physical_network', 'provider:segmentation_id'] {{(pid=115046) _exclude_attributes_by_policy /opt/stack/neutron/neutron/pecan_wsgi/hooks/policy_enforcement.py:255}}
Mar 08 19:45:58.229785 dv-cinder-830095-3-smb neutron-server[115046]: INFO neutron.wsgi [req-88a480c1-8faa-49be-aff5-253b1e0c78a4 req-a6e18515-49c1-46c4-8f18-e7c2941ef6f0 tempest-AttachVolumeTestJSON-1332967318 tempest-AttachVolumeTestJSON-1332967318-project] 10.222.0.69 "GET /v2.0/networks?id=6ebe2005-4bf1-4a21-943a-fbfdbf757f3c HTTP/1.1" status: 200 len: 811 time: 0.6317027
Mar 08 19:45:58.246208 dv-cinder-830095-3-smb neutron-server[115045]: DEBUG neutron.plugins.ml2.drivers.mech_agent [None req-ab351b8e-e791-414b-a056-c452d1251de2 admin admin] Checking segment: {'id': 'b7d2f06f-0957-44a3-ad72-6bfe6b2989c4', 'network_type': 'vlan', 'physical_network': 'physnet1', 'segmentation_id': 627, 'network_id': 'b4479b75-aa79-4307-99ab-84a36539d3a8'} for mappings: {'physnet1': 'br-data'} with network types: ['local', 'flat', 'vlan'] {{(pid=115045) check_segment_for_agent /opt/stack/neutron/neutron/plugins/ml2/drivers/mech_agent.py:373}}
Mar 08 19:45:58.247176 dv-cinder-830095-3-smb neutron-server[115045]: DEBUG neutron.scheduler.dhcp_agent_scheduler [None req-ab351b8e-e791-414b-a056-c452d1251de2 admin admin] Network hostable DHCP agents. Network: b4479b75-aa79-4307-99ab-84a36539d3a8, hostable agents: ['775ea9bf-1664-4e50-94ba-cee0c294fe82'], hosted agents: [] {{(pid=115045) _get_network_hostable_dhcp_agents /opt/stack/neutron/neutron/scheduler/dhcp_agent_scheduler.py:329}}
Mar 08 19:45:58.261950 dv-cinder-830095-3-smb neutron-server[115046]: INFO neutron.wsgi [req-88a480c1-8faa-49be-aff5-253b1e0c78a4 req-eb8d6d15-fc62-4bc1-8f67-8f9aaf237b16 tempest-AttachVolumeTestJSON-1332967318 tempest-AttachVolumeTestJSON-1332967318-project] 10.222.0.69 "GET /v2.0/quotas/23f6476beef3473bbfcf27c4e8b8d5d5 HTTP/1.1" status: 200 len: 375 time: 0.0303295
Mar 08 19:45:58.321892 dv-cinder-830095-3-smb neutron-server[115045]: DEBUG neutron.pecan_wsgi.hooks.policy_enforcement [req-523ba113-d7bd-47fe-b1c6-756a4edc6705 req-c4ae5b1d-c7d2-494a-a948-a10928f8f73b tempest-DeleteServersTestJSON-606323341 tempest-DeleteServersTestJSON-606323341-project] Attributes excluded by policy engine: ['standard_attr_id', 'binding:profile', 'binding:host_id', 'binding:vif_type', 'binding:vif_details'] {{(pid=115045) _exclude_attributes_by_policy /opt/stack/neutron/neutron/pecan_wsgi/hooks/policy_enforcement.py:255}}
Mar 08 19:45:58.323628 dv-cinder-830095-3-smb neutron-server[115045]: INFO neutron.wsgi [req-523ba113-d7bd-47fe-b1c6-756a4edc6705 req-c4ae5b1d-c7d2-494a-a948-a10928f8f73b tempest-DeleteServersTestJSON-606323341 tempest-DeleteServersTestJSON-606323341-project] 10.222.0.69 "GET /v2.0/ports?device_id=a0ef21ee-ad74-4d15-90a9-9667f56bc227 HTTP/1.1" status: 200 len: 943 time: 0.4740903
Mar 08 19:45:58.342481 dv-cinder-830095-3-smb neutron-server[115045]: DEBUG neutron_lib.callbacks.manager [None req-186bdd44-0870-462f-acf8-4a2f74444ddf tempest-AttachVolumeShelveTestJSON-429715025 tempest-AttachVolumeShelveTestJSON-429715025-project] Publish callbacks [] for port (2d72908b-b9d8-4044-8c70-c8bb46f2d0ee), precommit_create {{(pid=115045) _notify_loop /usr/local/lib/python3.8/dist-packages/neutron_lib/callbacks/manager.py:176}}
Mar 08 19:45:58.348632 dv-cinder-830095-3-smb neutron-server[115047]: DEBUG neutron_lib.callbacks.manager [None req-36bd772d-0697-4980-a370-7461327af4de None None] Publish callbacks ['neutron.services.segments.db._update_segment_host_mapping_for_agent-8742470786389', 'neutron.plugins.ml2.plugin.Ml2Plugin._retry_binding_revived_agents-3479182'] for agent (4ffcadc0-e349-43c7-b7f0-cdeacc69931a), after_update {{(pid=115047) _notify_loop /usr/local/lib/python3.8/dist-packages/neutron_lib/callbacks/manager.py:176}}
Mar 08 19:45:58.355665 dv-cinder-830095-3-smb neutron-server[115047]: DEBUG neutron.api.rpc.handlers.resources_rpc [None req-d57828ce-eb93-4bbf-8ee2-66edccb251b4 None None] Pushing event updated for resources: {'Port': ['ID=217d68c2-39f0-4143-bb71-cd491c6b8c3c,revision_number=5']} {{(pid=115047) push /opt/stack/neutron/neutron/api/rpc/handlers/resources_rpc.py:237}}
Mar 08 19:45:58.361046 dv-cinder-830095-3-smb neutron-server[115047]: DEBUG neutron.plugins.ml2.plugin [None req-b700950b-19a1-4c51-b27f-e4f0882a9d01 None None] Current status of the port f928b11c-9507-4c4b-a4e5-35054efcd23f is: ACTIVE; New status is: ACTIVE {{(pid=115047) _update_individual_port_db_status /opt/stack/neutron/neutron/plugins/ml2/plugin.py:2232}}
Mar 08 19:45:58.373191 dv-cinder-830095-3-smb neutron-server[115045]: DEBUG neutron.scheduler.dhcp_agent_scheduler [None req-ab351b8e-e791-414b-a056-c452d1251de2 admin admin] Network b4479b75-aa79-4307-99ab-84a36539d3a8 is scheduled to be hosted by DHCP agent 775ea9bf-1664-4e50-94ba-cee0c294fe82 with binding_index 1 {{(pid=115045) bind /opt/stack/neutron/neutron/scheduler/dhcp_agent_scheduler.py:227}}
Mar 08 19:45:58.405447 dv-cinder-830095-3-smb neutron-server[115045]: DEBUG neutron.scheduler.base_scheduler [None req-ab351b8e-e791-414b-a056-c452d1251de2 admin admin] Resources bound (agent type, host, resource id): (DHCP agent, dv-cinder-830095-3-smb, b4479b75-aa79-4307-99ab-84a36539d3a8) {{(pid=115045) schedule /opt/stack/neutron/neutron/scheduler/base_scheduler.py:57}}
Mar 08 19:45:58.406206 dv-cinder-830095-3-smb neutron-server[115046]: INFO neutron.wsgi [req-88a480c1-8faa-49be-aff5-253b1e0c78a4 req-b6cc40f1-2c8b-41f0-9268-cd6e2480b007 tempest-AttachVolumeTestJSON-1332967318 tempest-AttachVolumeTestJSON-1332967318-project] 10.222.0.69 "GET /v2.0/ports?tenant_id=23f6476beef3473bbfcf27c4e8b8d5d5&fields=id HTTP/1.1" status: 200 len: 302 time: 0.1423578
Mar 08 19:45:58.418477 dv-cinder-830095-3-smb neutron-server[115047]: DEBUG neutron.api.rpc.handlers.dhcp_rpc [None req-f2b0ae9b-8f23-4e8a-95c7-a35e075a57b8 None None] Network b4479b75-aa79-4307-99ab-84a36539d3a8 requested from dv-cinder-830095-3-smb {{(pid=115047) get_network_info /opt/stack/neutron/neutron/api/rpc/handlers/dhcp_rpc.py:191}}
Mar 08 19:45:58.422530 dv-cinder-830095-3-smb neutron-server[115045]: DEBUG neutron.pecan_wsgi.hooks.policy_enforcement [None req-ab351b8e-e791-414b-a056-c452d1251de2 admin admin] Attributes excluded by policy engine: ['standard_attr_id', 'shared', 'network'] {{(pid=115045) _exclude_attributes_by_policy /opt/stack/neutron/neutron/pecan_wsgi/hooks/policy_enforcement.py:255}}
Mar 08 19:45:58.423323 dv-cinder-830095-3-smb neutron-server[115045]: DEBUG neutron_lib.callbacks.manager [None req-ab351b8e-e791-414b-a056-c452d1251de2 admin admin] Publish callbacks ['neutron.api.rpc.agentnotifiers.dhcp_rpc_agent_api.DhcpAgentNotifyAPI._send_dhcp_notification-584471'] for subnet (None), before_response {{(pid=115045) _notify_loop /usr/local/lib/python3.8/dist-packages/neutron_lib/callbacks/manager.py:176}}
Mar 08 19:45:58.487098 dv-cinder-830095-3-smb neutron-server[115045]: INFO neutron.wsgi [req-523ba113-d7bd-47fe-b1c6-756a4edc6705 req-5569bc28-e678-426b-9aec-e023f4e0ea8b tempest-DeleteServersTestJSON-606323341 tempest-DeleteServersTestJSON-606323341-project] 10.222.0.69 "GET /v2.0/security-groups?id=3f662ea9-42fc-45a1-b098-0b71dc2035df&fields=id&fields=name HTTP/1.1" status: 200 len: 286 time: 0.1517210
Mar 08 19:45:58.515342 dv-cinder-830095-3-smb neutron-server[115045]: INFO neutron.wsgi [None req-ab351b8e-e791-414b-a056-c452d1251de2 admin admin] 10.222.0.69 "POST /v2.0/subnets HTTP/1.1" status: 201 len: 846 time: 1.6501589
Mar 08 19:45:58.520773 dv-cinder-830095-3-smb neutron-server[115045]: DEBUG neutron_lib.callbacks.manager [None req-186bdd44-0870-462f-acf8-4a2f74444ddf tempest-AttachVolumeShelveTestJSON-429715025 tempest-AttachVolumeShelveTestJSON-429715025-project] Publish callbacks ['neutron.plugins.ml2.plugin.SecurityGroupServerNotifierRpcMixin._notify_sg_on_port_change-3607952', 'neutron.plugins.ml2.ovo_rpc._ObjectChangeHandler.handle_event-450876', 'neutron.api.rpc.agentnotifiers.dhcp_rpc_agent_api.DhcpAgentNotifyAPI._native_event_send_dhcp_notification-584453', 'neutron.db.l3_dvrscheduler_db._notify_l3_agent_new_port-8742470341807'] for port (2d72908b-b9d8-4044-8c70-c8bb46f2d0ee), after_create {{(pid=115045) _notify_loop /usr/local/lib/python3.8/dist-packages/neutron_lib/callbacks/manager.py:176}}
Mar 08 19:45:58.526388 dv-cinder-830095-3-smb neutron-server[115045]: DEBUG neutron.pecan_wsgi.hooks.quota_enforcement [req-69be27e7-0203-459b-881b-6e2357d608f7 req-adb9de25-513e-4c1b-9186-2f40818fe7f7 tempest-ServerRescueNegativeTestJSON-614579021 tempest-ServerRescueNegativeTestJSON-614579021-project] Made reservation on behalf of 33531ba195724aff91dd64b44eb816c0 for: {'port': 1} {{(pid=115045) before /opt/stack/neutron/neutron/pecan_wsgi/hooks/quota_enforcement.py:53}}
Mar 08 19:45:58.535471 dv-cinder-830095-3-smb neutron-server[115045]: DEBUG neutron_lib.callbacks.manager [req-69be27e7-0203-459b-881b-6e2357d608f7 req-adb9de25-513e-4c1b-9186-2f40818fe7f7 tempest-ServerRescueNegativeTestJSON-614579021 tempest-ServerRescueNegativeTestJSON-614579021-project] Publish callbacks ['neutron.plugins.ml2.plugin.SecurityGroupDbMixin._ensure_default_security_group_handler-3608031'] for port (None), before_create {{(pid=115045) _notify_loop /usr/local/lib/python3.8/dist-packages/neutron_lib/callbacks/manager.py:176}}
Mar 08 19:45:58.635661 dv-cinder-830095-3-smb neutron-server[115047]: DEBUG neutron.db.l3_hamode_db [None req-ef4635b7-0c9d-49a5-9b0e-0d3440f75ad5 None None] neutron.services.l3_router.l3_router_plugin.L3RouterPlugin method _process_sync_ha_data called with arguments (, [{'id': 'caf2c6bd-1a89-4c67-a126-73eb536df2fc', 'name': 'tempest-AttachVolumeShelveTestJSON-687612157-router', 'tenant_id': 'e39100fa464c40f9bfccd1e3a18aace2', 'admin_state_up': True, 'status': 'ACTIVE', 'external_gateway_info': {'network_id': 'd5f083d1-e857-4685-bbe2-999b45519900', 'external_fixed_ips': [{'subnet_id': '0ee59bab-bfab-4a08-a990-100f7b7f731e', 'ip_address': '172.28.0.24'}], 'enable_snat': True}, 'gw_port_id': '3fab0ee7-24e4-4f0c-bdf4-cd10384fb8e6', 'description': '', 'availability_zones': ['nova'], 'distributed': False, 'ha': False, 'ha_vr_id': 0, 'availability_zone_hints': [], 'routes': [], 'flavor_id': None, 'tags': [], 'created_at': '2022-03-08T19:45:31Z', 'updated_at': '2022-03-08T19:45:47Z', 'revision_number': 4, 'project_id': 'e39100fa464c40f9bfccd1e3a18aace2', 'gw_port': {'id': '3fab0ee7-24e4-4f0c-bdf4-cd10384fb8e6', 'name': '', 'network_id': 'd5f083d1-e857-4685-bbe2-999b45519900', 'tenant_id': '', 'mac_address': 'fa:16:3e:f9:21:0a', 'admin_state_up': True, 'status': 'ACTIVE', 'device_id': 'caf2c6bd-1a89-4c67-a126-73eb536df2fc', 'device_owner': 'network:router_gateway', 'standard_attr_id': 75, 'fixed_ips': [{'subnet_id': '0ee59bab-bfab-4a08-a990-100f7b7f731e', 'ip_address': '172.28.0.24', 'prefixlen': 24}], 'allowed_address_pairs': [], 'extra_dhcp_opts': [], 'security_groups': [], 'description': '', 'binding:vnic_type': 'normal', 'binding:profile': {}, 'binding:host_id': 'dv-cinder-830095-3-smb', 'binding:vif_type': 'ovs', 'binding:vif_details': {'connectivity': 'l2', 'port_filter': True, 'ovs_hybrid_plug': False, 'datapath_type': 'system', 'bridge_name': 'br-int', 'bound_drivers': {'0': 'openvswitch'}}, 'port_security_enabled': False, 'tags': [], 'created_at': '2022-03-08T19:45:33Z', 'updated_at': '2022-03-08T19:45:44Z', 'revision_number': 4, 'project_id': '', 'subnets': [{'id': '0ee59bab-bfab-4a08-a990-100f7b7f731e', 'cidr': '172.28.0.0/24', 'gateway_ip': '172.28.0.1', 'dns_nameservers': [], 'ipv6_ra_mode': None, 'subnetpool_id': None}], 'extra_subnets': [], 'address_scopes': {4: None, 6: None}, 'mtu': 1500}, 'enable_snat': True, 'gw_port_host': 'dv-cinder-830095-3-smb', '_interfaces': [{'id': 'f928b11c-9507-4c4b-a4e5-35054efcd23f', 'name': '', 'network_id': '0158179b-7871-4a72-a203-b36f34e62a95', 'tenant_id': 'e39100fa464c40f9bfccd1e3a18aace2', 'mac_address': 'fa:16:3e:ea:c6:83', 'admin_state_up': True, 'status': 'DOWN', 'device_id': 'caf2c6bd-1a89-4c67-a126-73eb536df2fc', 'device_owner': 'network:router_interface', 'standard_attr_id': 111, 'fixed_ips': [{'subnet_id': '94398031-1ae9-4821-aa10-7dc7b49a9982', 'ip_address': '172.20.0.1', 'prefixlen': 28}], 'allowed_address_pairs': [], 'extra_dhcp_opts': [], 'security_groups': [], 'description': '', 'binding:vnic_type': 'normal', 'binding:profile': {}, 'binding:host_id': 'dv-cinder-830095-3-smb', 'binding:vif_type': 'ovs', 'binding:vif_details': {'connectivity': 'l2', 'port_filter': True, 'ovs_hybrid_plug': False, 'datapath_type': 'system', 'bridge_name': 'br-int', 'bound_drivers': {'0': 'openvswitch'}}, 'port_security_enabled': False, 'tags': [], 'created_at': '2022-03-08T19:45:43Z', 'updated_at': '2022-03-08T19:45:56Z', 'revision_number': 4, 'project_id': 'e39100fa464c40f9bfccd1e3a18aace2', 'subnets': [{'id': '94398031-1ae9-4821-aa10-7dc7b49a9982', 'cidr': '172.20.0.0/28', 'gateway_ip': '172.20.0.1', 'dns_nameservers': [], 'ipv6_ra_mode': None, 'subnetpool_id': None}], 'extra_subnets': [], 'address_scopes': {4: None, 6: None}, 'mtu': 1500}]}], 'dv-cinder-830095-3-smb', False) {} {{(pid=115047) wrapper /usr/local/lib/python3.8/dist-packages/oslo_log/helpers.py:65}}
Mar 08 19:45:58.639767 dv-cinder-830095-3-smb neutron-server[115047]: DEBUG neutron.api.rpc.handlers.dhcp_rpc [None req-da45ed73-b434-4ae2-85c1-26a7d85738be None None] Network b4479b75-aa79-4307-99ab-84a36539d3a8 requested from dv-cinder-830095-3-smb {{(pid=115047) get_network_info /opt/stack/neutron/neutron/api/rpc/handlers/dhcp_rpc.py:191}}
Mar 08 19:45:58.644202 dv-cinder-830095-3-smb neutron-server[115047]: DEBUG neutron.plugins.ml2.rpc [None req-36bd772d-0697-4980-a370-7461327af4de None None] Device cb73885b-b7c0-483f-871c-50e1e55f0046 details requested by agent hyperv_hv-cinder-83009 with host hv-cinder-83009 {{(pid=115047) get_device_details /opt/stack/neutron/neutron/plugins/ml2/rpc.py:102}}
Mar 08 19:45:58.692669 dv-cinder-830095-3-smb neutron-server[115047]: DEBUG neutron.api.rpc.handlers.l3_rpc [None req-ef4635b7-0c9d-49a5-9b0e-0d3440f75ad5 None None] The sync data for ids ['caf2c6bd-1a89-4c67-a126-73eb536df2fc'] in dv-cinder-830095-3-smb is: [{'id': 'caf2c6bd-1a89-4c67-a126-73eb536df2fc', 'name': 'tempest-AttachVolumeShelveTestJSON-687612157-router', 'tenant_id': 'e39100fa464c40f9bfccd1e3a18aace2', 'admin_state_up': True, 'status': 'ACTIVE', 'external_gateway_info': {'network_id': 'd5f083d1-e857-4685-bbe2-999b45519900', 'external_fixed_ips': [{'subnet_id': '0ee59bab-bfab-4a08-a990-100f7b7f731e', 'ip_address': '172.28.0.24'}], 'enable_snat': True}, 'gw_port_id': '3fab0ee7-24e4-4f0c-bdf4-cd10384fb8e6', 'description': '', 'availability_zones': ['nova'], 'distributed': False, 'ha': False, 'ha_vr_id': 0, 'availability_zone_hints': [], 'routes': [], 'flavor_id': None, 'tags': [], 'created_at': '2022-03-08T19:45:31Z', 'updated_at': '2022-03-08T19:45:47Z', 'revision_number': 4, 'project_id': 'e39100fa464c40f9bfccd1e3a18aace2', 'gw_port': {'id': '3fab0ee7-24e4-4f0c-bdf4-cd10384fb8e6', 'name': '', 'network_id': 'd5f083d1-e857-4685-bbe2-999b45519900', 'tenant_id': '', 'mac_address': 'fa:16:3e:f9:21:0a', 'admin_state_up': True, 'status': 'ACTIVE', 'device_id': 'caf2c6bd-1a89-4c67-a126-73eb536df2fc', 'device_owner': 'network:router_gateway', 'standard_attr_id': 75, 'fixed_ips': [{'subnet_id': '0ee59bab-bfab-4a08-a990-100f7b7f731e', 'ip_address': '172.28.0.24', 'prefixlen': 24}], 'allowed_address_pairs': [], 'extra_dhcp_opts': [], 'security_groups': [], 'description': '', 'binding:vnic_type': 'normal', 'binding:profile': {}, 'binding:host_id': 'dv-cinder-830095-3-smb', 'binding:vif_type': 'ovs', 'binding:vif_details': {'connectivity': 'l2', 'port_filter': True, 'ovs_hybrid_plug': False, 'datapath_type': 'system', 'bridge_name': 'br-int', 'bound_drivers': {'0': 'openvswitch'}}, 'port_security_enabled': False, 'tags': [], 'created_at': '2022-03-08T19:45:33Z', 'updated_at': '2022-03-08T19:45:44Z', 'revision_number': 4, 'project_id': '', 'subnets': [{'id': '0ee59bab-bfab-4a08-a990-100f7b7f731e', 'cidr': '172.28.0.0/24', 'gateway_ip': '172.28.0.1', 'dns_nameservers': [], 'ipv6_ra_mode': None, 'subnetpool_id': None}], 'extra_subnets': [], 'address_scopes': {4: None, 6: None}, 'mtu': 1500}, 'enable_snat': True, 'gw_port_host': 'dv-cinder-830095-3-smb', '_interfaces': [{'id': 'f928b11c-9507-4c4b-a4e5-35054efcd23f', 'name': '', 'network_id': '0158179b-7871-4a72-a203-b36f34e62a95', 'tenant_id': 'e39100fa464c40f9bfccd1e3a18aace2', 'mac_address': 'fa:16:3e:ea:c6:83', 'admin_state_up': True, 'status': 'DOWN', 'device_id': 'caf2c6bd-1a89-4c67-a126-73eb536df2fc', 'device_owner': 'network:router_interface', 'standard_attr_id': 111, 'fixed_ips': [{'subnet_id': '94398031-1ae9-4821-aa10-7dc7b49a9982', 'ip_address': '172.20.0.1', 'prefixlen': 28}], 'allowed_address_pairs': [], 'extra_dhcp_opts': [], 'security_groups': [], 'description': '', 'binding:vnic_type': 'normal', 'binding:profile': {}, 'binding:host_id': 'dv-cinder-830095-3-smb', 'binding:vif_type': 'ovs', 'binding:vif_details': {'connectivity': 'l2', 'port_filter': True, 'ovs_hybrid_plug': False, 'datapath_type': 'system', 'bridge_name': 'br-int', 'bound_drivers': {'0': 'openvswitch'}}, 'port_security_enabled': False, 'tags': [], 'created_at': '2022-03-08T19:45:43Z', 'updated_at': '2022-03-08T19:45:56Z', 'revision_number': 4, 'project_id': 'e39100fa464c40f9bfccd1e3a18aace2', 'subnets': [{'id': '94398031-1ae9-4821-aa10-7dc7b49a9982', 'cidr': '172.20.0.0/28', 'gateway_ip': '172.20.0.1', 'dns_nameservers': [], 'ipv6_ra_mode': None, 'subnetpool_id': None}], 'extra_subnets': [], 'address_scopes': {4: None, 6: None}, 'mtu': 1500}]}] {{(pid=115047) sync_routers /opt/stack/neutron/neutron/api/rpc/handlers/l3_rpc.py:137}}
Mar 08 19:45:58.728887 dv-cinder-830095-3-smb neutron-server[115046]: INFO neutron.wsgi [req-88a480c1-8faa-49be-aff5-253b1e0c78a4 req-4d27d797-ce60-45e4-b01b-110c34cc5f90 service neutron] 10.222.0.69 "GET /v2.0/networks/6ebe2005-4bf1-4a21-943a-fbfdbf757f3c?fields=segments HTTP/1.1" status: 200 len: 212 time: 0.3042243
Mar 08 19:45:58.762087 dv-cinder-830095-3-smb neutron-server[115045]: DEBUG neutron.wsgi [-] (115045) accepted ('10.222.0.73', 60842) {{(pid=115045) server /usr/local/lib/python3.8/dist-packages/eventlet/wsgi.py:1004}}
Mar 08 19:45:58.832413 dv-cinder-830095-3-smb neutron-server[115045]: DEBUG neutron.scheduler.dhcp_agent_scheduler [None req-186bdd44-0870-462f-acf8-4a2f74444ddf tempest-AttachVolumeShelveTestJSON-429715025 tempest-AttachVolumeShelveTestJSON-429715025-project] Network d5f083d1-e857-4685-bbe2-999b45519900 is already hosted by enough agents. {{(pid=115045) _get_dhcp_agents_hosting_network /opt/stack/neutron/neutron/scheduler/dhcp_agent_scheduler.py:275}}
Mar 08 19:45:58.990610 dv-cinder-830095-3-smb neutron-server[115046]: INFO neutron.wsgi [req-88a480c1-8faa-49be-aff5-253b1e0c78a4 req-d6b021d2-1adf-41c5-88bd-f36f260e621d service neutron] 10.222.0.69 "GET /v2.0/networks/6ebe2005-4bf1-4a21-943a-fbfdbf757f3c?fields=provider%3Aphysical_network&fields=provider%3Anetwork_type HTTP/1.1" status: 200 len: 281 time: 0.2547209
Mar 08 19:45:59.085085 dv-cinder-830095-3-smb neutron-server[115046]: DEBUG neutron.wsgi [-] (115046) accepted ('10.222.0.69', 60344) {{(pid=115046) server /usr/local/lib/python3.8/dist-packages/eventlet/wsgi.py:1004}}
Mar 08 19:45:59.105417 dv-cinder-830095-3-smb neutron-server[115046]: DEBUG neutron_lib.callbacks.manager [None req-26947391-e54c-4ad9-9a54-39b384ed9e67 admin admin] Publish callbacks [] for security_group (None), before_create {{(pid=115046) _notify_loop /usr/local/lib/python3.8/dist-packages/neutron_lib/callbacks/manager.py:176}}
Mar 08 19:45:59.113972 dv-cinder-830095-3-smb neutron-server[115047]: DEBUG neutron.plugins.ml2.db [None req-36bd772d-0697-4980-a370-7461327af4de None None] For port cb73885b-b7c0-483f-871c-50e1e55f0046, host hv-cinder-83009, got binding levels [PortBindingLevel(driver='hyperv',host='hv-cinder-83009',level=0,port_id=cb73885b-b7c0-483f-871c-50e1e55f0046,segment=NetworkSegment(9275568d-7c46-497a-a681-268a92e395a7),segment_id=9275568d-7c46-497a-a681-268a92e395a7)] {{(pid=115047) get_binding_level_objs /opt/stack/neutron/neutron/plugins/ml2/db.py:74}}
Mar 08 19:45:59.140250 dv-cinder-830095-3-smb neutron-server[115047]: DEBUG neutron.plugins.ml2.rpc [None req-36bd772d-0697-4980-a370-7461327af4de None None] Returning: {'device': 'cb73885b-b7c0-483f-871c-50e1e55f0046', 'network_id': 'f8781a8e-3cbb-404a-80c9-97325e571f4b', 'port_id': 'cb73885b-b7c0-483f-871c-50e1e55f0046', 'mac_address': 'fa:16:3e:ea:3b:5b', 'admin_state_up': True, 'network_type': 'vlan', 'segmentation_id': 618, 'physical_network': 'physnet1', 'mtu': 1500, 'fixed_ips': [{'subnet_id': '742287dd-64ad-4967-bc1b-d2941d57f943', 'ip_address': '172.20.0.2'}], 'device_owner': 'compute:nova', 'allowed_address_pairs': [], 'port_security_enabled': True, 'qos_policy_id': None, 'network_qos_policy_id': None, 'profile': {}, 'propagate_uplink_status': False} {{(pid=115047) _get_device_details /opt/stack/neutron/neutron/plugins/ml2/rpc.py:184}}
Mar 08 19:45:59.165655 dv-cinder-830095-3-smb neutron-server[115045]: DEBUG neutron.scheduler.base_scheduler [None req-186bdd44-0870-462f-acf8-4a2f74444ddf tempest-AttachVolumeShelveTestJSON-429715025 tempest-AttachVolumeShelveTestJSON-429715025-project] Resources bound (agent type, host, resource id): {{(pid=115045) schedule /opt/stack/neutron/neutron/scheduler/base_scheduler.py:57}}
Mar 08 19:45:59.178395 dv-cinder-830095-3-smb neutron-server[115045]: INFO neutron.wsgi [req-c1fe5088-8193-4247-bb6c-9a5765fce207 req-d206a76b-cc4e-4faa-9609-a55ffab46c1a tempest-ServerRescueNegativeTestJSON-614579021 tempest-ServerRescueNegativeTestJSON-614579021-project] 10.222.0.69 "GET /v2.0/ports?device_id=2398702f-dbbb-48cb-89fe-a39e24698fe3 HTTP/1.1" status: 200 len: 210 time: 0.4372876
Mar 08 19:45:59.179909 dv-cinder-830095-3-smb neutron-server[115045]: DEBUG neutron.db.l3_dvrscheduler_db [None req-186bdd44-0870-462f-acf8-4a2f74444ddf tempest-AttachVolumeShelveTestJSON-429715025 tempest-AttachVolumeShelveTestJSON-429715025-project] Received port after_create {{(pid=115045) _notify_l3_agent_new_port /opt/stack/neutron/neutron/db/l3_dvrscheduler_db.py:536}}
Mar 08 19:45:59.198208 dv-cinder-830095-3-smb neutron-server[115045]: DEBUG neutron.api.rpc.handlers.resources_rpc [None req-186bdd44-0870-462f-acf8-4a2f74444ddf tempest-AttachVolumeShelveTestJSON-429715025 tempest-AttachVolumeShelveTestJSON-429715025-project] Pushing event updated for resources: {'Port': ['ID=2d72908b-b9d8-4044-8c70-c8bb46f2d0ee,revision_number=1']} {{(pid=115045) push /opt/stack/neutron/neutron/api/rpc/handlers/resources_rpc.py:237}}
Mar 08 19:45:59.202549 dv-cinder-830095-3-smb neutron-server[115047]: DEBUG neutron.plugins.ml2.plugin [None req-36bd772d-0697-4980-a370-7461327af4de None None] Current status of the port cb73885b-b7c0-483f-871c-50e1e55f0046 is: DOWN; New status is: BUILD {{(pid=115047) _update_individual_port_db_status /opt/stack/neutron/neutron/plugins/ml2/plugin.py:2232}}
Mar 08 19:45:59.205014 dv-cinder-830095-3-smb neutron-server[115047]: DEBUG neutron_lib.callbacks.manager [None req-36bd772d-0697-4980-a370-7461327af4de None None] Publish callbacks ['neutron.plugins.ml2.plugin.SecurityGroupDbMixin._ensure_default_security_group_handler-3608031'] for port (cb73885b-b7c0-483f-871c-50e1e55f0046), before_update {{(pid=115047) _notify_loop /usr/local/lib/python3.8/dist-packages/neutron_lib/callbacks/manager.py:176}}
Mar 08 19:45:59.250048 dv-cinder-830095-3-smb neutron-server[115047]: DEBUG neutron.notifiers.nova [None req-36bd772d-0697-4980-a370-7461327af4de None None] Ignoring state change previous_port_status: DOWN current_port_status: BUILD port_id cb73885b-b7c0-483f-871c-50e1e55f0046 {{(pid=115047) record_port_status_changed /opt/stack/neutron/neutron/notifiers/nova.py:233}}
Mar 08 19:45:59.299117 dv-cinder-830095-3-smb neutron-server[115047]: DEBUG neutron.plugins.ml2.db [None req-36bd772d-0697-4980-a370-7461327af4de None None] For port cb73885b-b7c0-483f-871c-50e1e55f0046, host hv-cinder-83009, got binding levels [PortBindingLevel(driver='hyperv',host='hv-cinder-83009',level=0,port_id=cb73885b-b7c0-483f-871c-50e1e55f0046,segment=NetworkSegment(9275568d-7c46-497a-a681-268a92e395a7),segment_id=9275568d-7c46-497a-a681-268a92e395a7)] {{(pid=115047) get_binding_level_objs /opt/stack/neutron/neutron/plugins/ml2/db.py:74}}
Mar 08 19:45:59.307720 dv-cinder-830095-3-smb neutron-server[115047]: DEBUG neutron_lib.callbacks.manager [None req-36bd772d-0697-4980-a370-7461327af4de None None] Publish callbacks ['neutron.plugins.ml2.plugin.SecurityGroupServerNotifierRpcMixin._notify_sg_on_port_change-3607952', 'neutron.plugins.ml2.ovo_rpc._ObjectChangeHandler.handle_event-450876', 'neutron.api.rpc.agentnotifiers.dhcp_rpc_agent_api.DhcpAgentNotifyAPI._native_event_send_dhcp_notification-584453', 'neutron.db.l3_db.L3RpcNotifierMixin._notify_gateway_port_ip_changed-8742470815672', 'neutron.db.l3_dvrscheduler_db._notify_l3_agent_port_update-8742470341825', 'neutron.db.l3_hascheduler_db._notify_l3_agent_ha_port_update-8742470341843'] for port (cb73885b-b7c0-483f-871c-50e1e55f0046), after_update {{(pid=115047) _notify_loop /usr/local/lib/python3.8/dist-packages/neutron_lib/callbacks/manager.py:176}}
Mar 08 19:45:59.380216 dv-cinder-830095-3-smb neutron-server[115046]: INFO neutron.wsgi [req-280dccde-ae15-46ee-aaff-1869c39e2310 req-9ac6efbe-316f-4161-ac69-7e507de611c5 tempest-AttachVolumeTestJSON-1332967318 tempest-AttachVolumeTestJSON-1332967318-project] 10.222.0.69 "GET /v2.0/ports?device_id=12140e5a-d8d4-4591-a545-c4321abf32c2 HTTP/1.1" status: 200 len: 210 time: 0.0478189
Mar 08 19:45:59.387393 dv-cinder-830095-3-smb neutron-server[115046]: DEBUG neutron_lib.callbacks.manager [None req-26947391-e54c-4ad9-9a54-39b384ed9e67 admin admin] Publish callbacks [] for security_group (08780d71-9403-4269-8802-da0ba56b2fbd), precommit_create {{(pid=115046) _notify_loop /usr/local/lib/python3.8/dist-packages/neutron_lib/callbacks/manager.py:176}}
Mar 08 19:45:59.393338 dv-cinder-830095-3-smb neutron-server[115046]: DEBUG neutron_lib.callbacks.manager [None req-26947391-e54c-4ad9-9a54-39b384ed9e67 admin admin] Publish callbacks ['neutron.plugins.ml2.ovo_rpc._ObjectChangeHandler.handle_event-833175'] for security_group (08780d71-9403-4269-8802-da0ba56b2fbd), after_create {{(pid=115046) _notify_loop /usr/local/lib/python3.8/dist-packages/neutron_lib/callbacks/manager.py:176}}
Mar 08 19:45:59.445322 dv-cinder-830095-3-smb neutron-server[115047]: DEBUG neutron.api.rpc.handlers.resources_rpc [None req-36bd772d-0697-4980-a370-7461327af4de None None] Pushing event updated for resources: {'Port': ['ID=cb73885b-b7c0-483f-871c-50e1e55f0046,revision_number=4']} {{(pid=115047) push /opt/stack/neutron/neutron/api/rpc/handlers/resources_rpc.py:237}}
Mar 08 19:45:59.458590 dv-cinder-830095-3-smb neutron-server[115046]: DEBUG neutron.api.rpc.handlers.resources_rpc [None req-26947391-e54c-4ad9-9a54-39b384ed9e67 admin admin] Pushing event updated for resources: {'SecurityGroup': ['ID=08780d71-9403-4269-8802-da0ba56b2fbd,revision_number=1']} {{(pid=115046) push /opt/stack/neutron/neutron/api/rpc/handlers/resources_rpc.py:237}}
Mar 08 19:45:59.465742 dv-cinder-830095-3-smb neutron-server[115046]: INFO neutron.wsgi [None req-26947391-e54c-4ad9-9a54-39b384ed9e67 admin admin] 10.222.0.69 "GET /v2.0/security-groups?tenant_id=baf0821317b84113831ca4fa438dc3f2&name=default HTTP/1.1" status: 200 len: 2996 time: 0.3795533
Mar 08 19:45:59.466383 dv-cinder-830095-3-smb neutron-server[115046]: DEBUG neutron.wsgi [-] (115046) accepted ('10.222.0.69', 60354) {{(pid=115046) server /usr/local/lib/python3.8/dist-packages/eventlet/wsgi.py:1004}}
Mar 08 19:45:59.490703 dv-cinder-830095-3-smb neutron-server[115045]: DEBUG neutron.pecan_wsgi.hooks.policy_enforcement [req-ff713e37-6192-4044-9560-e2b32a5af216 req-89cbd2d7-f4fb-42bd-a59e-761b2e229c3c tempest-ServerRescueNegativeTestJSON-614579021 tempest-ServerRescueNegativeTestJSON-614579021-project] Attributes excluded by policy engine: ['standard_attr_id', 'vlan_transparent', 'provider:network_type', 'provider:physical_network', 'provider:segmentation_id'] {{(pid=115045) _exclude_attributes_by_policy /opt/stack/neutron/neutron/pecan_wsgi/hooks/policy_enforcement.py:255}}
Mar 08 19:45:59.492152 dv-cinder-830095-3-smb neutron-server[115045]: INFO neutron.wsgi [req-ff713e37-6192-4044-9560-e2b32a5af216 req-89cbd2d7-f4fb-42bd-a59e-761b2e229c3c tempest-ServerRescueNegativeTestJSON-614579021 tempest-ServerRescueNegativeTestJSON-614579021-project] 10.222.0.73 "GET /v2.0/networks?id=1d73737e-6ba1-4bda-b0e4-790509c088e2 HTTP/1.1" status: 200 len: 818 time: 0.6763401
Mar 08 19:45:59.558411 dv-cinder-830095-3-smb neutron-server[115046]: DEBUG neutron_lib.callbacks.manager [None req-2865a8dc-2597-453b-aa15-22e30a7de28f admin admin] Publish callbacks [] for security_group (08780d71-9403-4269-8802-da0ba56b2fbd), before_delete {{(pid=115046) _notify_loop /usr/local/lib/python3.8/dist-packages/neutron_lib/callbacks/manager.py:176}}
Mar 08 19:45:59.583801 dv-cinder-830095-3-smb neutron-server[115047]: DEBUG neutron.plugins.ml2.db [None req-36bd772d-0697-4980-a370-7461327af4de None None] get_ports_and_sgs() called for port_ids ['cb73885b-b7c0-483f-871c-50e1e55f0046'] {{(pid=115047) get_ports_and_sgs /opt/stack/neutron/neutron/plugins/ml2/db.py:156}}
Mar 08 19:45:59.587263 dv-cinder-830095-3-smb neutron-server[115045]: DEBUG neutron.api.v2.base [req-ff713e37-6192-4044-9560-e2b32a5af216 req-0249c97f-30a4-4176-b2a4-b9fdea3770e6 tempest-ServerRescueNegativeTestJSON-614579021 tempest-ServerRescueNegativeTestJSON-614579021-project] Request body: {'port': {'device_id': '2398702f-dbbb-48cb-89fe-a39e24698fe3', 'network_id': '1d73737e-6ba1-4bda-b0e4-790509c088e2', 'admin_state_up': True, 'tenant_id': '33531ba195724aff91dd64b44eb816c0'}} {{(pid=115045) prepare_request_body /opt/stack/neutron/neutron/api/v2/base.py:729}}
Mar 08 19:45:59.615640 dv-cinder-830095-3-smb neutron-server[115045]: DEBUG neutron_lib.callbacks.manager [None req-186bdd44-0870-462f-acf8-4a2f74444ddf tempest-AttachVolumeShelveTestJSON-429715025 tempest-AttachVolumeShelveTestJSON-429715025-project] Publish callbacks [] for floatingip (79b1e448-5ba6-434c-9ebf-768ba89d8976), precommit_create {{(pid=115045) _notify_loop /usr/local/lib/python3.8/dist-packages/neutron_lib/callbacks/manager.py:176}}
Mar 08 19:45:59.639324 dv-cinder-830095-3-smb neutron-server[115046]: DEBUG neutron_lib.callbacks.manager [None req-2865a8dc-2597-453b-aa15-22e30a7de28f admin admin] Publish callbacks [] for security_group (08780d71-9403-4269-8802-da0ba56b2fbd), precommit_delete {{(pid=115046) _notify_loop /usr/local/lib/python3.8/dist-packages/neutron_lib/callbacks/manager.py:176}}
Mar 08 19:45:59.944136 dv-cinder-830095-3-smb neutron-server[115046]: DEBUG neutron_lib.callbacks.manager [None req-2865a8dc-2597-453b-aa15-22e30a7de28f admin admin] Publish callbacks ['neutron.plugins.ml2.ovo_rpc._ObjectChangeHandler.handle_event-833175'] for security_group (08780d71-9403-4269-8802-da0ba56b2fbd), after_delete {{(pid=115046) _notify_loop /usr/local/lib/python3.8/dist-packages/neutron_lib/callbacks/manager.py:176}}
Mar 08 19:45:59.953186 dv-cinder-830095-3-smb neutron-server[115046]: DEBUG neutron_lib.callbacks.manager [None req-2865a8dc-2597-453b-aa15-22e30a7de28f admin admin] Publish callbacks [] for security_group (None), before_response {{(pid=115046) _notify_loop /usr/local/lib/python3.8/dist-packages/neutron_lib/callbacks/manager.py:176}}
Mar 08 19:45:59.961098 dv-cinder-830095-3-smb neutron-server[115046]: INFO neutron.wsgi [None req-2865a8dc-2597-453b-aa15-22e30a7de28f admin admin] 10.222.0.69 "DELETE /v2.0/security-groups/08780d71-9403-4269-8802-da0ba56b2fbd HTTP/1.1" status: 204 len: 168 time: 0.4847684
Mar 08 19:45:59.971561 dv-cinder-830095-3-smb neutron-server[115045]: DEBUG neutron.db.db_base_plugin_common [req-69be27e7-0203-459b-881b-6e2357d608f7 req-adb9de25-513e-4c1b-9186-2f40818fe7f7 tempest-ServerRescueNegativeTestJSON-614579021 tempest-ServerRescueNegativeTestJSON-614579021-project] Allocated IP 172.20.0.5 (1d73737e-6ba1-4bda-b0e4-790509c088e2/67486a56-0979-4a19-b0a2-6fee7a6888d9/0bd3bf31-78f3-4473-afa5-f8a8a06a93cb) {{(pid=115045) _store_ip_allocation /opt/stack/neutron/neutron/db/db_base_plugin_common.py:131}}
Mar 08 19:45:59.980186 dv-cinder-830095-3-smb neutron-server[115046]: DEBUG neutron.api.rpc.handlers.resources_rpc [None req-2865a8dc-2597-453b-aa15-22e30a7de28f admin admin] Pushing event deleted for resources: {'SecurityGroup': ['ID=08780d71-9403-4269-8802-da0ba56b2fbd,revision_number=None']} {{(pid=115046) push /opt/stack/neutron/neutron/api/rpc/handlers/resources_rpc.py:237}}
Mar 08 19:46:00.045162 dv-cinder-830095-3-smb neutron-server[115046]: DEBUG neutron.pecan_wsgi.hooks.policy_enforcement [req-358a8eee-85c2-434f-bb66-db47a5ae5ae5 req-dbf6f953-60d0-440d-a794-665f3b5c6fb5 tempest-DeleteServersTestJSON-606323341 tempest-DeleteServersTestJSON-606323341-project] Attributes excluded by policy engine: ['standard_attr_id', 'binding:profile', 'binding:host_id', 'binding:vif_type', 'binding:vif_details'] {{(pid=115046) _exclude_attributes_by_policy /opt/stack/neutron/neutron/pecan_wsgi/hooks/policy_enforcement.py:255}}
Mar 08 19:46:00.046827 dv-cinder-830095-3-smb neutron-server[115046]: INFO neutron.wsgi [req-358a8eee-85c2-434f-bb66-db47a5ae5ae5 req-dbf6f953-60d0-440d-a794-665f3b5c6fb5 tempest-DeleteServersTestJSON-606323341 tempest-DeleteServersTestJSON-606323341-project] 10.222.0.69 "GET /v2.0/ports?device_id=a0ef21ee-ad74-4d15-90a9-9667f56bc227 HTTP/1.1" status: 200 len: 944 time: 0.3280139
Mar 08 19:46:00.184324 dv-cinder-830095-3-smb neutron-server[115046]: INFO neutron.wsgi [req-358a8eee-85c2-434f-bb66-db47a5ae5ae5 req-b1383c28-93a3-4ed2-8281-098384b35269 tempest-DeleteServersTestJSON-606323341 tempest-DeleteServersTestJSON-606323341-project] 10.222.0.69 "GET /v2.0/security-groups?id=3f662ea9-42fc-45a1-b098-0b71dc2035df&fields=id&fields=name HTTP/1.1" status: 200 len: 286 time: 0.1252310
Mar 08 19:46:00.387771 dv-cinder-830095-3-smb neutron-server[115046]: INFO neutron.wsgi [req-7cf4102d-d6a4-4f67-9bc7-07a25bc8b4d0 req-708e29c6-1190-4337-a822-1dfa04a60495 tempest-ServerRescueNegativeTestJSON-614579021 tempest-ServerRescueNegativeTestJSON-614579021-project] 10.222.0.69 "GET /v2.0/ports?device_id=2398702f-dbbb-48cb-89fe-a39e24698fe3 HTTP/1.1" status: 200 len: 210 time: 0.0776913
Mar 08 19:46:00.468872 dv-cinder-830095-3-smb neutron-server[115045]: DEBUG neutron_lib.callbacks.manager [None req-186bdd44-0870-462f-acf8-4a2f74444ddf tempest-AttachVolumeShelveTestJSON-429715025 tempest-AttachVolumeShelveTestJSON-429715025-project] Publish callbacks ['neutron.plugins.ml2.plugin.SecurityGroupDbMixin._ensure_default_security_group_handler-3608031'] for port (2d72908b-b9d8-4044-8c70-c8bb46f2d0ee), before_update {{(pid=115045) _notify_loop /usr/local/lib/python3.8/dist-packages/neutron_lib/callbacks/manager.py:176}}
Mar 08 19:46:00.500948 dv-cinder-830095-3-smb neutron-server[115047]: DEBUG neutron.plugins.ml2.rpc [None req-d57828ce-eb93-4bbf-8ee2-66edccb251b4 None None] Device 217d68c2-39f0-4143-bb71-cd491c6b8c3c up at agent ovs-agent-dv-cinder-830095-3-smb {{(pid=115047) update_device_up /opt/stack/neutron/neutron/plugins/ml2/rpc.py:296}}
Mar 08 19:46:00.575798 dv-cinder-830095-3-smb neutron-server[115047]: DEBUG neutron.db.provisioning_blocks [None req-d57828ce-eb93-4bbf-8ee2-66edccb251b4 None None] Provisioning complete for port 217d68c2-39f0-4143-bb71-cd491c6b8c3c triggered by entity L2. {{(pid=115047) provisioning_complete /opt/stack/neutron/neutron/db/provisioning_blocks.py:140}}
Mar 08 19:46:00.576385 dv-cinder-830095-3-smb neutron-server[115047]: DEBUG neutron_lib.callbacks.manager [None req-d57828ce-eb93-4bbf-8ee2-66edccb251b4 None None] Publish callbacks ['neutron.plugins.ml2.plugin.Ml2Plugin._port_provisioned-3479272'] for port (217d68c2-39f0-4143-bb71-cd491c6b8c3c), provisioning_complete {{(pid=115047) _notify_loop /usr/local/lib/python3.8/dist-packages/neutron_lib/callbacks/manager.py:176}}
Mar 08 19:46:00.588038 dv-cinder-830095-3-smb neutron-server[115046]: INFO neutron.wsgi [req-0ed42399-a7aa-4fb9-8a18-c2ed568e1885 req-36adb7bd-e01d-4623-ba14-9dc73d16eb33 tempest-AttachVolumeTestJSON-1332967318 tempest-AttachVolumeTestJSON-1332967318-project] 10.222.0.69 "GET /v2.0/ports?device_id=12140e5a-d8d4-4591-a545-c4321abf32c2 HTTP/1.1" status: 200 len: 210 time: 0.0433524
Mar 08 19:46:00.700415 dv-cinder-830095-3-smb neutron-server[115047]: DEBUG neutron.plugins.ml2.plugin [None req-d57828ce-eb93-4bbf-8ee2-66edccb251b4 None None] Current status of the port 217d68c2-39f0-4143-bb71-cd491c6b8c3c is: ACTIVE; New status is: ACTIVE {{(pid=115047) _update_individual_port_db_status /opt/stack/neutron/neutron/plugins/ml2/plugin.py:2232}}
Mar 08 19:46:00.701684 dv-cinder-830095-3-smb neutron-server[115047]: DEBUG neutron.plugins.ml2.rpc [None req-d57828ce-eb93-4bbf-8ee2-66edccb251b4 None None] Device f928b11c-9507-4c4b-a4e5-35054efcd23f up at agent ovs-agent-dv-cinder-830095-3-smb {{(pid=115047) update_device_up /opt/stack/neutron/neutron/plugins/ml2/rpc.py:296}}
