Mar 08 14:03:54.903923 dv-cinder-830094-2-iscsi devstack@n-api.service[116884]: INFO nova.api.openstack.requestlog [None req-fe2e6b30-a09c-42c3-9126-695909d26cc2 tempest-DeleteServersTestJSON-1848256824 tempest-DeleteServersTestJSON-1848256824-project] 10.222.0.39 "POST /compute/v2.1/servers" status: 202 len: 380 microversion: 2.1 time: 3.890656
Mar 08 14:03:54.911572 dv-cinder-830094-2-iscsi devstack@n-api.service[116884]: [pid: 116884|app: 0|req: 1/8] 10.222.0.39 () {60 vars in 1146 bytes} [Tue Mar 8 14:03:51 2022] POST /compute/v2.1/servers => generated 380 bytes in 3900 msecs (HTTP/1.1 202) 10 headers in 451 bytes (2 switches on core 0)
Mar 08 14:03:54.914998 dv-cinder-830094-2-iscsi devstack@n-api.service[116885]: DEBUG nova.api.openstack.wsgi [None req-838ff11c-a72b-4973-a86c-8797181e1836 tempest-DeleteServersTestJSON-1848256824 tempest-DeleteServersTestJSON-1848256824-project] Calling method '>' {{(pid=116885) _process_stack /opt/stack/nova/nova/api/openstack/wsgi.py:513}}
Mar 08 14:03:54.915904 dv-cinder-830094-2-iscsi devstack@n-api.service[116885]: DEBUG nova.compute.api [None req-838ff11c-a72b-4973-a86c-8797181e1836 tempest-DeleteServersTestJSON-1848256824 tempest-DeleteServersTestJSON-1848256824-project] [instance: 2d664136-db71-43a6-8ea9-5576bc1ad0c1] Fetching instance by UUID {{(pid=116885) get /opt/stack/nova/nova/compute/api.py:2918}}
Mar 08 14:03:55.181045 dv-cinder-830094-2-iscsi devstack@n-api.service[116885]: DEBUG nova.policy [None req-838ff11c-a72b-4973-a86c-8797181e1836 tempest-DeleteServersTestJSON-1848256824 tempest-DeleteServersTestJSON-1848256824-project] Policy check for os_compute_api:os-extended-server-attributes failed with credentials {'is_admin': False, 'user_id': '5933911e2dc54b66b3c845346e6b8095', 'user_domain_id': 'default', 'system_scope': None, 'domain_id': None, 'project_id': '54e45155f8cf43b5b1aac7ff360d7229', 'project_domain_id': 'default', 'roles': ['reader', 'member'], 'is_admin_project': True, 'service_user_id': None, 'service_user_domain_id': None, 'service_project_id': None, 'service_project_domain_id': None, 'service_roles': []} {{(pid=116885) authorize /opt/stack/nova/nova/policy.py:199}}
Mar 08 14:03:55.211952 dv-cinder-830094-2-iscsi devstack@n-api.service[116885]: INFO nova.api.openstack.requestlog [None req-838ff11c-a72b-4973-a86c-8797181e1836 tempest-DeleteServersTestJSON-1848256824 tempest-DeleteServersTestJSON-1848256824-project] 10.222.0.39 "GET /compute/v2.1/servers/2d664136-db71-43a6-8ea9-5576bc1ad0c1" status: 200 len: 1215 microversion: 2.1 time: 0.300917
Mar 08 14:03:55.212389 dv-cinder-830094-2-iscsi devstack@n-api.service[116885]: [pid: 116885|app: 0|req: 8/9] 10.222.0.39 () {58 vars in 1235 bytes} [Tue Mar 8 14:03:54 2022] GET /compute/v2.1/servers/2d664136-db71-43a6-8ea9-5576bc1ad0c1 => generated 1215 bytes in 302 msecs (HTTP/1.1 200) 9 headers in 358 bytes (2 switches on core 0)
Mar 08 14:03:56.230325 dv-cinder-830094-2-iscsi devstack@n-api.service[116884]: DEBUG nova.api.openstack.wsgi [None req-d10991c9-aaaf-46bd-96aa-a0f2eafb0a67 tempest-DeleteServersTestJSON-1848256824 tempest-DeleteServersTestJSON-1848256824-project] Calling method '>' {{(pid=116884) _process_stack /opt/stack/nova/nova/api/openstack/wsgi.py:513}}
Mar 08 14:03:56.231581 dv-cinder-830094-2-iscsi devstack@n-api.service[116884]: DEBUG nova.compute.api [None req-d10991c9-aaaf-46bd-96aa-a0f2eafb0a67 tempest-DeleteServersTestJSON-1848256824 tempest-DeleteServersTestJSON-1848256824-project] [instance: 2d664136-db71-43a6-8ea9-5576bc1ad0c1] Fetching instance by UUID {{(pid=116884) get /opt/stack/nova/nova/compute/api.py:2918}}
Mar 08 14:03:56.734840 dv-cinder-830094-2-iscsi devstack@n-api.service[116884]: DEBUG nova.policy [None req-d10991c9-aaaf-46bd-96aa-a0f2eafb0a67 tempest-DeleteServersTestJSON-1848256824 tempest-DeleteServersTestJSON-1848256824-project] Policy check for os_compute_api:os-extended-server-attributes failed with credentials {'is_admin': False, 'user_id': '5933911e2dc54b66b3c845346e6b8095', 'user_domain_id': 'default', 'system_scope': None, 'domain_id': None, 'project_id': '54e45155f8cf43b5b1aac7ff360d7229', 'project_domain_id': 'default', 'roles': ['reader', 'member'], 'is_admin_project': True, 'service_user_id': None, 'service_user_domain_id': None, 'service_project_id': None, 'service_project_domain_id': None, 'service_roles': []} {{(pid=116884) authorize /opt/stack/nova/nova/policy.py:199}}
Mar 08 14:03:56.755418 dv-cinder-830094-2-iscsi devstack@n-api.service[116884]: INFO nova.api.openstack.requestlog [None req-d10991c9-aaaf-46bd-96aa-a0f2eafb0a67 tempest-DeleteServersTestJSON-1848256824 tempest-DeleteServersTestJSON-1848256824-project] 10.222.0.39 "GET /compute/v2.1/servers/2d664136-db71-43a6-8ea9-5576bc1ad0c1" status: 200 len: 1215 microversion: 2.1 time: 0.529890
Mar 08 14:03:56.756025 dv-cinder-830094-2-iscsi devstack@n-api.service[116884]: [pid: 116884|app: 0|req: 2/10] 10.222.0.39 () {58 vars in 1235 bytes} [Tue Mar 8 14:03:56 2022] GET /compute/v2.1/servers/2d664136-db71-43a6-8ea9-5576bc1ad0c1 => generated 1215 bytes in 532 msecs (HTTP/1.1 200) 9 headers in 358 bytes (1 switches on core 0)
Mar 08 14:03:57.773498 dv-cinder-830094-2-iscsi devstack@n-api.service[116885]: DEBUG nova.api.openstack.wsgi [None req-56ac7c3f-1b66-4f7d-b818-187fe69a615d tempest-DeleteServersTestJSON-1848256824 tempest-DeleteServersTestJSON-1848256824-project] Calling method '>' {{(pid=116885) _process_stack /opt/stack/nova/nova/api/openstack/wsgi.py:513}}
Mar 08 14:03:57.774249 dv-cinder-830094-2-iscsi devstack@n-api.service[116885]: DEBUG nova.compute.api [None req-56ac7c3f-1b66-4f7d-b818-187fe69a615d tempest-DeleteServersTestJSON-1848256824 tempest-DeleteServersTestJSON-1848256824-project] [instance: 2d664136-db71-43a6-8ea9-5576bc1ad0c1] Fetching instance by UUID {{(pid=116885) get /opt/stack/nova/nova/compute/api.py:2918}}
Mar 08 14:03:57.783911 dv-cinder-830094-2-iscsi devstack@n-api.service[116885]: DEBUG oslo_concurrency.lockutils [None req-56ac7c3f-1b66-4f7d-b818-187fe69a615d tempest-DeleteServersTestJSON-1848256824 tempest-DeleteServersTestJSON-1848256824-project] Lock "7cd1187b-6a44-44fa-ac19-ca917ee04a53" acquired by "nova.context.set_target_cell..get_or_set_cached_cell_and_set_connections" :: waited 0.000s {{(pid=116885) inner /usr/local/lib/python3.8/dist-packages/oslo_concurrency/lockutils.py:386}}
Mar 08 14:03:57.784400 dv-cinder-830094-2-iscsi devstack@n-api.service[116885]: DEBUG oslo_concurrency.lockutils [None req-56ac7c3f-1b66-4f7d-b818-187fe69a615d tempest-DeleteServersTestJSON-1848256824 tempest-DeleteServersTestJSON-1848256824-project] Lock "7cd1187b-6a44-44fa-ac19-ca917ee04a53" "released" by "nova.context.set_target_cell..get_or_set_cached_cell_and_set_connections" :: held 0.001s {{(pid=116885) inner /usr/local/lib/python3.8/dist-packages/oslo_concurrency/lockutils.py:400}}
Mar 08 14:03:57.785174 dv-cinder-830094-2-iscsi devstack@n-api.service[116885]: DEBUG oslo_concurrency.lockutils [None req-56ac7c3f-1b66-4f7d-b818-187fe69a615d tempest-DeleteServersTestJSON-1848256824 tempest-DeleteServersTestJSON-1848256824-project] Lock "7cd1187b-6a44-44fa-ac19-ca917ee04a53" acquired by "nova.context.set_target_cell..get_or_set_cached_cell_and_set_connections" :: waited 0.000s {{(pid=116885) inner /usr/local/lib/python3.8/dist-packages/oslo_concurrency/lockutils.py:386}}
Mar 08 14:03:57.793137 dv-cinder-830094-2-iscsi devstack@n-api.service[116885]: DEBUG oslo_concurrency.lockutils [None req-56ac7c3f-1b66-4f7d-b818-187fe69a615d tempest-DeleteServersTestJSON-1848256824 tempest-DeleteServersTestJSON-1848256824-project] Lock "7cd1187b-6a44-44fa-ac19-ca917ee04a53" "released" by "nova.context.set_target_cell..get_or_set_cached_cell_and_set_connections" :: held 0.000s {{(pid=116885) inner /usr/local/lib/python3.8/dist-packages/oslo_concurrency/lockutils.py:400}}
Mar 08 14:03:58.412086 dv-cinder-830094-2-iscsi devstack@n-api.service[116885]: DEBUG nova.policy [None req-56ac7c3f-1b66-4f7d-b818-187fe69a615d tempest-DeleteServersTestJSON-1848256824 tempest-DeleteServersTestJSON-1848256824-project] Policy check for os_compute_api:os-extended-server-attributes failed with credentials {'is_admin': False, 'user_id': '5933911e2dc54b66b3c845346e6b8095', 'user_domain_id': 'default', 'system_scope': None, 'domain_id': None, 'project_id': '54e45155f8cf43b5b1aac7ff360d7229', 'project_domain_id': 'default', 'roles': ['reader', 'member'], 'is_admin_project': True, 'service_user_id': None, 'service_user_domain_id': None, 'service_project_id': None, 'service_project_domain_id': None, 'service_roles': []} {{(pid=116885) authorize /opt/stack/nova/nova/policy.py:199}}
Mar 08 14:03:58.438136 dv-cinder-830094-2-iscsi devstack@n-api.service[116885]: INFO nova.api.openstack.requestlog [None req-56ac7c3f-1b66-4f7d-b818-187fe69a615d tempest-DeleteServersTestJSON-1848256824 tempest-DeleteServersTestJSON-1848256824-project] 10.222.0.39 "GET /compute/v2.1/servers/2d664136-db71-43a6-8ea9-5576bc1ad0c1" status: 200 len: 1211 microversion: 2.1 time: 0.669572
Mar 08 14:03:58.447248 dv-cinder-830094-2-iscsi devstack@n-api.service[116885]: [pid: 116885|app: 0|req: 9/11] 10.222.0.39 () {58 vars in 1235 bytes} [Tue Mar 8 14:03:57 2022] GET /compute/v2.1/servers/2d664136-db71-43a6-8ea9-5576bc1ad0c1 => generated 1211 bytes in 678 msecs (HTTP/1.1 200) 9 headers in 358 bytes (1 switches on core 0)
Mar 08 14:03:59.466253 dv-cinder-830094-2-iscsi devstack@n-api.service[116884]: DEBUG nova.api.openstack.wsgi [None req-c3df196b-6e0b-4705-a3f6-e58eafb2f160 tempest-DeleteServersTestJSON-1848256824 tempest-DeleteServersTestJSON-1848256824-project] Calling method '>' {{(pid=116884) _process_stack /opt/stack/nova/nova/api/openstack/wsgi.py:513}}
Mar 08 14:03:59.467989 dv-cinder-830094-2-iscsi devstack@n-api.service[116884]: DEBUG nova.compute.api [None req-c3df196b-6e0b-4705-a3f6-e58eafb2f160 tempest-DeleteServersTestJSON-1848256824 tempest-DeleteServersTestJSON-1848256824-project] [instance: 2d664136-db71-43a6-8ea9-5576bc1ad0c1] Fetching instance by UUID {{(pid=116884) get /opt/stack/nova/nova/compute/api.py:2918}}
Mar 08 14:03:59.488833 dv-cinder-830094-2-iscsi devstack@n-api.service[116884]: DEBUG oslo_concurrency.lockutils [None req-c3df196b-6e0b-4705-a3f6-e58eafb2f160 tempest-DeleteServersTestJSON-1848256824 tempest-DeleteServersTestJSON-1848256824-project] Lock "7cd1187b-6a44-44fa-ac19-ca917ee04a53" acquired by "nova.context.set_target_cell..get_or_set_cached_cell_and_set_connections" :: waited 0.000s {{(pid=116884) inner /usr/local/lib/python3.8/dist-packages/oslo_concurrency/lockutils.py:386}}
Mar 08 14:03:59.490418 dv-cinder-830094-2-iscsi devstack@n-api.service[116884]: DEBUG oslo_concurrency.lockutils [None req-c3df196b-6e0b-4705-a3f6-e58eafb2f160 tempest-DeleteServersTestJSON-1848256824 tempest-DeleteServersTestJSON-1848256824-project] Lock "7cd1187b-6a44-44fa-ac19-ca917ee04a53" "released" by "nova.context.set_target_cell..get_or_set_cached_cell_and_set_connections" :: held 0.001s {{(pid=116884) inner /usr/local/lib/python3.8/dist-packages/oslo_concurrency/lockutils.py:400}}
Mar 08 14:03:59.493108 dv-cinder-830094-2-iscsi devstack@n-api.service[116884]: DEBUG oslo_concurrency.lockutils [None req-c3df196b-6e0b-4705-a3f6-e58eafb2f160 tempest-DeleteServersTestJSON-1848256824 tempest-DeleteServersTestJSON-1848256824-project] Lock "7cd1187b-6a44-44fa-ac19-ca917ee04a53" acquired by "nova.context.set_target_cell..get_or_set_cached_cell_and_set_connections" :: waited 0.000s {{(pid=116884) inner /usr/local/lib/python3.8/dist-packages/oslo_concurrency/lockutils.py:386}}
Mar 08 14:03:59.496678 dv-cinder-830094-2-iscsi devstack@n-api.service[116884]: DEBUG oslo_concurrency.lockutils [None req-c3df196b-6e0b-4705-a3f6-e58eafb2f160 tempest-DeleteServersTestJSON-1848256824 tempest-DeleteServersTestJSON-1848256824-project] Lock "7cd1187b-6a44-44fa-ac19-ca917ee04a53" "released" by "nova.context.set_target_cell..get_or_set_cached_cell_and_set_connections" :: held 0.003s {{(pid=116884) inner /usr/local/lib/python3.8/dist-packages/oslo_concurrency/lockutils.py:400}}
Mar 08 14:04:00.465188 dv-cinder-830094-2-iscsi devstack@n-api.service[116884]: DEBUG nova.policy [None req-c3df196b-6e0b-4705-a3f6-e58eafb2f160 tempest-DeleteServersTestJSON-1848256824 tempest-DeleteServersTestJSON-1848256824-project] Policy check for os_compute_api:os-extended-server-attributes failed with credentials {'is_admin': False, 'user_id': '5933911e2dc54b66b3c845346e6b8095', 'user_domain_id': 'default', 'system_scope': None, 'domain_id': None, 'project_id': '54e45155f8cf43b5b1aac7ff360d7229', 'project_domain_id': 'default', 'roles': ['reader', 'member'], 'is_admin_project': True, 'service_user_id': None, 'service_user_domain_id': None, 'service_project_id': None, 'service_project_domain_id': None, 'service_roles': []} {{(pid=116884) authorize /opt/stack/nova/nova/policy.py:199}}
Mar 08 14:04:00.529213 dv-cinder-830094-2-iscsi devstack@n-api.service[116884]: INFO nova.api.openstack.requestlog [None req-c3df196b-6e0b-4705-a3f6-e58eafb2f160 tempest-DeleteServersTestJSON-1848256824 tempest-DeleteServersTestJSON-1848256824-project] 10.222.0.39 "GET /compute/v2.1/servers/2d664136-db71-43a6-8ea9-5576bc1ad0c1" status: 200 len: 1273 microversion: 2.1 time: 1.069087
Mar 08 14:04:00.546228 dv-cinder-830094-2-iscsi devstack@n-api.service[116884]: [pid: 116884|app: 0|req: 3/12] 10.222.0.39 () {58 vars in 1235 bytes} [Tue Mar 8 14:03:59 2022] GET /compute/v2.1/servers/2d664136-db71-43a6-8ea9-5576bc1ad0c1 => generated 1273 bytes in 1087 msecs (HTTP/1.1 200) 9 headers in 358 bytes (1 switches on core 0)
Mar 08 14:04:01.568115 dv-cinder-830094-2-iscsi devstack@n-api.service[116885]: DEBUG nova.api.openstack.wsgi [None req-3372e1f3-de1e-4f6e-8ee5-68dbd11c9b0b tempest-DeleteServersTestJSON-1848256824 tempest-DeleteServersTestJSON-1848256824-project] Calling method '>' {{(pid=116885) _process_stack /opt/stack/nova/nova/api/openstack/wsgi.py:513}}
Mar 08 14:04:01.569499 dv-cinder-830094-2-iscsi devstack@n-api.service[116885]: DEBUG nova.compute.api [None req-3372e1f3-de1e-4f6e-8ee5-68dbd11c9b0b tempest-DeleteServersTestJSON-1848256824 tempest-DeleteServersTestJSON-1848256824-project] [instance: 2d664136-db71-43a6-8ea9-5576bc1ad0c1] Fetching instance by UUID {{(pid=116885) get /opt/stack/nova/nova/compute/api.py:2918}}
Mar 08 14:04:01.586143 dv-cinder-830094-2-iscsi devstack@n-api.service[116885]: DEBUG oslo_concurrency.lockutils [None req-3372e1f3-de1e-4f6e-8ee5-68dbd11c9b0b tempest-DeleteServersTestJSON-1848256824 tempest-DeleteServersTestJSON-1848256824-project] Lock "7cd1187b-6a44-44fa-ac19-ca917ee04a53" acquired by "nova.context.set_target_cell..get_or_set_cached_cell_and_set_connections" :: waited 0.000s {{(pid=116885) inner /usr/local/lib/python3.8/dist-packages/oslo_concurrency/lockutils.py:386}}
Mar 08 14:04:01.589258 dv-cinder-830094-2-iscsi devstack@n-api.service[116885]: DEBUG oslo_concurrency.lockutils [None req-3372e1f3-de1e-4f6e-8ee5-68dbd11c9b0b tempest-DeleteServersTestJSON-1848256824 tempest-DeleteServersTestJSON-1848256824-project] Lock "7cd1187b-6a44-44fa-ac19-ca917ee04a53" "released" by "nova.context.set_target_cell..get_or_set_cached_cell_and_set_connections" :: held 0.004s {{(pid=116885) inner /usr/local/lib/python3.8/dist-packages/oslo_concurrency/lockutils.py:400}}
Mar 08 14:04:01.618503 dv-cinder-830094-2-iscsi devstack@n-api.service[116885]: DEBUG oslo_concurrency.lockutils [None req-3372e1f3-de1e-4f6e-8ee5-68dbd11c9b0b tempest-DeleteServersTestJSON-1848256824 tempest-DeleteServersTestJSON-1848256824-project] Lock "7cd1187b-6a44-44fa-ac19-ca917ee04a53" acquired by "nova.context.set_target_cell..get_or_set_cached_cell_and_set_connections" :: waited 0.000s {{(pid=116885) inner /usr/local/lib/python3.8/dist-packages/oslo_concurrency/lockutils.py:386}}
Mar 08 14:04:01.621324 dv-cinder-830094-2-iscsi devstack@n-api.service[116885]: DEBUG oslo_concurrency.lockutils [None req-3372e1f3-de1e-4f6e-8ee5-68dbd11c9b0b tempest-DeleteServersTestJSON-1848256824 tempest-DeleteServersTestJSON-1848256824-project] Lock "7cd1187b-6a44-44fa-ac19-ca917ee04a53" "released" by "nova.context.set_target_cell..get_or_set_cached_cell_and_set_connections" :: held 0.004s {{(pid=116885) inner /usr/local/lib/python3.8/dist-packages/oslo_concurrency/lockutils.py:400}}
Mar 08 14:04:02.189312 dv-cinder-830094-2-iscsi devstack@n-api.service[116884]: DEBUG nova.api.openstack.wsgi [None req-5940b77d-4096-4c7c-822f-dcc94565cf64 tempest-VolumesTestJSON-913994411 tempest-VolumesTestJSON-913994411-project] Calling method '.version_select at 0x7f1e054eee50>' {{(pid=116884) _process_stack /opt/stack/nova/nova/api/openstack/wsgi.py:513}}
Mar 08 14:04:02.451226 dv-cinder-830094-2-iscsi devstack@n-api.service[116884]: INFO nova.api.openstack.requestlog [None req-5940b77d-4096-4c7c-822f-dcc94565cf64 tempest-VolumesTestJSON-913994411 tempest-VolumesTestJSON-913994411-project] 10.222.0.39 "GET /compute/v2.1/os-volumes/ea550ca9-1551-4070-b4f0-fb44f06f8ca1" status: 200 len: 351 microversion: 2.1 time: 0.267646
Mar 08 14:04:02.457418 dv-cinder-830094-2-iscsi devstack@n-api.service[116884]: [pid: 116884|app: 0|req: 4/13] 10.222.0.39 () {58 vars in 1244 bytes} [Tue Mar 8 14:04:02 2022] GET /compute/v2.1/os-volumes/ea550ca9-1551-4070-b4f0-fb44f06f8ca1 => generated 351 bytes in 269 msecs (HTTP/1.1 200) 9 headers in 357 bytes (2 switches on core 0)
Mar 08 14:04:03.241762 dv-cinder-830094-2-iscsi devstack@n-api.service[116885]: DEBUG nova.policy [None req-3372e1f3-de1e-4f6e-8ee5-68dbd11c9b0b tempest-DeleteServersTestJSON-1848256824 tempest-DeleteServersTestJSON-1848256824-project] Policy check for os_compute_api:os-extended-server-attributes failed with credentials {'is_admin': False, 'user_id': '5933911e2dc54b66b3c845346e6b8095', 'user_domain_id': 'default', 'system_scope': None, 'domain_id': None, 'project_id': '54e45155f8cf43b5b1aac7ff360d7229', 'project_domain_id': 'default', 'roles': ['reader', 'member'], 'is_admin_project': True, 'service_user_id': None, 'service_user_domain_id': None, 'service_project_id': None, 'service_project_domain_id': None, 'service_roles': []} {{(pid=116885) authorize /opt/stack/nova/nova/policy.py:199}}
Mar 08 14:04:03.277071 dv-cinder-830094-2-iscsi devstack@n-api.service[116885]: INFO nova.api.openstack.requestlog [None req-3372e1f3-de1e-4f6e-8ee5-68dbd11c9b0b tempest-DeleteServersTestJSON-1848256824 tempest-DeleteServersTestJSON-1848256824-project] 10.222.0.39 "GET /compute/v2.1/servers/2d664136-db71-43a6-8ea9-5576bc1ad0c1" status: 200 len: 1315 microversion: 2.1 time: 1.699650
Mar 08 14:04:03.280416 dv-cinder-830094-2-iscsi devstack@n-api.service[116885]: [pid: 116885|app: 0|req: 10/14] 10.222.0.39 () {58 vars in 1235 bytes} [Tue Mar 8 14:04:01 2022] GET /compute/v2.1/servers/2d664136-db71-43a6-8ea9-5576bc1ad0c1 => generated 1315 bytes in 1720 msecs (HTTP/1.1 200) 9 headers in 358 bytes (1 switches on core 0)
Mar 08 14:04:04.295546 dv-cinder-830094-2-iscsi devstack@n-api.service[116884]: DEBUG nova.api.openstack.wsgi [None req-cccd5033-d15e-440d-b768-69ab3e4634fc tempest-DeleteServersTestJSON-1848256824 tempest-DeleteServersTestJSON-1848256824-project] Calling method '>' {{(pid=116884) _process_stack /opt/stack/nova/nova/api/openstack/wsgi.py:513}}
Mar 08 14:04:04.300298 dv-cinder-830094-2-iscsi devstack@n-api.service[116884]: DEBUG nova.compute.api [None req-cccd5033-d15e-440d-b768-69ab3e4634fc tempest-DeleteServersTestJSON-1848256824 tempest-DeleteServersTestJSON-1848256824-project] [instance: 2d664136-db71-43a6-8ea9-5576bc1ad0c1] Fetching instance by UUID {{(pid=116884) get /opt/stack/nova/nova/compute/api.py:2918}}
Mar 08 14:04:04.324238 dv-cinder-830094-2-iscsi devstack@n-api.service[116884]: DEBUG oslo_concurrency.lockutils [None req-cccd5033-d15e-440d-b768-69ab3e4634fc tempest-DeleteServersTestJSON-1848256824 tempest-DeleteServersTestJSON-1848256824-project] Lock "7cd1187b-6a44-44fa-ac19-ca917ee04a53" acquired by "nova.context.set_target_cell..get_or_set_cached_cell_and_set_connections" :: waited 0.002s {{(pid=116884) inner /usr/local/lib/python3.8/dist-packages/oslo_concurrency/lockutils.py:386}}
Mar 08 14:04:04.326161 dv-cinder-830094-2-iscsi devstack@n-api.service[116884]: DEBUG oslo_concurrency.lockutils [None req-cccd5033-d15e-440d-b768-69ab3e4634fc tempest-DeleteServersTestJSON-1848256824 tempest-DeleteServersTestJSON-1848256824-project] Lock "7cd1187b-6a44-44fa-ac19-ca917ee04a53" "released" by "nova.context.set_target_cell..get_or_set_cached_cell_and_set_connections" :: held 0.003s {{(pid=116884) inner /usr/local/lib/python3.8/dist-packages/oslo_concurrency/lockutils.py:400}}
Mar 08 14:04:04.329751 dv-cinder-830094-2-iscsi devstack@n-api.service[116884]: DEBUG oslo_concurrency.lockutils [None req-cccd5033-d15e-440d-b768-69ab3e4634fc tempest-DeleteServersTestJSON-1848256824 tempest-DeleteServersTestJSON-1848256824-project] Lock "7cd1187b-6a44-44fa-ac19-ca917ee04a53" acquired by "nova.context.set_target_cell..get_or_set_cached_cell_and_set_connections" :: waited 0.000s {{(pid=116884) inner /usr/local/lib/python3.8/dist-packages/oslo_concurrency/lockutils.py:386}}
Mar 08 14:04:04.330557 dv-cinder-830094-2-iscsi devstack@n-api.service[116884]: DEBUG oslo_concurrency.lockutils [None req-cccd5033-d15e-440d-b768-69ab3e4634fc tempest-DeleteServersTestJSON-1848256824 tempest-DeleteServersTestJSON-1848256824-project] Lock "7cd1187b-6a44-44fa-ac19-ca917ee04a53" "released" by "nova.context.set_target_cell..get_or_set_cached_cell_and_set_connections" :: held 0.001s {{(pid=116884) inner /usr/local/lib/python3.8/dist-packages/oslo_concurrency/lockutils.py:400}}
Mar 08 14:04:04.537470 dv-cinder-830094-2-iscsi devstack@n-api.service[116885]: DEBUG nova.api.openstack.wsgi [None req-dab99627-be06-47b9-8788-dea9d13dc6d8 tempest-VolumesTestJSON-913994411 tempest-VolumesTestJSON-913994411-project] Calling method '.version_select at 0x7f1e06529430>' {{(pid=116885) _process_stack /opt/stack/nova/nova/api/openstack/wsgi.py:513}}
Mar 08 14:04:04.724669 dv-cinder-830094-2-iscsi devstack@n-api.service[116885]: INFO nova.api.openstack.requestlog [None req-dab99627-be06-47b9-8788-dea9d13dc6d8 tempest-VolumesTestJSON-913994411 tempest-VolumesTestJSON-913994411-project] 10.222.0.39 "GET /compute/v2.1/os-volumes/1ec2605e-adb3-44e8-b12c-cf07a7f5fd94" status: 200 len: 351 microversion: 2.1 time: 0.193106
Mar 08 14:04:04.725641 dv-cinder-830094-2-iscsi devstack@n-api.service[116885]: [pid: 116885|app: 0|req: 11/15] 10.222.0.39 () {58 vars in 1244 bytes} [Tue Mar 8 14:04:04 2022] GET /compute/v2.1/os-volumes/1ec2605e-adb3-44e8-b12c-cf07a7f5fd94 => generated 351 bytes in 195 msecs (HTTP/1.1 200) 9 headers in 357 bytes (1 switches on core 0)
Mar 08 14:04:05.911263 dv-cinder-830094-2-iscsi devstack@n-api.service[116884]: DEBUG nova.policy [None req-cccd5033-d15e-440d-b768-69ab3e4634fc tempest-DeleteServersTestJSON-1848256824 tempest-DeleteServersTestJSON-1848256824-project] Policy check for os_compute_api:os-extended-server-attributes failed with credentials {'is_admin': False, 'user_id': '5933911e2dc54b66b3c845346e6b8095', 'user_domain_id': 'default', 'system_scope': None, 'domain_id': None, 'project_id': '54e45155f8cf43b5b1aac7ff360d7229', 'project_domain_id': 'default', 'roles': ['reader', 'member'], 'is_admin_project': True, 'service_user_id': None, 'service_user_domain_id': None, 'service_project_id': None, 'service_project_domain_id': None, 'service_roles': []} {{(pid=116884) authorize /opt/stack/nova/nova/policy.py:199}}
Mar 08 14:04:05.921407 dv-cinder-830094-2-iscsi devstack@n-api.service[116884]: INFO nova.api.openstack.requestlog [None req-cccd5033-d15e-440d-b768-69ab3e4634fc tempest-DeleteServersTestJSON-1848256824 tempest-DeleteServersTestJSON-1848256824-project] 10.222.0.39 "GET /compute/v2.1/servers/2d664136-db71-43a6-8ea9-5576bc1ad0c1" status: 200 len: 1315 microversion: 2.1 time: 1.630699
Mar 08 14:04:05.921991 dv-cinder-830094-2-iscsi devstack@n-api.service[116884]: [pid: 116884|app: 0|req: 5/16] 10.222.0.39 () {58 vars in 1235 bytes} [Tue Mar 8 14:04:04 2022] GET /compute/v2.1/servers/2d664136-db71-43a6-8ea9-5576bc1ad0c1 => generated 1315 bytes in 1632 msecs (HTTP/1.1 200) 9 headers in 358 bytes (2 switches on core 0)
Mar 08 14:04:06.581888 dv-cinder-830094-2-iscsi devstack@n-api.service[116885]: DEBUG nova.api.openstack.wsgi [None req-8cd48967-fe07-45dc-b7a7-f3371fc9143b tempest-VolumesTestJSON-913994411 tempest-VolumesTestJSON-913994411-project] Calling method '.version_select at 0x7f1e065294c0>' {{(pid=116885) _process_stack /opt/stack/nova/nova/api/openstack/wsgi.py:513}}
Mar 08 14:04:06.672359 dv-cinder-830094-2-iscsi devstack@n-api.service[116885]: INFO nova.api.openstack.requestlog [None req-8cd48967-fe07-45dc-b7a7-f3371fc9143b tempest-VolumesTestJSON-913994411 tempest-VolumesTestJSON-913994411-project] 10.222.0.39 "GET /compute/v2.1/os-volumes/4b2c9c35-4d3e-4dcb-988c-536c42555617" status: 200 len: 351 microversion: 2.1 time: 0.094143
Mar 08 14:04:06.673426 dv-cinder-830094-2-iscsi devstack@n-api.service[116885]: [pid: 116885|app: 0|req: 12/17] 10.222.0.39 () {58 vars in 1244 bytes} [Tue Mar 8 14:04:06 2022] GET /compute/v2.1/os-volumes/4b2c9c35-4d3e-4dcb-988c-536c42555617 => generated 351 bytes in 96 msecs (HTTP/1.1 200) 9 headers in 357 bytes (2 switches on core 0)
Mar 08 14:04:06.685369 dv-cinder-830094-2-iscsi devstack@n-api.service[116884]: DEBUG nova.api.openstack.wsgi [None req-360eeae4-f4f7-42a0-8a60-546b979092a0 tempest-VolumesTestJSON-913994411 tempest-VolumesTestJSON-913994411-project] Calling method '.version_select at 0x7f1e05407af0>' {{(pid=116884) _process_stack /opt/stack/nova/nova/api/openstack/wsgi.py:513}}
Mar 08 14:04:06.879265 dv-cinder-830094-2-iscsi devstack@n-api.service[116884]: INFO nova.api.openstack.requestlog [None req-360eeae4-f4f7-42a0-8a60-546b979092a0 tempest-VolumesTestJSON-913994411 tempest-VolumesTestJSON-913994411-project] 10.222.0.39 "GET /compute/v2.1/os-volumes" status: 200 len: 1036 microversion: 2.1 time: 0.197679
Mar 08 14:04:06.880150 dv-cinder-830094-2-iscsi devstack@n-api.service[116884]: [pid: 116884|app: 0|req: 6/18] 10.222.0.39 () {58 vars in 1133 bytes} [Tue Mar 8 14:04:06 2022] GET /compute/v2.1/os-volumes => generated 1036 bytes in 199 msecs (HTTP/1.1 200) 9 headers in 358 bytes (1 switches on core 0)
Mar 08 14:04:06.894914 dv-cinder-830094-2-iscsi devstack@n-api.service[116885]: DEBUG nova.api.openstack.wsgi [None req-7f745db8-c487-4788-a642-aa47bfee198c tempest-VolumesTestJSON-913994411 tempest-VolumesTestJSON-913994411-project] Calling method '.version_select at 0x7f1e06531a60>' {{(pid=116885) _process_stack /opt/stack/nova/nova/api/openstack/wsgi.py:513}}
Mar 08 14:04:06.940807 dv-cinder-830094-2-iscsi devstack@n-api.service[116884]: DEBUG nova.api.openstack.wsgi [None req-b78c7bf8-aaa1-4c20-b598-fd0925760c3a tempest-DeleteServersTestJSON-1848256824 tempest-DeleteServersTestJSON-1848256824-project] Calling method '>' {{(pid=116884) _process_stack /opt/stack/nova/nova/api/openstack/wsgi.py:513}}
Mar 08 14:04:06.942013 dv-cinder-830094-2-iscsi devstack@n-api.service[116884]: DEBUG nova.compute.api [None req-b78c7bf8-aaa1-4c20-b598-fd0925760c3a tempest-DeleteServersTestJSON-1848256824 tempest-DeleteServersTestJSON-1848256824-project] [instance: 2d664136-db71-43a6-8ea9-5576bc1ad0c1] Fetching instance by UUID {{(pid=116884) get /opt/stack/nova/nova/compute/api.py:2918}}
Mar 08 14:04:06.952468 dv-cinder-830094-2-iscsi devstack@n-api.service[116884]: DEBUG oslo_concurrency.lockutils [None req-b78c7bf8-aaa1-4c20-b598-fd0925760c3a tempest-DeleteServersTestJSON-1848256824 tempest-DeleteServersTestJSON-1848256824-project] Lock "7cd1187b-6a44-44fa-ac19-ca917ee04a53" acquired by "nova.context.set_target_cell..get_or_set_cached_cell_and_set_connections" :: waited 0.000s {{(pid=116884) inner /usr/local/lib/python3.8/dist-packages/oslo_concurrency/lockutils.py:386}}
Mar 08 14:04:06.955079 dv-cinder-830094-2-iscsi devstack@n-api.service[116884]: DEBUG oslo_concurrency.lockutils [None req-b78c7bf8-aaa1-4c20-b598-fd0925760c3a tempest-DeleteServersTestJSON-1848256824 tempest-DeleteServersTestJSON-1848256824-project] Lock "7cd1187b-6a44-44fa-ac19-ca917ee04a53" "released" by "nova.context.set_target_cell..get_or_set_cached_cell_and_set_connections" :: held 0.003s {{(pid=116884) inner /usr/local/lib/python3.8/dist-packages/oslo_concurrency/lockutils.py:400}}
Mar 08 14:04:06.956110 dv-cinder-830094-2-iscsi devstack@n-api.service[116884]: DEBUG oslo_concurrency.lockutils [None req-b78c7bf8-aaa1-4c20-b598-fd0925760c3a tempest-DeleteServersTestJSON-1848256824 tempest-DeleteServersTestJSON-1848256824-project] Lock "7cd1187b-6a44-44fa-ac19-ca917ee04a53" acquired by "nova.context.set_target_cell..get_or_set_cached_cell_and_set_connections" :: waited 0.000s {{(pid=116884) inner /usr/local/lib/python3.8/dist-packages/oslo_concurrency/lockutils.py:386}}
Mar 08 14:04:06.957359 dv-cinder-830094-2-iscsi devstack@n-api.service[116884]: DEBUG oslo_concurrency.lockutils [None req-b78c7bf8-aaa1-4c20-b598-fd0925760c3a tempest-DeleteServersTestJSON-1848256824 tempest-DeleteServersTestJSON-1848256824-project] Lock "7cd1187b-6a44-44fa-ac19-ca917ee04a53" "released" by "nova.context.set_target_cell..get_or_set_cached_cell_and_set_connections" :: held 0.001s {{(pid=116884) inner /usr/local/lib/python3.8/dist-packages/oslo_concurrency/lockutils.py:400}}
Mar 08 14:04:07.061095 dv-cinder-830094-2-iscsi devstack@n-api.service[116885]: INFO nova.api.openstack.requestlog [None req-7f745db8-c487-4788-a642-aa47bfee198c tempest-VolumesTestJSON-913994411 tempest-VolumesTestJSON-913994411-project] 10.222.0.39 "GET /compute/v2.1/os-volumes?limit=2" status: 200 len: 695 microversion: 2.1 time: 0.170866
Mar 08 14:04:07.062305 dv-cinder-830094-2-iscsi devstack@n-api.service[116885]: [pid: 116885|app: 0|req: 13/19] 10.222.0.39 () {58 vars in 1148 bytes} [Tue Mar 8 14:04:06 2022] GET /compute/v2.1/os-volumes?limit=2 => generated 695 bytes in 173 msecs (HTTP/1.1 200) 9 headers in 357 bytes (1 switches on core 0)
Mar 08 14:04:07.078606 dv-cinder-830094-2-iscsi devstack@n-api.service[116885]: DEBUG nova.api.openstack.wsgi [None req-dc3422da-0095-46c5-88a7-cf0932e429b7 tempest-VolumesTestJSON-913994411 tempest-VolumesTestJSON-913994411-project] Calling method '.version_select at 0x7f1e06531c10>' {{(pid=116885) _process_stack /opt/stack/nova/nova/api/openstack/wsgi.py:513}}
Mar 08 14:04:07.196887 dv-cinder-830094-2-iscsi devstack@n-api.service[116885]: INFO nova.api.openstack.requestlog [None req-dc3422da-0095-46c5-88a7-cf0932e429b7 tempest-VolumesTestJSON-913994411 tempest-VolumesTestJSON-913994411-project] 10.222.0.39 "GET /compute/v2.1/os-volumes" status: 200 len: 1036 microversion: 2.1 time: 0.123450
Mar 08 14:04:07.198969 dv-cinder-830094-2-iscsi devstack@n-api.service[116885]: [pid: 116885|app: 0|req: 14/20] 10.222.0.39 () {58 vars in 1133 bytes} [Tue Mar 8 14:04:07 2022] GET /compute/v2.1/os-volumes => generated 1036 bytes in 126 msecs (HTTP/1.1 200) 9 headers in 358 bytes (1 switches on core 0)
Mar 08 14:04:07.211345 dv-cinder-830094-2-iscsi devstack@n-api.service[116885]: DEBUG nova.api.openstack.wsgi [None req-239dde67-ba66-4024-8ef9-f66b2f69c9a7 tempest-VolumesTestJSON-913994411 tempest-VolumesTestJSON-913994411-project] Calling method '.version_select at 0x7f1e06529dc0>' {{(pid=116885) _process_stack /opt/stack/nova/nova/api/openstack/wsgi.py:513}}
Mar 08 14:04:07.330453 dv-cinder-830094-2-iscsi devstack@n-api.service[116885]: INFO nova.api.openstack.requestlog [None req-239dde67-ba66-4024-8ef9-f66b2f69c9a7 tempest-VolumesTestJSON-913994411 tempest-VolumesTestJSON-913994411-project] 10.222.0.39 "GET /compute/v2.1/os-volumes?offset=1&limit=1" status: 200 len: 354 microversion: 2.1 time: 0.123830
Mar 08 14:04:07.331507 dv-cinder-830094-2-iscsi devstack@n-api.service[116885]: [pid: 116885|app: 0|req: 15/21] 10.222.0.39 () {58 vars in 1166 bytes} [Tue Mar 8 14:04:07 2022] GET /compute/v2.1/os-volumes?offset=1&limit=1 => generated 354 bytes in 126 msecs (HTTP/1.1 200) 9 headers in 357 bytes (2 switches on core 0)
Mar 08 14:04:07.346395 dv-cinder-830094-2-iscsi devstack@n-api.service[116885]: DEBUG nova.api.openstack.wsgi [None req-1f37a273-9a93-4a5d-907b-b56d6a137e6a tempest-VolumesTestJSON-913994411 tempest-VolumesTestJSON-913994411-project] Calling method '.version_select at 0x7f1e0654cc10>' {{(pid=116885) _process_stack /opt/stack/nova/nova/api/openstack/wsgi.py:513}}
Mar 08 14:04:07.555638 dv-cinder-830094-2-iscsi devstack@n-api.service[116885]: INFO nova.api.openstack.requestlog [None req-1f37a273-9a93-4a5d-907b-b56d6a137e6a tempest-VolumesTestJSON-913994411 tempest-VolumesTestJSON-913994411-project] 10.222.0.39 "GET /compute/v2.1/os-volumes/detail?limit=2" status: 200 len: 695 microversion: 2.1 time: 0.215779
Mar 08 14:04:07.556403 dv-cinder-830094-2-iscsi devstack@n-api.service[116885]: [pid: 116885|app: 0|req: 16/22] 10.222.0.39 () {58 vars in 1169 bytes} [Tue Mar 8 14:04:07 2022] GET /compute/v2.1/os-volumes/detail?limit=2 => generated 695 bytes in 218 msecs (HTTP/1.1 200) 9 headers in 357 bytes (2 switches on core 0)
Mar 08 14:04:07.574345 dv-cinder-830094-2-iscsi devstack@n-api.service[116885]: DEBUG nova.api.openstack.wsgi [None req-3f0d2b91-a9fe-42df-969e-f6fa80751b7d tempest-VolumesTestJSON-913994411 tempest-VolumesTestJSON-913994411-project] Calling method '.version_select at 0x7f1e065faee0>' {{(pid=116885) _process_stack /opt/stack/nova/nova/api/openstack/wsgi.py:513}}
Mar 08 14:04:07.705055 dv-cinder-830094-2-iscsi devstack@n-api.service[116884]: DEBUG nova.policy [None req-b78c7bf8-aaa1-4c20-b598-fd0925760c3a tempest-DeleteServersTestJSON-1848256824 tempest-DeleteServersTestJSON-1848256824-project] Policy check for os_compute_api:os-extended-server-attributes failed with credentials {'is_admin': False, 'user_id': '5933911e2dc54b66b3c845346e6b8095', 'user_domain_id': 'default', 'system_scope': None, 'domain_id': None, 'project_id': '54e45155f8cf43b5b1aac7ff360d7229', 'project_domain_id': 'default', 'roles': ['reader', 'member'], 'is_admin_project': True, 'service_user_id': None, 'service_user_domain_id': None, 'service_project_id': None, 'service_project_domain_id': None, 'service_roles': []} {{(pid=116884) authorize /opt/stack/nova/nova/policy.py:199}}
Mar 08 14:04:07.736707 dv-cinder-830094-2-iscsi devstack@n-api.service[116884]: INFO nova.api.openstack.requestlog [None req-b78c7bf8-aaa1-4c20-b598-fd0925760c3a tempest-DeleteServersTestJSON-1848256824 tempest-DeleteServersTestJSON-1848256824-project] 10.222.0.39 "GET /compute/v2.1/servers/2d664136-db71-43a6-8ea9-5576bc1ad0c1" status: 200 len: 1315 microversion: 2.1 time: 0.792706
Mar 08 14:04:07.739578 dv-cinder-830094-2-iscsi devstack@n-api.service[116884]: [pid: 116884|app: 0|req: 7/23] 10.222.0.39 () {58 vars in 1235 bytes} [Tue Mar 8 14:04:06 2022] GET /compute/v2.1/servers/2d664136-db71-43a6-8ea9-5576bc1ad0c1 => generated 1315 bytes in 804 msecs (HTTP/1.1 200) 9 headers in 358 bytes (2 switches on core 0)
Mar 08 14:04:07.873301 dv-cinder-830094-2-iscsi devstack@n-api.service[116885]: INFO nova.api.openstack.requestlog [None req-3f0d2b91-a9fe-42df-969e-f6fa80751b7d tempest-VolumesTestJSON-913994411 tempest-VolumesTestJSON-913994411-project] 10.222.0.39 "GET /compute/v2.1/os-volumes/detail" status: 200 len: 1036 microversion: 2.1 time: 0.307721
Mar 08 14:04:07.874688 dv-cinder-830094-2-iscsi devstack@n-api.service[116885]: [pid: 116885|app: 0|req: 17/24] 10.222.0.39 () {58 vars in 1154 bytes} [Tue Mar 8 14:04:07 2022] GET /compute/v2.1/os-volumes/detail => generated 1036 bytes in 310 msecs (HTTP/1.1 200) 9 headers in 358 bytes (2 switches on core 0)
Mar 08 14:04:07.887782 dv-cinder-830094-2-iscsi devstack@n-api.service[116884]: DEBUG nova.api.openstack.wsgi [None req-5d01a0c9-159b-4fc8-9d76-3daa82b0af22 tempest-VolumesTestJSON-913994411 tempest-VolumesTestJSON-913994411-project] Calling method '.version_select at 0x7f1e05407af0>' {{(pid=116884) _process_stack /opt/stack/nova/nova/api/openstack/wsgi.py:513}}
Mar 08 14:04:08.196709 dv-cinder-830094-2-iscsi devstack@n-api.service[116884]: INFO nova.api.openstack.requestlog [None req-5d01a0c9-159b-4fc8-9d76-3daa82b0af22 tempest-VolumesTestJSON-913994411 tempest-VolumesTestJSON-913994411-project] 10.222.0.39 "GET /compute/v2.1/os-volumes/detail?offset=1&limit=1" status: 200 len: 354 microversion: 2.1 time: 0.315057
Mar 08 14:04:08.197351 dv-cinder-830094-2-iscsi devstack@n-api.service[116884]: [pid: 116884|app: 0|req: 8/25] 10.222.0.39 () {58 vars in 1187 bytes} [Tue Mar 8 14:04:07 2022] GET /compute/v2.1/os-volumes/detail?offset=1&limit=1 => generated 354 bytes in 317 msecs (HTTP/1.1 200) 9 headers in 357 bytes (1 switches on core 0)
Mar 08 14:04:08.209366 dv-cinder-830094-2-iscsi devstack@n-api.service[116884]: DEBUG nova.api.openstack.wsgi [None req-ce74e9fc-6294-49cf-9829-6001da82d6cb tempest-VolumesTestJSON-913994411 tempest-VolumesTestJSON-913994411-project] Calling method '.version_select at 0x7f1e0541d700>' {{(pid=116884) _process_stack /opt/stack/nova/nova/api/openstack/wsgi.py:513}}
Mar 08 14:04:08.500873 dv-cinder-830094-2-iscsi devstack@n-api.service[116885]: DEBUG nova.api.openstack.wsgi [None req-4678403a-5454-492b-bae7-c2196e053a93 tempest-AttachVolumeNegativeTest-2056635646 tempest-AttachVolumeNegativeTest-2056635646-project] Action: 'create', calling method: .version_select at 0x7f1e06529a60>, body: {"keypair": {"name": "tempest-keypair-1269776665"}} {{(pid=116885) _process_stack /opt/stack/nova/nova/api/openstack/wsgi.py:511}}
Mar 08 14:04:08.640422 dv-cinder-830094-2-iscsi devstack@n-api.service[116884]: INFO nova.api.openstack.requestlog [None req-ce74e9fc-6294-49cf-9829-6001da82d6cb tempest-VolumesTestJSON-913994411 tempest-VolumesTestJSON-913994411-project] 10.222.0.39 "GET /compute/v2.1/os-volumes/detail" status: 200 len: 1036 microversion: 2.1 time: 0.435077
Mar 08 14:04:08.642055 dv-cinder-830094-2-iscsi devstack@n-api.service[116884]: [pid: 116884|app: 0|req: 9/26] 10.222.0.39 () {58 vars in 1154 bytes} [Tue Mar 8 14:04:08 2022] GET /compute/v2.1/os-volumes/detail => generated 1036 bytes in 437 msecs (HTTP/1.1 200) 9 headers in 358 bytes (1 switches on core 0)
Mar 08 14:04:08.705056 dv-cinder-830094-2-iscsi devstack@n-api.service[116885]: DEBUG nova.quota [None req-4678403a-5454-492b-bae7-c2196e053a93 tempest-AttachVolumeNegativeTest-2056635646 tempest-AttachVolumeNegativeTest-2056635646-project] Getting quotas for project 9f0a920c6f084578a7a96ae8bd2e7cc3. Resources: {'key_pairs'} {{(pid=116885) _get_quotas /opt/stack/nova/nova/quota.py:393}}
Mar 08 14:04:08.714927 dv-cinder-830094-2-iscsi devstack@n-api.service[116885]: DEBUG nova.quota [None req-4678403a-5454-492b-bae7-c2196e053a93 tempest-AttachVolumeNegativeTest-2056635646 tempest-AttachVolumeNegativeTest-2056635646-project] Getting quotas for user 599554ce33824f1f97edad1eeca7d0af and project 9f0a920c6f084578a7a96ae8bd2e7cc3. Resources: {'key_pairs'} {{(pid=116885) _get_quotas /opt/stack/nova/nova/quota.py:383}}
Mar 08 14:04:08.756165 dv-cinder-830094-2-iscsi devstack@n-api.service[116884]: DEBUG nova.api.openstack.wsgi [None req-8ebc188d-ad13-4e7a-a28b-4adecbad0052 tempest-DeleteServersTestJSON-1848256824 tempest-DeleteServersTestJSON-1848256824-project] Calling method '>' {{(pid=116884) _process_stack /opt/stack/nova/nova/api/openstack/wsgi.py:513}}
Mar 08 14:04:08.757042 dv-cinder-830094-2-iscsi devstack@n-api.service[116884]: DEBUG nova.compute.api [None req-8ebc188d-ad13-4e7a-a28b-4adecbad0052 tempest-DeleteServersTestJSON-1848256824 tempest-DeleteServersTestJSON-1848256824-project] [instance: 2d664136-db71-43a6-8ea9-5576bc1ad0c1] Fetching instance by UUID {{(pid=116884) get /opt/stack/nova/nova/compute/api.py:2918}}
Mar 08 14:04:08.794521 dv-cinder-830094-2-iscsi devstack@n-api.service[116884]: DEBUG oslo_concurrency.lockutils [None req-8ebc188d-ad13-4e7a-a28b-4adecbad0052 tempest-DeleteServersTestJSON-1848256824 tempest-DeleteServersTestJSON-1848256824-project] Lock "7cd1187b-6a44-44fa-ac19-ca917ee04a53" acquired by "nova.context.set_target_cell..get_or_set_cached_cell_and_set_connections" :: waited 0.000s {{(pid=116884) inner /usr/local/lib/python3.8/dist-packages/oslo_concurrency/lockutils.py:386}}
Mar 08 14:04:08.796093 dv-cinder-830094-2-iscsi devstack@n-api.service[116884]: DEBUG oslo_concurrency.lockutils [None req-8ebc188d-ad13-4e7a-a28b-4adecbad0052 tempest-DeleteServersTestJSON-1848256824 tempest-DeleteServersTestJSON-1848256824-project] Lock "7cd1187b-6a44-44fa-ac19-ca917ee04a53" "released" by "nova.context.set_target_cell..get_or_set_cached_cell_and_set_connections" :: held 0.006s {{(pid=116884) inner /usr/local/lib/python3.8/dist-packages/oslo_concurrency/lockutils.py:400}}
Mar 08 14:04:08.797776 dv-cinder-830094-2-iscsi devstack@n-api.service[116884]: DEBUG oslo_concurrency.lockutils [None req-8ebc188d-ad13-4e7a-a28b-4adecbad0052 tempest-DeleteServersTestJSON-1848256824 tempest-DeleteServersTestJSON-1848256824-project] Lock "7cd1187b-6a44-44fa-ac19-ca917ee04a53" acquired by "nova.context.set_target_cell..get_or_set_cached_cell_and_set_connections" :: waited 0.000s {{(pid=116884) inner /usr/local/lib/python3.8/dist-packages/oslo_concurrency/lockutils.py:386}}
Mar 08 14:04:08.800189 dv-cinder-830094-2-iscsi devstack@n-api.service[116884]: DEBUG oslo_concurrency.lockutils [None req-8ebc188d-ad13-4e7a-a28b-4adecbad0052 tempest-DeleteServersTestJSON-1848256824 tempest-DeleteServersTestJSON-1848256824-project] Lock "7cd1187b-6a44-44fa-ac19-ca917ee04a53" "released" by "nova.context.set_target_cell..get_or_set_cached_cell_and_set_connections" :: held 0.002s {{(pid=116884) inner /usr/local/lib/python3.8/dist-packages/oslo_concurrency/lockutils.py:400}}
Mar 08 14:04:11.214365 dv-cinder-830094-2-iscsi devstack@n-api.service[116885]: DEBUG nova.quota [None req-4678403a-5454-492b-bae7-c2196e053a93 tempest-AttachVolumeNegativeTest-2056635646 tempest-AttachVolumeNegativeTest-2056635646-project] Getting quotas for project 9f0a920c6f084578a7a96ae8bd2e7cc3. Resources: {'key_pairs'} {{(pid=116885) _get_quotas /opt/stack/nova/nova/quota.py:393}}
Mar 08 14:04:11.237835 dv-cinder-830094-2-iscsi devstack@n-api.service[116885]: DEBUG nova.quota [None req-4678403a-5454-492b-bae7-c2196e053a93 tempest-AttachVolumeNegativeTest-2056635646 tempest-AttachVolumeNegativeTest-2056635646-project] Getting quotas for user 599554ce33824f1f97edad1eeca7d0af and project 9f0a920c6f084578a7a96ae8bd2e7cc3. Resources: {'key_pairs'} {{(pid=116885) _get_quotas /opt/stack/nova/nova/quota.py:383}}
Mar 08 14:04:11.284725 dv-cinder-830094-2-iscsi devstack@n-api.service[116885]: INFO nova.api.openstack.requestlog [None req-4678403a-5454-492b-bae7-c2196e053a93 tempest-AttachVolumeNegativeTest-2056635646 tempest-AttachVolumeNegativeTest-2056635646-project] 10.222.0.39 "POST /compute/v2.1/os-keypairs" status: 200 len: 2301 microversion: 2.1 time: 3.286974
Mar 08 14:04:11.285691 dv-cinder-830094-2-iscsi devstack@n-api.service[116885]: [pid: 116885|app: 0|req: 18/27] 10.222.0.39 () {60 vars in 1157 bytes} [Tue Mar 8 14:04:07 2022] POST /compute/v2.1/os-keypairs => generated 2301 bytes in 3289 msecs (HTTP/1.1 200) 9 headers in 358 bytes (2 switches on core 0)
Mar 08 14:04:11.613301 dv-cinder-830094-2-iscsi devstack@n-api.service[116885]: DEBUG nova.api.openstack.wsgi [req-cfbbbb74-b155-4716-bb6a-b3e95d2425ed req-b5b4eed6-cf1c-457e-9b52-b2c71f1f4844 service nova] Action: 'create', calling method: >, body: {"events": [{"name": "network-changed", "server_uuid": "2d664136-db71-43a6-8ea9-5576bc1ad0c1", "tag": "3db4c4b0-62ce-4c35-a202-1c0c2dec0bfb"}]} {{(pid=116885) _process_stack /opt/stack/nova/nova/api/openstack/wsgi.py:511}}
Mar 08 14:04:11.641134 dv-cinder-830094-2-iscsi devstack@n-api.service[116885]: DEBUG oslo_concurrency.lockutils [req-cfbbbb74-b155-4716-bb6a-b3e95d2425ed req-b5b4eed6-cf1c-457e-9b52-b2c71f1f4844 service nova] Lock "7cd1187b-6a44-44fa-ac19-ca917ee04a53" acquired by "nova.context.set_target_cell..get_or_set_cached_cell_and_set_connections" :: waited 0.000s {{(pid=116885) inner /usr/local/lib/python3.8/dist-packages/oslo_concurrency/lockutils.py:386}}
Mar 08 14:04:11.642757 dv-cinder-830094-2-iscsi devstack@n-api.service[116885]: DEBUG oslo_concurrency.lockutils [req-cfbbbb74-b155-4716-bb6a-b3e95d2425ed req-b5b4eed6-cf1c-457e-9b52-b2c71f1f4844 service nova] Lock "7cd1187b-6a44-44fa-ac19-ca917ee04a53" "released" by "nova.context.set_target_cell..get_or_set_cached_cell_and_set_connections" :: held 0.002s {{(pid=116885) inner /usr/local/lib/python3.8/dist-packages/oslo_concurrency/lockutils.py:400}}
Mar 08 14:04:11.656283 dv-cinder-830094-2-iscsi devstack@n-api.service[116884]: DEBUG nova.policy [None req-8ebc188d-ad13-4e7a-a28b-4adecbad0052 tempest-DeleteServersTestJSON-1848256824 tempest-DeleteServersTestJSON-1848256824-project] Policy check for os_compute_api:os-extended-server-attributes failed with credentials {'is_admin': False, 'user_id': '5933911e2dc54b66b3c845346e6b8095', 'user_domain_id': 'default', 'system_scope': None, 'domain_id': None, 'project_id': '54e45155f8cf43b5b1aac7ff360d7229', 'project_domain_id': 'default', 'roles': ['reader', 'member'], 'is_admin_project': True, 'service_user_id': None, 'service_user_domain_id': None, 'service_project_id': None, 'service_project_domain_id': None, 'service_roles': []} {{(pid=116884) authorize /opt/stack/nova/nova/policy.py:199}}
Mar 08 14:04:11.669877 dv-cinder-830094-2-iscsi devstack@n-api.service[116884]: INFO nova.api.openstack.requestlog [None req-8ebc188d-ad13-4e7a-a28b-4adecbad0052 tempest-DeleteServersTestJSON-1848256824 tempest-DeleteServersTestJSON-1848256824-project] 10.222.0.39 "GET /compute/v2.1/servers/2d664136-db71-43a6-8ea9-5576bc1ad0c1" status: 200 len: 1315 microversion: 2.1 time: 2.917381
Mar 08 14:04:11.686066 dv-cinder-830094-2-iscsi devstack@n-api.service[116884]: [pid: 116884|app: 0|req: 10/28] 10.222.0.39 () {58 vars in 1235 bytes} [Tue Mar 8 14:04:08 2022] GET /compute/v2.1/servers/2d664136-db71-43a6-8ea9-5576bc1ad0c1 => generated 1315 bytes in 2934 msecs (HTTP/1.1 200) 9 headers in 358 bytes (1 switches on core 0)
Mar 08 14:04:11.702390 dv-cinder-830094-2-iscsi devstack@n-api.service[116885]: INFO nova.api.openstack.compute.server_external_events [req-cfbbbb74-b155-4716-bb6a-b3e95d2425ed req-b5b4eed6-cf1c-457e-9b52-b2c71f1f4844 service nova] Creating event network-changed:3db4c4b0-62ce-4c35-a202-1c0c2dec0bfb for instance 2d664136-db71-43a6-8ea9-5576bc1ad0c1 on hv-cinder-83009
Mar 08 14:04:11.703901 dv-cinder-830094-2-iscsi devstack@n-api.service[116885]: DEBUG oslo_concurrency.lockutils [req-cfbbbb74-b155-4716-bb6a-b3e95d2425ed req-b5b4eed6-cf1c-457e-9b52-b2c71f1f4844 service nova] Acquired lock "compute-rpcapi-router" {{(pid=116885) lock /usr/local/lib/python3.8/dist-packages/oslo_concurrency/lockutils.py:294}}
Mar 08 14:04:11.707131 dv-cinder-830094-2-iscsi devstack@n-api.service[116885]: DEBUG oslo_concurrency.lockutils [None req-98d4b49f-6866-4631-a600-1cc1e25a1309 None None] Lock "00000000-0000-0000-0000-000000000000" acquired by "nova.context.set_target_cell..get_or_set_cached_cell_and_set_connections" :: waited 0.000s {{(pid=116885) inner /usr/local/lib/python3.8/dist-packages/oslo_concurrency/lockutils.py:386}}
Mar 08 14:04:11.711035 dv-cinder-830094-2-iscsi devstack@n-api.service[116885]: DEBUG oslo_concurrency.lockutils [None req-98d4b49f-6866-4631-a600-1cc1e25a1309 None None] Lock "00000000-0000-0000-0000-000000000000" "released" by "nova.context.set_target_cell..get_or_set_cached_cell_and_set_connections" :: held 0.001s {{(pid=116885) inner /usr/local/lib/python3.8/dist-packages/oslo_concurrency/lockutils.py:400}}
Mar 08 14:04:11.712342 dv-cinder-830094-2-iscsi devstack@n-api.service[116885]: DEBUG oslo_concurrency.lockutils [None req-98d4b49f-6866-4631-a600-1cc1e25a1309 None None] Lock "7cd1187b-6a44-44fa-ac19-ca917ee04a53" acquired by "nova.context.set_target_cell..get_or_set_cached_cell_and_set_connections" :: waited 0.000s {{(pid=116885) inner /usr/local/lib/python3.8/dist-packages/oslo_concurrency/lockutils.py:386}}
Mar 08 14:04:11.713113 dv-cinder-830094-2-iscsi devstack@n-api.service[116885]: DEBUG oslo_concurrency.lockutils [None req-98d4b49f-6866-4631-a600-1cc1e25a1309 None None] Lock "7cd1187b-6a44-44fa-ac19-ca917ee04a53" "released" by "nova.context.set_target_cell..get_or_set_cached_cell_and_set_connections" :: held 0.001s {{(pid=116885) inner /usr/local/lib/python3.8/dist-packages/oslo_concurrency/lockutils.py:400}}
Mar 08 14:04:11.769153 dv-cinder-830094-2-iscsi devstack@n-api.service[116885]: INFO nova.compute.rpcapi [None req-98d4b49f-6866-4631-a600-1cc1e25a1309 None None] Automatically selected compute RPC version 6.0 from minimum service version 61
Mar 08 14:04:11.776082 dv-cinder-830094-2-iscsi devstack@n-api.service[116885]: DEBUG oslo_concurrency.lockutils [None req-98d4b49f-6866-4631-a600-1cc1e25a1309 None None] Releasing lock "compute-rpcapi-router" {{(pid=116885) lock /usr/local/lib/python3.8/dist-packages/oslo_concurrency/lockutils.py:312}}
Mar 08 14:04:11.845478 dv-cinder-830094-2-iscsi devstack@n-api.service[116885]: INFO nova.api.openstack.requestlog [None req-98d4b49f-6866-4631-a600-1cc1e25a1309 None None] 10.222.0.39 "POST /compute/v2.1/os-server-external-events" status: 200 len: 179 microversion: 2.1 time: 0.558380
Mar 08 14:04:11.846400 dv-cinder-830094-2-iscsi devstack@n-api.service[116885]: [pid: 116885|app: 0|req: 19/29] 10.222.0.39 () {64 vars in 1317 bytes} [Tue Mar 8 14:04:11 2022] POST /compute/v2.1/os-server-external-events => generated 179 bytes in 560 msecs (HTTP/1.1 200) 9 headers in 357 bytes (1 switches on core 0)
