Apr 12 12:08:17.269282 dv-cinder-830093-4-smb devstack@c-api.service[110262]: INFO cinder.api.openstack.wsgi [None req-68e9296c-94b6-45c6-82f6-ee8f98cf9dee tempest-SnapshotMetadataTestJSON-346331597 tempest-SnapshotMetadataTestJSON-346331597-project] POST http://10.222.0.41/volume/v3/64ac7b34f60a41ee863a3019ec50f3ca/snapshots/5bfecfe6-d82c-4396-a6c3-19936c1ccf0b/metadata
Apr 12 12:08:17.271616 dv-cinder-830093-4-smb devstack@c-api.service[110262]: DEBUG cinder.api.openstack.wsgi [None req-68e9296c-94b6-45c6-82f6-ee8f98cf9dee tempest-SnapshotMetadataTestJSON-346331597 tempest-SnapshotMetadataTestJSON-346331597-project] Action: 'create', calling method: create, body: {"metadata": {"key1": "value1", "key2": "value2", "key3": "value3"}} {{(pid=110262) _process_stack /opt/stack/cinder/cinder/api/openstack/wsgi.py:866}}
Apr 12 12:08:17.286412 dv-cinder-830093-4-smb devstack@c-api.service[110261]: DEBUG cinder.volume.api [None req-d29d3bc4-1abf-4b4d-9edb-92f0738c517a tempest-VolumeTypesAccessTest-427350511 tempest-VolumeTypesAccessTest-427350511-project] Task 'cinder.volume.flows.api.create_volume.EntryCreateTask;volume:create' (7d40f479-5906-46b7-bae3-a88110c6fe4e) transitioned into state 'SUCCESS' from state 'RUNNING' with result '{'volume_id': '276ff677-77af-4d74-8148-197813a3233c', 'volume_properties': VolumeProperties(attach_status='detached',availability_zone='nova',cgsnapshot_id=None,consistencygroup_id=None,display_description=None,display_name='tempest-VolumeTypesAccessTest-Volume-116685378',encryption_key_id=None,group_id=None,group_type_id=,metadata={},multiattach=False,project_id='2e887212ea1d4f1eba2702aed2355111',qos_specs=None,replication_status=,reservations=['25ad6d7d-7fc2-45a8-bc06-43159e1efc56','ce35fd66-4de0-47f3-93ab-f30efce32b46','c9c20bf1-7b26-4ca4-8a85-a1300b18f32b','5ae6b90c-03b6-496a-92b8-10fd36313b25'],size=1,snapshot_id=None,source_replicaid=,source_volid=None,status='creating',user_id='a674366c6cd346ada58fc0b855acf337',volume_type_id=3a46fd52-5249-4659-8588-a2c3eb5db279), 'volume': Volume(_name_id=None,admin_metadata=,attach_status='detached',availability_zone='nova',bootable=False,cluster=,cluster_name=None,consistencygroup=,consistencygroup_id=None,created_at=2022-04-12T12:08:17Z,deleted=False,deleted_at=None,display_description=None,display_name='tempest-VolumeTypesAccessTest-Volume-116685378',ec2_id=None,encryption_key_id=None,glance_metadata=,group=,group_id=None,host=None,id=276ff677-77af-4d74-8148-197813a3233c,launched_at=None,metadata={},migration_status=None,multiattach=False,previous_status=None,project_id='2e887212ea1d4f1eba2702aed2355111',provider_auth=None,provider_geometry=None,provider_id=None,provider_location=None,replication_driver_data=None,replication_extended_status=None,replication_status=None,scheduled_at=None,service_uuid=None,shared_targets=True,size=1,snapshot_id=None,snapshots=,source_volid=None,status='creating',terminated_at=None,updated_at=None,use_quota=True,user_id='a674366c6cd346ada58fc0b855acf337',volume_attachment=VolumeAttachmentList,volume_type=VolumeType(3a46fd52-5249-4659-8588-a2c3eb5db279),volume_type_id=3a46fd52-5249-4659-8588-a2c3eb5db279)}' {{(pid=110261) _task_receiver /usr/local/lib/python3.8/dist-packages/taskflow/listeners/logging.py:178}}
Apr 12 12:08:17.291566 dv-cinder-830093-4-smb devstack@c-api.service[110261]: DEBUG cinder.volume.api [None req-d29d3bc4-1abf-4b4d-9edb-92f0738c517a tempest-VolumeTypesAccessTest-427350511 tempest-VolumeTypesAccessTest-427350511-project] Task 'cinder.volume.flows.api.create_volume.QuotaCommitTask;volume:create' (65e139c2-6aee-4405-8d03-58f4d7ed6e9b) transitioned into state 'RUNNING' from state 'PENDING' {{(pid=110261) _task_receiver /usr/local/lib/python3.8/dist-packages/taskflow/listeners/logging.py:190}}
Apr 12 12:08:17.295956 dv-cinder-830093-4-smb devstack@c-api.service[110262]: /usr/local/lib/python3.8/dist-packages/oslo_context/context.py:100: DeprecationWarning: Policy enforcement is depending on the value of is_admin. This key is deprecated. Please update your policy file to use the standard policy values.
Apr 12 12:08:17.295956 dv-cinder-830093-4-smb devstack@c-api.service[110262]: warnings.warn('Policy enforcement is depending on the value of '
Apr 12 12:08:17.297203 dv-cinder-830093-4-smb devstack@c-api.service[110262]: INFO cinder.volume.api [None req-68e9296c-94b6-45c6-82f6-ee8f98cf9dee tempest-SnapshotMetadataTestJSON-346331597 tempest-SnapshotMetadataTestJSON-346331597-project] Snapshot retrieved successfully.
Apr 12 12:08:17.344000 dv-cinder-830093-4-smb devstack@c-api.service[110262]: INFO cinder.volume.api [None req-68e9296c-94b6-45c6-82f6-ee8f98cf9dee tempest-SnapshotMetadataTestJSON-346331597 tempest-SnapshotMetadataTestJSON-346331597-project] Update snapshot metadata completed successfully.
Apr 12 12:08:17.345062 dv-cinder-830093-4-smb devstack@c-api.service[110262]: INFO cinder.api.openstack.wsgi [None req-68e9296c-94b6-45c6-82f6-ee8f98cf9dee tempest-SnapshotMetadataTestJSON-346331597 tempest-SnapshotMetadataTestJSON-346331597-project] http://10.222.0.41/volume/v3/64ac7b34f60a41ee863a3019ec50f3ca/snapshots/5bfecfe6-d82c-4396-a6c3-19936c1ccf0b/metadata returned with HTTP 200
Apr 12 12:08:17.351901 dv-cinder-830093-4-smb devstack@c-api.service[110262]: [pid: 110262|app: 0|req: 169/317] 10.222.0.41 () {60 vars in 1378 bytes} [Tue Apr 12 12:08:17 2022] POST /volume/v3/64ac7b34f60a41ee863a3019ec50f3ca/snapshots/5bfecfe6-d82c-4396-a6c3-19936c1ccf0b/metadata => generated 68 bytes in 101 msecs (HTTP/1.1 200) 7 headers in 284 bytes (1 switches on core 0)
Apr 12 12:08:17.357079 dv-cinder-830093-4-smb devstack@c-api.service[110262]: DEBUG cinder.api.middleware.request_id [None req-9e78b653-d98d-4c89-b647-397260413e49 None None] RequestId filter calling following filter/app {{(pid=110262) _context_setter /opt/stack/cinder/cinder/api/middleware/request_id.py:62}}
Apr 12 12:08:17.359478 dv-cinder-830093-4-smb devstack@c-api.service[110262]: INFO cinder.api.openstack.wsgi [None req-9e78b653-d98d-4c89-b647-397260413e49 tempest-SnapshotMetadataTestJSON-346331597 tempest-SnapshotMetadataTestJSON-346331597-project] GET http://10.222.0.41/volume/v3/64ac7b34f60a41ee863a3019ec50f3ca/snapshots/5bfecfe6-d82c-4396-a6c3-19936c1ccf0b/metadata
Apr 12 12:08:17.360089 dv-cinder-830093-4-smb devstack@c-api.service[110262]: DEBUG cinder.api.openstack.wsgi [None req-9e78b653-d98d-4c89-b647-397260413e49 tempest-SnapshotMetadataTestJSON-346331597 tempest-SnapshotMetadataTestJSON-346331597-project] Empty body provided in request {{(pid=110262) get_body /opt/stack/cinder/cinder/api/openstack/wsgi.py:715}}
Apr 12 12:08:17.360729 dv-cinder-830093-4-smb devstack@c-api.service[110262]: DEBUG cinder.api.openstack.wsgi [None req-9e78b653-d98d-4c89-b647-397260413e49 tempest-SnapshotMetadataTestJSON-346331597 tempest-SnapshotMetadataTestJSON-346331597-project] Calling method 'index' {{(pid=110262) _process_stack /opt/stack/cinder/cinder/api/openstack/wsgi.py:868}}
Apr 12 12:08:17.368182 dv-cinder-830093-4-smb devstack@c-api.service[110261]: DEBUG cinder.volume.api [None req-d29d3bc4-1abf-4b4d-9edb-92f0738c517a tempest-VolumeTypesAccessTest-427350511 tempest-VolumeTypesAccessTest-427350511-project] Task 'cinder.volume.flows.api.create_volume.QuotaCommitTask;volume:create' (65e139c2-6aee-4405-8d03-58f4d7ed6e9b) transitioned into state 'SUCCESS' from state 'RUNNING' with result '{'volume_properties': VolumeProperties(attach_status='detached',availability_zone='nova',cgsnapshot_id=None,consistencygroup_id=None,display_description=None,display_name='tempest-VolumeTypesAccessTest-Volume-116685378',encryption_key_id=None,group_id=None,group_type_id=,metadata={},multiattach=False,project_id='2e887212ea1d4f1eba2702aed2355111',qos_specs=None,replication_status=,reservations=['25ad6d7d-7fc2-45a8-bc06-43159e1efc56','ce35fd66-4de0-47f3-93ab-f30efce32b46','c9c20bf1-7b26-4ca4-8a85-a1300b18f32b','5ae6b90c-03b6-496a-92b8-10fd36313b25'],size=1,snapshot_id=None,source_replicaid=,source_volid=None,status='creating',user_id='a674366c6cd346ada58fc0b855acf337',volume_type_id=3a46fd52-5249-4659-8588-a2c3eb5db279)}' {{(pid=110261) _task_receiver /usr/local/lib/python3.8/dist-packages/taskflow/listeners/logging.py:178}}
Apr 12 12:08:17.370149 dv-cinder-830093-4-smb devstack@c-api.service[110261]: DEBUG cinder.volume.api [None req-d29d3bc4-1abf-4b4d-9edb-92f0738c517a tempest-VolumeTypesAccessTest-427350511 tempest-VolumeTypesAccessTest-427350511-project] Task 'cinder.volume.flows.api.create_volume.VolumeCastTask;volume:create' (3141778d-d31c-4f92-afd3-ab1d9b48d7b0) transitioned into state 'RUNNING' from state 'PENDING' {{(pid=110261) _task_receiver /usr/local/lib/python3.8/dist-packages/taskflow/listeners/logging.py:190}}
Apr 12 12:08:17.374801 dv-cinder-830093-4-smb devstack@c-api.service[110262]: /usr/local/lib/python3.8/dist-packages/oslo_context/context.py:100: DeprecationWarning: Policy enforcement is depending on the value of is_admin. This key is deprecated. Please update your policy file to use the standard policy values.
Apr 12 12:08:17.374801 dv-cinder-830093-4-smb devstack@c-api.service[110262]: warnings.warn('Policy enforcement is depending on the value of '
Apr 12 12:08:17.376198 dv-cinder-830093-4-smb devstack@c-api.service[110262]: INFO cinder.volume.api [None req-9e78b653-d98d-4c89-b647-397260413e49 tempest-SnapshotMetadataTestJSON-346331597 tempest-SnapshotMetadataTestJSON-346331597-project] Snapshot retrieved successfully.
Apr 12 12:08:17.378780 dv-cinder-830093-4-smb devstack@c-api.service[110262]: INFO cinder.volume.api [None req-9e78b653-d98d-4c89-b647-397260413e49 tempest-SnapshotMetadataTestJSON-346331597 tempest-SnapshotMetadataTestJSON-346331597-project] Get snapshot metadata completed successfully.
Apr 12 12:08:17.379480 dv-cinder-830093-4-smb devstack@c-api.service[110262]: INFO cinder.api.openstack.wsgi [None req-9e78b653-d98d-4c89-b647-397260413e49 tempest-SnapshotMetadataTestJSON-346331597 tempest-SnapshotMetadataTestJSON-346331597-project] http://10.222.0.41/volume/v3/64ac7b34f60a41ee863a3019ec50f3ca/snapshots/5bfecfe6-d82c-4396-a6c3-19936c1ccf0b/metadata returned with HTTP 200
Apr 12 12:08:17.380389 dv-cinder-830093-4-smb devstack@c-api.service[110262]: [pid: 110262|app: 0|req: 170/318] 10.222.0.41 () {58 vars in 1357 bytes} [Tue Apr 12 12:08:17 2022] GET /volume/v3/64ac7b34f60a41ee863a3019ec50f3ca/snapshots/5bfecfe6-d82c-4396-a6c3-19936c1ccf0b/metadata => generated 68 bytes in 28 msecs (HTTP/1.1 200) 7 headers in 284 bytes (1 switches on core 0)
Apr 12 12:08:17.386739 dv-cinder-830093-4-smb devstack@c-api.service[110262]: DEBUG cinder.api.middleware.request_id [None req-18ced7aa-f3cb-4a8f-96fa-5d8e226c46c8 None None] RequestId filter calling following filter/app {{(pid=110262) _context_setter /opt/stack/cinder/cinder/api/middleware/request_id.py:62}}
Apr 12 12:08:17.392224 dv-cinder-830093-4-smb devstack@c-api.service[110262]: INFO cinder.api.openstack.wsgi [None req-18ced7aa-f3cb-4a8f-96fa-5d8e226c46c8 tempest-SnapshotMetadataTestJSON-346331597 tempest-SnapshotMetadataTestJSON-346331597-project] PUT http://10.222.0.41/volume/v3/64ac7b34f60a41ee863a3019ec50f3ca/snapshots/5bfecfe6-d82c-4396-a6c3-19936c1ccf0b/metadata/key3
Apr 12 12:08:17.393773 dv-cinder-830093-4-smb devstack@c-api.service[110262]: DEBUG cinder.api.openstack.wsgi [None req-18ced7aa-f3cb-4a8f-96fa-5d8e226c46c8 tempest-SnapshotMetadataTestJSON-346331597 tempest-SnapshotMetadataTestJSON-346331597-project] Action: 'update', calling method: update, body: {"meta": {"key3": "value3_update"}} {{(pid=110262) _process_stack /opt/stack/cinder/cinder/api/openstack/wsgi.py:866}}
Apr 12 12:08:17.398884 dv-cinder-830093-4-smb devstack@c-api.service[110261]: DEBUG cinder.volume.api [None req-d29d3bc4-1abf-4b4d-9edb-92f0738c517a tempest-VolumeTypesAccessTest-427350511 tempest-VolumeTypesAccessTest-427350511-project] Task 'cinder.volume.flows.api.create_volume.VolumeCastTask;volume:create' (3141778d-d31c-4f92-afd3-ab1d9b48d7b0) transitioned into state 'SUCCESS' from state 'RUNNING' with result 'None' {{(pid=110261) _task_receiver /usr/local/lib/python3.8/dist-packages/taskflow/listeners/logging.py:178}}
Apr 12 12:08:17.403003 dv-cinder-830093-4-smb devstack@c-api.service[110261]: DEBUG cinder.volume.api [None req-d29d3bc4-1abf-4b4d-9edb-92f0738c517a tempest-VolumeTypesAccessTest-427350511 tempest-VolumeTypesAccessTest-427350511-project] Flow 'volume_create_api' (1ce8e4b4-d0a2-4da8-82d7-19bd7c36c092) transitioned into state 'SUCCESS' from state 'RUNNING' {{(pid=110261) _flow_receiver /usr/local/lib/python3.8/dist-packages/taskflow/listeners/logging.py:141}}
Apr 12 12:08:17.404325 dv-cinder-830093-4-smb devstack@c-api.service[110261]: INFO cinder.volume.api [None req-d29d3bc4-1abf-4b4d-9edb-92f0738c517a tempest-VolumeTypesAccessTest-427350511 tempest-VolumeTypesAccessTest-427350511-project] Create volume request issued successfully.
Apr 12 12:08:17.407045 dv-cinder-830093-4-smb devstack@c-api.service[110261]: INFO cinder.api.openstack.wsgi [None req-d29d3bc4-1abf-4b4d-9edb-92f0738c517a tempest-VolumeTypesAccessTest-427350511 tempest-VolumeTypesAccessTest-427350511-project] http://10.222.0.41/volume/v3/2e887212ea1d4f1eba2702aed2355111/volumes returned with HTTP 202
Apr 12 12:08:17.409276 dv-cinder-830093-4-smb devstack@c-api.service[110261]: [pid: 110261|app: 0|req: 149/319] 10.222.0.41 () {60 vars in 1235 bytes} [Tue Apr 12 12:08:16 2022] POST /volume/v3/2e887212ea1d4f1eba2702aed2355111/volumes => generated 861 bytes in 479 msecs (HTTP/1.1 202) 7 headers in 291 bytes (1 switches on core 0)
Apr 12 12:08:17.411903 dv-cinder-830093-4-smb devstack@c-api.service[110262]: /usr/local/lib/python3.8/dist-packages/oslo_context/context.py:100: DeprecationWarning: Policy enforcement is depending on the value of is_admin. This key is deprecated. Please update your policy file to use the standard policy values.
Apr 12 12:08:17.411903 dv-cinder-830093-4-smb devstack@c-api.service[110262]: warnings.warn('Policy enforcement is depending on the value of '
Apr 12 12:08:17.413483 dv-cinder-830093-4-smb devstack@c-api.service[110262]: INFO cinder.volume.api [None req-18ced7aa-f3cb-4a8f-96fa-5d8e226c46c8 tempest-SnapshotMetadataTestJSON-346331597 tempest-SnapshotMetadataTestJSON-346331597-project] Snapshot retrieved successfully.
Apr 12 12:08:17.421935 dv-cinder-830093-4-smb devstack@c-api.service[110261]: DEBUG cinder.api.middleware.request_id [None req-391791a3-263d-4c5c-bebf-f196be0f7850 None None] RequestId filter calling following filter/app {{(pid=110261) _context_setter /opt/stack/cinder/cinder/api/middleware/request_id.py:62}}
Apr 12 12:08:17.426918 dv-cinder-830093-4-smb devstack@c-api.service[110261]: INFO cinder.api.openstack.wsgi [None req-391791a3-263d-4c5c-bebf-f196be0f7850 tempest-VolumeTypesAccessTest-427350511 tempest-VolumeTypesAccessTest-427350511-project] GET http://10.222.0.41/volume/v3/2e887212ea1d4f1eba2702aed2355111/volumes/276ff677-77af-4d74-8148-197813a3233c
Apr 12 12:08:17.427690 dv-cinder-830093-4-smb devstack@c-api.service[110261]: DEBUG cinder.api.openstack.wsgi [None req-391791a3-263d-4c5c-bebf-f196be0f7850 tempest-VolumeTypesAccessTest-427350511 tempest-VolumeTypesAccessTest-427350511-project] Empty body provided in request {{(pid=110261) get_body /opt/stack/cinder/cinder/api/openstack/wsgi.py:715}}
Apr 12 12:08:17.428416 dv-cinder-830093-4-smb devstack@c-api.service[110261]: DEBUG cinder.api.openstack.wsgi [None req-391791a3-263d-4c5c-bebf-f196be0f7850 tempest-VolumeTypesAccessTest-427350511 tempest-VolumeTypesAccessTest-427350511-project] Calling method 'show' {{(pid=110261) _process_stack /opt/stack/cinder/cinder/api/openstack/wsgi.py:868}}
Apr 12 12:08:17.445952 dv-cinder-830093-4-smb devstack@c-api.service[110261]: /usr/local/lib/python3.8/dist-packages/oslo_context/context.py:100: DeprecationWarning: Policy enforcement is depending on the value of is_admin. This key is deprecated. Please update your policy file to use the standard policy values.
Apr 12 12:08:17.445952 dv-cinder-830093-4-smb devstack@c-api.service[110261]: warnings.warn('Policy enforcement is depending on the value of '
Apr 12 12:08:17.456644 dv-cinder-830093-4-smb devstack@c-api.service[110262]: INFO cinder.volume.api [None req-18ced7aa-f3cb-4a8f-96fa-5d8e226c46c8 tempest-SnapshotMetadataTestJSON-346331597 tempest-SnapshotMetadataTestJSON-346331597-project] Update snapshot metadata completed successfully.
Apr 12 12:08:17.457682 dv-cinder-830093-4-smb devstack@c-api.service[110262]: INFO cinder.api.openstack.wsgi [None req-18ced7aa-f3cb-4a8f-96fa-5d8e226c46c8 tempest-SnapshotMetadataTestJSON-346331597 tempest-SnapshotMetadataTestJSON-346331597-project] http://10.222.0.41/volume/v3/64ac7b34f60a41ee863a3019ec50f3ca/snapshots/5bfecfe6-d82c-4396-a6c3-19936c1ccf0b/metadata/key3 returned with HTTP 200
Apr 12 12:08:17.459224 dv-cinder-830093-4-smb devstack@c-api.service[110262]: [pid: 110262|app: 0|req: 171/320] 10.222.0.41 () {60 vars in 1392 bytes} [Tue Apr 12 12:08:17 2022] PUT /volume/v3/64ac7b34f60a41ee863a3019ec50f3ca/snapshots/5bfecfe6-d82c-4396-a6c3-19936c1ccf0b/metadata/key3 => generated 35 bytes in 73 msecs (HTTP/1.1 200) 7 headers in 284 bytes (1 switches on core 0)
Apr 12 12:08:17.464061 dv-cinder-830093-4-smb devstack@c-api.service[110261]: INFO cinder.volume.api [None req-391791a3-263d-4c5c-bebf-f196be0f7850 tempest-VolumeTypesAccessTest-427350511 tempest-VolumeTypesAccessTest-427350511-project] Volume info retrieved successfully.
Apr 12 12:08:17.465072 dv-cinder-830093-4-smb devstack@c-api.service[110262]: DEBUG cinder.api.middleware.request_id [None req-82b19e40-1683-44cc-abc2-d22feb5529be None None] RequestId filter calling following filter/app {{(pid=110262) _context_setter /opt/stack/cinder/cinder/api/middleware/request_id.py:62}}
Apr 12 12:08:17.471068 dv-cinder-830093-4-smb devstack@c-api.service[110262]: INFO cinder.api.openstack.wsgi [None req-82b19e40-1683-44cc-abc2-d22feb5529be tempest-SnapshotMetadataTestJSON-346331597 tempest-SnapshotMetadataTestJSON-346331597-project] GET http://10.222.0.41/volume/v3/64ac7b34f60a41ee863a3019ec50f3ca/snapshots/5bfecfe6-d82c-4396-a6c3-19936c1ccf0b/metadata/key3
Apr 12 12:08:17.471834 dv-cinder-830093-4-smb devstack@c-api.service[110262]: DEBUG cinder.api.openstack.wsgi [None req-82b19e40-1683-44cc-abc2-d22feb5529be tempest-SnapshotMetadataTestJSON-346331597 tempest-SnapshotMetadataTestJSON-346331597-project] Empty body provided in request {{(pid=110262) get_body /opt/stack/cinder/cinder/api/openstack/wsgi.py:715}}
Apr 12 12:08:17.472696 dv-cinder-830093-4-smb devstack@c-api.service[110262]: DEBUG cinder.api.openstack.wsgi [None req-82b19e40-1683-44cc-abc2-d22feb5529be tempest-SnapshotMetadataTestJSON-346331597 tempest-SnapshotMetadataTestJSON-346331597-project] Calling method 'show' {{(pid=110262) _process_stack /opt/stack/cinder/cinder/api/openstack/wsgi.py:868}}
Apr 12 12:08:17.484299 dv-cinder-830093-4-smb devstack@c-api.service[110261]: INFO cinder.api.openstack.wsgi [None req-391791a3-263d-4c5c-bebf-f196be0f7850 tempest-VolumeTypesAccessTest-427350511 tempest-VolumeTypesAccessTest-427350511-project] http://10.222.0.41/volume/v3/2e887212ea1d4f1eba2702aed2355111/volumes/276ff677-77af-4d74-8148-197813a3233c returned with HTTP 200
Apr 12 12:08:17.494208 dv-cinder-830093-4-smb devstack@c-api.service[110262]: /usr/local/lib/python3.8/dist-packages/oslo_context/context.py:100: DeprecationWarning: Policy enforcement is depending on the value of is_admin. This key is deprecated. Please update your policy file to use the standard policy values.
Apr 12 12:08:17.494208 dv-cinder-830093-4-smb devstack@c-api.service[110262]: warnings.warn('Policy enforcement is depending on the value of '
Apr 12 12:08:17.494208 dv-cinder-830093-4-smb devstack@c-api.service[110262]: INFO cinder.volume.api [None req-82b19e40-1683-44cc-abc2-d22feb5529be tempest-SnapshotMetadataTestJSON-346331597 tempest-SnapshotMetadataTestJSON-346331597-project] Snapshot retrieved successfully.
Apr 12 12:08:17.494208 dv-cinder-830093-4-smb devstack@c-api.service[110262]: INFO cinder.volume.api [None req-82b19e40-1683-44cc-abc2-d22feb5529be tempest-SnapshotMetadataTestJSON-346331597 tempest-SnapshotMetadataTestJSON-346331597-project] Get snapshot metadata completed successfully.
Apr 12 12:08:17.494208 dv-cinder-830093-4-smb devstack@c-api.service[110262]: INFO cinder.api.openstack.wsgi [None req-82b19e40-1683-44cc-abc2-d22feb5529be tempest-SnapshotMetadataTestJSON-346331597 tempest-SnapshotMetadataTestJSON-346331597-project] http://10.222.0.41/volume/v3/64ac7b34f60a41ee863a3019ec50f3ca/snapshots/5bfecfe6-d82c-4396-a6c3-19936c1ccf0b/metadata/key3 returned with HTTP 200
Apr 12 12:08:17.495613 dv-cinder-830093-4-smb devstack@c-api.service[110261]: [pid: 110261|app: 0|req: 150/321] 10.222.0.41 () {58 vars in 1324 bytes} [Tue Apr 12 12:08:17 2022] GET /volume/v3/2e887212ea1d4f1eba2702aed2355111/volumes/276ff677-77af-4d74-8148-197813a3233c => generated 929 bytes in 76 msecs (HTTP/1.1 200) 7 headers in 285 bytes (1 switches on core 0)
Apr 12 12:08:17.497412 dv-cinder-830093-4-smb devstack@c-api.service[110262]: [pid: 110262|app: 0|req: 172/322] 10.222.0.41 () {58 vars in 1372 bytes} [Tue Apr 12 12:08:17 2022] GET /volume/v3/64ac7b34f60a41ee863a3019ec50f3ca/snapshots/5bfecfe6-d82c-4396-a6c3-19936c1ccf0b/metadata/key3 => generated 35 bytes in 34 msecs (HTTP/1.1 200) 7 headers in 284 bytes (2 switches on core 0)
Apr 12 12:08:17.498734 dv-cinder-830093-4-smb devstack@c-api.service[110261]: DEBUG cinder.api.middleware.request_id [None req-40d46866-742f-4680-8d4d-a2eac3b9c874 None None] RequestId filter calling following filter/app {{(pid=110261) _context_setter /opt/stack/cinder/cinder/api/middleware/request_id.py:62}}
Apr 12 12:08:17.506902 dv-cinder-830093-4-smb devstack@c-api.service[110261]: INFO cinder.api.openstack.wsgi [None req-40d46866-742f-4680-8d4d-a2eac3b9c874 tempest-SnapshotMetadataTestJSON-346331597 tempest-SnapshotMetadataTestJSON-346331597-project] GET http://10.222.0.41/volume/v3/64ac7b34f60a41ee863a3019ec50f3ca/snapshots/5bfecfe6-d82c-4396-a6c3-19936c1ccf0b/metadata
Apr 12 12:08:17.510836 dv-cinder-830093-4-smb devstack@c-api.service[110261]: DEBUG cinder.api.openstack.wsgi [None req-40d46866-742f-4680-8d4d-a2eac3b9c874 tempest-SnapshotMetadataTestJSON-346331597 tempest-SnapshotMetadataTestJSON-346331597-project] Empty body provided in request {{(pid=110261) get_body /opt/stack/cinder/cinder/api/openstack/wsgi.py:715}}
Apr 12 12:08:17.511628 dv-cinder-830093-4-smb devstack@c-api.service[110261]: DEBUG cinder.api.openstack.wsgi [None req-40d46866-742f-4680-8d4d-a2eac3b9c874 tempest-SnapshotMetadataTestJSON-346331597 tempest-SnapshotMetadataTestJSON-346331597-project] Calling method 'index' {{(pid=110261) _process_stack /opt/stack/cinder/cinder/api/openstack/wsgi.py:868}}
Apr 12 12:08:17.529262 dv-cinder-830093-4-smb devstack@c-api.service[110261]: /usr/local/lib/python3.8/dist-packages/oslo_context/context.py:100: DeprecationWarning: Policy enforcement is depending on the value of is_admin. This key is deprecated. Please update your policy file to use the standard policy values.
Apr 12 12:08:17.529262 dv-cinder-830093-4-smb devstack@c-api.service[110261]: warnings.warn('Policy enforcement is depending on the value of '
Apr 12 12:08:17.531294 dv-cinder-830093-4-smb devstack@c-api.service[110261]: INFO cinder.volume.api [None req-40d46866-742f-4680-8d4d-a2eac3b9c874 tempest-SnapshotMetadataTestJSON-346331597 tempest-SnapshotMetadataTestJSON-346331597-project] Snapshot retrieved successfully.
Apr 12 12:08:17.534313 dv-cinder-830093-4-smb devstack@c-api.service[110261]: INFO cinder.volume.api [None req-40d46866-742f-4680-8d4d-a2eac3b9c874 tempest-SnapshotMetadataTestJSON-346331597 tempest-SnapshotMetadataTestJSON-346331597-project] Get snapshot metadata completed successfully.
Apr 12 12:08:17.538103 dv-cinder-830093-4-smb devstack@c-api.service[110261]: INFO cinder.api.openstack.wsgi [None req-40d46866-742f-4680-8d4d-a2eac3b9c874 tempest-SnapshotMetadataTestJSON-346331597 tempest-SnapshotMetadataTestJSON-346331597-project] http://10.222.0.41/volume/v3/64ac7b34f60a41ee863a3019ec50f3ca/snapshots/5bfecfe6-d82c-4396-a6c3-19936c1ccf0b/metadata returned with HTTP 200
Apr 12 12:08:17.542412 dv-cinder-830093-4-smb devstack@c-api.service[110261]: [pid: 110261|app: 0|req: 151/323] 10.222.0.41 () {58 vars in 1357 bytes} [Tue Apr 12 12:08:17 2022] GET /volume/v3/64ac7b34f60a41ee863a3019ec50f3ca/snapshots/5bfecfe6-d82c-4396-a6c3-19936c1ccf0b/metadata => generated 75 bytes in 45 msecs (HTTP/1.1 200) 7 headers in 284 bytes (1 switches on core 0)
Apr 12 12:08:17.549793 dv-cinder-830093-4-smb devstack@c-api.service[110262]: DEBUG cinder.api.middleware.request_id [None req-c91b4776-c1d9-4615-aa5a-6ccdb2d3b5af None None] RequestId filter calling following filter/app {{(pid=110262) _context_setter /opt/stack/cinder/cinder/api/middleware/request_id.py:62}}
Apr 12 12:08:17.555525 dv-cinder-830093-4-smb devstack@c-api.service[110262]: INFO cinder.api.openstack.wsgi [None req-c91b4776-c1d9-4615-aa5a-6ccdb2d3b5af tempest-SnapshotMetadataTestJSON-346331597 tempest-SnapshotMetadataTestJSON-346331597-project] PUT http://10.222.0.41/volume/v3/64ac7b34f60a41ee863a3019ec50f3ca/snapshots/5bfecfe6-d82c-4396-a6c3-19936c1ccf0b/metadata
Apr 12 12:08:17.556290 dv-cinder-830093-4-smb devstack@c-api.service[110262]: DEBUG cinder.api.openstack.wsgi [None req-c91b4776-c1d9-4615-aa5a-6ccdb2d3b5af tempest-SnapshotMetadataTestJSON-346331597 tempest-SnapshotMetadataTestJSON-346331597-project] Action: 'update_all', calling method: update_all, body: {"metadata": {}} {{(pid=110262) _process_stack /opt/stack/cinder/cinder/api/openstack/wsgi.py:866}}
Apr 12 12:08:17.571277 dv-cinder-830093-4-smb devstack@c-api.service[110262]: /usr/local/lib/python3.8/dist-packages/oslo_context/context.py:100: DeprecationWarning: Policy enforcement is depending on the value of is_admin. This key is deprecated. Please update your policy file to use the standard policy values.
Apr 12 12:08:17.571277 dv-cinder-830093-4-smb devstack@c-api.service[110262]: warnings.warn('Policy enforcement is depending on the value of '
Apr 12 12:08:17.572375 dv-cinder-830093-4-smb devstack@c-api.service[110262]: INFO cinder.volume.api [None req-c91b4776-c1d9-4615-aa5a-6ccdb2d3b5af tempest-SnapshotMetadataTestJSON-346331597 tempest-SnapshotMetadataTestJSON-346331597-project] Snapshot retrieved successfully.
Apr 12 12:08:17.625114 dv-cinder-830093-4-smb devstack@c-api.service[110262]: INFO cinder.volume.api [None req-c91b4776-c1d9-4615-aa5a-6ccdb2d3b5af tempest-SnapshotMetadataTestJSON-346331597 tempest-SnapshotMetadataTestJSON-346331597-project] Update snapshot metadata completed successfully.
Apr 12 12:08:17.625958 dv-cinder-830093-4-smb devstack@c-api.service[110262]: INFO cinder.api.openstack.wsgi [None req-c91b4776-c1d9-4615-aa5a-6ccdb2d3b5af tempest-SnapshotMetadataTestJSON-346331597 tempest-SnapshotMetadataTestJSON-346331597-project] http://10.222.0.41/volume/v3/64ac7b34f60a41ee863a3019ec50f3ca/snapshots/5bfecfe6-d82c-4396-a6c3-19936c1ccf0b/metadata returned with HTTP 200
Apr 12 12:08:17.632546 dv-cinder-830093-4-smb devstack@c-api.service[110262]: [pid: 110262|app: 0|req: 173/324] 10.222.0.41 () {60 vars in 1377 bytes} [Tue Apr 12 12:08:17 2022] PUT /volume/v3/64ac7b34f60a41ee863a3019ec50f3ca/snapshots/5bfecfe6-d82c-4396-a6c3-19936c1ccf0b/metadata => generated 16 bytes in 84 msecs (HTTP/1.1 200) 7 headers in 284 bytes (1 switches on core 0)
Apr 12 12:08:17.634302 dv-cinder-830093-4-smb devstack@c-api.service[110261]: DEBUG cinder.api.middleware.request_id [None req-d3ed1eef-f2d6-4b15-81a6-2d033c2d65e7 None None] RequestId filter calling following filter/app {{(pid=110261) _context_setter /opt/stack/cinder/cinder/api/middleware/request_id.py:62}}
Apr 12 12:08:17.638531 dv-cinder-830093-4-smb devstack@c-api.service[110261]: INFO cinder.api.openstack.wsgi [None req-d3ed1eef-f2d6-4b15-81a6-2d033c2d65e7 tempest-SnapshotMetadataTestJSON-346331597 tempest-SnapshotMetadataTestJSON-346331597-project] DELETE http://10.222.0.41/volume/v3/64ac7b34f60a41ee863a3019ec50f3ca/snapshots/5bfecfe6-d82c-4396-a6c3-19936c1ccf0b
Apr 12 12:08:17.638933 dv-cinder-830093-4-smb devstack@c-api.service[110261]: DEBUG cinder.api.openstack.wsgi [None req-d3ed1eef-f2d6-4b15-81a6-2d033c2d65e7 tempest-SnapshotMetadataTestJSON-346331597 tempest-SnapshotMetadataTestJSON-346331597-project] Empty body provided in request {{(pid=110261) get_body /opt/stack/cinder/cinder/api/openstack/wsgi.py:715}}
Apr 12 12:08:17.639507 dv-cinder-830093-4-smb devstack@c-api.service[110261]: DEBUG cinder.api.openstack.wsgi [None req-d3ed1eef-f2d6-4b15-81a6-2d033c2d65e7 tempest-SnapshotMetadataTestJSON-346331597 tempest-SnapshotMetadataTestJSON-346331597-project] Calling method 'delete' {{(pid=110261) _process_stack /opt/stack/cinder/cinder/api/openstack/wsgi.py:868}}
Apr 12 12:08:17.639725 dv-cinder-830093-4-smb devstack@c-api.service[110261]: INFO cinder.api.v2.snapshots [None req-d3ed1eef-f2d6-4b15-81a6-2d033c2d65e7 tempest-SnapshotMetadataTestJSON-346331597 tempest-SnapshotMetadataTestJSON-346331597-project] Delete snapshot with id: 5bfecfe6-d82c-4396-a6c3-19936c1ccf0b
Apr 12 12:08:17.651158 dv-cinder-830093-4-smb devstack@c-api.service[110261]: /usr/local/lib/python3.8/dist-packages/oslo_context/context.py:100: DeprecationWarning: Policy enforcement is depending on the value of is_admin. This key is deprecated. Please update your policy file to use the standard policy values.
Apr 12 12:08:17.651158 dv-cinder-830093-4-smb devstack@c-api.service[110261]: warnings.warn('Policy enforcement is depending on the value of '
Apr 12 12:08:17.652728 dv-cinder-830093-4-smb devstack@c-api.service[110261]: INFO cinder.volume.api [None req-d3ed1eef-f2d6-4b15-81a6-2d033c2d65e7 tempest-SnapshotMetadataTestJSON-346331597 tempest-SnapshotMetadataTestJSON-346331597-project] Snapshot retrieved successfully.
Apr 12 12:08:17.687391 dv-cinder-830093-4-smb devstack@c-api.service[110261]: INFO cinder.volume.api [None req-d3ed1eef-f2d6-4b15-81a6-2d033c2d65e7 tempest-SnapshotMetadataTestJSON-346331597 tempest-SnapshotMetadataTestJSON-346331597-project] Snapshot delete request issued successfully.
Apr 12 12:08:17.688312 dv-cinder-830093-4-smb devstack@c-api.service[110261]: INFO cinder.api.openstack.wsgi [None req-d3ed1eef-f2d6-4b15-81a6-2d033c2d65e7 tempest-SnapshotMetadataTestJSON-346331597 tempest-SnapshotMetadataTestJSON-346331597-project] http://10.222.0.41/volume/v3/64ac7b34f60a41ee863a3019ec50f3ca/snapshots/5bfecfe6-d82c-4396-a6c3-19936c1ccf0b returned with HTTP 202
Apr 12 12:08:17.689856 dv-cinder-830093-4-smb devstack@c-api.service[110261]: [pid: 110261|app: 0|req: 152/325] 10.222.0.41 () {58 vars in 1333 bytes} [Tue Apr 12 12:08:17 2022] DELETE /volume/v3/64ac7b34f60a41ee863a3019ec50f3ca/snapshots/5bfecfe6-d82c-4396-a6c3-19936c1ccf0b => generated 0 bytes in 57 msecs (HTTP/1.1 202) 6 headers in 233 bytes (1 switches on core 0)
Apr 12 12:08:17.697919 dv-cinder-830093-4-smb devstack@c-api.service[110262]: DEBUG cinder.api.middleware.request_id [None req-76c84224-91c3-4026-997d-864181caee93 None None] RequestId filter calling following filter/app {{(pid=110262) _context_setter /opt/stack/cinder/cinder/api/middleware/request_id.py:62}}
Apr 12 12:08:17.699687 dv-cinder-830093-4-smb devstack@c-api.service[110261]: DEBUG cinder.api.middleware.request_id [None req-3a07f95f-0fe3-4b1a-a8c3-5f57fc9d451f None None] RequestId filter calling following filter/app {{(pid=110261) _context_setter /opt/stack/cinder/cinder/api/middleware/request_id.py:62}}
Apr 12 12:08:17.704319 dv-cinder-830093-4-smb devstack@c-api.service[110262]: INFO cinder.api.openstack.wsgi [None req-76c84224-91c3-4026-997d-864181caee93 tempest-SnapshotMetadataTestJSON-346331597 tempest-SnapshotMetadataTestJSON-346331597-project] GET http://10.222.0.41/volume/v3/64ac7b34f60a41ee863a3019ec50f3ca/snapshots/5bfecfe6-d82c-4396-a6c3-19936c1ccf0b
Apr 12 12:08:17.705058 dv-cinder-830093-4-smb devstack@c-api.service[110262]: DEBUG cinder.api.openstack.wsgi [None req-76c84224-91c3-4026-997d-864181caee93 tempest-SnapshotMetadataTestJSON-346331597 tempest-SnapshotMetadataTestJSON-346331597-project] Empty body provided in request {{(pid=110262) get_body /opt/stack/cinder/cinder/api/openstack/wsgi.py:715}}
Apr 12 12:08:17.705715 dv-cinder-830093-4-smb devstack@c-api.service[110262]: DEBUG cinder.api.openstack.wsgi [None req-76c84224-91c3-4026-997d-864181caee93 tempest-SnapshotMetadataTestJSON-346331597 tempest-SnapshotMetadataTestJSON-346331597-project] Calling method 'show' {{(pid=110262) _process_stack /opt/stack/cinder/cinder/api/openstack/wsgi.py:868}}
Apr 12 12:08:17.708225 dv-cinder-830093-4-smb devstack@c-api.service[110261]: INFO cinder.api.openstack.wsgi [None req-3a07f95f-0fe3-4b1a-a8c3-5f57fc9d451f tempest-DeleteServersTestJSON-415752890 tempest-DeleteServersTestJSON-415752890-project] GET http://10.222.0.41/volume/v3/249028b64f5a4a36a5dba89cfcd3a806/volumes/e87055ba-68b3-483a-8c71-208c8665d9aa
Apr 12 12:08:17.710623 dv-cinder-830093-4-smb devstack@c-api.service[110261]: DEBUG cinder.api.openstack.wsgi [None req-3a07f95f-0fe3-4b1a-a8c3-5f57fc9d451f tempest-DeleteServersTestJSON-415752890 tempest-DeleteServersTestJSON-415752890-project] Empty body provided in request {{(pid=110261) get_body /opt/stack/cinder/cinder/api/openstack/wsgi.py:715}}
Apr 12 12:08:17.713422 dv-cinder-830093-4-smb devstack@c-api.service[110261]: DEBUG cinder.api.openstack.wsgi [None req-3a07f95f-0fe3-4b1a-a8c3-5f57fc9d451f tempest-DeleteServersTestJSON-415752890 tempest-DeleteServersTestJSON-415752890-project] Calling method 'show' {{(pid=110261) _process_stack /opt/stack/cinder/cinder/api/openstack/wsgi.py:868}}
Apr 12 12:08:17.716421 dv-cinder-830093-4-smb devstack@c-api.service[110262]: /usr/local/lib/python3.8/dist-packages/oslo_context/context.py:100: DeprecationWarning: Policy enforcement is depending on the value of is_admin. This key is deprecated. Please update your policy file to use the standard policy values.
Apr 12 12:08:17.716421 dv-cinder-830093-4-smb devstack@c-api.service[110262]: warnings.warn('Policy enforcement is depending on the value of '
Apr 12 12:08:17.717936 dv-cinder-830093-4-smb devstack@c-api.service[110262]: INFO cinder.volume.api [None req-76c84224-91c3-4026-997d-864181caee93 tempest-SnapshotMetadataTestJSON-346331597 tempest-SnapshotMetadataTestJSON-346331597-project] Snapshot retrieved successfully.
Apr 12 12:08:17.719775 dv-cinder-830093-4-smb devstack@c-api.service[110262]: INFO cinder.api.openstack.wsgi [None req-76c84224-91c3-4026-997d-864181caee93 tempest-SnapshotMetadataTestJSON-346331597 tempest-SnapshotMetadataTestJSON-346331597-project] http://10.222.0.41/volume/v3/64ac7b34f60a41ee863a3019ec50f3ca/snapshots/5bfecfe6-d82c-4396-a6c3-19936c1ccf0b returned with HTTP 200
Apr 12 12:08:17.722042 dv-cinder-830093-4-smb devstack@c-api.service[110262]: [pid: 110262|app: 0|req: 174/326] 10.222.0.41 () {58 vars in 1330 bytes} [Tue Apr 12 12:08:17 2022] GET /volume/v3/64ac7b34f60a41ee863a3019ec50f3ca/snapshots/5bfecfe6-d82c-4396-a6c3-19936c1ccf0b => generated 469 bytes in 27 msecs (HTTP/1.1 200) 7 headers in 285 bytes (1 switches on core 0)
Apr 12 12:08:17.746018 dv-cinder-830093-4-smb devstack@c-api.service[110261]: /usr/local/lib/python3.8/dist-packages/oslo_context/context.py:100: DeprecationWarning: Policy enforcement is depending on the value of is_admin. This key is deprecated. Please update your policy file to use the standard policy values.
Apr 12 12:08:17.746018 dv-cinder-830093-4-smb devstack@c-api.service[110261]: warnings.warn('Policy enforcement is depending on the value of '
Apr 12 12:08:17.749624 dv-cinder-830093-4-smb devstack@c-api.service[110262]: DEBUG cinder.api.middleware.request_id [None req-efe92656-59ca-4efc-9be0-f8f76807c578 None None] RequestId filter calling following filter/app {{(pid=110262) _context_setter /opt/stack/cinder/cinder/api/middleware/request_id.py:62}}
Apr 12 12:08:17.754135 dv-cinder-830093-4-smb devstack@c-api.service[110261]: INFO cinder.volume.api [None req-3a07f95f-0fe3-4b1a-a8c3-5f57fc9d451f tempest-DeleteServersTestJSON-415752890 tempest-DeleteServersTestJSON-415752890-project] Volume info retrieved successfully.
Apr 12 12:08:17.760961 dv-cinder-830093-4-smb devstack@c-api.service[110262]: INFO cinder.api.openstack.wsgi [None req-efe92656-59ca-4efc-9be0-f8f76807c578 tempest-VolumesDeleteCascade-938292498 tempest-VolumesDeleteCascade-938292498-project] GET http://10.222.0.41/volume/v3/985d431db41548f78ca92d4f72ecbef2/snapshots/2cb4ae18-98da-4ee5-8809-9ff1d04a0d82
Apr 12 12:08:17.761543 dv-cinder-830093-4-smb devstack@c-api.service[110262]: DEBUG cinder.api.openstack.wsgi [None req-efe92656-59ca-4efc-9be0-f8f76807c578 tempest-VolumesDeleteCascade-938292498 tempest-VolumesDeleteCascade-938292498-project] Empty body provided in request {{(pid=110262) get_body /opt/stack/cinder/cinder/api/openstack/wsgi.py:715}}
Apr 12 12:08:17.762022 dv-cinder-830093-4-smb devstack@c-api.service[110262]: DEBUG cinder.api.openstack.wsgi [None req-efe92656-59ca-4efc-9be0-f8f76807c578 tempest-VolumesDeleteCascade-938292498 tempest-VolumesDeleteCascade-938292498-project] Calling method 'show' {{(pid=110262) _process_stack /opt/stack/cinder/cinder/api/openstack/wsgi.py:868}}
Apr 12 12:08:17.764316 dv-cinder-830093-4-smb devstack@c-api.service[110261]: INFO cinder.api.openstack.wsgi [None req-3a07f95f-0fe3-4b1a-a8c3-5f57fc9d451f tempest-DeleteServersTestJSON-415752890 tempest-DeleteServersTestJSON-415752890-project] http://10.222.0.41/volume/v3/249028b64f5a4a36a5dba89cfcd3a806/volumes/e87055ba-68b3-483a-8c71-208c8665d9aa returned with HTTP 200
Apr 12 12:08:17.765449 dv-cinder-830093-4-smb devstack@c-api.service[110261]: [pid: 110261|app: 0|req: 153/327] 10.222.0.41 () {58 vars in 1324 bytes} [Tue Apr 12 12:08:17 2022] GET /volume/v3/249028b64f5a4a36a5dba89cfcd3a806/volumes/e87055ba-68b3-483a-8c71-208c8665d9aa => generated 1206 bytes in 68 msecs (HTTP/1.1 200) 7 headers in 286 bytes (2 switches on core 0)
Apr 12 12:08:17.776671 dv-cinder-830093-4-smb devstack@c-api.service[110261]: DEBUG cinder.api.middleware.request_id [None req-09869142-415a-4510-ae57-559fb1f67501 None None] RequestId filter calling following filter/app {{(pid=110261) _context_setter /opt/stack/cinder/cinder/api/middleware/request_id.py:62}}
Apr 12 12:08:17.780882 dv-cinder-830093-4-smb devstack@c-api.service[110261]: INFO cinder.api.openstack.wsgi [None req-09869142-415a-4510-ae57-559fb1f67501 tempest-DeleteServersTestJSON-415752890 tempest-DeleteServersTestJSON-415752890-project] GET http://10.222.0.41/volume/v3/249028b64f5a4a36a5dba89cfcd3a806/volumes/e87055ba-68b3-483a-8c71-208c8665d9aa
Apr 12 12:08:17.781391 dv-cinder-830093-4-smb devstack@c-api.service[110261]: DEBUG cinder.api.openstack.wsgi [None req-09869142-415a-4510-ae57-559fb1f67501 tempest-DeleteServersTestJSON-415752890 tempest-DeleteServersTestJSON-415752890-project] Empty body provided in request {{(pid=110261) get_body /opt/stack/cinder/cinder/api/openstack/wsgi.py:715}}
Apr 12 12:08:17.781821 dv-cinder-830093-4-smb devstack@c-api.service[110261]: DEBUG cinder.api.openstack.wsgi [None req-09869142-415a-4510-ae57-559fb1f67501 tempest-DeleteServersTestJSON-415752890 tempest-DeleteServersTestJSON-415752890-project] Calling method 'show' {{(pid=110261) _process_stack /opt/stack/cinder/cinder/api/openstack/wsgi.py:868}}
Apr 12 12:08:17.788957 dv-cinder-830093-4-smb devstack@c-api.service[110262]: /usr/local/lib/python3.8/dist-packages/oslo_context/context.py:100: DeprecationWarning: Policy enforcement is depending on the value of is_admin. This key is deprecated. Please update your policy file to use the standard policy values.
Apr 12 12:08:17.788957 dv-cinder-830093-4-smb devstack@c-api.service[110262]: warnings.warn('Policy enforcement is depending on the value of '
Apr 12 12:08:17.790661 dv-cinder-830093-4-smb devstack@c-api.service[110262]: INFO cinder.volume.api [None req-efe92656-59ca-4efc-9be0-f8f76807c578 tempest-VolumesDeleteCascade-938292498 tempest-VolumesDeleteCascade-938292498-project] Snapshot retrieved successfully.
Apr 12 12:08:17.795520 dv-cinder-830093-4-smb devstack@c-api.service[110262]: INFO cinder.api.openstack.wsgi [None req-efe92656-59ca-4efc-9be0-f8f76807c578 tempest-VolumesDeleteCascade-938292498 tempest-VolumesDeleteCascade-938292498-project] http://10.222.0.41/volume/v3/985d431db41548f78ca92d4f72ecbef2/snapshots/2cb4ae18-98da-4ee5-8809-9ff1d04a0d82 returned with HTTP 200
Apr 12 12:08:17.797999 dv-cinder-830093-4-smb devstack@c-api.service[110262]: [pid: 110262|app: 0|req: 175/328] 10.222.0.41 () {58 vars in 1330 bytes} [Tue Apr 12 12:08:17 2022] GET /volume/v3/985d431db41548f78ca92d4f72ecbef2/snapshots/2cb4ae18-98da-4ee5-8809-9ff1d04a0d82 => generated 531 bytes in 50 msecs (HTTP/1.1 200) 7 headers in 285 bytes (2 switches on core 0)
Apr 12 12:08:17.806309 dv-cinder-830093-4-smb devstack@c-api.service[110262]: DEBUG cinder.api.middleware.request_id [None req-be5db3b3-b81e-4322-b14b-1d06aecc684c None None] RequestId filter calling following filter/app {{(pid=110262) _context_setter /opt/stack/cinder/cinder/api/middleware/request_id.py:62}}
Apr 12 12:08:17.811447 dv-cinder-830093-4-smb devstack@c-api.service[110262]: INFO cinder.api.openstack.wsgi [None req-be5db3b3-b81e-4322-b14b-1d06aecc684c tempest-VolumesDeleteCascade-938292498 tempest-VolumesDeleteCascade-938292498-project] POST http://10.222.0.41/volume/v3/985d431db41548f78ca92d4f72ecbef2/volumes
Apr 12 12:08:17.812168 dv-cinder-830093-4-smb devstack@c-api.service[110262]: DEBUG cinder.api.openstack.wsgi [None req-be5db3b3-b81e-4322-b14b-1d06aecc684c tempest-VolumesDeleteCascade-938292498 tempest-VolumesDeleteCascade-938292498-project] Action: 'create', calling method: create, body: {"volume": {"snapshot_id": "2cb4ae18-98da-4ee5-8809-9ff1d04a0d82", "size": 1, "name": "tempest-VolumesDeleteCascade-Volume-1352379761"}} {{(pid=110262) _process_stack /opt/stack/cinder/cinder/api/openstack/wsgi.py:866}}
Apr 12 12:08:17.813564 dv-cinder-830093-4-smb devstack@c-api.service[110262]: DEBUG cinder.api.v3.volumes [None req-be5db3b3-b81e-4322-b14b-1d06aecc684c tempest-VolumesDeleteCascade-938292498 tempest-VolumesDeleteCascade-938292498-project] Create volume request body: {'volume': {'snapshot_id': '2cb4ae18-98da-4ee5-8809-9ff1d04a0d82', 'size': 1, 'name': 'tempest-VolumesDeleteCascade-Volume-1352379761'}} {{(pid=110262) create /opt/stack/cinder/cinder/api/v3/volumes.py:298}}
Apr 12 12:08:17.825627 dv-cinder-830093-4-smb devstack@c-api.service[110261]: /usr/local/lib/python3.8/dist-packages/oslo_context/context.py:100: DeprecationWarning: Policy enforcement is depending on the value of is_admin. This key is deprecated. Please update your policy file to use the standard policy values.
Apr 12 12:08:17.825627 dv-cinder-830093-4-smb devstack@c-api.service[110261]: warnings.warn('Policy enforcement is depending on the value of '
Apr 12 12:08:17.833158 dv-cinder-830093-4-smb devstack@c-api.service[110262]: /usr/local/lib/python3.8/dist-packages/oslo_context/context.py:100: DeprecationWarning: Policy enforcement is depending on the value of is_admin. This key is deprecated. Please update your policy file to use the standard policy values.
Apr 12 12:08:17.833158 dv-cinder-830093-4-smb devstack@c-api.service[110262]: warnings.warn('Policy enforcement is depending on the value of '
Apr 12 12:08:17.834195 dv-cinder-830093-4-smb devstack@c-api.service[110262]: INFO cinder.volume.api [None req-be5db3b3-b81e-4322-b14b-1d06aecc684c tempest-VolumesDeleteCascade-938292498 tempest-VolumesDeleteCascade-938292498-project] Snapshot retrieved successfully.
Apr 12 12:08:17.834489 dv-cinder-830093-4-smb devstack@c-api.service[110262]: INFO cinder.api.v3.volumes [None req-be5db3b3-b81e-4322-b14b-1d06aecc684c tempest-VolumesDeleteCascade-938292498 tempest-VolumesDeleteCascade-938292498-project] Create volume of 1 GB
Apr 12 12:08:17.837662 dv-cinder-830093-4-smb devstack@c-api.service[110261]: INFO cinder.volume.api [None req-09869142-415a-4510-ae57-559fb1f67501 tempest-DeleteServersTestJSON-415752890 tempest-DeleteServersTestJSON-415752890-project] Volume info retrieved successfully.
Apr 12 12:08:17.845750 dv-cinder-830093-4-smb devstack@c-api.service[110262]: INFO cinder.volume.api [None req-be5db3b3-b81e-4322-b14b-1d06aecc684c tempest-VolumesDeleteCascade-938292498 tempest-VolumesDeleteCascade-938292498-project] Availability Zones retrieved successfully.
Apr 12 12:08:17.849284 dv-cinder-830093-4-smb devstack@c-api.service[110261]: INFO cinder.api.openstack.wsgi [None req-09869142-415a-4510-ae57-559fb1f67501 tempest-DeleteServersTestJSON-415752890 tempest-DeleteServersTestJSON-415752890-project] http://10.222.0.41/volume/v3/249028b64f5a4a36a5dba89cfcd3a806/volumes/e87055ba-68b3-483a-8c71-208c8665d9aa returned with HTTP 200
Apr 12 12:08:17.850234 dv-cinder-830093-4-smb devstack@c-api.service[110261]: [pid: 110261|app: 0|req: 154/329] 10.222.0.41 () {58 vars in 1324 bytes} [Tue Apr 12 12:08:17 2022] GET /volume/v3/249028b64f5a4a36a5dba89cfcd3a806/volumes/e87055ba-68b3-483a-8c71-208c8665d9aa => generated 1206 bytes in 74 msecs (HTTP/1.1 200) 7 headers in 286 bytes (1 switches on core 0)
Apr 12 12:08:17.852390 dv-cinder-830093-4-smb devstack@c-api.service[110261]: DEBUG cinder.api.middleware.request_id [None req-0610a6bc-d288-4e17-9cae-9b6924e13b7d None None] RequestId filter calling following filter/app {{(pid=110261) _context_setter /opt/stack/cinder/cinder/api/middleware/request_id.py:62}}
Apr 12 12:08:17.872102 dv-cinder-830093-4-smb devstack@c-api.service[110262]: DEBUG cinder.volume.api [None req-be5db3b3-b81e-4322-b14b-1d06aecc684c tempest-VolumesDeleteCascade-938292498 tempest-VolumesDeleteCascade-938292498-project] Flow 'volume_create_api' (d91fc46e-ab74-4279-90a6-6ce152b1cee2) transitioned into state 'RUNNING' from state 'PENDING' {{(pid=110262) _flow_receiver /usr/local/lib/python3.8/dist-packages/taskflow/listeners/logging.py:141}}
Apr 12 12:08:17.874632 dv-cinder-830093-4-smb devstack@c-api.service[110262]: DEBUG cinder.volume.api [None req-be5db3b3-b81e-4322-b14b-1d06aecc684c tempest-VolumesDeleteCascade-938292498 tempest-VolumesDeleteCascade-938292498-project] Task 'cinder.volume.flows.api.create_volume.ExtractVolumeRequestTask;volume:create' (7f6c8efe-0186-4d8e-92d9-4fcf09318cef) transitioned into state 'RUNNING' from state 'PENDING' {{(pid=110262) _task_receiver /usr/local/lib/python3.8/dist-packages/taskflow/listeners/logging.py:190}}
Apr 12 12:08:17.878258 dv-cinder-830093-4-smb devstack@c-api.service[110262]: DEBUG cinder.volume.flows.api.create_volume [None req-be5db3b3-b81e-4322-b14b-1d06aecc684c tempest-VolumesDeleteCascade-938292498 tempest-VolumesDeleteCascade-938292498-project] Validating volume size '1' using validate_int, validate_snap_size {{(pid=110262) _extract_size /opt/stack/cinder/cinder/volume/flows/api/create_volume.py:225}}
Apr 12 12:08:17.937294 dv-cinder-830093-4-smb devstack@c-api.service[110262]: DEBUG cinder.volume.api [None req-be5db3b3-b81e-4322-b14b-1d06aecc684c tempest-VolumesDeleteCascade-938292498 tempest-VolumesDeleteCascade-938292498-project] Task 'cinder.volume.flows.api.create_volume.ExtractVolumeRequestTask;volume:create' (7f6c8efe-0186-4d8e-92d9-4fcf09318cef) transitioned into state 'SUCCESS' from state 'RUNNING' with result '{'size': 1, 'snapshot_id': '2cb4ae18-98da-4ee5-8809-9ff1d04a0d82', 'source_volid': None, 'volume_type': VolumeType(created_at=2022-04-12T11:56:58Z,deleted=False,deleted_at=None,description='Default Volume Type',extra_specs={},id=e63b6ec7-913d-4310-8fed-06166f4af188,is_public=True,name='__DEFAULT__',projects=[],qos_specs=,qos_specs_id=None,updated_at=2022-04-12T11:56:58Z), 'volume_type_id': 'e63b6ec7-913d-4310-8fed-06166f4af188', 'encryption_key_id': None, 'qos_specs': None, 'consistencygroup_id': None, 'cgsnapshot_id': None, 'group_id': None, 'replication_status': 'disabled', 'refresh_az': False, 'backup_id': None, 'multiattach': False, 'availability_zones': ['nova']}' {{(pid=110262) _task_receiver /usr/local/lib/python3.8/dist-packages/taskflow/listeners/logging.py:178}}
Apr 12 12:08:17.939799 dv-cinder-830093-4-smb devstack@c-api.service[110262]: DEBUG cinder.volume.api [None req-be5db3b3-b81e-4322-b14b-1d06aecc684c tempest-VolumesDeleteCascade-938292498 tempest-VolumesDeleteCascade-938292498-project] Task 'cinder.volume.flows.api.create_volume.QuotaReserveTask;volume:create' (d811282a-d6d2-4a3d-a558-b2b49bf388ef) transitioned into state 'RUNNING' from state 'PENDING' {{(pid=110262) _task_receiver /usr/local/lib/python3.8/dist-packages/taskflow/listeners/logging.py:190}}
Apr 12 12:08:18.053037 dv-cinder-830093-4-smb devstack@c-api.service[110262]: DEBUG cinder.quota [None req-be5db3b3-b81e-4322-b14b-1d06aecc684c tempest-VolumesDeleteCascade-938292498 tempest-VolumesDeleteCascade-938292498-project] Created reservations ['84bd724b-8be9-4b5c-9095-9403b73d9643', 'ec5d8119-17ea-47e5-9645-d6c707800f65', 'f6601db2-7f11-4bc6-90b4-cb03e5030ef2', 'dae3a31e-d592-4d4f-9392-5fed2c189f5e'] {{(pid=110262) reserve /opt/stack/cinder/cinder/quota.py:755}}
Apr 12 12:08:18.055013 dv-cinder-830093-4-smb devstack@c-api.service[110262]: DEBUG cinder.volume.api [None req-be5db3b3-b81e-4322-b14b-1d06aecc684c tempest-VolumesDeleteCascade-938292498 tempest-VolumesDeleteCascade-938292498-project] Task 'cinder.volume.flows.api.create_volume.QuotaReserveTask;volume:create' (d811282a-d6d2-4a3d-a558-b2b49bf388ef) transitioned into state 'SUCCESS' from state 'RUNNING' with result '{'reservations': ['84bd724b-8be9-4b5c-9095-9403b73d9643', 'ec5d8119-17ea-47e5-9645-d6c707800f65', 'f6601db2-7f11-4bc6-90b4-cb03e5030ef2', 'dae3a31e-d592-4d4f-9392-5fed2c189f5e']}' {{(pid=110262) _task_receiver /usr/local/lib/python3.8/dist-packages/taskflow/listeners/logging.py:178}}
