Apr 12 12:09:38.575523 dv-cinder-830093-4-iscsi devstack@c-api.service[110793]: /usr/local/lib/python3.8/dist-packages/oslo_policy/policy.py:809: UserWarning: Policy "volume_extension:volume_tenant_attribute":"rule:admin_or_owner" was deprecated in X in favor of "volume_extension:volume_tenant_attribute":"rule:xena_system_admin_or_project_reader". Reason: Default policies now support the three Keystone default roles, namely 'admin', 'member', and 'reader' to implement three Cinder "personas". See "Policy Personas and Permissions" in the "Cinder Service Configuration" documentation (Xena release) for details.. Either ensure your deployment is ready for the new default or copy/paste the deprecated policy into your policy file and maintain it manually.
Apr 12 12:09:38.575523 dv-cinder-830093-4-iscsi devstack@c-api.service[110793]: warnings.warn(deprecated_msg)
Apr 12 12:09:38.576421 dv-cinder-830093-4-iscsi devstack@c-api.service[110793]: /usr/local/lib/python3.8/dist-packages/oslo_policy/policy.py:809: UserWarning: Policy "volume_extension:volume_encryption_metadata":"rule:admin_or_owner" was deprecated in X in favor of "volume_extension:volume_encryption_metadata":"rule:xena_system_admin_or_project_reader". Reason: Default policies now support the three Keystone default roles, namely 'admin', 'member', and 'reader' to implement three Cinder "personas". See "Policy Personas and Permissions" in the "Cinder Service Configuration" documentation (Xena release) for details.. Either ensure your deployment is ready for the new default or copy/paste the deprecated policy into your policy file and maintain it manually.
Apr 12 12:09:38.576421 dv-cinder-830093-4-iscsi devstack@c-api.service[110793]: warnings.warn(deprecated_msg)
Apr 12 12:09:38.576421 dv-cinder-830093-4-iscsi devstack@c-api.service[110793]: /usr/local/lib/python3.8/dist-packages/oslo_policy/policy.py:809: UserWarning: Policy "volume:multiattach":"rule:admin_or_owner" was deprecated in X in favor of "volume:multiattach":"rule:xena_system_admin_or_project_member". Reason: Default policies now support the three Keystone default roles, namely 'admin', 'member', and 'reader' to implement three Cinder "personas". See "Policy Personas and Permissions" in the "Cinder Service Configuration" documentation (Xena release) for details.. Either ensure your deployment is ready for the new default or copy/paste the deprecated policy into your policy file and maintain it manually.
Apr 12 12:09:38.576421 dv-cinder-830093-4-iscsi devstack@c-api.service[110793]: warnings.warn(deprecated_msg)
Apr 12 12:09:38.576935 dv-cinder-830093-4-iscsi devstack@c-api.service[110793]: /usr/local/lib/python3.8/dist-packages/oslo_policy/policy.py:809: UserWarning: Policy "volume_extension:default_set_or_update":"rule:system_or_domain_or_project_admin" was deprecated in X in favor of "volume_extension:default_set_or_update":"rule:admin_api". Reason: Default policies now support the three Keystone default roles, namely 'admin', 'member', and 'reader' to implement three Cinder "personas". See "Policy Personas and Permissions" in the "Cinder Service Configuration" documentation (Xena release) for details.. Either ensure your deployment is ready for the new default or copy/paste the deprecated policy into your policy file and maintain it manually.
Apr 12 12:09:38.576935 dv-cinder-830093-4-iscsi devstack@c-api.service[110793]: warnings.warn(deprecated_msg)
Apr 12 12:09:38.576935 dv-cinder-830093-4-iscsi devstack@c-api.service[110793]: /usr/local/lib/python3.8/dist-packages/oslo_policy/policy.py:809: UserWarning: Policy "volume_extension:default_get":"rule:system_or_domain_or_project_admin" was deprecated in X in favor of "volume_extension:default_get":"rule:admin_api". Reason: Default policies now support the three Keystone default roles, namely 'admin', 'member', and 'reader' to implement three Cinder "personas". See "Policy Personas and Permissions" in the "Cinder Service Configuration" documentation (Xena release) for details.. Either ensure your deployment is ready for the new default or copy/paste the deprecated policy into your policy file and maintain it manually.
Apr 12 12:09:38.576935 dv-cinder-830093-4-iscsi devstack@c-api.service[110793]: warnings.warn(deprecated_msg)
Apr 12 12:09:38.576935 dv-cinder-830093-4-iscsi devstack@c-api.service[110793]: /usr/local/lib/python3.8/dist-packages/oslo_policy/policy.py:809: UserWarning: Policy "volume_extension:default_get_all":"role:admin and system_scope:all" was deprecated in X in favor of "volume_extension:default_get_all":"rule:admin_api". Reason: Default policies now support the three Keystone default roles, namely 'admin', 'member', and 'reader' to implement three Cinder "personas". See "Policy Personas and Permissions" in the "Cinder Service Configuration" documentation (Xena release) for details.. Either ensure your deployment is ready for the new default or copy/paste the deprecated policy into your policy file and maintain it manually.
Apr 12 12:09:38.577541 dv-cinder-830093-4-iscsi devstack@c-api.service[110793]: warnings.warn(deprecated_msg)
Apr 12 12:09:38.577541 dv-cinder-830093-4-iscsi devstack@c-api.service[110793]: /usr/local/lib/python3.8/dist-packages/oslo_policy/policy.py:809: UserWarning: Policy "volume_extension:default_unset":"rule:system_or_domain_or_project_admin" was deprecated in X in favor of "volume_extension:default_unset":"rule:admin_api". Reason: Default policies now support the three Keystone default roles, namely 'admin', 'member', and 'reader' to implement three Cinder "personas". See "Policy Personas and Permissions" in the "Cinder Service Configuration" documentation (Xena release) for details.. Either ensure your deployment is ready for the new default or copy/paste the deprecated policy into your policy file and maintain it manually.
Apr 12 12:09:38.577541 dv-cinder-830093-4-iscsi devstack@c-api.service[110793]: warnings.warn(deprecated_msg)
Apr 12 12:09:38.577541 dv-cinder-830093-4-iscsi devstack@c-api.service[110793]: DEBUG cinder.api.middleware.request_id [req-2b01270d-5e7c-4909-af83-2df4cb63107d req-4d7ae7c7-1446-4958-9c3e-bbf3628f3f17 None None] RequestId filter calling following filter/app {{(pid=110793) _context_setter /opt/stack/cinder/cinder/api/middleware/request_id.py:62}}
Apr 12 12:09:39.329920 dv-cinder-830093-4-iscsi devstack@c-api.service[110793]: INFO cinder.api.openstack.wsgi [req-2b01270d-5e7c-4909-af83-2df4cb63107d req-4d7ae7c7-1446-4958-9c3e-bbf3628f3f17 admin admin] POST http://10.222.0.20/volume/v3/d505d393fe854bbcb2293b9aba009591/types/85bebf71-cbf1-4a8d-a3f7-79faf514562d/extra_specs
Apr 12 12:09:39.331011 dv-cinder-830093-4-iscsi devstack@c-api.service[110793]: DEBUG cinder.api.openstack.wsgi [req-2b01270d-5e7c-4909-af83-2df4cb63107d req-4d7ae7c7-1446-4958-9c3e-bbf3628f3f17 admin admin] Action: 'create', calling method: create, body: {"extra_specs": {"volume_backend_name": "lvmdriver-1"}} {{(pid=110793) _process_stack /opt/stack/cinder/cinder/api/openstack/wsgi.py:866}}
Apr 12 12:09:39.333097 dv-cinder-830093-4-iscsi devstack@c-api.service[110793]: /usr/local/lib/python3.8/dist-packages/oslo_context/context.py:100: DeprecationWarning: Policy enforcement is depending on the value of is_admin. This key is deprecated. Please update your policy file to use the standard policy values.
Apr 12 12:09:39.333097 dv-cinder-830093-4-iscsi devstack@c-api.service[110793]: warnings.warn('Policy enforcement is depending on the value of '
Apr 12 12:09:39.340081 dv-cinder-830093-4-iscsi devstack@c-api.service[110793]: DEBUG oslo_db.sqlalchemy.engines [req-2b01270d-5e7c-4909-af83-2df4cb63107d req-4d7ae7c7-1446-4958-9c3e-bbf3628f3f17 admin admin] MySQL server mode set to STRICT_TRANS_TABLES,STRICT_ALL_TABLES,NO_ZERO_IN_DATE,NO_ZERO_DATE,ERROR_FOR_DIVISION_BY_ZERO,TRADITIONAL,NO_ENGINE_SUBSTITUTION {{(pid=110793) _check_effective_sql_mode /usr/local/lib/python3.8/dist-packages/oslo_db/sqlalchemy/engines.py:314}}
Apr 12 12:09:39.539726 dv-cinder-830093-4-iscsi devstack@c-api.service[110793]: INFO cinder.api.openstack.wsgi [req-2b01270d-5e7c-4909-af83-2df4cb63107d req-4d7ae7c7-1446-4958-9c3e-bbf3628f3f17 admin admin] http://10.222.0.20/volume/v3/d505d393fe854bbcb2293b9aba009591/types/85bebf71-cbf1-4a8d-a3f7-79faf514562d/extra_specs returned with HTTP 200
Apr 12 12:09:39.540508 dv-cinder-830093-4-iscsi devstack@c-api.service[110793]: [pid: 110793|app: 0|req: 1/3] 10.222.0.20 () {62 vars in 1454 bytes} [Tue Apr 12 12:09:38 2022] POST /volume/v3/d505d393fe854bbcb2293b9aba009591/types/85bebf71-cbf1-4a8d-a3f7-79faf514562d/extra_specs => generated 55 bytes in 1024 msecs (HTTP/1.1 200) 7 headers in 284 bytes (1 switches on core 0)
Apr 12 12:10:20.299154 dv-cinder-830093-4-iscsi devstack@c-api.service[110792]: DEBUG cinder.api.middleware.request_id [None req-0aa5f76e-95d3-4265-a41e-23a58e96f71b None None] RequestId filter calling following filter/app {{(pid=110792) _context_setter /opt/stack/cinder/cinder/api/middleware/request_id.py:62}}
Apr 12 12:10:20.300313 dv-cinder-830093-4-iscsi devstack@c-api.service[110792]: INFO cinder.api.openstack.wsgi [None req-0aa5f76e-95d3-4265-a41e-23a58e96f71b None None] GET http://10.222.0.20/volume//
Apr 12 12:10:20.300714 dv-cinder-830093-4-iscsi devstack@c-api.service[110792]: DEBUG cinder.api.openstack.wsgi [None req-0aa5f76e-95d3-4265-a41e-23a58e96f71b None None] Empty body provided in request {{(pid=110792) get_body /opt/stack/cinder/cinder/api/openstack/wsgi.py:715}}
Apr 12 12:10:20.301210 dv-cinder-830093-4-iscsi devstack@c-api.service[110792]: DEBUG cinder.api.openstack.wsgi [None req-0aa5f76e-95d3-4265-a41e-23a58e96f71b None None] Calling method 'all' {{(pid=110792) _process_stack /opt/stack/cinder/cinder/api/openstack/wsgi.py:868}}
Apr 12 12:10:20.302260 dv-cinder-830093-4-iscsi devstack@c-api.service[110792]: INFO cinder.api.openstack.wsgi [None req-0aa5f76e-95d3-4265-a41e-23a58e96f71b None None] http://10.222.0.20/volume// returned with HTTP 300
Apr 12 12:10:20.302825 dv-cinder-830093-4-iscsi devstack@c-api.service[110792]: [pid: 110792|app: 0|req: 3/4] 10.222.0.20 () {56 vars in 1098 bytes} [Tue Apr 12 12:10:20 2022] GET /volume/ => generated 386 bytes in 5 msecs (HTTP/1.1 300) 7 headers in 299 bytes (1 switches on core 0)
Apr 12 12:13:30.916146 dv-cinder-830093-4-iscsi devstack@c-api.service[110793]: DEBUG cinder.api.middleware.request_id [None req-0bd032c9-0145-45d5-994a-9a8e9d4bfd26 None None] RequestId filter calling following filter/app {{(pid=110793) _context_setter /opt/stack/cinder/cinder/api/middleware/request_id.py:62}}
Apr 12 12:13:30.922377 dv-cinder-830093-4-iscsi devstack@c-api.service[110793]: INFO cinder.api.openstack.wsgi [None req-0bd032c9-0145-45d5-994a-9a8e9d4bfd26 tempest-verify_tempest_config-1517504196 tempest-verify_tempest_config-1517504196-project] GET http://10.222.0.20/volume/v3/f4041921466f46db8678c45d468f3cb5/extensions
Apr 12 12:13:30.922816 dv-cinder-830093-4-iscsi devstack@c-api.service[110793]: DEBUG cinder.api.openstack.wsgi [None req-0bd032c9-0145-45d5-994a-9a8e9d4bfd26 tempest-verify_tempest_config-1517504196 tempest-verify_tempest_config-1517504196-project] Empty body provided in request {{(pid=110793) get_body /opt/stack/cinder/cinder/api/openstack/wsgi.py:715}}
Apr 12 12:13:30.923263 dv-cinder-830093-4-iscsi devstack@c-api.service[110793]: DEBUG cinder.api.openstack.wsgi [None req-0bd032c9-0145-45d5-994a-9a8e9d4bfd26 tempest-verify_tempest_config-1517504196 tempest-verify_tempest_config-1517504196-project] Calling method 'index' {{(pid=110793) _process_stack /opt/stack/cinder/cinder/api/openstack/wsgi.py:868}}
Apr 12 12:13:30.923953 dv-cinder-830093-4-iscsi devstack@c-api.service[110793]: INFO cinder.api.openstack.wsgi [None req-0bd032c9-0145-45d5-994a-9a8e9d4bfd26 tempest-verify_tempest_config-1517504196 tempest-verify_tempest_config-1517504196-project] http://10.222.0.20/volume/v3/f4041921466f46db8678c45d468f3cb5/extensions returned with HTTP 200
Apr 12 12:13:30.924623 dv-cinder-830093-4-iscsi devstack@c-api.service[110793]: [pid: 110793|app: 0|req: 2/5] 10.222.0.20 () {58 vars in 1222 bytes} [Tue Apr 12 12:13:30 2022] GET /volume/v3/f4041921466f46db8678c45d468f3cb5/extensions => generated 5245 bytes in 10 msecs (HTTP/1.1 200) 7 headers in 286 bytes (1 switches on core 0)
Apr 12 12:15:38.299066 dv-cinder-830093-4-iscsi devstack@c-api.service[110792]: DEBUG cinder.api.middleware.request_id [None req-99541674-5aec-438b-af52-49b8cbb2d1dc None None] RequestId filter calling following filter/app {{(pid=110792) _context_setter /opt/stack/cinder/cinder/api/middleware/request_id.py:62}}
Apr 12 12:15:38.399113 dv-cinder-830093-4-iscsi devstack@c-api.service[110792]: INFO cinder.api.openstack.wsgi [None req-99541674-5aec-438b-af52-49b8cbb2d1dc admin admin] GET http://10.222.0.20/volume/v3/d505d393fe854bbcb2293b9aba009591/os-services
Apr 12 12:15:38.399573 dv-cinder-830093-4-iscsi devstack@c-api.service[110792]: DEBUG cinder.api.openstack.wsgi [None req-99541674-5aec-438b-af52-49b8cbb2d1dc admin admin] Empty body provided in request {{(pid=110792) get_body /opt/stack/cinder/cinder/api/openstack/wsgi.py:715}}
Apr 12 12:15:38.400025 dv-cinder-830093-4-iscsi devstack@c-api.service[110792]: DEBUG cinder.api.openstack.wsgi [None req-99541674-5aec-438b-af52-49b8cbb2d1dc admin admin] Calling method 'index' {{(pid=110792) _process_stack /opt/stack/cinder/cinder/api/openstack/wsgi.py:868}}
Apr 12 12:15:38.408767 dv-cinder-830093-4-iscsi devstack@c-api.service[110792]: INFO cinder.api.openstack.wsgi [None req-99541674-5aec-438b-af52-49b8cbb2d1dc admin admin] http://10.222.0.20/volume/v3/d505d393fe854bbcb2293b9aba009591/os-services returned with HTTP 200
Apr 12 12:15:38.409513 dv-cinder-830093-4-iscsi devstack@c-api.service[110792]: [pid: 110792|app: 0|req: 4/6] 10.222.0.20 () {56 vars in 1201 bytes} [Tue Apr 12 12:15:38 2022] GET /volume/v3/d505d393fe854bbcb2293b9aba009591/os-services => generated 642 bytes in 111 msecs (HTTP/1.1 200) 7 headers in 285 bytes (2 switches on core 0)
Apr 12 12:15:41.113903 dv-cinder-830093-4-iscsi devstack@c-api.service[110793]: DEBUG cinder.api.middleware.request_id [None req-3aa682ac-5c2e-4cc0-b3d5-f76b5765cede None None] RequestId filter calling following filter/app {{(pid=110793) _context_setter /opt/stack/cinder/cinder/api/middleware/request_id.py:62}}
Apr 12 12:15:41.213932 dv-cinder-830093-4-iscsi devstack@c-api.service[110793]: INFO cinder.api.openstack.wsgi [None req-3aa682ac-5c2e-4cc0-b3d5-f76b5765cede admin admin] GET http://10.222.0.20/volume/v3/d505d393fe854bbcb2293b9aba009591/os-services
Apr 12 12:15:41.214517 dv-cinder-830093-4-iscsi devstack@c-api.service[110793]: DEBUG cinder.api.openstack.wsgi [None req-3aa682ac-5c2e-4cc0-b3d5-f76b5765cede admin admin] Empty body provided in request {{(pid=110793) get_body /opt/stack/cinder/cinder/api/openstack/wsgi.py:715}}
Apr 12 12:15:41.214991 dv-cinder-830093-4-iscsi devstack@c-api.service[110793]: DEBUG cinder.api.openstack.wsgi [None req-3aa682ac-5c2e-4cc0-b3d5-f76b5765cede admin admin] Calling method 'index' {{(pid=110793) _process_stack /opt/stack/cinder/cinder/api/openstack/wsgi.py:868}}
Apr 12 12:15:41.224789 dv-cinder-830093-4-iscsi devstack@c-api.service[110793]: INFO cinder.api.openstack.wsgi [None req-3aa682ac-5c2e-4cc0-b3d5-f76b5765cede admin admin] http://10.222.0.20/volume/v3/d505d393fe854bbcb2293b9aba009591/os-services returned with HTTP 200
Apr 12 12:15:41.225601 dv-cinder-830093-4-iscsi devstack@c-api.service[110793]: [pid: 110793|app: 0|req: 3/7] 10.222.0.20 () {56 vars in 1201 bytes} [Tue Apr 12 12:15:41 2022] GET /volume/v3/d505d393fe854bbcb2293b9aba009591/os-services => generated 642 bytes in 113 msecs (HTTP/1.1 200) 7 headers in 285 bytes (1 switches on core 0)
Apr 12 12:17:21.442161 dv-cinder-830093-4-iscsi devstack@c-api.service[110792]: DEBUG cinder.api.middleware.request_id [None req-5637d94d-a47e-4c26-8f01-76a9bd126e04 None None] RequestId filter calling following filter/app {{(pid=110792) _context_setter /opt/stack/cinder/cinder/api/middleware/request_id.py:62}}
Apr 12 12:17:21.741397 dv-cinder-830093-4-iscsi devstack@c-api.service[110792]: INFO cinder.api.openstack.wsgi [None req-5637d94d-a47e-4c26-8f01-76a9bd126e04 tempest-GroupsTest-1653399592 tempest-GroupsTest-1653399592-project-admin] POST http://10.222.0.20/volume/v3/a14a4304e7a0459789fcefa31285c380/types
Apr 12 12:17:21.742656 dv-cinder-830093-4-iscsi devstack@c-api.service[110792]: DEBUG cinder.api.openstack.wsgi [None req-5637d94d-a47e-4c26-8f01-76a9bd126e04 tempest-GroupsTest-1653399592 tempest-GroupsTest-1653399592-project-admin] Action: 'create', calling method: _create, body: {"volume_type": {"name": "tempest-GroupsTest-volume-type-1299939205"}} {{(pid=110792) _process_stack /opt/stack/cinder/cinder/api/openstack/wsgi.py:866}}
Apr 12 12:17:21.892932 dv-cinder-830093-4-iscsi devstack@c-api.service[110792]: INFO cinder.api.openstack.wsgi [None req-5637d94d-a47e-4c26-8f01-76a9bd126e04 tempest-GroupsTest-1653399592 tempest-GroupsTest-1653399592-project-admin] http://10.222.0.20/volume/v3/a14a4304e7a0459789fcefa31285c380/types returned with HTTP 200
Apr 12 12:17:21.895236 dv-cinder-830093-4-iscsi devstack@c-api.service[110792]: [pid: 110792|app: 0|req: 5/8] 10.222.0.20 () {60 vars in 1228 bytes} [Tue Apr 12 12:17:21 2022] POST /volume/v3/a14a4304e7a0459789fcefa31285c380/types => generated 216 bytes in 454 msecs (HTTP/1.1 200) 7 headers in 285 bytes (1 switches on core 0)
Apr 12 12:17:21.903422 dv-cinder-830093-4-iscsi devstack@c-api.service[110793]: DEBUG cinder.api.middleware.request_id [None req-b21ca9de-fe3a-4c21-9368-14ccf438a3fd None None] RequestId filter calling following filter/app {{(pid=110793) _context_setter /opt/stack/cinder/cinder/api/middleware/request_id.py:62}}
Apr 12 12:17:21.912355 dv-cinder-830093-4-iscsi devstack@c-api.service[110793]: INFO cinder.api.openstack.wsgi [None req-b21ca9de-fe3a-4c21-9368-14ccf438a3fd tempest-GroupsTest-1653399592 tempest-GroupsTest-1653399592-project-admin] POST http://10.222.0.20/volume/v3/a14a4304e7a0459789fcefa31285c380/group_types
Apr 12 12:17:21.914001 dv-cinder-830093-4-iscsi devstack@c-api.service[110793]: DEBUG cinder.api.openstack.wsgi [None req-b21ca9de-fe3a-4c21-9368-14ccf438a3fd tempest-GroupsTest-1653399592 tempest-GroupsTest-1653399592-project-admin] Action: 'create', calling method: version_select, body: {"group_type": {"name": "tempest-GroupsTest-group-type-699499256"}} {{(pid=110793) _process_stack /opt/stack/cinder/cinder/api/openstack/wsgi.py:866}}
Apr 12 12:17:22.172427 dv-cinder-830093-4-iscsi devstack@c-api.service[110793]: INFO cinder.api.openstack.wsgi [None req-b21ca9de-fe3a-4c21-9368-14ccf438a3fd tempest-GroupsTest-1653399592 tempest-GroupsTest-1653399592-project-admin] http://10.222.0.20/volume/v3/a14a4304e7a0459789fcefa31285c380/group_types returned with HTTP 202
Apr 12 12:17:22.178104 dv-cinder-830093-4-iscsi devstack@c-api.service[110793]: [pid: 110793|app: 0|req: 4/9] 10.222.0.20 () {62 vars in 1287 bytes} [Tue Apr 12 12:17:21 2022] POST /volume/v3/a14a4304e7a0459789fcefa31285c380/group_types => generated 172 bytes in 273 msecs (HTTP/1.1 202) 7 headers in 292 bytes (1 switches on core 0)
Apr 12 12:17:22.180063 dv-cinder-830093-4-iscsi devstack@c-api.service[110792]: DEBUG cinder.api.middleware.request_id [None req-a315d2a4-312b-45ff-bb3e-4cab7d6161c9 None None] RequestId filter calling following filter/app {{(pid=110792) _context_setter /opt/stack/cinder/cinder/api/middleware/request_id.py:62}}
Apr 12 12:17:22.500419 dv-cinder-830093-4-iscsi devstack@c-api.service[110792]: INFO cinder.api.openstack.wsgi [None req-a315d2a4-312b-45ff-bb3e-4cab7d6161c9 tempest-GroupsTest-305522989 tempest-GroupsTest-305522989-project] POST http://10.222.0.20/volume/v3/f5f8e05df0f941719b4c21b238047af0/groups
Apr 12 12:17:22.504984 dv-cinder-830093-4-iscsi devstack@c-api.service[110792]: DEBUG cinder.api.openstack.wsgi [None req-a315d2a4-312b-45ff-bb3e-4cab7d6161c9 tempest-GroupsTest-305522989 tempest-GroupsTest-305522989-project] Action: 'create', calling method: version_select, body: {"group": {"group_type": "5f0a8c97-4e3b-429b-94f5-fc5f215f24e9", "volume_types": ["2bf983de-397f-486a-b357-b3f1a5171c10"], "name": "tempest-Group1-199911229"}} {{(pid=110792) _process_stack /opt/stack/cinder/cinder/api/openstack/wsgi.py:866}}
Apr 12 12:17:22.507856 dv-cinder-830093-4-iscsi devstack@c-api.service[110792]: DEBUG cinder.api.v3.groups [None req-a315d2a4-312b-45ff-bb3e-4cab7d6161c9 tempest-GroupsTest-305522989 tempest-GroupsTest-305522989-project] Creating new group {'group': {'group_type': '5f0a8c97-4e3b-429b-94f5-fc5f215f24e9', 'volume_types': ['2bf983de-397f-486a-b357-b3f1a5171c10'], 'name': 'tempest-Group1-199911229'}} {{(pid=110792) create /opt/stack/cinder/cinder/api/v3/groups.py:190}}
Apr 12 12:17:22.534979 dv-cinder-830093-4-iscsi devstack@c-api.service[110792]: INFO cinder.api.v3.groups [None req-a315d2a4-312b-45ff-bb3e-4cab7d6161c9 tempest-GroupsTest-305522989 tempest-GroupsTest-305522989-project] Creating group tempest-Group1-199911229.
Apr 12 12:17:22.589825 dv-cinder-830093-4-iscsi devstack@c-api.service[110792]: DEBUG cinder.volume.api [None req-a315d2a4-312b-45ff-bb3e-4cab7d6161c9 tempest-GroupsTest-305522989 tempest-GroupsTest-305522989-project] Availability zone cache updated, next update will occur around 2022-04-12 13:17:22.588698. {{(pid=110792) list_availability_zones /opt/stack/cinder/cinder/volume/api.py:152}}
Apr 12 12:17:22.594231 dv-cinder-830093-4-iscsi devstack@c-api.service[110792]: INFO cinder.volume.api [None req-a315d2a4-312b-45ff-bb3e-4cab7d6161c9 tempest-GroupsTest-305522989 tempest-GroupsTest-305522989-project] Availability Zones retrieved successfully.
Apr 12 12:17:22.696268 dv-cinder-830093-4-iscsi devstack@c-api.service[110793]: DEBUG cinder.api.middleware.request_id [req-3e7d8b31-d278-4f7a-8fdf-eb6fc3067c63 req-610163b9-77c5-417d-9957-ac3bd3085fbf None None] RequestId filter calling following filter/app {{(pid=110793) _context_setter /opt/stack/cinder/cinder/api/middleware/request_id.py:62}}
Apr 12 12:17:22.828824 dv-cinder-830093-4-iscsi devstack@c-api.service[110792]: DEBUG cinder.quota [None req-a315d2a4-312b-45ff-bb3e-4cab7d6161c9 tempest-GroupsTest-305522989 tempest-GroupsTest-305522989-project] Created reservations ['92d303d6-2808-4c85-8bed-f8919a85961b'] {{(pid=110792) reserve /opt/stack/cinder/cinder/quota.py:755}}
Apr 12 12:17:23.159678 dv-cinder-830093-4-iscsi devstack@c-api.service[110793]: WARNING keystonemiddleware.auth_token [req-3e7d8b31-d278-4f7a-8fdf-eb6fc3067c63 req-610163b9-77c5-417d-9957-ac3bd3085fbf None None] A valid token was submitted as a service token, but it was not a valid service token. This is incorrect but backwards compatible behaviour. This will be removed in future releases.
Apr 12 12:17:23.163108 dv-cinder-830093-4-iscsi devstack@c-api.service[110793]: INFO cinder.api.openstack.wsgi [req-3e7d8b31-d278-4f7a-8fdf-eb6fc3067c63 req-610163b9-77c5-417d-9957-ac3bd3085fbf tempest-VolumesSnapshotsTestJSON-2020284285 tempest-VolumesSnapshotsTestJSON-2020284285-project] POST http://10.222.0.20/volume/v3/73dad19d46d44c6684aa69e7e9817d04/volumes
Apr 12 12:17:23.164075 dv-cinder-830093-4-iscsi devstack@c-api.service[110793]: DEBUG cinder.api.openstack.wsgi [req-3e7d8b31-d278-4f7a-8fdf-eb6fc3067c63 req-610163b9-77c5-417d-9957-ac3bd3085fbf tempest-VolumesSnapshotsTestJSON-2020284285 tempest-VolumesSnapshotsTestJSON-2020284285-project] Action: 'create', calling method: create, body: {"volume": {"size": 1, "consistencygroup_id": null, "snapshot_id": null, "name": "tempest-VolumesSnapshotsTestJSON-volume-1655275077", "description": null, "volume_type": null, "availability_zone": null, "metadata": {}, "imageRef": null, "source_volid": null, "backup_id": null}} {{(pid=110793) _process_stack /opt/stack/cinder/cinder/api/openstack/wsgi.py:866}}
Apr 12 12:17:23.165504 dv-cinder-830093-4-iscsi devstack@c-api.service[110793]: DEBUG cinder.api.v3.volumes [req-3e7d8b31-d278-4f7a-8fdf-eb6fc3067c63 req-610163b9-77c5-417d-9957-ac3bd3085fbf tempest-VolumesSnapshotsTestJSON-2020284285 tempest-VolumesSnapshotsTestJSON-2020284285-project] Create volume request body: {'volume': {'size': 1, 'consistencygroup_id': None, 'snapshot_id': None, 'name': 'tempest-VolumesSnapshotsTestJSON-volume-1655275077', 'description': None, 'volume_type': None, 'availability_zone': None, 'metadata': {}, 'imageRef': None, 'source_volid': None, 'backup_id': None}} {{(pid=110793) create /opt/stack/cinder/cinder/api/v3/volumes.py:298}}
Apr 12 12:17:23.166441 dv-cinder-830093-4-iscsi devstack@c-api.service[110793]: INFO cinder.api.v3.volumes [req-3e7d8b31-d278-4f7a-8fdf-eb6fc3067c63 req-610163b9-77c5-417d-9957-ac3bd3085fbf tempest-VolumesSnapshotsTestJSON-2020284285 tempest-VolumesSnapshotsTestJSON-2020284285-project] Create volume of 1 GB
Apr 12 12:17:23.193719 dv-cinder-830093-4-iscsi devstack@c-api.service[110793]: DEBUG cinder.volume.api [req-3e7d8b31-d278-4f7a-8fdf-eb6fc3067c63 req-610163b9-77c5-417d-9957-ac3bd3085fbf tempest-VolumesSnapshotsTestJSON-2020284285 tempest-VolumesSnapshotsTestJSON-2020284285-project] Availability zone cache updated, next update will occur around 2022-04-12 13:17:23.192182. {{(pid=110793) list_availability_zones /opt/stack/cinder/cinder/volume/api.py:152}}
Apr 12 12:17:23.194999 dv-cinder-830093-4-iscsi devstack@c-api.service[110793]: INFO cinder.volume.api [req-3e7d8b31-d278-4f7a-8fdf-eb6fc3067c63 req-610163b9-77c5-417d-9957-ac3bd3085fbf tempest-VolumesSnapshotsTestJSON-2020284285 tempest-VolumesSnapshotsTestJSON-2020284285-project] Availability Zones retrieved successfully.
Apr 12 12:17:23.235701 dv-cinder-830093-4-iscsi devstack@c-api.service[110792]: INFO cinder.api.openstack.wsgi [None req-a315d2a4-312b-45ff-bb3e-4cab7d6161c9 tempest-GroupsTest-305522989 tempest-GroupsTest-305522989-project] http://10.222.0.20/volume/v3/f5f8e05df0f941719b4c21b238047af0/groups returned with HTTP 202
Apr 12 12:17:23.239275 dv-cinder-830093-4-iscsi devstack@c-api.service[110792]: [pid: 110792|app: 0|req: 6/10] 10.222.0.20 () {62 vars in 1273 bytes} [Tue Apr 12 12:17:22 2022] POST /volume/v3/f5f8e05df0f941719b4c21b238047af0/groups => generated 93 bytes in 1060 msecs (HTTP/1.1 202) 7 headers in 291 bytes (1 switches on core 0)
Apr 12 12:17:23.241150 dv-cinder-830093-4-iscsi devstack@c-api.service[110792]: DEBUG cinder.api.middleware.request_id [None req-651247d5-27fd-423c-a576-ca22774a31fb None None] RequestId filter calling following filter/app {{(pid=110792) _context_setter /opt/stack/cinder/cinder/api/middleware/request_id.py:62}}
Apr 12 12:17:23.286812 dv-cinder-830093-4-iscsi devstack@c-api.service[110793]: DEBUG cinder.volume.api [req-3e7d8b31-d278-4f7a-8fdf-eb6fc3067c63 req-610163b9-77c5-417d-9957-ac3bd3085fbf tempest-VolumesSnapshotsTestJSON-2020284285 tempest-VolumesSnapshotsTestJSON-2020284285-project] Flow 'volume_create_api' (aa0f4912-1f45-4410-9277-2009ddfe3f9a) transitioned into state 'RUNNING' from state 'PENDING' {{(pid=110793) _flow_receiver /usr/local/lib/python3.8/dist-packages/taskflow/listeners/logging.py:141}}
Apr 12 12:17:23.308105 dv-cinder-830093-4-iscsi devstack@c-api.service[110793]: DEBUG cinder.volume.api [req-3e7d8b31-d278-4f7a-8fdf-eb6fc3067c63 req-610163b9-77c5-417d-9957-ac3bd3085fbf tempest-VolumesSnapshotsTestJSON-2020284285 tempest-VolumesSnapshotsTestJSON-2020284285-project] Task 'cinder.volume.flows.api.create_volume.ExtractVolumeRequestTask;volume:create' (5c2c261c-114e-4cb1-b5ba-b546a5bf1897) transitioned into state 'RUNNING' from state 'PENDING' {{(pid=110793) _task_receiver /usr/local/lib/python3.8/dist-packages/taskflow/listeners/logging.py:190}}
Apr 12 12:17:23.311597 dv-cinder-830093-4-iscsi devstack@c-api.service[110793]: DEBUG cinder.volume.flows.api.create_volume [req-3e7d8b31-d278-4f7a-8fdf-eb6fc3067c63 req-610163b9-77c5-417d-9957-ac3bd3085fbf tempest-VolumesSnapshotsTestJSON-2020284285 tempest-VolumesSnapshotsTestJSON-2020284285-project] Validating volume size '1' using validate_int {{(pid=110793) _extract_size /opt/stack/cinder/cinder/volume/flows/api/create_volume.py:225}}
Apr 12 12:17:23.359462 dv-cinder-830093-4-iscsi devstack@c-api.service[110792]: INFO cinder.api.openstack.wsgi [None req-651247d5-27fd-423c-a576-ca22774a31fb tempest-GroupSnapshotsTest-1604938923 tempest-GroupSnapshotsTest-1604938923-project-admin] POST http://10.222.0.20/volume/v3/d73793f57976487ebdfa392220e08193/types
Apr 12 12:17:23.360586 dv-cinder-830093-4-iscsi devstack@c-api.service[110792]: DEBUG cinder.api.openstack.wsgi [None req-651247d5-27fd-423c-a576-ca22774a31fb tempest-GroupSnapshotsTest-1604938923 tempest-GroupSnapshotsTest-1604938923-project-admin] Action: 'create', calling method: _create, body: {"volume_type": {"name": "tempest-GroupSnapshotsTest-volume-type-1060310456"}} {{(pid=110792) _process_stack /opt/stack/cinder/cinder/api/openstack/wsgi.py:866}}
Apr 12 12:17:23.362079 dv-cinder-830093-4-iscsi devstack@c-api.service[110792]: /usr/local/lib/python3.8/dist-packages/oslo_context/context.py:100: DeprecationWarning: Policy enforcement is depending on the value of is_admin. This key is deprecated. Please update your policy file to use the standard policy values.
Apr 12 12:17:23.362079 dv-cinder-830093-4-iscsi devstack@c-api.service[110792]: warnings.warn('Policy enforcement is depending on the value of '
Apr 12 12:17:23.492972 dv-cinder-830093-4-iscsi devstack@c-api.service[110793]: DEBUG cinder.volume.api [req-3e7d8b31-d278-4f7a-8fdf-eb6fc3067c63 req-610163b9-77c5-417d-9957-ac3bd3085fbf tempest-VolumesSnapshotsTestJSON-2020284285 tempest-VolumesSnapshotsTestJSON-2020284285-project] Task 'cinder.volume.flows.api.create_volume.ExtractVolumeRequestTask;volume:create' (5c2c261c-114e-4cb1-b5ba-b546a5bf1897) transitioned into state 'SUCCESS' from state 'RUNNING' with result '{'size': 1, 'snapshot_id': None, 'source_volid': None, 'volume_type': VolumeType(created_at=2022-04-12T12:00:23Z,deleted=False,deleted_at=None,description='Default Volume Type',extra_specs={},id=8f44f600-cf4d-4249-a021-a70885a0bca3,is_public=True,name='__DEFAULT__',projects=[],qos_specs=,qos_specs_id=None,updated_at=2022-04-12T12:00:23Z), 'volume_type_id': '8f44f600-cf4d-4249-a021-a70885a0bca3', 'encryption_key_id': None, 'qos_specs': None, 'consistencygroup_id': None, 'cgsnapshot_id': None, 'group_id': None, 'replication_status': 'disabled', 'refresh_az': False, 'backup_id': None, 'multiattach': False, 'availability_zones': ['nova']}' {{(pid=110793) _task_receiver /usr/local/lib/python3.8/dist-packages/taskflow/listeners/logging.py:178}}
Apr 12 12:17:23.495781 dv-cinder-830093-4-iscsi devstack@c-api.service[110793]: DEBUG cinder.volume.api [req-3e7d8b31-d278-4f7a-8fdf-eb6fc3067c63 req-610163b9-77c5-417d-9957-ac3bd3085fbf tempest-VolumesSnapshotsTestJSON-2020284285 tempest-VolumesSnapshotsTestJSON-2020284285-project] Task 'cinder.volume.flows.api.create_volume.QuotaReserveTask;volume:create' (17e7af29-5f36-4e06-819f-b42c11da5454) transitioned into state 'RUNNING' from state 'PENDING' {{(pid=110793) _task_receiver /usr/local/lib/python3.8/dist-packages/taskflow/listeners/logging.py:190}}
Apr 12 12:17:23.512400 dv-cinder-830093-4-iscsi devstack@c-api.service[110792]: INFO cinder.api.openstack.wsgi [None req-651247d5-27fd-423c-a576-ca22774a31fb tempest-GroupSnapshotsTest-1604938923 tempest-GroupSnapshotsTest-1604938923-project-admin] http://10.222.0.20/volume/v3/d73793f57976487ebdfa392220e08193/types returned with HTTP 200
Apr 12 12:17:23.521267 dv-cinder-830093-4-iscsi devstack@c-api.service[110792]: [pid: 110792|app: 0|req: 7/11] 10.222.0.20 () {60 vars in 1228 bytes} [Tue Apr 12 12:17:23 2022] POST /volume/v3/d73793f57976487ebdfa392220e08193/types => generated 224 bytes in 281 msecs (HTTP/1.1 200) 7 headers in 285 bytes (1 switches on core 0)
Apr 12 12:17:23.522920 dv-cinder-830093-4-iscsi devstack@c-api.service[110792]: DEBUG cinder.api.middleware.request_id [None req-ec8bf260-8f00-4702-8d64-a69987f8608d None None] RequestId filter calling following filter/app {{(pid=110792) _context_setter /opt/stack/cinder/cinder/api/middleware/request_id.py:62}}
Apr 12 12:17:23.532773 dv-cinder-830093-4-iscsi devstack@c-api.service[110792]: INFO cinder.api.openstack.wsgi [None req-ec8bf260-8f00-4702-8d64-a69987f8608d tempest-GroupsTest-305522989 tempest-GroupsTest-305522989-project] GET http://10.222.0.20/volume/v3/f5f8e05df0f941719b4c21b238047af0/groups/bb7187ba-7b55-4f8a-a082-67a1d683f090
Apr 12 12:17:23.535597 dv-cinder-830093-4-iscsi devstack@c-api.service[110792]: DEBUG cinder.api.openstack.wsgi [None req-ec8bf260-8f00-4702-8d64-a69987f8608d tempest-GroupsTest-305522989 tempest-GroupsTest-305522989-project] Empty body provided in request {{(pid=110792) get_body /opt/stack/cinder/cinder/api/openstack/wsgi.py:715}}
Apr 12 12:17:23.539460 dv-cinder-830093-4-iscsi devstack@c-api.service[110792]: DEBUG cinder.api.openstack.wsgi [None req-ec8bf260-8f00-4702-8d64-a69987f8608d tempest-GroupsTest-305522989 tempest-GroupsTest-305522989-project] Calling method 'version_select' {{(pid=110792) _process_stack /opt/stack/cinder/cinder/api/openstack/wsgi.py:868}}
Apr 12 12:17:23.539460 dv-cinder-830093-4-iscsi devstack@c-api.service[110792]: DEBUG cinder.api.v3.groups [None req-ec8bf260-8f00-4702-8d64-a69987f8608d tempest-GroupsTest-305522989 tempest-GroupsTest-305522989-project] show called for member bb7187ba-7b55-4f8a-a082-67a1d683f090 {{(pid=110792) show /opt/stack/cinder/cinder/api/v3/groups.py:58}}
Apr 12 12:17:23.550449 dv-cinder-830093-4-iscsi devstack@c-api.service[110792]: /usr/local/lib/python3.8/dist-packages/oslo_context/context.py:100: DeprecationWarning: Policy enforcement is depending on the value of is_admin. This key is deprecated. Please update your policy file to use the standard policy values.
Apr 12 12:17:23.550449 dv-cinder-830093-4-iscsi devstack@c-api.service[110792]: warnings.warn('Policy enforcement is depending on the value of '
Apr 12 12:17:23.607444 dv-cinder-830093-4-iscsi devstack@c-api.service[110792]: INFO cinder.api.openstack.wsgi [None req-ec8bf260-8f00-4702-8d64-a69987f8608d tempest-GroupsTest-305522989 tempest-GroupsTest-305522989-project] http://10.222.0.20/volume/v3/f5f8e05df0f941719b4c21b238047af0/groups/bb7187ba-7b55-4f8a-a082-67a1d683f090 returned with HTTP 200
Apr 12 12:17:23.608943 dv-cinder-830093-4-iscsi devstack@c-api.service[110792]: [pid: 110792|app: 0|req: 8/12] 10.222.0.20 () {60 vars in 1362 bytes} [Tue Apr 12 12:17:23 2022] GET /volume/v3/f5f8e05df0f941719b4c21b238047af0/groups/bb7187ba-7b55-4f8a-a082-67a1d683f090 => generated 321 bytes in 87 msecs (HTTP/1.1 200) 7 headers in 286 bytes (1 switches on core 0)
Apr 12 12:17:23.610727 dv-cinder-830093-4-iscsi devstack@c-api.service[110792]: DEBUG cinder.api.middleware.request_id [None req-288178b5-9771-4a65-a03b-a26f70d375e3 None None] RequestId filter calling following filter/app {{(pid=110792) _context_setter /opt/stack/cinder/cinder/api/middleware/request_id.py:62}}
Apr 12 12:17:23.614927 dv-cinder-830093-4-iscsi devstack@c-api.service[110792]: INFO cinder.api.openstack.wsgi [None req-288178b5-9771-4a65-a03b-a26f70d375e3 tempest-GroupSnapshotsTest-1604938923 tempest-GroupSnapshotsTest-1604938923-project-admin] POST http://10.222.0.20/volume/v3/d73793f57976487ebdfa392220e08193/group_types
Apr 12 12:17:23.616030 dv-cinder-830093-4-iscsi devstack@c-api.service[110792]: DEBUG cinder.api.openstack.wsgi [None req-288178b5-9771-4a65-a03b-a26f70d375e3 tempest-GroupSnapshotsTest-1604938923 tempest-GroupSnapshotsTest-1604938923-project-admin] Action: 'create', calling method: version_select, body: {"group_type": {"name": "tempest-GroupSnapshotsTest-group-type-1893287361"}} {{(pid=110792) _process_stack /opt/stack/cinder/cinder/api/openstack/wsgi.py:866}}
Apr 12 12:17:23.617470 dv-cinder-830093-4-iscsi devstack@c-api.service[110792]: /usr/local/lib/python3.8/dist-packages/oslo_context/context.py:100: DeprecationWarning: Policy enforcement is depending on the value of is_admin. This key is deprecated. Please update your policy file to use the standard policy values.
Apr 12 12:17:23.617470 dv-cinder-830093-4-iscsi devstack@c-api.service[110792]: warnings.warn('Policy enforcement is depending on the value of '
Apr 12 12:17:23.623283 dv-cinder-830093-4-iscsi devstack@c-api.service[110793]: WARNING cinder.quota [req-3e7d8b31-d278-4f7a-8fdf-eb6fc3067c63 req-610163b9-77c5-417d-9957-ac3bd3085fbf tempest-VolumesSnapshotsTestJSON-2020284285 tempest-VolumesSnapshotsTestJSON-2020284285-project] Deprecated: Default quota for resource: volumes___DEFAULT__ is set by the default quota flag: quota_volumes___DEFAULT__, it is now deprecated. Please use the default quota class for default quota.
Apr 12 12:17:23.624065 dv-cinder-830093-4-iscsi devstack@c-api.service[110793]: WARNING cinder.quota [req-3e7d8b31-d278-4f7a-8fdf-eb6fc3067c63 req-610163b9-77c5-417d-9957-ac3bd3085fbf tempest-VolumesSnapshotsTestJSON-2020284285 tempest-VolumesSnapshotsTestJSON-2020284285-project] Deprecated: Default quota for resource: gigabytes___DEFAULT__ is set by the default quota flag: quota_gigabytes___DEFAULT__, it is now deprecated. Please use the default quota class for default quota.
Apr 12 12:17:23.796895 dv-cinder-830093-4-iscsi devstack@c-api.service[110792]: INFO cinder.api.openstack.wsgi [None req-288178b5-9771-4a65-a03b-a26f70d375e3 tempest-GroupSnapshotsTest-1604938923 tempest-GroupSnapshotsTest-1604938923-project-admin] http://10.222.0.20/volume/v3/d73793f57976487ebdfa392220e08193/group_types returned with HTTP 202
Apr 12 12:17:23.803134 dv-cinder-830093-4-iscsi devstack@c-api.service[110792]: [pid: 110792|app: 0|req: 9/13] 10.222.0.20 () {62 vars in 1287 bytes} [Tue Apr 12 12:17:23 2022] POST /volume/v3/d73793f57976487ebdfa392220e08193/group_types => generated 181 bytes in 190 msecs (HTTP/1.1 202) 7 headers in 292 bytes (1 switches on core 0)
Apr 12 12:17:23.810794 dv-cinder-830093-4-iscsi devstack@c-api.service[110792]: DEBUG cinder.api.middleware.request_id [None req-78bd36ef-ef78-4b16-9921-433c5b2e85b0 None None] RequestId filter calling following filter/app {{(pid=110792) _context_setter /opt/stack/cinder/cinder/api/middleware/request_id.py:62}}
Apr 12 12:17:23.993457 dv-cinder-830093-4-iscsi devstack@c-api.service[110793]: DEBUG cinder.quota [req-3e7d8b31-d278-4f7a-8fdf-eb6fc3067c63 req-610163b9-77c5-417d-9957-ac3bd3085fbf tempest-VolumesSnapshotsTestJSON-2020284285 tempest-VolumesSnapshotsTestJSON-2020284285-project] Created reservations ['23c2055a-11ea-433c-b525-97f5086a3932', 'ed37458f-e715-43cb-9fb9-79ed67ca6c4f', 'da070985-1c6c-4316-9d18-1eabca0f0e36', '73fffcb6-4b23-4d72-96d0-3ad7a0cc278f'] {{(pid=110793) reserve /opt/stack/cinder/cinder/quota.py:755}}
Apr 12 12:17:23.995549 dv-cinder-830093-4-iscsi devstack@c-api.service[110793]: DEBUG cinder.volume.api [req-3e7d8b31-d278-4f7a-8fdf-eb6fc3067c63 req-610163b9-77c5-417d-9957-ac3bd3085fbf tempest-VolumesSnapshotsTestJSON-2020284285 tempest-VolumesSnapshotsTestJSON-2020284285-project] Task 'cinder.volume.flows.api.create_volume.QuotaReserveTask;volume:create' (17e7af29-5f36-4e06-819f-b42c11da5454) transitioned into state 'SUCCESS' from state 'RUNNING' with result '{'reservations': ['23c2055a-11ea-433c-b525-97f5086a3932', 'ed37458f-e715-43cb-9fb9-79ed67ca6c4f', 'da070985-1c6c-4316-9d18-1eabca0f0e36', '73fffcb6-4b23-4d72-96d0-3ad7a0cc278f']}' {{(pid=110793) _task_receiver /usr/local/lib/python3.8/dist-packages/taskflow/listeners/logging.py:178}}
Apr 12 12:17:23.998039 dv-cinder-830093-4-iscsi devstack@c-api.service[110793]: DEBUG cinder.volume.api [req-3e7d8b31-d278-4f7a-8fdf-eb6fc3067c63 req-610163b9-77c5-417d-9957-ac3bd3085fbf tempest-VolumesSnapshotsTestJSON-2020284285 tempest-VolumesSnapshotsTestJSON-2020284285-project] Task 'cinder.volume.flows.api.create_volume.EntryCreateTask;volume:create' (9bee04e5-c57c-466d-9928-43ba200571be) transitioned into state 'RUNNING' from state 'PENDING' {{(pid=110793) _task_receiver /usr/local/lib/python3.8/dist-packages/taskflow/listeners/logging.py:190}}
Apr 12 12:17:24.109956 dv-cinder-830093-4-iscsi devstack@c-api.service[110792]: INFO cinder.api.openstack.wsgi [None req-78bd36ef-ef78-4b16-9921-433c5b2e85b0 tempest-GroupSnapshotsTest-1884278693 tempest-GroupSnapshotsTest-1884278693-project] POST http://10.222.0.20/volume/v3/015ddc3922ef495a910461a9299cb724/groups
Apr 12 12:17:24.113672 dv-cinder-830093-4-iscsi devstack@c-api.service[110792]: DEBUG cinder.api.openstack.wsgi [None req-78bd36ef-ef78-4b16-9921-433c5b2e85b0 tempest-GroupSnapshotsTest-1884278693 tempest-GroupSnapshotsTest-1884278693-project] Action: 'create', calling method: version_select, body: {"group": {"group_type": "f6c17136-4ee7-4961-8d99-325e48c27251", "volume_types": ["f8e75fbc-d95e-4ea7-b1a8-d58d9143d72a"], "name": "tempest-GroupSnapshotsTest-Group-722182828"}} {{(pid=110792) _process_stack /opt/stack/cinder/cinder/api/openstack/wsgi.py:866}}
Apr 12 12:17:24.113672 dv-cinder-830093-4-iscsi devstack@c-api.service[110792]: DEBUG cinder.api.v3.groups [None req-78bd36ef-ef78-4b16-9921-433c5b2e85b0 tempest-GroupSnapshotsTest-1884278693 tempest-GroupSnapshotsTest-1884278693-project] Creating new group {'group': {'group_type': 'f6c17136-4ee7-4961-8d99-325e48c27251', 'volume_types': ['f8e75fbc-d95e-4ea7-b1a8-d58d9143d72a'], 'name': 'tempest-GroupSnapshotsTest-Group-722182828'}} {{(pid=110792) create /opt/stack/cinder/cinder/api/v3/groups.py:190}}
Apr 12 12:17:24.118276 dv-cinder-830093-4-iscsi devstack@c-api.service[110792]: INFO cinder.api.v3.groups [None req-78bd36ef-ef78-4b16-9921-433c5b2e85b0 tempest-GroupSnapshotsTest-1884278693 tempest-GroupSnapshotsTest-1884278693-project] Creating group tempest-GroupSnapshotsTest-Group-722182828.
Apr 12 12:17:24.144023 dv-cinder-830093-4-iscsi devstack@c-api.service[110792]: INFO cinder.volume.api [None req-78bd36ef-ef78-4b16-9921-433c5b2e85b0 tempest-GroupSnapshotsTest-1884278693 tempest-GroupSnapshotsTest-1884278693-project] Availability Zones retrieved successfully.
Apr 12 12:17:24.216311 dv-cinder-830093-4-iscsi devstack@c-api.service[110793]: DEBUG cinder.volume.api [req-3e7d8b31-d278-4f7a-8fdf-eb6fc3067c63 req-610163b9-77c5-417d-9957-ac3bd3085fbf tempest-VolumesSnapshotsTestJSON-2020284285 tempest-VolumesSnapshotsTestJSON-2020284285-project] Task 'cinder.volume.flows.api.create_volume.EntryCreateTask;volume:create' (9bee04e5-c57c-466d-9928-43ba200571be) transitioned into state 'SUCCESS' from state 'RUNNING' with result '{'volume_id': '259c0e08-56df-4d01-80f8-bec5e9c93e8f', 'volume_properties': VolumeProperties(attach_status='detached',availability_zone='nova',cgsnapshot_id=None,consistencygroup_id=None,display_description=None,display_name='tempest-VolumesSnapshotsTestJSON-volume-1655275077',encryption_key_id=None,group_id=None,group_type_id=,metadata={},multiattach=False,project_id='73dad19d46d44c6684aa69e7e9817d04',qos_specs=None,replication_status=,reservations=['23c2055a-11ea-433c-b525-97f5086a3932','ed37458f-e715-43cb-9fb9-79ed67ca6c4f','da070985-1c6c-4316-9d18-1eabca0f0e36','73fffcb6-4b23-4d72-96d0-3ad7a0cc278f'],size=1,snapshot_id=None,source_replicaid=,source_volid=None,status='creating',user_id='a8cbb50d3c124c53811e58e7b5efbd9e',volume_type_id=8f44f600-cf4d-4249-a021-a70885a0bca3), 'volume': Volume(_name_id=None,admin_metadata=,attach_status='detached',availability_zone='nova',bootable=False,cluster=,cluster_name=None,consistencygroup=,consistencygroup_id=None,created_at=2022-04-12T12:17:24Z,deleted=False,deleted_at=None,display_description=None,display_name='tempest-VolumesSnapshotsTestJSON-volume-1655275077',ec2_id=None,encryption_key_id=None,glance_metadata=,group=,group_id=None,host=None,id=259c0e08-56df-4d01-80f8-bec5e9c93e8f,launched_at=None,metadata={},migration_status=None,multiattach=False,previous_status=None,project_id='73dad19d46d44c6684aa69e7e9817d04',provider_auth=None,provider_geometry=None,provider_id=None,provider_location=None,replication_driver_data=None,replication_extended_status=None,replication_status=None,scheduled_at=None,service_uuid=None,shared_targets=True,size=1,snapshot_id=None,snapshots=,source_volid=None,status='creating',terminated_at=None,updated_at=None,use_quota=True,user_id='a8cbb50d3c124c53811e58e7b5efbd9e',volume_attachment=VolumeAttachmentList,volume_type=VolumeType(8f44f600-cf4d-4249-a021-a70885a0bca3),volume_type_id=8f44f600-cf4d-4249-a021-a70885a0bca3)}' {{(pid=110793) _task_receiver /usr/local/lib/python3.8/dist-packages/taskflow/listeners/logging.py:178}}
Apr 12 12:17:24.219757 dv-cinder-830093-4-iscsi devstack@c-api.service[110793]: DEBUG cinder.volume.api [req-3e7d8b31-d278-4f7a-8fdf-eb6fc3067c63 req-610163b9-77c5-417d-9957-ac3bd3085fbf tempest-VolumesSnapshotsTestJSON-2020284285 tempest-VolumesSnapshotsTestJSON-2020284285-project] Task 'cinder.volume.flows.api.create_volume.QuotaCommitTask;volume:create' (efcb43aa-fd0e-4bc2-9fcb-973eac3db796) transitioned into state 'RUNNING' from state 'PENDING' {{(pid=110793) _task_receiver /usr/local/lib/python3.8/dist-packages/taskflow/listeners/logging.py:190}}
Apr 12 12:17:24.328254 dv-cinder-830093-4-iscsi devstack@c-api.service[110793]: DEBUG cinder.volume.api [req-3e7d8b31-d278-4f7a-8fdf-eb6fc3067c63 req-610163b9-77c5-417d-9957-ac3bd3085fbf tempest-VolumesSnapshotsTestJSON-2020284285 tempest-VolumesSnapshotsTestJSON-2020284285-project] Task 'cinder.volume.flows.api.create_volume.QuotaCommitTask;volume:create' (efcb43aa-fd0e-4bc2-9fcb-973eac3db796) transitioned into state 'SUCCESS' from state 'RUNNING' with result '{'volume_properties': VolumeProperties(attach_status='detached',availability_zone='nova',cgsnapshot_id=None,consistencygroup_id=None,display_description=None,display_name='tempest-VolumesSnapshotsTestJSON-volume-1655275077',encryption_key_id=None,group_id=None,group_type_id=,metadata={},multiattach=False,project_id='73dad19d46d44c6684aa69e7e9817d04',qos_specs=None,replication_status=,reservations=['23c2055a-11ea-433c-b525-97f5086a3932','ed37458f-e715-43cb-9fb9-79ed67ca6c4f','da070985-1c6c-4316-9d18-1eabca0f0e36','73fffcb6-4b23-4d72-96d0-3ad7a0cc278f'],size=1,snapshot_id=None,source_replicaid=,source_volid=None,status='creating',user_id='a8cbb50d3c124c53811e58e7b5efbd9e',volume_type_id=8f44f600-cf4d-4249-a021-a70885a0bca3)}' {{(pid=110793) _task_receiver /usr/local/lib/python3.8/dist-packages/taskflow/listeners/logging.py:178}}
Apr 12 12:17:24.330461 dv-cinder-830093-4-iscsi devstack@c-api.service[110793]: DEBUG cinder.volume.api [req-3e7d8b31-d278-4f7a-8fdf-eb6fc3067c63 req-610163b9-77c5-417d-9957-ac3bd3085fbf tempest-VolumesSnapshotsTestJSON-2020284285 tempest-VolumesSnapshotsTestJSON-2020284285-project] Task 'cinder.volume.flows.api.create_volume.VolumeCastTask;volume:create' (3b81017e-de11-4949-b12b-a3c47ed11ec1) transitioned into state 'RUNNING' from state 'PENDING' {{(pid=110793) _task_receiver /usr/local/lib/python3.8/dist-packages/taskflow/listeners/logging.py:190}}
Apr 12 12:17:24.440422 dv-cinder-830093-4-iscsi devstack@c-api.service[110792]: DEBUG cinder.quota [None req-78bd36ef-ef78-4b16-9921-433c5b2e85b0 tempest-GroupSnapshotsTest-1884278693 tempest-GroupSnapshotsTest-1884278693-project] Created reservations ['d799b10e-7325-451c-a717-d0d15b7e1ec3'] {{(pid=110792) reserve /opt/stack/cinder/cinder/quota.py:755}}
Apr 12 12:17:24.555351 dv-cinder-830093-4-iscsi devstack@c-api.service[110793]: DEBUG cinder.volume.api [req-3e7d8b31-d278-4f7a-8fdf-eb6fc3067c63 req-610163b9-77c5-417d-9957-ac3bd3085fbf tempest-VolumesSnapshotsTestJSON-2020284285 tempest-VolumesSnapshotsTestJSON-2020284285-project] Task 'cinder.volume.flows.api.create_volume.VolumeCastTask;volume:create' (3b81017e-de11-4949-b12b-a3c47ed11ec1) transitioned into state 'SUCCESS' from state 'RUNNING' with result 'None' {{(pid=110793) _task_receiver /usr/local/lib/python3.8/dist-packages/taskflow/listeners/logging.py:178}}
Apr 12 12:17:24.562335 dv-cinder-830093-4-iscsi devstack@c-api.service[110793]: DEBUG cinder.volume.api [req-3e7d8b31-d278-4f7a-8fdf-eb6fc3067c63 req-610163b9-77c5-417d-9957-ac3bd3085fbf tempest-VolumesSnapshotsTestJSON-2020284285 tempest-VolumesSnapshotsTestJSON-2020284285-project] Flow 'volume_create_api' (aa0f4912-1f45-4410-9277-2009ddfe3f9a) transitioned into state 'SUCCESS' from state 'RUNNING' {{(pid=110793) _flow_receiver /usr/local/lib/python3.8/dist-packages/taskflow/listeners/logging.py:141}}
Apr 12 12:17:24.565094 dv-cinder-830093-4-iscsi devstack@c-api.service[110793]: INFO cinder.volume.api [req-3e7d8b31-d278-4f7a-8fdf-eb6fc3067c63 req-610163b9-77c5-417d-9957-ac3bd3085fbf tempest-VolumesSnapshotsTestJSON-2020284285 tempest-VolumesSnapshotsTestJSON-2020284285-project] Create volume request issued successfully.
Apr 12 12:17:24.571838 dv-cinder-830093-4-iscsi devstack@c-api.service[110793]: INFO cinder.api.openstack.wsgi [req-3e7d8b31-d278-4f7a-8fdf-eb6fc3067c63 req-610163b9-77c5-417d-9957-ac3bd3085fbf tempest-VolumesSnapshotsTestJSON-2020284285 tempest-VolumesSnapshotsTestJSON-2020284285-project] http://10.222.0.20/volume/v3/73dad19d46d44c6684aa69e7e9817d04/volumes returned with HTTP 202
Apr 12 12:17:24.582431 dv-cinder-830093-4-iscsi devstack@c-api.service[110793]: [pid: 110793|app: 0|req: 5/14] 10.222.0.20 () {64 vars in 1521 bytes} [Tue Apr 12 12:17:22 2022] POST /volume/v3/73dad19d46d44c6684aa69e7e9817d04/volumes => generated 824 bytes in 1881 msecs (HTTP/1.1 202) 7 headers in 291 bytes (2 switches on core 0)
Apr 12 12:17:24.584346 dv-cinder-830093-4-iscsi devstack@c-api.service[110793]: DEBUG cinder.api.middleware.request_id [req-3e7d8b31-d278-4f7a-8fdf-eb6fc3067c63 req-8f1dcc7f-7945-4383-bfaf-767883fdc2dc None None] RequestId filter calling following filter/app {{(pid=110793) _context_setter /opt/stack/cinder/cinder/api/middleware/request_id.py:62}}
