Mar 08 19:17:38.737020 dv-cinder-830092-3-iscsi neutron-server[103760]: DEBUG neutron.plugins.ml2.drivers.mech_agent [None req-1f968caa-4f86-4e3f-91e5-f41ec59140f6 None None] Checking segment: {'id': '131ea792-23a6-4fe5-a6fd-474920f15357', 'network_type': 'flat', 'physical_network': 'physnet1', 'segmentation_id': None, 'network_id': '00a9f3c4-6bad-4669-ae15-07729bcc1fd2'} for mappings: {'physnet1': 'br-data'} with network types: ['local', 'flat', 'vlan'] {{(pid=103760) check_segment_for_agent /opt/stack/neutron/neutron/plugins/ml2/drivers/mech_agent.py:373}}
Mar 08 19:17:38.737426 dv-cinder-830092-3-iscsi neutron-server[103760]: DEBUG neutron_lib.callbacks.manager [None req-1f968caa-4f86-4e3f-91e5-f41ec59140f6 None None] Publish callbacks [] for ovs_bridge_name (None), before_read {{(pid=103760) _notify_loop /usr/local/lib/python3.8/dist-packages/neutron_lib/callbacks/manager.py:176}}
Mar 08 19:17:38.737816 dv-cinder-830092-3-iscsi neutron-server[103760]: DEBUG neutron.plugins.ml2.drivers.mech_agent [None req-1f968caa-4f86-4e3f-91e5-f41ec59140f6 None None] Bound using segment: {'id': '131ea792-23a6-4fe5-a6fd-474920f15357', 'network_type': 'flat', 'physical_network': 'physnet1', 'segmentation_id': None, 'network_id': '00a9f3c4-6bad-4669-ae15-07729bcc1fd2'} {{(pid=103760) bind_port /opt/stack/neutron/neutron/plugins/ml2/drivers/mech_agent.py:120}}
Mar 08 19:17:38.738291 dv-cinder-830092-3-iscsi neutron-server[103760]: DEBUG neutron.plugins.ml2.managers [None req-1f968caa-4f86-4e3f-91e5-f41ec59140f6 None None] Bound port: fb45d2db-4e04-4b30-a792-214c40733023, host: dv-cinder-830092-3-iscsi, vif_type: ovs, vif_details: {"connectivity": "l2", "port_filter": true, "ovs_hybrid_plug": false, "datapath_type": "system", "bridge_name": "br-int"}, binding_levels: [{'bound_driver': 'openvswitch', 'bound_segment': {'id': '131ea792-23a6-4fe5-a6fd-474920f15357', 'network_type': 'flat', 'physical_network': 'physnet1', 'segmentation_id': None, 'network_id': '00a9f3c4-6bad-4669-ae15-07729bcc1fd2'}}] {{(pid=103760) _bind_port_level /opt/stack/neutron/neutron/plugins/ml2/managers.py:932}}
Mar 08 19:17:38.739837 dv-cinder-830092-3-iscsi neutron-server[103760]: DEBUG neutron_lib.callbacks.manager [None req-1f968caa-4f86-4e3f-91e5-f41ec59140f6 None None] Publish callbacks ['neutron.plugins.ml2.plugin.SecurityGroupDbMixin._ensure_default_security_group_handler-594652'] for port (fb45d2db-4e04-4b30-a792-214c40733023), before_update {{(pid=103760) _notify_loop /usr/local/lib/python3.8/dist-packages/neutron_lib/callbacks/manager.py:176}}
Mar 08 19:17:38.764381 dv-cinder-830092-3-iscsi neutron-server[103758]: INFO neutron.wsgi [req-3f58c8e2-043e-4e45-b278-44248ea8e570 req-eba99a0c-7198-4acc-8bae-915deb104e1a service neutron] 10.222.0.64 "GET /v2.0/networks/e2029082-29cd-4552-a44b-4a5e4a15a1d8?fields=segments HTTP/1.1" status: 200 len: 212 time: 0.1119392
Mar 08 19:17:38.797218 dv-cinder-830092-3-iscsi neutron-server[103760]: DEBUG neutron.plugins.ml2.db [None req-1f968caa-4f86-4e3f-91e5-f41ec59140f6 None None] For port fb45d2db-4e04-4b30-a792-214c40733023, host dv-cinder-830092-3-iscsi, cleared binding levels {{(pid=103760) clear_binding_levels /opt/stack/neutron/neutron/plugins/ml2/db.py:87}}
Mar 08 19:17:38.800658 dv-cinder-830092-3-iscsi neutron-server[103760]: DEBUG neutron.plugins.ml2.db [None req-1f968caa-4f86-4e3f-91e5-f41ec59140f6 None None] For port fb45d2db-4e04-4b30-a792-214c40733023, host dv-cinder-830092-3-iscsi, set binding levels [PortBindingLevel(driver='openvswitch',host='dv-cinder-830092-3-iscsi',level=0,port_id=fb45d2db-4e04-4b30-a792-214c40733023,segment=NetworkSegment(131ea792-23a6-4fe5-a6fd-474920f15357),segment_id=131ea792-23a6-4fe5-a6fd-474920f15357)] {{(pid=103760) set_binding_levels /opt/stack/neutron/neutron/plugins/ml2/db.py:59}}
Mar 08 19:17:38.854981 dv-cinder-830092-3-iscsi neutron-server[103758]: INFO neutron.wsgi [req-3f58c8e2-043e-4e45-b278-44248ea8e570 req-219d6a06-5129-4d07-ac4a-f25288a4abcd service neutron] 10.222.0.64 "GET /v2.0/networks/e2029082-29cd-4552-a44b-4a5e4a15a1d8?fields=provider%3Aphysical_network&fields=provider%3Anetwork_type HTTP/1.1" status: 200 len: 281 time: 0.0837743
Mar 08 19:17:38.873216 dv-cinder-830092-3-iscsi neutron-server[103757]: DEBUG neutron.db.db_base_plugin_common [None req-078e8a2c-3c30-4a3a-97ff-5b8307e9c48b admin admin] Allocated IP 172.20.0.1 (a87c540b-f15d-4b47-9f06-54063bb28b6d/845dbfc1-effb-4886-8b24-637bc4d19911/3f929158-b1cb-4ca1-a952-36e10a3c940d) {{(pid=103757) _store_ip_allocation /opt/stack/neutron/neutron/db/db_base_plugin_common.py:131}}
Mar 08 19:17:38.932049 dv-cinder-830092-3-iscsi neutron-server[103760]: DEBUG neutron_lib.callbacks.manager [None req-1f968caa-4f86-4e3f-91e5-f41ec59140f6 None None] Publish callbacks ['neutron.plugins.ml2.plugin.SecurityGroupServerNotifierRpcMixin._notify_sg_on_port_change-594579', 'neutron.plugins.ml2.ovo_rpc._ObjectChangeHandler.handle_event-41777', 'neutron.api.rpc.agentnotifiers.dhcp_rpc_agent_api.DhcpAgentNotifyAPI._native_event_send_dhcp_notification-1633034', 'neutron.db.l3_db.L3RpcNotifierMixin._notify_gateway_port_ip_changed-8785633431224', 'neutron.db.l3_dvrscheduler_db._notify_l3_agent_port_update-8785633089235', 'neutron.db.l3_hascheduler_db._notify_l3_agent_ha_port_update-8785633089253'] for port (fb45d2db-4e04-4b30-a792-214c40733023), after_update {{(pid=103760) _notify_loop /usr/local/lib/python3.8/dist-packages/neutron_lib/callbacks/manager.py:176}}
Mar 08 19:17:38.985045 dv-cinder-830092-3-iscsi neutron-server[103757]: DEBUG neutron_lib.callbacks.manager [req-54267734-5e3d-42f1-9fea-58f653015dc0 req-eb149358-190b-4b8c-8d41-37386ee0cecc tempest-ServerRescueNegativeTestJSON-1393650763 tempest-ServerRescueNegativeTestJSON-1393650763-project] Publish callbacks [] for port (29f0b5c5-2d98-404d-ad24-1cb7095dc3ab), precommit_create {{(pid=103757) _notify_loop /usr/local/lib/python3.8/dist-packages/neutron_lib/callbacks/manager.py:176}}
Mar 08 19:17:39.050495 dv-cinder-830092-3-iscsi neutron-server[103757]: DEBUG neutron_lib.callbacks.manager [None req-078e8a2c-3c30-4a3a-97ff-5b8307e9c48b admin admin] Publish callbacks [] for port (3f929158-b1cb-4ca1-a952-36e10a3c940d), precommit_create {{(pid=103757) _notify_loop /usr/local/lib/python3.8/dist-packages/neutron_lib/callbacks/manager.py:176}}
Mar 08 19:17:39.083172 dv-cinder-830092-3-iscsi neutron-server[103760]: DEBUG neutron.api.rpc.handlers.resources_rpc [None req-8435af16-f2c1-4699-a9a1-891227fc21a1 None None] Pushing event updated for resources: {'Port': ['ID=fb45d2db-4e04-4b30-a792-214c40733023,revision_number=3']} {{(pid=103760) push /opt/stack/neutron/neutron/api/rpc/handlers/resources_rpc.py:237}}
Mar 08 19:17:39.091596 dv-cinder-830092-3-iscsi neutron-server[103760]: DEBUG neutron.db.l3_dvrscheduler_db [None req-1f968caa-4f86-4e3f-91e5-f41ec59140f6 None None] Routers {'b21fc775-176e-4cc6-8a14-2e18175dfe9e'} bound to L3 agent in host dv-cinder-830092-3-iscsi {{(pid=103760) _get_router_ids_for_agent /opt/stack/neutron/neutron/db/l3_dvrscheduler_db.py:421}}
Mar 08 19:17:39.092166 dv-cinder-830092-3-iscsi neutron-server[103760]: DEBUG neutron.db.l3_hamode_db [None req-1f968caa-4f86-4e3f-91e5-f41ec59140f6 None None] neutron.services.l3_router.l3_router_plugin.L3RouterPlugin method get_ha_sync_data_for_host called with arguments (, 'dv-cinder-830092-3-iscsi', Agent(admin_state_up=True,agent_type='L3 agent',availability_zone='nova',binary='neutron-l3-agent',configurations={"agent_mode": "legacy", "ex_gw_ports": 3, "extensions": [], "floating_ips": 2, "handle_internal_only_routers": true, "interface_driver": "openvswitch", "interfaces": 3, "log_agent_heartbeats": false, "routers": 3},created_at=2022-03-08T19:07:23Z,description=,heartbeat_timestamp=2022-03-08T19:17:23Z,host='dv-cinder-830092-3-iscsi',id=8aedc0ab-c754-429e-95e6-75b2aec52c43,load=0,resource_versions=,resources_synced=,started_at=2022-03-08T19:07:24Z,topic='l3_agent')) {'router_ids': ['b21fc775-176e-4cc6-8a14-2e18175dfe9e'], 'active': True} {{(pid=103760) wrapper /usr/local/lib/python3.8/dist-packages/oslo_log/helpers.py:65}}
Mar 08 19:17:39.102927 dv-cinder-830092-3-iscsi neutron-server[103758]: INFO neutron.wsgi [req-9be5c9dd-e2fe-45cc-98e4-31363349a061 req-41e8c45b-5347-4095-8a1a-f4e0f800b644 tempest-ServerRescueNegativeTestJSON-1393650763 tempest-ServerRescueNegativeTestJSON-1393650763-project] 10.222.0.21 "GET /v2.0/ports?device_id=90f559df-439c-4a62-98f6-2caaa0b7c25f HTTP/1.1" status: 200 len: 210 time: 0.0409765
Mar 08 19:17:39.150801 dv-cinder-830092-3-iscsi neutron-server[103757]: DEBUG neutron_lib.callbacks.manager [req-54267734-5e3d-42f1-9fea-58f653015dc0 req-eb149358-190b-4b8c-8d41-37386ee0cecc tempest-ServerRescueNegativeTestJSON-1393650763 tempest-ServerRescueNegativeTestJSON-1393650763-project] Publish callbacks ['neutron.plugins.ml2.plugin.SecurityGroupServerNotifierRpcMixin._notify_sg_on_port_change-594579', 'neutron.plugins.ml2.ovo_rpc._ObjectChangeHandler.handle_event-41777', 'neutron.api.rpc.agentnotifiers.dhcp_rpc_agent_api.DhcpAgentNotifyAPI._native_event_send_dhcp_notification-1633034', 'neutron.db.l3_dvrscheduler_db._notify_l3_agent_new_port-8785633089217', 'neutron.services.segments.plugin.NovaSegmentNotifier._notify_port_created_or_deleted-14676686'] for port (29f0b5c5-2d98-404d-ad24-1cb7095dc3ab), after_create {{(pid=103757) _notify_loop /usr/local/lib/python3.8/dist-packages/neutron_lib/callbacks/manager.py:176}}
Mar 08 19:17:39.192945 dv-cinder-830092-3-iscsi neutron-server[103757]: DEBUG neutron.scheduler.dhcp_agent_scheduler [req-54267734-5e3d-42f1-9fea-58f653015dc0 req-eb149358-190b-4b8c-8d41-37386ee0cecc tempest-ServerRescueNegativeTestJSON-1393650763 tempest-ServerRescueNegativeTestJSON-1393650763-project] Network e2029082-29cd-4552-a44b-4a5e4a15a1d8 is already hosted by enough agents. {{(pid=103757) _get_dhcp_agents_hosting_network /opt/stack/neutron/neutron/scheduler/dhcp_agent_scheduler.py:275}}
Mar 08 19:17:39.198028 dv-cinder-830092-3-iscsi neutron-server[103757]: DEBUG neutron.scheduler.base_scheduler [req-54267734-5e3d-42f1-9fea-58f653015dc0 req-eb149358-190b-4b8c-8d41-37386ee0cecc tempest-ServerRescueNegativeTestJSON-1393650763 tempest-ServerRescueNegativeTestJSON-1393650763-project] Resources bound (agent type, host, resource id): {{(pid=103757) schedule /opt/stack/neutron/neutron/scheduler/base_scheduler.py:57}}
Mar 08 19:17:39.201761 dv-cinder-830092-3-iscsi neutron-server[103757]: DEBUG neutron.db.l3_dvrscheduler_db [req-54267734-5e3d-42f1-9fea-58f653015dc0 req-eb149358-190b-4b8c-8d41-37386ee0cecc tempest-ServerRescueNegativeTestJSON-1393650763 tempest-ServerRescueNegativeTestJSON-1393650763-project] Received port after_create {{(pid=103757) _notify_l3_agent_new_port /opt/stack/neutron/neutron/db/l3_dvrscheduler_db.py:536}}
Mar 08 19:17:39.202444 dv-cinder-830092-3-iscsi neutron-server[103760]: DEBUG neutron.db.l3_dvr_db [None req-1f968caa-4f86-4e3f-91e5-f41ec59140f6 None None] Set router b21fc775-176e-4cc6-8a14-2e18175dfe9e gateway port host: dv-cinder-830092-3-iscsi {{(pid=103760) _build_routers_list /opt/stack/neutron/neutron/db/l3_dvr_db.py:906}}
Mar 08 19:17:39.233371 dv-cinder-830092-3-iscsi neutron-server[103757]: DEBUG neutron_lib.callbacks.manager [None req-078e8a2c-3c30-4a3a-97ff-5b8307e9c48b admin admin] Publish callbacks ['neutron.plugins.ml2.plugin.SecurityGroupServerNotifierRpcMixin._notify_sg_on_port_change-594579', 'neutron.plugins.ml2.ovo_rpc._ObjectChangeHandler.handle_event-41777', 'neutron.api.rpc.agentnotifiers.dhcp_rpc_agent_api.DhcpAgentNotifyAPI._native_event_send_dhcp_notification-1633034', 'neutron.db.l3_dvrscheduler_db._notify_l3_agent_new_port-8785633089217', 'neutron.services.segments.plugin.NovaSegmentNotifier._notify_port_created_or_deleted-14676686'] for port (3f929158-b1cb-4ca1-a952-36e10a3c940d), after_create {{(pid=103757) _notify_loop /usr/local/lib/python3.8/dist-packages/neutron_lib/callbacks/manager.py:176}}
Mar 08 19:17:39.238051 dv-cinder-830092-3-iscsi neutron-server[103757]: DEBUG neutron.api.rpc.handlers.resources_rpc [None req-eb149358-190b-4b8c-8d41-37386ee0cecc tempest-ServerRescueNegativeTestJSON-1393650763 tempest-ServerRescueNegativeTestJSON-1393650763-project] Pushing event updated for resources: {'Port': ['ID=29f0b5c5-2d98-404d-ad24-1cb7095dc3ab,revision_number=1']} {{(pid=103757) push /opt/stack/neutron/neutron/api/rpc/handlers/resources_rpc.py:237}}
Mar 08 19:17:39.290010 dv-cinder-830092-3-iscsi neutron-server[103757]: DEBUG neutron.pecan_wsgi.hooks.policy_enforcement [req-54267734-5e3d-42f1-9fea-58f653015dc0 req-eb149358-190b-4b8c-8d41-37386ee0cecc tempest-ServerRescueNegativeTestJSON-1393650763 tempest-ServerRescueNegativeTestJSON-1393650763-project] Attributes excluded by policy engine: ['standard_attr_id', 'binding:profile', 'binding:host_id', 'binding:vif_type', 'binding:vif_details', 'network'] {{(pid=103757) _exclude_attributes_by_policy /opt/stack/neutron/neutron/pecan_wsgi/hooks/policy_enforcement.py:255}}
Mar 08 19:17:39.290920 dv-cinder-830092-3-iscsi neutron-server[103757]: DEBUG neutron_lib.callbacks.manager [req-54267734-5e3d-42f1-9fea-58f653015dc0 req-eb149358-190b-4b8c-8d41-37386ee0cecc tempest-ServerRescueNegativeTestJSON-1393650763 tempest-ServerRescueNegativeTestJSON-1393650763-project] Publish callbacks ['neutron.notifiers.nova.Notifier._send_nova_notification-9969'] for port (None), before_response {{(pid=103757) _notify_loop /usr/local/lib/python3.8/dist-packages/neutron_lib/callbacks/manager.py:176}}
Mar 08 19:17:39.294202 dv-cinder-830092-3-iscsi neutron-server[103757]: DEBUG neutron.scheduler.dhcp_agent_scheduler [None req-078e8a2c-3c30-4a3a-97ff-5b8307e9c48b admin admin] Network a87c540b-f15d-4b47-9f06-54063bb28b6d is already hosted by enough agents. {{(pid=103757) _get_dhcp_agents_hosting_network /opt/stack/neutron/neutron/scheduler/dhcp_agent_scheduler.py:275}}
Mar 08 19:17:39.302236 dv-cinder-830092-3-iscsi neutron-server[103757]: DEBUG neutron.scheduler.base_scheduler [None req-078e8a2c-3c30-4a3a-97ff-5b8307e9c48b admin admin] Resources bound (agent type, host, resource id): {{(pid=103757) schedule /opt/stack/neutron/neutron/scheduler/base_scheduler.py:57}}
Mar 08 19:17:39.308531 dv-cinder-830092-3-iscsi neutron-server[103757]: DEBUG neutron.db.l3_dvrscheduler_db [None req-078e8a2c-3c30-4a3a-97ff-5b8307e9c48b admin admin] Received port after_create {{(pid=103757) _notify_l3_agent_new_port /opt/stack/neutron/neutron/db/l3_dvrscheduler_db.py:536}}
Mar 08 19:17:39.356350 dv-cinder-830092-3-iscsi neutron-server[103757]: DEBUG neutron.api.rpc.handlers.resources_rpc [None req-078e8a2c-3c30-4a3a-97ff-5b8307e9c48b admin admin] Pushing event updated for resources: {'Port': ['ID=3f929158-b1cb-4ca1-a952-36e10a3c940d,revision_number=1']} {{(pid=103757) push /opt/stack/neutron/neutron/api/rpc/handlers/resources_rpc.py:237}}
Mar 08 19:17:39.375626 dv-cinder-830092-3-iscsi neutron-server[103757]: DEBUG neutron_lib.callbacks.manager [None req-078e8a2c-3c30-4a3a-97ff-5b8307e9c48b admin admin] Publish callbacks ['neutron.services.l3_router.l3_router_plugin.DVRResourceOperationHandler._add_csnat_on_interface_create-327895'] for router_interface (b21fc775-176e-4cc6-8a14-2e18175dfe9e), before_create {{(pid=103757) _notify_loop /usr/local/lib/python3.8/dist-packages/neutron_lib/callbacks/manager.py:176}}
Mar 08 19:17:39.394468 dv-cinder-830092-3-iscsi neutron-server[103760]: DEBUG neutron.db.l3_hamode_db [None req-1f968caa-4f86-4e3f-91e5-f41ec59140f6 None None] neutron.services.l3_router.l3_router_plugin.L3RouterPlugin method _process_sync_ha_data called with arguments (, [{'id': 'b21fc775-176e-4cc6-8a14-2e18175dfe9e', 'name': 'tempest-TestVolumeBootPattern-2058458988-router', 'tenant_id': '77bda9809dfb4144986c270b0493dcb9', 'admin_state_up': True, 'status': 'ACTIVE', 'external_gateway_info': {'network_id': '00a9f3c4-6bad-4669-ae15-07729bcc1fd2', 'external_fixed_ips': [{'subnet_id': 'f5d24f4d-3684-40fb-8092-55026cfbf07a', 'ip_address': '172.27.2.108'}], 'enable_snat': True}, 'gw_port_id': 'fb45d2db-4e04-4b30-a792-214c40733023', 'description': '', 'availability_zones': ['nova'], 'distributed': False, 'ha': False, 'ha_vr_id': 0, 'availability_zone_hints': [], 'routes': [], 'flavor_id': None, 'tags': [], 'created_at': '2022-03-08T19:17:35Z', 'updated_at': '2022-03-08T19:17:36Z', 'revision_number': 3, 'project_id': '77bda9809dfb4144986c270b0493dcb9', 'gw_port': {'id': 'fb45d2db-4e04-4b30-a792-214c40733023', 'name': '', 'network_id': '00a9f3c4-6bad-4669-ae15-07729bcc1fd2', 'tenant_id': '', 'mac_address': 'fa:16:3e:95:bd:53', 'admin_state_up': True, 'status': 'DOWN', 'device_id': 'b21fc775-176e-4cc6-8a14-2e18175dfe9e', 'device_owner': 'network:router_gateway', 'standard_attr_id': 313, 'fixed_ips': [{'subnet_id': 'f5d24f4d-3684-40fb-8092-55026cfbf07a', 'ip_address': '172.27.2.108', 'prefixlen': 24}], 'allowed_address_pairs': [], 'extra_dhcp_opts': [], 'security_groups': [], 'description': '', 'binding:vnic_type': 'normal', 'binding:profile': {}, 'binding:host_id': 'dv-cinder-830092-3-iscsi', 'binding:vif_type': 'ovs', 'binding:vif_details': {'connectivity': 'l2', 'port_filter': True, 'ovs_hybrid_plug': False, 'datapath_type': 'system', 'bridge_name': 'br-int', 'bound_drivers': {'0': 'openvswitch'}}, 'port_security_enabled': False, 'tags': [], 'created_at': '2022-03-08T19:17:36Z', 'updated_at': '2022-03-08T19:17:38Z', 'revision_number': 3, 'project_id': '', 'subnets': [{'id': 'f5d24f4d-3684-40fb-8092-55026cfbf07a', 'cidr': '172.27.2.0/24', 'gateway_ip': '172.27.2.1', 'dns_nameservers': [], 'ipv6_ra_mode': None, 'subnetpool_id': None}], 'extra_subnets': [], 'address_scopes': {4: None, 6: None}, 'mtu': 1500}, 'enable_snat': True, 'gw_port_host': 'dv-cinder-830092-3-iscsi'}], 'dv-cinder-830092-3-iscsi', False) {} {{(pid=103760) wrapper /usr/local/lib/python3.8/dist-packages/oslo_log/helpers.py:65}}
Mar 08 19:17:39.431826 dv-cinder-830092-3-iscsi neutron-server[103760]: DEBUG neutron.api.rpc.handlers.l3_rpc [None req-1f968caa-4f86-4e3f-91e5-f41ec59140f6 None None] The sync data for ids ['b21fc775-176e-4cc6-8a14-2e18175dfe9e'] in dv-cinder-830092-3-iscsi is: [{'id': 'b21fc775-176e-4cc6-8a14-2e18175dfe9e', 'name': 'tempest-TestVolumeBootPattern-2058458988-router', 'tenant_id': '77bda9809dfb4144986c270b0493dcb9', 'admin_state_up': True, 'status': 'ACTIVE', 'external_gateway_info': {'network_id': '00a9f3c4-6bad-4669-ae15-07729bcc1fd2', 'external_fixed_ips': [{'subnet_id': 'f5d24f4d-3684-40fb-8092-55026cfbf07a', 'ip_address': '172.27.2.108'}], 'enable_snat': True}, 'gw_port_id': 'fb45d2db-4e04-4b30-a792-214c40733023', 'description': '', 'availability_zones': ['nova'], 'distributed': False, 'ha': False, 'ha_vr_id': 0, 'availability_zone_hints': [], 'routes': [], 'flavor_id': None, 'tags': [], 'created_at': '2022-03-08T19:17:35Z', 'updated_at': '2022-03-08T19:17:36Z', 'revision_number': 3, 'project_id': '77bda9809dfb4144986c270b0493dcb9', 'gw_port': {'id': 'fb45d2db-4e04-4b30-a792-214c40733023', 'name': '', 'network_id': '00a9f3c4-6bad-4669-ae15-07729bcc1fd2', 'tenant_id': '', 'mac_address': 'fa:16:3e:95:bd:53', 'admin_state_up': True, 'status': 'DOWN', 'device_id': 'b21fc775-176e-4cc6-8a14-2e18175dfe9e', 'device_owner': 'network:router_gateway', 'standard_attr_id': 313, 'fixed_ips': [{'subnet_id': 'f5d24f4d-3684-40fb-8092-55026cfbf07a', 'ip_address': '172.27.2.108', 'prefixlen': 24}], 'allowed_address_pairs': [], 'extra_dhcp_opts': [], 'security_groups': [], 'description': '', 'binding:vnic_type': 'normal', 'binding:profile': {}, 'binding:host_id': 'dv-cinder-830092-3-iscsi', 'binding:vif_type': 'ovs', 'binding:vif_details': {'connectivity': 'l2', 'port_filter': True, 'ovs_hybrid_plug': False, 'datapath_type': 'system', 'bridge_name': 'br-int', 'bound_drivers': {'0': 'openvswitch'}}, 'port_security_enabled': False, 'tags': [], 'created_at': '2022-03-08T19:17:36Z', 'updated_at': '2022-03-08T19:17:38Z', 'revision_number': 3, 'project_id': '', 'subnets': [{'id': 'f5d24f4d-3684-40fb-8092-55026cfbf07a', 'cidr': '172.27.2.0/24', 'gateway_ip': '172.27.2.1', 'dns_nameservers': [], 'ipv6_ra_mode': None, 'subnetpool_id': None}], 'extra_subnets': [], 'address_scopes': {4: None, 6: None}, 'mtu': 1500}, 'enable_snat': True, 'gw_port_host': 'dv-cinder-830092-3-iscsi'}] {{(pid=103760) sync_routers /opt/stack/neutron/neutron/api/rpc/handlers/l3_rpc.py:137}}
Mar 08 19:17:39.458139 dv-cinder-830092-3-iscsi neutron-server[103757]: INFO neutron.wsgi [req-54267734-5e3d-42f1-9fea-58f653015dc0 req-eb149358-190b-4b8c-8d41-37386ee0cecc tempest-ServerRescueNegativeTestJSON-1393650763 tempest-ServerRescueNegativeTestJSON-1393650763-project] 10.222.0.64 "POST /v2.0/ports HTTP/1.1" status: 201 len: 934 time: 1.3967023
Mar 08 19:17:39.482213 dv-cinder-830092-3-iscsi neutron-server[103757]: DEBUG neutron.api.v2.base [req-54267734-5e3d-42f1-9fea-58f653015dc0 req-20225950-9250-4984-b73b-4dcba4468923 service neutron] Request body: {'port': {'device_id': '90f559df-439c-4a62-98f6-2caaa0b7c25f', 'device_owner': 'compute:nova', 'binding:host_id': 'hv-cinder-83009'}} {{(pid=103757) prepare_request_body /opt/stack/neutron/neutron/api/v2/base.py:729}}
Mar 08 19:17:39.603129 dv-cinder-830092-3-iscsi neutron-server[103757]: DEBUG neutron_lib.callbacks.manager [req-54267734-5e3d-42f1-9fea-58f653015dc0 req-20225950-9250-4984-b73b-4dcba4468923 service neutron] Publish callbacks ['neutron.plugins.ml2.plugin.SecurityGroupDbMixin._ensure_default_security_group_handler-594652'] for port (29f0b5c5-2d98-404d-ad24-1cb7095dc3ab), before_update {{(pid=103757) _notify_loop /usr/local/lib/python3.8/dist-packages/neutron_lib/callbacks/manager.py:176}}
Mar 08 19:17:39.718142 dv-cinder-830092-3-iscsi neutron-server[103759]: DEBUG neutron.db.provisioning_blocks [None req-6666815c-61cf-421f-b717-dfcb8e3ef850 None None] Provisioning complete for port 3f929158-b1cb-4ca1-a952-36e10a3c940d triggered by entity DHCP. {{(pid=103759) provisioning_complete /opt/stack/neutron/neutron/db/provisioning_blocks.py:140}}
Mar 08 19:17:39.719054 dv-cinder-830092-3-iscsi neutron-server[103759]: DEBUG neutron_lib.callbacks.manager [None req-6666815c-61cf-421f-b717-dfcb8e3ef850 None None] Publish callbacks ['neutron.plugins.ml2.plugin.Ml2Plugin._port_provisioned-723435'] for port (3f929158-b1cb-4ca1-a952-36e10a3c940d), provisioning_complete {{(pid=103759) _notify_loop /usr/local/lib/python3.8/dist-packages/neutron_lib/callbacks/manager.py:176}}
Mar 08 19:17:39.799902 dv-cinder-830092-3-iscsi neutron-server[103759]: DEBUG neutron.plugins.ml2.plugin [None req-6666815c-61cf-421f-b717-dfcb8e3ef850 None None] Port 3f929158-b1cb-4ca1-a952-36e10a3c940d cannot update to ACTIVE because it is not bound. {{(pid=103759) _port_provisioned /opt/stack/neutron/neutron/plugins/ml2/plugin.py:343}}
Mar 08 19:17:39.826970 dv-cinder-830092-3-iscsi neutron-server[103757]: DEBUG neutron_lib.callbacks.manager [None req-078e8a2c-3c30-4a3a-97ff-5b8307e9c48b admin admin] Publish callbacks ['neutron.plugins.ml2.plugin.SecurityGroupDbMixin._ensure_default_security_group_handler-594652'] for port (3f929158-b1cb-4ca1-a952-36e10a3c940d), before_update {{(pid=103757) _notify_loop /usr/local/lib/python3.8/dist-packages/neutron_lib/callbacks/manager.py:176}}
Mar 08 19:17:40.076451 dv-cinder-830092-3-iscsi neutron-server[103757]: DEBUG neutron.notifiers.nova [req-54267734-5e3d-42f1-9fea-58f653015dc0 req-20225950-9250-4984-b73b-4dcba4468923 service neutron] Ignoring state change previous_port_status: DOWN current_port_status: DOWN port_id 29f0b5c5-2d98-404d-ad24-1cb7095dc3ab {{(pid=103757) record_port_status_changed /opt/stack/neutron/neutron/notifiers/nova.py:233}}
Mar 08 19:17:40.091860 dv-cinder-830092-3-iscsi neutron-server[103757]: DEBUG neutron_lib.callbacks.manager [req-54267734-5e3d-42f1-9fea-58f653015dc0 req-20225950-9250-4984-b73b-4dcba4468923 service neutron] Publish callbacks [] for port (29f0b5c5-2d98-404d-ad24-1cb7095dc3ab), precommit_update {{(pid=103757) _notify_loop /usr/local/lib/python3.8/dist-packages/neutron_lib/callbacks/manager.py:176}}
Mar 08 19:17:40.113099 dv-cinder-830092-3-iscsi neutron-server[103757]: DEBUG neutron.db.provisioning_blocks [req-54267734-5e3d-42f1-9fea-58f653015dc0 req-20225950-9250-4984-b73b-4dcba4468923 service neutron] Transition to ACTIVE for port object 29f0b5c5-2d98-404d-ad24-1cb7095dc3ab will not be triggered until provisioned by entity L2. {{(pid=103757) add_provisioning_component /opt/stack/neutron/neutron/db/provisioning_blocks.py:74}}
Mar 08 19:17:40.162234 dv-cinder-830092-3-iscsi neutron-server[103759]: DEBUG neutron.plugins.ml2.rpc [None req-12e295c6-7d26-40f7-a3b2-26ada3c826ac None None] Device fb45d2db-4e04-4b30-a792-214c40733023 up at agent ovs-agent-dv-cinder-830092-3-iscsi {{(pid=103759) update_device_up /opt/stack/neutron/neutron/plugins/ml2/rpc.py:296}}
Mar 08 19:17:40.183751 dv-cinder-830092-3-iscsi neutron-server[103757]: DEBUG neutron_lib.callbacks.manager [None req-078e8a2c-3c30-4a3a-97ff-5b8307e9c48b admin admin] Publish callbacks [] for port (3f929158-b1cb-4ca1-a952-36e10a3c940d), precommit_update {{(pid=103757) _notify_loop /usr/local/lib/python3.8/dist-packages/neutron_lib/callbacks/manager.py:176}}
Mar 08 19:17:40.188621 dv-cinder-830092-3-iscsi neutron-server[103757]: DEBUG neutron_lib.callbacks.manager [req-54267734-5e3d-42f1-9fea-58f653015dc0 req-20225950-9250-4984-b73b-4dcba4468923 service neutron] Publish callbacks ['neutron.plugins.ml2.plugin.SecurityGroupServerNotifierRpcMixin._notify_sg_on_port_change-594579', 'neutron.plugins.ml2.ovo_rpc._ObjectChangeHandler.handle_event-41777', 'neutron.api.rpc.agentnotifiers.dhcp_rpc_agent_api.DhcpAgentNotifyAPI._native_event_send_dhcp_notification-1633034', 'neutron.db.l3_db.L3RpcNotifierMixin._notify_gateway_port_ip_changed-8785633431224', 'neutron.db.l3_dvrscheduler_db._notify_l3_agent_port_update-8785633089235', 'neutron.db.l3_hascheduler_db._notify_l3_agent_ha_port_update-8785633089253', 'neutron.services.segments.plugin.NovaSegmentNotifier._notify_port_updated-14676663'] for port (29f0b5c5-2d98-404d-ad24-1cb7095dc3ab), after_update {{(pid=103757) _notify_loop /usr/local/lib/python3.8/dist-packages/neutron_lib/callbacks/manager.py:176}}
Mar 08 19:17:40.253127 dv-cinder-830092-3-iscsi neutron-server[103757]: DEBUG neutron.api.rpc.handlers.resources_rpc [None req-20225950-9250-4984-b73b-4dcba4468923 service neutron] Pushing event updated for resources: {'Port': ['ID=29f0b5c5-2d98-404d-ad24-1cb7095dc3ab,revision_number=2']} {{(pid=103757) push /opt/stack/neutron/neutron/api/rpc/handlers/resources_rpc.py:237}}
Mar 08 19:17:40.298384 dv-cinder-830092-3-iscsi neutron-server[103759]: DEBUG neutron.db.provisioning_blocks [None req-12e295c6-7d26-40f7-a3b2-26ada3c826ac None None] Provisioning complete for port fb45d2db-4e04-4b30-a792-214c40733023 triggered by entity L2. {{(pid=103759) provisioning_complete /opt/stack/neutron/neutron/db/provisioning_blocks.py:140}}
Mar 08 19:17:40.300023 dv-cinder-830092-3-iscsi neutron-server[103759]: DEBUG neutron_lib.callbacks.manager [None req-12e295c6-7d26-40f7-a3b2-26ada3c826ac None None] Publish callbacks ['neutron.plugins.ml2.plugin.Ml2Plugin._port_provisioned-723435'] for port (fb45d2db-4e04-4b30-a792-214c40733023), provisioning_complete {{(pid=103759) _notify_loop /usr/local/lib/python3.8/dist-packages/neutron_lib/callbacks/manager.py:176}}
Mar 08 19:17:40.346757 dv-cinder-830092-3-iscsi neutron-server[103758]: DEBUG neutron.pecan_wsgi.hooks.policy_enforcement [req-a84bac53-ad36-4d7e-9a4f-7733ec5aa1f7 req-6d5c3263-88cd-4f38-a116-a26e31166b8d tempest-ServerRescueNegativeTestJSON-1393650763 tempest-ServerRescueNegativeTestJSON-1393650763-project] Attributes excluded by policy engine: ['standard_attr_id', 'binding:profile', 'binding:host_id', 'binding:vif_type', 'binding:vif_details'] {{(pid=103758) _exclude_attributes_by_policy /opt/stack/neutron/neutron/pecan_wsgi/hooks/policy_enforcement.py:255}}
Mar 08 19:17:40.348937 dv-cinder-830092-3-iscsi neutron-server[103758]: INFO neutron.wsgi [req-a84bac53-ad36-4d7e-9a4f-7733ec5aa1f7 req-6d5c3263-88cd-4f38-a116-a26e31166b8d tempest-ServerRescueNegativeTestJSON-1393650763 tempest-ServerRescueNegativeTestJSON-1393650763-project] 10.222.0.21 "GET /v2.0/ports?device_id=90f559df-439c-4a62-98f6-2caaa0b7c25f HTTP/1.1" status: 200 len: 944 time: 0.0972428
Mar 08 19:17:40.390446 dv-cinder-830092-3-iscsi neutron-server[103757]: DEBUG neutron_lib.callbacks.manager [None req-078e8a2c-3c30-4a3a-97ff-5b8307e9c48b admin admin] Publish callbacks ['neutron.plugins.ml2.plugin.SecurityGroupServerNotifierRpcMixin._notify_sg_on_port_change-594579', 'neutron.plugins.ml2.ovo_rpc._ObjectChangeHandler.handle_event-41777', 'neutron.api.rpc.agentnotifiers.dhcp_rpc_agent_api.DhcpAgentNotifyAPI._native_event_send_dhcp_notification-1633034', 'neutron.db.l3_db.L3RpcNotifierMixin._notify_gateway_port_ip_changed-8785633431224', 'neutron.db.l3_dvrscheduler_db._notify_l3_agent_port_update-8785633089235', 'neutron.db.l3_hascheduler_db._notify_l3_agent_ha_port_update-8785633089253', 'neutron.services.segments.plugin.NovaSegmentNotifier._notify_port_updated-14676663'] for port (3f929158-b1cb-4ca1-a952-36e10a3c940d), after_update {{(pid=103757) _notify_loop /usr/local/lib/python3.8/dist-packages/neutron_lib/callbacks/manager.py:176}}
Mar 08 19:17:40.476859 dv-cinder-830092-3-iscsi neutron-server[103758]: INFO neutron.wsgi [req-a84bac53-ad36-4d7e-9a4f-7733ec5aa1f7 req-0f015d20-56d1-4bd6-9773-850d958cda81 tempest-ServerRescueNegativeTestJSON-1393650763 tempest-ServerRescueNegativeTestJSON-1393650763-project] 10.222.0.21 "GET /v2.0/security-groups?id=a90a3a87-78b7-418e-98b6-8eb51f60428c&fields=id&fields=name HTTP/1.1" status: 200 len: 286 time: 0.1125288
Mar 08 19:17:40.495803 dv-cinder-830092-3-iscsi neutron-server[103759]: DEBUG neutron.plugins.ml2.plugin [None req-12e295c6-7d26-40f7-a3b2-26ada3c826ac None None] Current status of the port fb45d2db-4e04-4b30-a792-214c40733023 is: DOWN; New status is: ACTIVE {{(pid=103759) _update_individual_port_db_status /opt/stack/neutron/neutron/plugins/ml2/plugin.py:2232}}
Mar 08 19:17:40.496402 dv-cinder-830092-3-iscsi neutron-server[103759]: DEBUG neutron_lib.callbacks.manager [None req-12e295c6-7d26-40f7-a3b2-26ada3c826ac None None] Publish callbacks ['neutron.plugins.ml2.plugin.SecurityGroupDbMixin._ensure_default_security_group_handler-594652'] for port (fb45d2db-4e04-4b30-a792-214c40733023), before_update {{(pid=103759) _notify_loop /usr/local/lib/python3.8/dist-packages/neutron_lib/callbacks/manager.py:176}}
Mar 08 19:17:40.509688 dv-cinder-830092-3-iscsi neutron-server[103757]: DEBUG neutron.plugins.ml2.managers [req-54267734-5e3d-42f1-9fea-58f653015dc0 req-20225950-9250-4984-b73b-4dcba4468923 service neutron] Attempting to bind port 29f0b5c5-2d98-404d-ad24-1cb7095dc3ab on host hv-cinder-83009 for vnic_type normal with profile {{(pid=103757) bind_port /opt/stack/neutron/neutron/plugins/ml2/managers.py:795}}
Mar 08 19:17:40.510017 dv-cinder-830092-3-iscsi neutron-server[103757]: DEBUG neutron.plugins.ml2.managers [req-54267734-5e3d-42f1-9fea-58f653015dc0 req-20225950-9250-4984-b73b-4dcba4468923 service neutron] Attempting to bind port 29f0b5c5-2d98-404d-ad24-1cb7095dc3ab by drivers openvswitch,hyperv on host hv-cinder-83009 at level 0 using segments [{'id': '243290d6-6ac6-4fdc-a1e0-6822e45d5468', 'network_type': 'vlan', 'physical_network': 'physnet1', 'segmentation_id': 814, 'network_id': 'e2029082-29cd-4552-a44b-4a5e4a15a1d8'}] {{(pid=103757) _bind_port_level /opt/stack/neutron/neutron/plugins/ml2/managers.py:820}}
Mar 08 19:17:40.510338 dv-cinder-830092-3-iscsi neutron-server[103757]: DEBUG neutron.plugins.ml2.drivers.mech_agent [req-54267734-5e3d-42f1-9fea-58f653015dc0 req-20225950-9250-4984-b73b-4dcba4468923 service neutron] Attempting to bind port 29f0b5c5-2d98-404d-ad24-1cb7095dc3ab on network e2029082-29cd-4552-a44b-4a5e4a15a1d8 {{(pid=103757) bind_port /opt/stack/neutron/neutron/plugins/ml2/drivers/mech_agent.py:91}}
Mar 08 19:17:40.518580 dv-cinder-830092-3-iscsi neutron-server[103757]: DEBUG neutron.api.rpc.handlers.resources_rpc [None req-078e8a2c-3c30-4a3a-97ff-5b8307e9c48b admin admin] Pushing event updated for resources: {'Port': ['ID=3f929158-b1cb-4ca1-a952-36e10a3c940d,revision_number=2']} {{(pid=103757) push /opt/stack/neutron/neutron/api/rpc/handlers/resources_rpc.py:237}}
Mar 08 19:17:40.522365 dv-cinder-830092-3-iscsi neutron-server[103759]: DEBUG neutron.plugins.ml2.db [None req-12e295c6-7d26-40f7-a3b2-26ada3c826ac None None] For port fb45d2db-4e04-4b30-a792-214c40733023, host dv-cinder-830092-3-iscsi, got binding levels [PortBindingLevel(driver='openvswitch',host='dv-cinder-830092-3-iscsi',level=0,port_id=fb45d2db-4e04-4b30-a792-214c40733023,segment=NetworkSegment(131ea792-23a6-4fe5-a6fd-474920f15357),segment_id=131ea792-23a6-4fe5-a6fd-474920f15357)] {{(pid=103759) get_binding_level_objs /opt/stack/neutron/neutron/plugins/ml2/db.py:74}}
Mar 08 19:17:40.522814 dv-cinder-830092-3-iscsi neutron-server[103757]: DEBUG neutron_lib.callbacks.manager [None req-078e8a2c-3c30-4a3a-97ff-5b8307e9c48b admin admin] Publish callbacks ['neutron.api.rpc.agentnotifiers.dhcp_rpc_agent_api.DhcpAgentNotifyAPI._after_router_interface_created-1633148', 'neutron.services.l3_router.l3_router_plugin.DVRResourceOperationHandler._update_snat_v6_addrs_after_intf_update-327867'] for router_interface (b21fc775-176e-4cc6-8a14-2e18175dfe9e), after_create {{(pid=103757) _notify_loop /usr/local/lib/python3.8/dist-packages/neutron_lib/callbacks/manager.py:176}}
Mar 08 19:17:40.529955 dv-cinder-830092-3-iscsi neutron-server[103757]: DEBUG neutron.plugins.ml2.drivers.mech_agent [req-54267734-5e3d-42f1-9fea-58f653015dc0 req-20225950-9250-4984-b73b-4dcba4468923 service neutron] Port 29f0b5c5-2d98-404d-ad24-1cb7095dc3ab on network e2029082-29cd-4552-a44b-4a5e4a15a1d8 not bound, no agent of type Open vSwitch agent registered on host hv-cinder-83009 {{(pid=103757) bind_port /opt/stack/neutron/neutron/plugins/ml2/drivers/mech_agent.py:103}}
Mar 08 19:17:40.530273 dv-cinder-830092-3-iscsi neutron-server[103757]: DEBUG neutron.plugins.ml2.drivers.mech_agent [req-54267734-5e3d-42f1-9fea-58f653015dc0 req-20225950-9250-4984-b73b-4dcba4468923 service neutron] Attempting to bind port 29f0b5c5-2d98-404d-ad24-1cb7095dc3ab on network e2029082-29cd-4552-a44b-4a5e4a15a1d8 {{(pid=103757) bind_port /opt/stack/neutron/neutron/plugins/ml2/drivers/mech_agent.py:91}}
Mar 08 19:17:40.541186 dv-cinder-830092-3-iscsi neutron-server[103757]: DEBUG neutron.plugins.ml2.drivers.mech_agent [req-54267734-5e3d-42f1-9fea-58f653015dc0 req-20225950-9250-4984-b73b-4dcba4468923 service neutron] Checking agent: {'id': '1d65ec35-3d5d-4c5f-9248-10a91aa5d951', 'agent_type': 'HyperV agent', 'binary': 'neutron-hyperv-agent', 'topic': 'N/A', 'host': 'hv-cinder-83009', 'admin_state_up': True, 'created_at': datetime.datetime(2022, 3, 8, 19, 13, 55), 'started_at': datetime.datetime(2022, 3, 8, 19, 13, 55), 'heartbeat_timestamp': datetime.datetime(2022, 3, 8, 19, 17, 25), 'description': None, 'resources_synced': None, 'availability_zone': None, 'alive': True, 'configurations': {'vswitch_mappings': {'physnet1$': 'br-data'}}, 'resource_versions': {}} {{(pid=103757) bind_port /opt/stack/neutron/neutron/plugins/ml2/drivers/mech_agent.py:110}}
Mar 08 19:17:40.541186 dv-cinder-830092-3-iscsi neutron-server[103757]: DEBUG neutron.plugins.ml2.drivers.mech_agent [req-54267734-5e3d-42f1-9fea-58f653015dc0 req-20225950-9250-4984-b73b-4dcba4468923 service neutron] Checking segment: {'id': '243290d6-6ac6-4fdc-a1e0-6822e45d5468', 'network_type': 'vlan', 'physical_network': 'physnet1', 'segmentation_id': 814, 'network_id': 'e2029082-29cd-4552-a44b-4a5e4a15a1d8'} for mappings: {'physnet1$': 'br-data'} with network types: ['local', 'flat', 'vlan'] {{(pid=103757) check_segment_for_agent /opt/stack/neutron/neutron/plugins/ml2/drivers/mech_agent.py:373}}
Mar 08 19:17:40.541186 dv-cinder-830092-3-iscsi neutron-server[103757]: DEBUG neutron.plugins.ml2.drivers.mech_agent [req-54267734-5e3d-42f1-9fea-58f653015dc0 req-20225950-9250-4984-b73b-4dcba4468923 service neutron] Bound using segment: {'id': '243290d6-6ac6-4fdc-a1e0-6822e45d5468', 'network_type': 'vlan', 'physical_network': 'physnet1', 'segmentation_id': 814, 'network_id': 'e2029082-29cd-4552-a44b-4a5e4a15a1d8'} {{(pid=103757) bind_port /opt/stack/neutron/neutron/plugins/ml2/drivers/mech_agent.py:120}}
Mar 08 19:17:40.541186 dv-cinder-830092-3-iscsi neutron-server[103757]: DEBUG neutron.plugins.ml2.managers [req-54267734-5e3d-42f1-9fea-58f653015dc0 req-20225950-9250-4984-b73b-4dcba4468923 service neutron] Bound port: 29f0b5c5-2d98-404d-ad24-1cb7095dc3ab, host: hv-cinder-83009, vif_type: hyperv, vif_details: {"connectivity": "legacy", "port_filter": false}, binding_levels: [{'bound_driver': 'hyperv', 'bound_segment': {'id': '243290d6-6ac6-4fdc-a1e0-6822e45d5468', 'network_type': 'vlan', 'physical_network': 'physnet1', 'segmentation_id': 814, 'network_id': 'e2029082-29cd-4552-a44b-4a5e4a15a1d8'}}] {{(pid=103757) _bind_port_level /opt/stack/neutron/neutron/plugins/ml2/managers.py:932}}
Mar 08 19:17:40.541186 dv-cinder-830092-3-iscsi neutron-server[103757]: DEBUG neutron_lib.callbacks.manager [req-54267734-5e3d-42f1-9fea-58f653015dc0 req-20225950-9250-4984-b73b-4dcba4468923 service neutron] Publish callbacks ['neutron.plugins.ml2.plugin.SecurityGroupDbMixin._ensure_default_security_group_handler-594652'] for port (29f0b5c5-2d98-404d-ad24-1cb7095dc3ab), before_update {{(pid=103757) _notify_loop /usr/local/lib/python3.8/dist-packages/neutron_lib/callbacks/manager.py:176}}
Mar 08 19:17:40.628309 dv-cinder-830092-3-iscsi neutron-server[103759]: DEBUG neutron_lib.callbacks.manager [None req-12e295c6-7d26-40f7-a3b2-26ada3c826ac None None] Publish callbacks ['neutron.plugins.ml2.plugin.SecurityGroupServerNotifierRpcMixin._notify_sg_on_port_change-594579', 'neutron.plugins.ml2.ovo_rpc._ObjectChangeHandler.handle_event-41777', 'neutron.api.rpc.agentnotifiers.dhcp_rpc_agent_api.DhcpAgentNotifyAPI._native_event_send_dhcp_notification-1633034', 'neutron.db.l3_db.L3RpcNotifierMixin._notify_gateway_port_ip_changed-8785633431224', 'neutron.db.l3_dvrscheduler_db._notify_l3_agent_port_update-8785633089235', 'neutron.db.l3_hascheduler_db._notify_l3_agent_ha_port_update-8785633089253'] for port (fb45d2db-4e04-4b30-a792-214c40733023), after_update {{(pid=103759) _notify_loop /usr/local/lib/python3.8/dist-packages/neutron_lib/callbacks/manager.py:176}}
Mar 08 19:17:40.675388 dv-cinder-830092-3-iscsi neutron-server[103757]: DEBUG neutron.plugins.ml2.db [req-54267734-5e3d-42f1-9fea-58f653015dc0 req-20225950-9250-4984-b73b-4dcba4468923 service neutron] For port 29f0b5c5-2d98-404d-ad24-1cb7095dc3ab, host hv-cinder-83009, cleared binding levels {{(pid=103757) clear_binding_levels /opt/stack/neutron/neutron/plugins/ml2/db.py:87}}
Mar 08 19:17:40.680201 dv-cinder-830092-3-iscsi neutron-server[103757]: DEBUG neutron.plugins.ml2.db [req-54267734-5e3d-42f1-9fea-58f653015dc0 req-20225950-9250-4984-b73b-4dcba4468923 service neutron] For port 29f0b5c5-2d98-404d-ad24-1cb7095dc3ab, host hv-cinder-83009, set binding levels [PortBindingLevel(driver='hyperv',host='hv-cinder-83009',level=0,port_id=29f0b5c5-2d98-404d-ad24-1cb7095dc3ab,segment=NetworkSegment(243290d6-6ac6-4fdc-a1e0-6822e45d5468),segment_id=243290d6-6ac6-4fdc-a1e0-6822e45d5468)] {{(pid=103757) set_binding_levels /opt/stack/neutron/neutron/plugins/ml2/db.py:59}}
Mar 08 19:17:40.680414 dv-cinder-830092-3-iscsi neutron-server[103759]: DEBUG neutron.api.rpc.handlers.resources_rpc [None req-12e295c6-7d26-40f7-a3b2-26ada3c826ac None None] Pushing event updated for resources: {'Port': ['ID=fb45d2db-4e04-4b30-a792-214c40733023,revision_number=4']} {{(pid=103759) push /opt/stack/neutron/neutron/api/rpc/handlers/resources_rpc.py:237}}
Mar 08 19:17:40.687750 dv-cinder-830092-3-iscsi neutron-server[103757]: DEBUG neutron.scheduler.dhcp_agent_scheduler [None req-078e8a2c-3c30-4a3a-97ff-5b8307e9c48b admin admin] Network a87c540b-f15d-4b47-9f06-54063bb28b6d is already hosted by enough agents. {{(pid=103757) _get_dhcp_agents_hosting_network /opt/stack/neutron/neutron/scheduler/dhcp_agent_scheduler.py:275}}
Mar 08 19:17:40.689152 dv-cinder-830092-3-iscsi neutron-server[103757]: DEBUG neutron.scheduler.base_scheduler [None req-078e8a2c-3c30-4a3a-97ff-5b8307e9c48b admin admin] Resources bound (agent type, host, resource id): {{(pid=103757) schedule /opt/stack/neutron/neutron/scheduler/base_scheduler.py:57}}
Mar 08 19:17:40.939068 dv-cinder-830092-3-iscsi neutron-server[103759]: DEBUG neutron.db.provisioning_blocks [None req-04f61db6-4ae1-4e01-8e2a-241a2a00182f None None] Provisioning complete for port 3f929158-b1cb-4ca1-a952-36e10a3c940d triggered by entity DHCP. {{(pid=103759) provisioning_complete /opt/stack/neutron/neutron/db/provisioning_blocks.py:140}}
Mar 08 19:17:40.939600 dv-cinder-830092-3-iscsi neutron-server[103759]: DEBUG neutron_lib.callbacks.manager [None req-04f61db6-4ae1-4e01-8e2a-241a2a00182f None None] Publish callbacks ['neutron.plugins.ml2.plugin.Ml2Plugin._port_provisioned-723435'] for port (3f929158-b1cb-4ca1-a952-36e10a3c940d), provisioning_complete {{(pid=103759) _notify_loop /usr/local/lib/python3.8/dist-packages/neutron_lib/callbacks/manager.py:176}}
Mar 08 19:17:40.968188 dv-cinder-830092-3-iscsi neutron-server[103757]: DEBUG neutron_lib.callbacks.manager [req-54267734-5e3d-42f1-9fea-58f653015dc0 req-20225950-9250-4984-b73b-4dcba4468923 service neutron] Publish callbacks ['neutron.plugins.ml2.plugin.SecurityGroupServerNotifierRpcMixin._notify_sg_on_port_change-594579', 'neutron.plugins.ml2.ovo_rpc._ObjectChangeHandler.handle_event-41777', 'neutron.api.rpc.agentnotifiers.dhcp_rpc_agent_api.DhcpAgentNotifyAPI._native_event_send_dhcp_notification-1633034', 'neutron.db.l3_db.L3RpcNotifierMixin._notify_gateway_port_ip_changed-8785633431224', 'neutron.db.l3_dvrscheduler_db._notify_l3_agent_port_update-8785633089235', 'neutron.db.l3_hascheduler_db._notify_l3_agent_ha_port_update-8785633089253', 'neutron.services.segments.plugin.NovaSegmentNotifier._notify_port_updated-14676663'] for port (29f0b5c5-2d98-404d-ad24-1cb7095dc3ab), after_update {{(pid=103757) _notify_loop /usr/local/lib/python3.8/dist-packages/neutron_lib/callbacks/manager.py:176}}
Mar 08 19:17:40.987636 dv-cinder-830092-3-iscsi neutron-server[103759]: DEBUG neutron.plugins.ml2.plugin [None req-04f61db6-4ae1-4e01-8e2a-241a2a00182f None None] Port 3f929158-b1cb-4ca1-a952-36e10a3c940d cannot update to ACTIVE because it is not bound. {{(pid=103759) _port_provisioned /opt/stack/neutron/neutron/plugins/ml2/plugin.py:343}}
Mar 08 19:17:41.047135 dv-cinder-830092-3-iscsi neutron-server[103757]: DEBUG neutron.pecan_wsgi.hooks.policy_enforcement [req-54267734-5e3d-42f1-9fea-58f653015dc0 req-20225950-9250-4984-b73b-4dcba4468923 service neutron] Attributes excluded by policy engine: ['standard_attr_id'] {{(pid=103757) _exclude_attributes_by_policy /opt/stack/neutron/neutron/pecan_wsgi/hooks/policy_enforcement.py:255}}
Mar 08 19:17:41.047792 dv-cinder-830092-3-iscsi neutron-server[103757]: DEBUG neutron_lib.callbacks.manager [req-54267734-5e3d-42f1-9fea-58f653015dc0 req-20225950-9250-4984-b73b-4dcba4468923 service neutron] Publish callbacks ['neutron.notifiers.nova.Notifier._send_nova_notification-9969'] for port (None), before_response {{(pid=103757) _notify_loop /usr/local/lib/python3.8/dist-packages/neutron_lib/callbacks/manager.py:176}}
Mar 08 19:17:41.049228 dv-cinder-830092-3-iscsi neutron-server[103757]: INFO neutron.wsgi [req-54267734-5e3d-42f1-9fea-58f653015dc0 req-20225950-9250-4984-b73b-4dcba4468923 service neutron] 10.222.0.64 "PUT /v2.0/ports/29f0b5c5-2d98-404d-ad24-1cb7095dc3ab HTTP/1.1" status: 200 len: 1094 time: 1.5712790
Mar 08 19:17:41.049692 dv-cinder-830092-3-iscsi neutron-server[103757]: DEBUG neutron.notifiers.nova [-] Sending events: [{'name': 'network-changed', 'server_uuid': '90f559df-439c-4a62-98f6-2caaa0b7c25f', 'tag': '29f0b5c5-2d98-404d-ad24-1cb7095dc3ab'}] {{(pid=103757) send_events /opt/stack/neutron/neutron/notifiers/nova.py:271}}
Mar 08 19:17:41.052885 dv-cinder-830092-3-iscsi neutron-server[103757]: DEBUG novaclient.v2.client [-] REQ: curl -g -i --cacert "/opt/stack/data/ca-bundle.pem" -X POST http://10.222.0.21/compute/v2.1/os-server-external-events -H "Accept: application/json" -H "Content-Type: application/json" -H "User-Agent: python-novaclient" -H "X-Auth-Token: {SHA256}4b17e2f534c86f4c251afbff7e361f1e97e0da2d0583a87ee31be6e756a3f28c" -H "X-OpenStack-Nova-API-Version: 2.1" -H "X-OpenStack-Request-ID: req-f7d95121-0903-4cd5-b3b5-8a8352d9fcf3" -d '{"events": [{"name": "network-changed", "server_uuid": "90f559df-439c-4a62-98f6-2caaa0b7c25f", "tag": "29f0b5c5-2d98-404d-ad24-1cb7095dc3ab"}]}' {{(pid=103757) _http_log_request /usr/local/lib/python3.8/dist-packages/keystoneauth1/session.py:519}}
Mar 08 19:17:41.088298 dv-cinder-830092-3-iscsi neutron-server[103757]: DEBUG neutron.api.rpc.handlers.resources_rpc [None req-20225950-9250-4984-b73b-4dcba4468923 service neutron] Pushing event updated for resources: {'Port': ['ID=29f0b5c5-2d98-404d-ad24-1cb7095dc3ab,revision_number=3']} {{(pid=103757) push /opt/stack/neutron/neutron/api/rpc/handlers/resources_rpc.py:237}}
Mar 08 19:17:41.104668 dv-cinder-830092-3-iscsi neutron-server[103757]: DEBUG novaclient.v2.client [-] RESP: [200] Connection: close Content-Length: 179 Content-Type: application/json Date: Tue, 08 Mar 2022 19:17:41 GMT OpenStack-API-Version: compute 2.1 Server: Apache/2.4.41 (Ubuntu) Vary: OpenStack-API-Version,X-OpenStack-Nova-API-Version X-OpenStack-Nova-API-Version: 2.1 x-compute-request-id: req-417da24f-5a42-4c31-8aea-b50cdf50ab05 x-openstack-request-id: req-417da24f-5a42-4c31-8aea-b50cdf50ab05 {{(pid=103757) _http_log_response /usr/local/lib/python3.8/dist-packages/keystoneauth1/session.py:550}}
Mar 08 19:17:41.104960 dv-cinder-830092-3-iscsi neutron-server[103757]: DEBUG novaclient.v2.client [-] RESP BODY: {"events": [{"name": "network-changed", "server_uuid": "90f559df-439c-4a62-98f6-2caaa0b7c25f", "tag": "29f0b5c5-2d98-404d-ad24-1cb7095dc3ab", "status": "completed", "code": 200}]} {{(pid=103757) _http_log_response /usr/local/lib/python3.8/dist-packages/keystoneauth1/session.py:582}}
Mar 08 19:17:41.105210 dv-cinder-830092-3-iscsi neutron-server[103757]: DEBUG novaclient.v2.client [-] POST call to compute for http://10.222.0.21/compute/v2.1/os-server-external-events used request id req-417da24f-5a42-4c31-8aea-b50cdf50ab05 {{(pid=103757) request /usr/local/lib/python3.8/dist-packages/keystoneauth1/session.py:954}}
Mar 08 19:17:41.105594 dv-cinder-830092-3-iscsi neutron-server[103757]: INFO neutron.notifiers.nova [-] Nova event response: {'name': 'network-changed', 'server_uuid': '90f559df-439c-4a62-98f6-2caaa0b7c25f', 'tag': '29f0b5c5-2d98-404d-ad24-1cb7095dc3ab', 'status': 'completed', 'code': 200}
Mar 08 19:17:41.117624 dv-cinder-830092-3-iscsi neutron-server[103757]: DEBUG neutron.scheduler.l3_agent_scheduler [None req-078e8a2c-3c30-4a3a-97ff-5b8307e9c48b admin admin] Router b21fc775-176e-4cc6-8a14-2e18175dfe9e has already been hosted by L3 agent 8aedc0ab-c754-429e-95e6-75b2aec52c43 {{(pid=103757) _get_candidates /opt/stack/neutron/neutron/scheduler/l3_agent_scheduler.py:126}}
Mar 08 19:17:41.255782 dv-cinder-830092-3-iscsi neutron-server[103757]: DEBUG neutron.pecan_wsgi.hooks.policy_enforcement [req-f7d95121-0903-4cd5-b3b5-8a8352d9fcf3 req-c2aa3058-1d4a-4ad7-931a-126bdb95c18b service neutron] Attributes excluded by policy engine: ['standard_attr_id'] {{(pid=103757) _exclude_attributes_by_policy /opt/stack/neutron/neutron/pecan_wsgi/hooks/policy_enforcement.py:255}}
Mar 08 19:17:41.257289 dv-cinder-830092-3-iscsi neutron-server[103757]: INFO neutron.wsgi [req-f7d95121-0903-4cd5-b3b5-8a8352d9fcf3 req-c2aa3058-1d4a-4ad7-931a-126bdb95c18b service neutron] 10.222.0.64 "GET /v2.0/ports?tenant_id=7758735aa6ea4cb9b3374aa19714948f&device_id=90f559df-439c-4a62-98f6-2caaa0b7c25f HTTP/1.1" status: 200 len: 1128 time: 0.1264658
Mar 08 19:17:41.288468 dv-cinder-830092-3-iscsi neutron-server[103757]: DEBUG neutron.api.rpc.agentnotifiers.l3_rpc_agent_api [None req-078e8a2c-3c30-4a3a-97ff-5b8307e9c48b admin admin] Notify agent at l3_agent.dv-cinder-830092-3-iscsi the message routers_updated {{(pid=103757) _agent_notification /opt/stack/neutron/neutron/api/rpc/agentnotifiers/l3_rpc_agent_api.py:65}}
Mar 08 19:17:41.299155 dv-cinder-830092-3-iscsi neutron-server[103757]: INFO neutron.wsgi [None req-078e8a2c-3c30-4a3a-97ff-5b8307e9c48b admin admin] 10.222.0.21 "PUT /v2.0/routers/b21fc775-176e-4cc6-8a14-2e18175dfe9e/add_router_interface HTTP/1.1" status: 200 len: 503 time: 3.5739396
Mar 08 19:17:41.309058 dv-cinder-830092-3-iscsi neutron-server[103759]: DEBUG neutron.api.rpc.handlers.l3_rpc [None req-57df3fb3-bf60-4ccc-b929-79ab2205f041 None None] Sync routers for ids ['b21fc775-176e-4cc6-8a14-2e18175dfe9e'] in dv-cinder-830092-3-iscsi {{(pid=103759) sync_routers /opt/stack/neutron/neutron/api/rpc/handlers/l3_rpc.py:125}}
Mar 08 19:17:41.321124 dv-cinder-830092-3-iscsi neutron-server[103759]: DEBUG neutron.db.l3_dvrscheduler_db [None req-57df3fb3-bf60-4ccc-b929-79ab2205f041 None None] Routers {'b21fc775-176e-4cc6-8a14-2e18175dfe9e'} bound to L3 agent in host dv-cinder-830092-3-iscsi {{(pid=103759) _get_router_ids_for_agent /opt/stack/neutron/neutron/db/l3_dvrscheduler_db.py:421}}
