Mar 08 19:16:38.831481 dv-cinder-830092-3-iscsi neutron-server[103758]: DEBUG neutron.pecan_wsgi.hooks.policy_enforcement [req-89f2e0d3-794e-442b-8fb4-506c530d9080 req-caba41c1-2ff1-47a6-a30d-9b801c197e8b tempest-DeleteServersTestJSON-365471845 tempest-DeleteServersTestJSON-365471845-project] Attributes excluded by policy engine: ['standard_attr_id', 'binding:profile', 'binding:host_id', 'binding:vif_type', 'binding:vif_details'] {{(pid=103758) _exclude_attributes_by_policy /opt/stack/neutron/neutron/pecan_wsgi/hooks/policy_enforcement.py:255}}
Mar 08 19:16:38.832918 dv-cinder-830092-3-iscsi neutron-server[103758]: INFO neutron.wsgi [req-89f2e0d3-794e-442b-8fb4-506c530d9080 req-caba41c1-2ff1-47a6-a30d-9b801c197e8b tempest-DeleteServersTestJSON-365471845 tempest-DeleteServersTestJSON-365471845-project] 10.222.0.21 "GET /v2.0/ports?device_id=fd98e45c-da6d-4b2d-bc1c-beec169685cc HTTP/1.1" status: 200 len: 946 time: 0.1552467
Mar 08 19:16:38.890393 dv-cinder-830092-3-iscsi neutron-server[103758]: INFO neutron.wsgi [req-89f2e0d3-794e-442b-8fb4-506c530d9080 req-a7445fe8-41c7-4878-bd94-9900361a1504 tempest-DeleteServersTestJSON-365471845 tempest-DeleteServersTestJSON-365471845-project] 10.222.0.21 "GET /v2.0/security-groups?id=1df7e27b-9ec3-4e46-bc5e-15c59ccd68d7&fields=id&fields=name HTTP/1.1" status: 200 len: 286 time: 0.0473130
Mar 08 19:16:38.977666 dv-cinder-830092-3-iscsi neutron-server[103758]: DEBUG neutron_lib.callbacks.manager [None req-13663af4-9683-4b09-aad6-4f6c9ed3d4dd admin admin] Publish callbacks ['neutron.plugins.ml2.ovo_rpc._ObjectChangeHandler.handle_event-1750906', 'neutron.api.rpc.agentnotifiers.dhcp_rpc_agent_api.DhcpAgentNotifyAPI._native_event_send_dhcp_notification-1633034'] for network (769f2e78-32fb-47ee-89e4-f14aeb8a07f8), after_create {{(pid=103758) _notify_loop /usr/local/lib/python3.8/dist-packages/neutron_lib/callbacks/manager.py:176}}
Mar 08 19:16:38.979133 dv-cinder-830092-3-iscsi neutron-server[103758]: DEBUG neutron.pecan_wsgi.hooks.policy_enforcement [None req-13663af4-9683-4b09-aad6-4f6c9ed3d4dd admin admin] Attributes excluded by policy engine: ['standard_attr_id', 'vlan_transparent'] {{(pid=103758) _exclude_attributes_by_policy /opt/stack/neutron/neutron/pecan_wsgi/hooks/policy_enforcement.py:255}}
Mar 08 19:16:38.980239 dv-cinder-830092-3-iscsi neutron-server[103758]: DEBUG neutron_lib.callbacks.manager [None req-13663af4-9683-4b09-aad6-4f6c9ed3d4dd admin admin] Publish callbacks ['neutron.api.rpc.agentnotifiers.dhcp_rpc_agent_api.DhcpAgentNotifyAPI._send_dhcp_notification-1633048'] for network (None), before_response {{(pid=103758) _notify_loop /usr/local/lib/python3.8/dist-packages/neutron_lib/callbacks/manager.py:176}}
Mar 08 19:16:39.087742 dv-cinder-830092-3-iscsi neutron-server[103758]: DEBUG neutron.api.rpc.handlers.resources_rpc [None req-13663af4-9683-4b09-aad6-4f6c9ed3d4dd admin admin] Pushing event updated for resources: {'Network': ['ID=769f2e78-32fb-47ee-89e4-f14aeb8a07f8,revision_number=1']} {{(pid=103758) push /opt/stack/neutron/neutron/api/rpc/handlers/resources_rpc.py:237}}
Mar 08 19:16:39.097078 dv-cinder-830092-3-iscsi neutron-server[103758]: INFO neutron.wsgi [None req-13663af4-9683-4b09-aad6-4f6c9ed3d4dd admin admin] 10.222.0.21 "POST /v2.0/networks HTTP/1.1" status: 201 len: 881 time: 1.1124287
Mar 08 19:16:39.100265 dv-cinder-830092-3-iscsi neutron-server[103757]: DEBUG neutron.wsgi [-] (103757) accepted ('10.222.0.21', 38042) {{(pid=103757) server /usr/local/lib/python3.8/dist-packages/eventlet/wsgi.py:1004}}
Mar 08 19:16:39.109673 dv-cinder-830092-3-iscsi neutron-server[103759]: DEBUG neutron.plugins.ml2.rpc [None req-12e295c6-7d26-40f7-a3b2-26ada3c826ac None None] Network 769f2e78-32fb-47ee-89e4-f14aeb8a07f8 details requested by agent ovs-agent-dv-cinder-830092-3-iscsi with host dv-cinder-830092-3-iscsi {{(pid=103759) get_network_details /opt/stack/neutron/neutron/plugins/ml2/rpc.py:248}}
Mar 08 19:16:39.115615 dv-cinder-830092-3-iscsi neutron-server[103757]: DEBUG neutron.api.v2.base [None req-95cda8fc-1af3-453d-b23a-e3290a66a7a4 admin admin] Request body: {'subnet': {'network_id': '769f2e78-32fb-47ee-89e4-f14aeb8a07f8', 'cidr': '172.20.0.0/28', 'name': 'tempest-VolumesActionsTest-880099264-subnet', 'tenant_id': 'c237b115324b4c279862a5e99dbad9c8', 'enable_dhcp': False, 'ip_version': 4}} {{(pid=103757) prepare_request_body /opt/stack/neutron/neutron/api/v2/base.py:729}}
Mar 08 19:16:39.132055 dv-cinder-830092-3-iscsi neutron-server[103758]: DEBUG neutron.pecan_wsgi.hooks.policy_enforcement [req-2f1dbae3-842e-40c1-b4d0-61a4ac9aeea8 req-90206c17-0757-4859-91c2-4207b680a2a6 tempest-AttachVolumeNegativeTest-1260896084 tempest-AttachVolumeNegativeTest-1260896084-project] Attributes excluded by policy engine: ['standard_attr_id', 'binding:profile', 'binding:host_id', 'binding:vif_type', 'binding:vif_details'] {{(pid=103758) _exclude_attributes_by_policy /opt/stack/neutron/neutron/pecan_wsgi/hooks/policy_enforcement.py:255}}
Mar 08 19:16:39.139992 dv-cinder-830092-3-iscsi neutron-server[103758]: INFO neutron.wsgi [req-2f1dbae3-842e-40c1-b4d0-61a4ac9aeea8 req-90206c17-0757-4859-91c2-4207b680a2a6 tempest-AttachVolumeNegativeTest-1260896084 tempest-AttachVolumeNegativeTest-1260896084-project] 10.222.0.21 "GET /v2.0/ports?device_id=475a6bb9-3c71-4739-9c8b-53a100d4eccf HTTP/1.1" status: 200 len: 944 time: 0.0828469
Mar 08 19:16:39.200699 dv-cinder-830092-3-iscsi neutron-server[103758]: INFO neutron.wsgi [req-2f1dbae3-842e-40c1-b4d0-61a4ac9aeea8 req-f3cbaba9-d1d1-4b78-8ca7-1525098027a1 tempest-AttachVolumeNegativeTest-1260896084 tempest-AttachVolumeNegativeTest-1260896084-project] 10.222.0.21 "GET /v2.0/security-groups?id=40a1eebb-de59-4444-b00d-e57916703f27&fields=id&fields=name HTTP/1.1" status: 200 len: 313 time: 0.0540156
Mar 08 19:16:39.268732 dv-cinder-830092-3-iscsi neutron-server[103757]: DEBUG neutron.pecan_wsgi.hooks.quota_enforcement [None req-95cda8fc-1af3-453d-b23a-e3290a66a7a4 admin admin] Made reservation on behalf of c237b115324b4c279862a5e99dbad9c8 for: {'subnet': 1} {{(pid=103757) before /opt/stack/neutron/neutron/pecan_wsgi/hooks/quota_enforcement.py:53}}
Mar 08 19:16:39.272189 dv-cinder-830092-3-iscsi neutron-server[103757]: DEBUG neutron_lib.callbacks.manager [None req-95cda8fc-1af3-453d-b23a-e3290a66a7a4 admin admin] Publish callbacks [] for subnet (None), before_create {{(pid=103757) _notify_loop /usr/local/lib/python3.8/dist-packages/neutron_lib/callbacks/manager.py:176}}
Mar 08 19:16:39.540368 dv-cinder-830092-3-iscsi neutron-server[103757]: DEBUG neutron.wsgi [-] (103757) accepted ('10.222.0.21', 38066) {{(pid=103757) server /usr/local/lib/python3.8/dist-packages/eventlet/wsgi.py:1004}}
Mar 08 19:16:39.554166 dv-cinder-830092-3-iscsi neutron-server[103757]: DEBUG neutron_lib.callbacks.manager [None req-25699bd0-e17f-4daf-8ed2-cffae15152b4 admin admin] Publish callbacks [] for security_group (None), before_create {{(pid=103757) _notify_loop /usr/local/lib/python3.8/dist-packages/neutron_lib/callbacks/manager.py:176}}
Mar 08 19:16:39.598519 dv-cinder-830092-3-iscsi neutron-server[103757]: DEBUG neutron_lib.callbacks.manager [None req-95cda8fc-1af3-453d-b23a-e3290a66a7a4 admin admin] Publish callbacks ['neutron.plugins.ml2.ovo_rpc._ObjectChangeHandler.handle_event-31058', 'neutron.api.rpc.agentnotifiers.dhcp_rpc_agent_api.DhcpAgentNotifyAPI._native_event_send_dhcp_notification-1633034'] for subnet (c9b4a991-5bd8-4d42-9003-f3d0d1a1f2c5), after_create {{(pid=103757) _notify_loop /usr/local/lib/python3.8/dist-packages/neutron_lib/callbacks/manager.py:176}}
Mar 08 19:16:39.673744 dv-cinder-830092-3-iscsi neutron-server[103757]: DEBUG neutron.api.rpc.handlers.resources_rpc [None req-95cda8fc-1af3-453d-b23a-e3290a66a7a4 admin admin] Pushing event updated for resources: {'Subnet': ['ID=c9b4a991-5bd8-4d42-9003-f3d0d1a1f2c5,revision_number=0']} {{(pid=103757) push /opt/stack/neutron/neutron/api/rpc/handlers/resources_rpc.py:237}}
Mar 08 19:16:39.698238 dv-cinder-830092-3-iscsi neutron-server[103757]: DEBUG neutron.plugins.ml2.drivers.mech_agent [None req-95cda8fc-1af3-453d-b23a-e3290a66a7a4 admin admin] Checking segment: {'id': 'a1975b27-1ff3-4591-8e31-4ea605591308', 'network_type': 'vlan', 'physical_network': 'physnet1', 'segmentation_id': 828, 'network_id': '769f2e78-32fb-47ee-89e4-f14aeb8a07f8'} for mappings: {'physnet1': 'br-data'} with network types: ['local', 'flat', 'vlan'] {{(pid=103757) check_segment_for_agent /opt/stack/neutron/neutron/plugins/ml2/drivers/mech_agent.py:373}}
Mar 08 19:16:39.698620 dv-cinder-830092-3-iscsi neutron-server[103757]: DEBUG neutron.scheduler.dhcp_agent_scheduler [None req-95cda8fc-1af3-453d-b23a-e3290a66a7a4 admin admin] Network hostable DHCP agents. Network: 769f2e78-32fb-47ee-89e4-f14aeb8a07f8, hostable agents: ['680ad53c-132c-4ea9-be00-8c582bbe9b31'], hosted agents: [] {{(pid=103757) _get_network_hostable_dhcp_agents /opt/stack/neutron/neutron/scheduler/dhcp_agent_scheduler.py:329}}
Mar 08 19:16:39.714121 dv-cinder-830092-3-iscsi neutron-server[103757]: DEBUG neutron_lib.callbacks.manager [None req-25699bd0-e17f-4daf-8ed2-cffae15152b4 admin admin] Publish callbacks [] for security_group (c06c8bd7-b795-4302-812c-4a7c0e21dc10), precommit_create {{(pid=103757) _notify_loop /usr/local/lib/python3.8/dist-packages/neutron_lib/callbacks/manager.py:176}}
Mar 08 19:16:39.846650 dv-cinder-830092-3-iscsi neutron-server[103757]: DEBUG neutron.scheduler.dhcp_agent_scheduler [None req-95cda8fc-1af3-453d-b23a-e3290a66a7a4 admin admin] Network 769f2e78-32fb-47ee-89e4-f14aeb8a07f8 is scheduled to be hosted by DHCP agent 680ad53c-132c-4ea9-be00-8c582bbe9b31 with binding_index 1 {{(pid=103757) bind /opt/stack/neutron/neutron/scheduler/dhcp_agent_scheduler.py:227}}
Mar 08 19:16:39.848826 dv-cinder-830092-3-iscsi neutron-server[103757]: DEBUG neutron_lib.callbacks.manager [None req-25699bd0-e17f-4daf-8ed2-cffae15152b4 admin admin] Publish callbacks ['neutron.plugins.ml2.ovo_rpc._ObjectChangeHandler.handle_event-1756040'] for security_group (c06c8bd7-b795-4302-812c-4a7c0e21dc10), after_create {{(pid=103757) _notify_loop /usr/local/lib/python3.8/dist-packages/neutron_lib/callbacks/manager.py:176}}
Mar 08 19:16:39.895891 dv-cinder-830092-3-iscsi neutron-server[103757]: INFO neutron.wsgi [None req-25699bd0-e17f-4daf-8ed2-cffae15152b4 admin admin] 10.222.0.21 "GET /v2.0/security-groups?tenant_id=8d16ca1a1bff4c0a9d28f3f79d3cc27b&name=default HTTP/1.1" status: 200 len: 2996 time: 0.3543704
Mar 08 19:16:39.896744 dv-cinder-830092-3-iscsi neutron-server[103757]: DEBUG neutron.api.rpc.handlers.resources_rpc [None req-25699bd0-e17f-4daf-8ed2-cffae15152b4 admin admin] Pushing event updated for resources: {'SecurityGroup': ['ID=c06c8bd7-b795-4302-812c-4a7c0e21dc10,revision_number=1']} {{(pid=103757) push /opt/stack/neutron/neutron/api/rpc/handlers/resources_rpc.py:237}}
Mar 08 19:16:39.899019 dv-cinder-830092-3-iscsi neutron-server[103757]: DEBUG neutron.wsgi [-] (103757) accepted ('10.222.0.21', 38082) {{(pid=103757) server /usr/local/lib/python3.8/dist-packages/eventlet/wsgi.py:1004}}
Mar 08 19:16:39.942452 dv-cinder-830092-3-iscsi neutron-server[103758]: DEBUG neutron.pecan_wsgi.hooks.policy_enforcement [req-fc97fdd8-b7a0-49f6-a9b9-e9712ce32439 req-a04b86eb-6ab6-40ea-b4d1-49c0d676782c tempest-AttachVolumeShelveTestJSON-1162416715 tempest-AttachVolumeShelveTestJSON-1162416715-project] Attributes excluded by policy engine: ['standard_attr_id', 'binding:profile', 'binding:host_id', 'binding:vif_type', 'binding:vif_details'] {{(pid=103758) _exclude_attributes_by_policy /opt/stack/neutron/neutron/pecan_wsgi/hooks/policy_enforcement.py:255}}
Mar 08 19:16:39.944042 dv-cinder-830092-3-iscsi neutron-server[103758]: INFO neutron.wsgi [req-fc97fdd8-b7a0-49f6-a9b9-e9712ce32439 req-a04b86eb-6ab6-40ea-b4d1-49c0d676782c tempest-AttachVolumeShelveTestJSON-1162416715 tempest-AttachVolumeShelveTestJSON-1162416715-project] 10.222.0.21 "GET /v2.0/ports?device_id=77883da4-802b-4542-9318-8174c773d3d2 HTTP/1.1" status: 200 len: 945 time: 0.0714195
Mar 08 19:16:39.951623 dv-cinder-830092-3-iscsi neutron-server[103757]: DEBUG neutron_lib.callbacks.manager [None req-578f5928-1c7c-4b76-a919-4d02f15a69ca admin admin] Publish callbacks [] for security_group (c06c8bd7-b795-4302-812c-4a7c0e21dc10), before_delete {{(pid=103757) _notify_loop /usr/local/lib/python3.8/dist-packages/neutron_lib/callbacks/manager.py:176}}
Mar 08 19:16:39.978118 dv-cinder-830092-3-iscsi neutron-server[103757]: DEBUG neutron.scheduler.base_scheduler [None req-95cda8fc-1af3-453d-b23a-e3290a66a7a4 admin admin] Resources bound (agent type, host, resource id): (DHCP agent, dv-cinder-830092-3-iscsi, 769f2e78-32fb-47ee-89e4-f14aeb8a07f8) {{(pid=103757) schedule /opt/stack/neutron/neutron/scheduler/base_scheduler.py:57}}
Mar 08 19:16:39.986131 dv-cinder-830092-3-iscsi neutron-server[103757]: DEBUG neutron.pecan_wsgi.hooks.policy_enforcement [None req-95cda8fc-1af3-453d-b23a-e3290a66a7a4 admin admin] Attributes excluded by policy engine: ['standard_attr_id', 'shared', 'network'] {{(pid=103757) _exclude_attributes_by_policy /opt/stack/neutron/neutron/pecan_wsgi/hooks/policy_enforcement.py:255}}
Mar 08 19:16:39.987037 dv-cinder-830092-3-iscsi neutron-server[103757]: DEBUG neutron_lib.callbacks.manager [None req-95cda8fc-1af3-453d-b23a-e3290a66a7a4 admin admin] Publish callbacks ['neutron.api.rpc.agentnotifiers.dhcp_rpc_agent_api.DhcpAgentNotifyAPI._send_dhcp_notification-1633048'] for subnet (None), before_response {{(pid=103757) _notify_loop /usr/local/lib/python3.8/dist-packages/neutron_lib/callbacks/manager.py:176}}
Mar 08 19:16:39.997725 dv-cinder-830092-3-iscsi neutron-server[103759]: DEBUG neutron.api.rpc.handlers.dhcp_rpc [None req-5c0c8f27-e9c8-44aa-82db-2ab51400a414 None None] Network 769f2e78-32fb-47ee-89e4-f14aeb8a07f8 requested from dv-cinder-830092-3-iscsi {{(pid=103759) get_network_info /opt/stack/neutron/neutron/api/rpc/handlers/dhcp_rpc.py:191}}
Mar 08 19:16:40.008418 dv-cinder-830092-3-iscsi neutron-server[103757]: DEBUG neutron_lib.callbacks.manager [None req-578f5928-1c7c-4b76-a919-4d02f15a69ca admin admin] Publish callbacks [] for security_group (c06c8bd7-b795-4302-812c-4a7c0e21dc10), precommit_delete {{(pid=103757) _notify_loop /usr/local/lib/python3.8/dist-packages/neutron_lib/callbacks/manager.py:176}}
Mar 08 19:16:40.049176 dv-cinder-830092-3-iscsi neutron-server[103758]: INFO neutron.wsgi [req-fc97fdd8-b7a0-49f6-a9b9-e9712ce32439 req-0396dfc6-7b07-4d91-91f9-9a1912b0ff62 tempest-AttachVolumeShelveTestJSON-1162416715 tempest-AttachVolumeShelveTestJSON-1162416715-project] 10.222.0.21 "GET /v2.0/security-groups?id=1306173b-49fb-4b8d-9536-b278284049dc&fields=id&fields=name HTTP/1.1" status: 200 len: 312 time: 0.0906086
Mar 08 19:16:40.068430 dv-cinder-830092-3-iscsi neutron-server[103758]: DEBUG neutron.pecan_wsgi.hooks.policy_enforcement [req-35d51eae-66b9-4b08-997a-c5854fba4b31 req-26f13e90-ae02-41ef-94f7-ef424b1e40f5 tempest-DeleteServersTestJSON-365471845 tempest-DeleteServersTestJSON-365471845-project] Attributes excluded by policy engine: ['standard_attr_id', 'binding:profile', 'binding:host_id', 'binding:vif_type', 'binding:vif_details'] {{(pid=103758) _exclude_attributes_by_policy /opt/stack/neutron/neutron/pecan_wsgi/hooks/policy_enforcement.py:255}}
Mar 08 19:16:40.075661 dv-cinder-830092-3-iscsi neutron-server[103758]: INFO neutron.wsgi [req-35d51eae-66b9-4b08-997a-c5854fba4b31 req-26f13e90-ae02-41ef-94f7-ef424b1e40f5 tempest-DeleteServersTestJSON-365471845 tempest-DeleteServersTestJSON-365471845-project] 10.222.0.21 "GET /v2.0/ports?device_id=fd98e45c-da6d-4b2d-bc1c-beec169685cc HTTP/1.1" status: 200 len: 946 time: 0.1105103
Mar 08 19:16:40.089652 dv-cinder-830092-3-iscsi neutron-server[103757]: INFO neutron.wsgi [None req-95cda8fc-1af3-453d-b23a-e3290a66a7a4 admin admin] 10.222.0.21 "POST /v2.0/subnets HTTP/1.1" status: 201 len: 845 time: 0.9880788
Mar 08 19:16:40.153367 dv-cinder-830092-3-iscsi neutron-server[103758]: INFO neutron.wsgi [req-35d51eae-66b9-4b08-997a-c5854fba4b31 req-fb5db88d-3cb1-43fc-ad53-2bd34c183096 tempest-DeleteServersTestJSON-365471845 tempest-DeleteServersTestJSON-365471845-project] 10.222.0.21 "GET /v2.0/security-groups?id=1df7e27b-9ec3-4e46-bc5e-15c59ccd68d7&fields=id&fields=name HTTP/1.1" status: 200 len: 286 time: 0.0717199
Mar 08 19:16:40.155748 dv-cinder-830092-3-iscsi neutron-server[103759]: DEBUG neutron.api.rpc.handlers.dhcp_rpc [None req-ecba2114-78b2-4cfb-8a2e-311ec8b288f3 None None] Network 769f2e78-32fb-47ee-89e4-f14aeb8a07f8 requested from dv-cinder-830092-3-iscsi {{(pid=103759) get_network_info /opt/stack/neutron/neutron/api/rpc/handlers/dhcp_rpc.py:191}}
Mar 08 19:16:40.234497 dv-cinder-830092-3-iscsi neutron-server[103757]: DEBUG neutron_lib.callbacks.manager [None req-578f5928-1c7c-4b76-a919-4d02f15a69ca admin admin] Publish callbacks ['neutron.plugins.ml2.ovo_rpc._ObjectChangeHandler.handle_event-1756040'] for security_group (c06c8bd7-b795-4302-812c-4a7c0e21dc10), after_delete {{(pid=103757) _notify_loop /usr/local/lib/python3.8/dist-packages/neutron_lib/callbacks/manager.py:176}}
Mar 08 19:16:40.239360 dv-cinder-830092-3-iscsi neutron-server[103757]: DEBUG neutron_lib.callbacks.manager [None req-578f5928-1c7c-4b76-a919-4d02f15a69ca admin admin] Publish callbacks [] for security_group (None), before_response {{(pid=103757) _notify_loop /usr/local/lib/python3.8/dist-packages/neutron_lib/callbacks/manager.py:176}}
Mar 08 19:16:40.240911 dv-cinder-830092-3-iscsi neutron-server[103757]: INFO neutron.wsgi [None req-578f5928-1c7c-4b76-a919-4d02f15a69ca admin admin] 10.222.0.21 "DELETE /v2.0/security-groups/c06c8bd7-b795-4302-812c-4a7c0e21dc10 HTTP/1.1" status: 204 len: 168 time: 0.3409810
Mar 08 19:16:40.248047 dv-cinder-830092-3-iscsi neutron-server[103759]: DEBUG neutron.plugins.ml2.rpc [None req-21dd0467-017a-4129-99cb-e19e991e226d None None] Device 63a706b0-f72c-42d1-828e-e709afb6a975 up at agent hyperv_hv-cinder-83009 {{(pid=103759) update_device_up /opt/stack/neutron/neutron/plugins/ml2/rpc.py:296}}
Mar 08 19:16:40.259738 dv-cinder-830092-3-iscsi neutron-server[103757]: DEBUG neutron.api.rpc.handlers.resources_rpc [None req-578f5928-1c7c-4b76-a919-4d02f15a69ca admin admin] Pushing event deleted for resources: {'SecurityGroup': ['ID=c06c8bd7-b795-4302-812c-4a7c0e21dc10,revision_number=None']} {{(pid=103757) push /opt/stack/neutron/neutron/api/rpc/handlers/resources_rpc.py:237}}
Mar 08 19:16:40.331007 dv-cinder-830092-3-iscsi neutron-server[103758]: DEBUG neutron.pecan_wsgi.hooks.policy_enforcement [req-41bc0092-31c2-42d8-93d3-56487ee897fb req-70fd420a-fdf3-4e0c-b4d5-34dbfa7bbf5e tempest-AttachVolumeNegativeTest-1260896084 tempest-AttachVolumeNegativeTest-1260896084-project] Attributes excluded by policy engine: ['standard_attr_id', 'binding:profile', 'binding:host_id', 'binding:vif_type', 'binding:vif_details'] {{(pid=103758) _exclude_attributes_by_policy /opt/stack/neutron/neutron/pecan_wsgi/hooks/policy_enforcement.py:255}}
Mar 08 19:16:40.334480 dv-cinder-830092-3-iscsi neutron-server[103758]: INFO neutron.wsgi [req-41bc0092-31c2-42d8-93d3-56487ee897fb req-70fd420a-fdf3-4e0c-b4d5-34dbfa7bbf5e tempest-AttachVolumeNegativeTest-1260896084 tempest-AttachVolumeNegativeTest-1260896084-project] 10.222.0.21 "GET /v2.0/ports?device_id=475a6bb9-3c71-4739-9c8b-53a100d4eccf HTTP/1.1" status: 200 len: 944 time: 0.0616426
Mar 08 19:16:40.425637 dv-cinder-830092-3-iscsi neutron-server[103758]: INFO neutron.wsgi [req-41bc0092-31c2-42d8-93d3-56487ee897fb req-db771eea-c3c2-4a47-9647-4f3e8269cddb tempest-AttachVolumeNegativeTest-1260896084 tempest-AttachVolumeNegativeTest-1260896084-project] 10.222.0.21 "GET /v2.0/security-groups?id=40a1eebb-de59-4444-b00d-e57916703f27&fields=id&fields=name HTTP/1.1" status: 200 len: 313 time: 0.0844843
Mar 08 19:16:40.542934 dv-cinder-830092-3-iscsi neutron-server[103759]: DEBUG neutron.db.provisioning_blocks [None req-21dd0467-017a-4129-99cb-e19e991e226d None None] Provisioning for port 63a706b0-f72c-42d1-828e-e709afb6a975 completed by entity L2. {{(pid=103759) provisioning_complete /opt/stack/neutron/neutron/db/provisioning_blocks.py:134}}
Mar 08 19:16:40.547306 dv-cinder-830092-3-iscsi neutron-server[103759]: DEBUG neutron.db.provisioning_blocks [None req-21dd0467-017a-4129-99cb-e19e991e226d None None] Provisioning complete for port 63a706b0-f72c-42d1-828e-e709afb6a975 triggered by entity L2. {{(pid=103759) provisioning_complete /opt/stack/neutron/neutron/db/provisioning_blocks.py:140}}
Mar 08 19:16:40.551220 dv-cinder-830092-3-iscsi neutron-server[103759]: DEBUG neutron_lib.callbacks.manager [None req-21dd0467-017a-4129-99cb-e19e991e226d None None] Publish callbacks ['neutron.plugins.ml2.plugin.Ml2Plugin._port_provisioned-723435'] for port (63a706b0-f72c-42d1-828e-e709afb6a975), provisioning_complete {{(pid=103759) _notify_loop /usr/local/lib/python3.8/dist-packages/neutron_lib/callbacks/manager.py:176}}
Mar 08 19:16:40.631628 dv-cinder-830092-3-iscsi neutron-server[103759]: DEBUG neutron.plugins.ml2.plugin [None req-21dd0467-017a-4129-99cb-e19e991e226d None None] Current status of the port 63a706b0-f72c-42d1-828e-e709afb6a975 is: BUILD; New status is: ACTIVE {{(pid=103759) _update_individual_port_db_status /opt/stack/neutron/neutron/plugins/ml2/plugin.py:2232}}
Mar 08 19:16:40.632065 dv-cinder-830092-3-iscsi neutron-server[103759]: DEBUG neutron_lib.callbacks.manager [None req-21dd0467-017a-4129-99cb-e19e991e226d None None] Publish callbacks ['neutron.plugins.ml2.plugin.SecurityGroupDbMixin._ensure_default_security_group_handler-594652'] for port (63a706b0-f72c-42d1-828e-e709afb6a975), before_update {{(pid=103759) _notify_loop /usr/local/lib/python3.8/dist-packages/neutron_lib/callbacks/manager.py:176}}
Mar 08 19:16:40.665130 dv-cinder-830092-3-iscsi neutron-server[103759]: DEBUG neutron.notifiers.nova [-] Sending events: [{'server_uuid': '475a6bb9-3c71-4739-9c8b-53a100d4eccf', 'name': 'network-vif-plugged', 'status': 'completed', 'tag': '63a706b0-f72c-42d1-828e-e709afb6a975'}] {{(pid=103759) send_events /opt/stack/neutron/neutron/notifiers/nova.py:271}}
Mar 08 19:16:40.668693 dv-cinder-830092-3-iscsi neutron-server[103759]: DEBUG novaclient.v2.client [-] REQ: curl -g -i --cacert "/opt/stack/data/ca-bundle.pem" -X POST http://10.222.0.21/compute/v2.1/os-server-external-events -H "Accept: application/json" -H "Content-Type: application/json" -H "User-Agent: python-novaclient" -H "X-Auth-Token: {SHA256}213b97c831149b3f60031da016e0aa818aeeb54d43471b1f7a04b3b4cf7a4320" -H "X-OpenStack-Nova-API-Version: 2.1" -H "X-OpenStack-Request-ID: req-f7eb5837-16ff-4241-8fae-70fdbb39796b" -d '{"events": [{"server_uuid": "475a6bb9-3c71-4739-9c8b-53a100d4eccf", "name": "network-vif-plugged", "status": "completed", "tag": "63a706b0-f72c-42d1-828e-e709afb6a975"}]}' {{(pid=103759) _http_log_request /usr/local/lib/python3.8/dist-packages/keystoneauth1/session.py:519}}
Mar 08 19:16:40.686569 dv-cinder-830092-3-iscsi neutron-server[103759]: DEBUG neutron.plugins.ml2.db [None req-21dd0467-017a-4129-99cb-e19e991e226d None None] For port 63a706b0-f72c-42d1-828e-e709afb6a975, host hv-cinder-83009, got binding levels [PortBindingLevel(driver='hyperv',host='hv-cinder-83009',level=0,port_id=63a706b0-f72c-42d1-828e-e709afb6a975,segment=NetworkSegment(192a4244-3a75-43f5-b7f2-cbb3dfefb62c),segment_id=192a4244-3a75-43f5-b7f2-cbb3dfefb62c)] {{(pid=103759) get_binding_level_objs /opt/stack/neutron/neutron/plugins/ml2/db.py:74}}
Mar 08 19:16:40.711009 dv-cinder-830092-3-iscsi neutron-server[103759]: DEBUG novaclient.v2.client [-] RESP: [200] Connection: close Content-Length: 183 Content-Type: application/json Date: Tue, 08 Mar 2022 19:16:40 GMT OpenStack-API-Version: compute 2.1 Server: Apache/2.4.41 (Ubuntu) Vary: OpenStack-API-Version,X-OpenStack-Nova-API-Version X-OpenStack-Nova-API-Version: 2.1 x-compute-request-id: req-a0c381d2-9ac0-4084-b073-d0e4ed8f4789 x-openstack-request-id: req-a0c381d2-9ac0-4084-b073-d0e4ed8f4789 {{(pid=103759) _http_log_response /usr/local/lib/python3.8/dist-packages/keystoneauth1/session.py:550}}
Mar 08 19:16:40.712334 dv-cinder-830092-3-iscsi neutron-server[103759]: DEBUG novaclient.v2.client [-] RESP BODY: {"events": [{"server_uuid": "475a6bb9-3c71-4739-9c8b-53a100d4eccf", "name": "network-vif-plugged", "status": "completed", "tag": "63a706b0-f72c-42d1-828e-e709afb6a975", "code": 200}]} {{(pid=103759) _http_log_response /usr/local/lib/python3.8/dist-packages/keystoneauth1/session.py:582}}
Mar 08 19:16:40.712334 dv-cinder-830092-3-iscsi neutron-server[103759]: DEBUG novaclient.v2.client [-] POST call to compute for http://10.222.0.21/compute/v2.1/os-server-external-events used request id req-a0c381d2-9ac0-4084-b073-d0e4ed8f4789 {{(pid=103759) request /usr/local/lib/python3.8/dist-packages/keystoneauth1/session.py:954}}
Mar 08 19:16:40.712631 dv-cinder-830092-3-iscsi neutron-server[103759]: INFO neutron.notifiers.nova [-] Nova event response: {'server_uuid': '475a6bb9-3c71-4739-9c8b-53a100d4eccf', 'name': 'network-vif-plugged', 'status': 'completed', 'tag': '63a706b0-f72c-42d1-828e-e709afb6a975', 'code': 200}
Mar 08 19:16:40.805970 dv-cinder-830092-3-iscsi neutron-server[103759]: DEBUG neutron_lib.callbacks.manager [None req-21dd0467-017a-4129-99cb-e19e991e226d None None] Publish callbacks ['neutron.plugins.ml2.plugin.SecurityGroupServerNotifierRpcMixin._notify_sg_on_port_change-594579', 'neutron.plugins.ml2.ovo_rpc._ObjectChangeHandler.handle_event-41777', 'neutron.api.rpc.agentnotifiers.dhcp_rpc_agent_api.DhcpAgentNotifyAPI._native_event_send_dhcp_notification-1633034', 'neutron.db.l3_db.L3RpcNotifierMixin._notify_gateway_port_ip_changed-8785633431224', 'neutron.db.l3_dvrscheduler_db._notify_l3_agent_port_update-8785633089235', 'neutron.db.l3_hascheduler_db._notify_l3_agent_ha_port_update-8785633089253'] for port (63a706b0-f72c-42d1-828e-e709afb6a975), after_update {{(pid=103759) _notify_loop /usr/local/lib/python3.8/dist-packages/neutron_lib/callbacks/manager.py:176}}
Mar 08 19:16:40.806975 dv-cinder-830092-3-iscsi neutron-server[103759]: DEBUG neutron.plugins.ml2.rpc [None req-21dd0467-017a-4129-99cb-e19e991e226d None None] Device 34502e9b-8ce0-42c4-bc29-94a2de69e607 up at agent hyperv_hv-cinder-83009 {{(pid=103759) update_device_up /opt/stack/neutron/neutron/plugins/ml2/rpc.py:296}}
Mar 08 19:16:40.885103 dv-cinder-830092-3-iscsi neutron-server[103759]: DEBUG neutron.api.rpc.handlers.resources_rpc [None req-21dd0467-017a-4129-99cb-e19e991e226d None None] Pushing event updated for resources: {'Port': ['ID=63a706b0-f72c-42d1-828e-e709afb6a975,revision_number=5']} {{(pid=103759) push /opt/stack/neutron/neutron/api/rpc/handlers/resources_rpc.py:237}}
Mar 08 19:16:41.004214 dv-cinder-830092-3-iscsi neutron-server[103759]: DEBUG neutron.db.provisioning_blocks [None req-21dd0467-017a-4129-99cb-e19e991e226d None None] Provisioning for port 34502e9b-8ce0-42c4-bc29-94a2de69e607 completed by entity L2. {{(pid=103759) provisioning_complete /opt/stack/neutron/neutron/db/provisioning_blocks.py:134}}
Mar 08 19:16:41.007849 dv-cinder-830092-3-iscsi neutron-server[103759]: DEBUG neutron.db.provisioning_blocks [None req-21dd0467-017a-4129-99cb-e19e991e226d None None] Provisioning complete for port 34502e9b-8ce0-42c4-bc29-94a2de69e607 triggered by entity L2. {{(pid=103759) provisioning_complete /opt/stack/neutron/neutron/db/provisioning_blocks.py:140}}
Mar 08 19:16:41.008247 dv-cinder-830092-3-iscsi neutron-server[103759]: DEBUG neutron_lib.callbacks.manager [None req-21dd0467-017a-4129-99cb-e19e991e226d None None] Publish callbacks ['neutron.plugins.ml2.plugin.Ml2Plugin._port_provisioned-723435'] for port (34502e9b-8ce0-42c4-bc29-94a2de69e607), provisioning_complete {{(pid=103759) _notify_loop /usr/local/lib/python3.8/dist-packages/neutron_lib/callbacks/manager.py:176}}
Mar 08 19:16:41.094090 dv-cinder-830092-3-iscsi neutron-server[103759]: DEBUG neutron.plugins.ml2.plugin [None req-21dd0467-017a-4129-99cb-e19e991e226d None None] Current status of the port 34502e9b-8ce0-42c4-bc29-94a2de69e607 is: BUILD; New status is: ACTIVE {{(pid=103759) _update_individual_port_db_status /opt/stack/neutron/neutron/plugins/ml2/plugin.py:2232}}
Mar 08 19:16:41.094923 dv-cinder-830092-3-iscsi neutron-server[103759]: DEBUG neutron_lib.callbacks.manager [None req-21dd0467-017a-4129-99cb-e19e991e226d None None] Publish callbacks ['neutron.plugins.ml2.plugin.SecurityGroupDbMixin._ensure_default_security_group_handler-594652'] for port (34502e9b-8ce0-42c4-bc29-94a2de69e607), before_update {{(pid=103759) _notify_loop /usr/local/lib/python3.8/dist-packages/neutron_lib/callbacks/manager.py:176}}
Mar 08 19:16:41.105001 dv-cinder-830092-3-iscsi neutron-server[103757]: DEBUG neutron.pecan_wsgi.hooks.policy_enforcement [req-fa67d0cf-1c72-44b1-be99-dbf23401250c req-fefbf562-7cd6-4852-ba16-3b4a42eed179 service neutron] Attributes excluded by policy engine: ['standard_attr_id'] {{(pid=103757) _exclude_attributes_by_policy /opt/stack/neutron/neutron/pecan_wsgi/hooks/policy_enforcement.py:255}}
Mar 08 19:16:41.107632 dv-cinder-830092-3-iscsi neutron-server[103757]: INFO neutron.wsgi [req-fa67d0cf-1c72-44b1-be99-dbf23401250c req-fefbf562-7cd6-4852-ba16-3b4a42eed179 service neutron] 10.222.0.64 "GET /v2.0/ports?device_id=475a6bb9-3c71-4739-9c8b-53a100d4eccf HTTP/1.1" status: 200 len: 1129 time: 0.0651891
Mar 08 19:16:41.165810 dv-cinder-830092-3-iscsi neutron-server[103759]: DEBUG neutron.plugins.ml2.db [None req-21dd0467-017a-4129-99cb-e19e991e226d None None] For port 34502e9b-8ce0-42c4-bc29-94a2de69e607, host hv-cinder-83009, got binding levels [PortBindingLevel(driver='hyperv',host='hv-cinder-83009',level=0,port_id=34502e9b-8ce0-42c4-bc29-94a2de69e607,segment=NetworkSegment(fcfe9897-d3b1-4a0e-98ed-08dc4480500d),segment_id=fcfe9897-d3b1-4a0e-98ed-08dc4480500d)] {{(pid=103759) get_binding_level_objs /opt/stack/neutron/neutron/plugins/ml2/db.py:74}}
Mar 08 19:16:41.168666 dv-cinder-830092-3-iscsi neutron-server[103757]: INFO neutron.wsgi [req-fa67d0cf-1c72-44b1-be99-dbf23401250c req-3894861a-3eae-4201-975c-0389481077ed service neutron] 10.222.0.64 "GET /v2.0/security-groups?id=40a1eebb-de59-4444-b00d-e57916703f27&fields=id&fields=name HTTP/1.1" status: 200 len: 313 time: 0.0556045
Mar 08 19:16:41.297102 dv-cinder-830092-3-iscsi neutron-server[103758]: DEBUG neutron.pecan_wsgi.hooks.policy_enforcement [req-f3dd4c5a-fc87-488b-960e-af2cc612ecbc req-162200a4-7a68-4e92-a07e-53589b18a2c5 tempest-AttachVolumeShelveTestJSON-1162416715 tempest-AttachVolumeShelveTestJSON-1162416715-project] Attributes excluded by policy engine: ['standard_attr_id', 'binding:profile', 'binding:host_id', 'binding:vif_type', 'binding:vif_details'] {{(pid=103758) _exclude_attributes_by_policy /opt/stack/neutron/neutron/pecan_wsgi/hooks/policy_enforcement.py:255}}
Mar 08 19:16:41.298639 dv-cinder-830092-3-iscsi neutron-server[103758]: INFO neutron.wsgi [req-f3dd4c5a-fc87-488b-960e-af2cc612ecbc req-162200a4-7a68-4e92-a07e-53589b18a2c5 tempest-AttachVolumeShelveTestJSON-1162416715 tempest-AttachVolumeShelveTestJSON-1162416715-project] 10.222.0.21 "GET /v2.0/ports?device_id=77883da4-802b-4542-9318-8174c773d3d2 HTTP/1.1" status: 200 len: 945 time: 0.0932829
Mar 08 19:16:41.314968 dv-cinder-830092-3-iscsi neutron-server[103758]: DEBUG neutron.pecan_wsgi.hooks.policy_enforcement [req-59a3ccfa-61ac-48fb-b9f7-53bed1c0785e req-8d1a2c2d-4202-4e16-acef-2866c691f588 tempest-DeleteServersTestJSON-365471845 tempest-DeleteServersTestJSON-365471845-project] Attributes excluded by policy engine: ['standard_attr_id', 'binding:profile', 'binding:host_id', 'binding:vif_type', 'binding:vif_details'] {{(pid=103758) _exclude_attributes_by_policy /opt/stack/neutron/neutron/pecan_wsgi/hooks/policy_enforcement.py:255}}
Mar 08 19:16:41.316414 dv-cinder-830092-3-iscsi neutron-server[103758]: INFO neutron.wsgi [req-59a3ccfa-61ac-48fb-b9f7-53bed1c0785e req-8d1a2c2d-4202-4e16-acef-2866c691f588 tempest-DeleteServersTestJSON-365471845 tempest-DeleteServersTestJSON-365471845-project] 10.222.0.21 "GET /v2.0/ports?device_id=fd98e45c-da6d-4b2d-bc1c-beec169685cc HTTP/1.1" status: 200 len: 946 time: 0.0797846
Mar 08 19:16:41.331775 dv-cinder-830092-3-iscsi neutron-server[103759]: DEBUG neutron_lib.callbacks.manager [None req-21dd0467-017a-4129-99cb-e19e991e226d None None] Publish callbacks ['neutron.plugins.ml2.plugin.SecurityGroupServerNotifierRpcMixin._notify_sg_on_port_change-594579', 'neutron.plugins.ml2.ovo_rpc._ObjectChangeHandler.handle_event-41777', 'neutron.api.rpc.agentnotifiers.dhcp_rpc_agent_api.DhcpAgentNotifyAPI._native_event_send_dhcp_notification-1633034', 'neutron.db.l3_db.L3RpcNotifierMixin._notify_gateway_port_ip_changed-8785633431224', 'neutron.db.l3_dvrscheduler_db._notify_l3_agent_port_update-8785633089235', 'neutron.db.l3_hascheduler_db._notify_l3_agent_ha_port_update-8785633089253'] for port (34502e9b-8ce0-42c4-bc29-94a2de69e607), after_update {{(pid=103759) _notify_loop /usr/local/lib/python3.8/dist-packages/neutron_lib/callbacks/manager.py:176}}
Mar 08 19:16:41.337210 dv-cinder-830092-3-iscsi neutron-server[103757]: DEBUG neutron.wsgi [-] (103757) accepted ('10.222.0.21', 38140) {{(pid=103757) server /usr/local/lib/python3.8/dist-packages/eventlet/wsgi.py:1004}}
Mar 08 19:16:41.383223 dv-cinder-830092-3-iscsi neutron-server[103759]: DEBUG neutron.api.rpc.handlers.resources_rpc [None req-21dd0467-017a-4129-99cb-e19e991e226d None None] Pushing event updated for resources: {'Port': ['ID=34502e9b-8ce0-42c4-bc29-94a2de69e607,revision_number=5']} {{(pid=103759) push /opt/stack/neutron/neutron/api/rpc/handlers/resources_rpc.py:237}}
Mar 08 19:16:41.452389 dv-cinder-830092-3-iscsi neutron-server[103758]: INFO neutron.wsgi [req-f3dd4c5a-fc87-488b-960e-af2cc612ecbc req-2e380ad2-fe35-4f61-a7e8-25fd449746a3 tempest-AttachVolumeShelveTestJSON-1162416715 tempest-AttachVolumeShelveTestJSON-1162416715-project] 10.222.0.21 "GET /v2.0/security-groups?id=1306173b-49fb-4b8d-9536-b278284049dc&fields=id&fields=name HTTP/1.1" status: 200 len: 312 time: 0.1349437
Mar 08 19:16:41.455557 dv-cinder-830092-3-iscsi neutron-server[103758]: INFO neutron.wsgi [req-59a3ccfa-61ac-48fb-b9f7-53bed1c0785e req-89705d1f-79f1-459f-bcbe-c4cd208c6f9b tempest-DeleteServersTestJSON-365471845 tempest-DeleteServersTestJSON-365471845-project] 10.222.0.21 "GET /v2.0/security-groups?id=1df7e27b-9ec3-4e46-bc5e-15c59ccd68d7&fields=id&fields=name HTTP/1.1" status: 200 len: 286 time: 0.1307175
Mar 08 19:16:41.484960 dv-cinder-830092-3-iscsi neutron-server[103757]: DEBUG neutron_lib.callbacks.manager [None req-112e6bf8-e27f-454a-a72f-12528108a209 admin admin] Publish callbacks [] for security_group (None), before_create {{(pid=103757) _notify_loop /usr/local/lib/python3.8/dist-packages/neutron_lib/callbacks/manager.py:176}}
Mar 08 19:16:41.557455 dv-cinder-830092-3-iscsi neutron-server[103758]: DEBUG neutron.wsgi [-] (103758) accepted ('10.222.0.21', 38152) {{(pid=103758) server /usr/local/lib/python3.8/dist-packages/eventlet/wsgi.py:1004}}
Mar 08 19:16:41.563727 dv-cinder-830092-3-iscsi neutron-server[103758]: DEBUG neutron.api.v2.base [None req-418b8909-5a4b-476d-821d-20777f30be54 admin admin] Request body: {'network': {'name': 'tempest-VolumesActionsTest-939696427-network', 'tenant_id': '2834d8bc009749908228e3acc06fde79'}} {{(pid=103758) prepare_request_body /opt/stack/neutron/neutron/api/v2/base.py:729}}
Mar 08 19:16:41.619789 dv-cinder-830092-3-iscsi neutron-server[103758]: DEBUG neutron.pecan_wsgi.hooks.policy_enforcement [req-e5ca874f-0da0-4b82-ba52-c9a1fd02f848 req-7b18ef55-789d-4dfe-8e66-2ca4df2a6eff tempest-AttachVolumeNegativeTest-1260896084 tempest-AttachVolumeNegativeTest-1260896084-project] Attributes excluded by policy engine: ['standard_attr_id', 'binding:profile', 'binding:host_id', 'binding:vif_type', 'binding:vif_details'] {{(pid=103758) _exclude_attributes_by_policy /opt/stack/neutron/neutron/pecan_wsgi/hooks/policy_enforcement.py:255}}
Mar 08 19:16:41.621681 dv-cinder-830092-3-iscsi neutron-server[103757]: DEBUG neutron_lib.callbacks.manager [None req-112e6bf8-e27f-454a-a72f-12528108a209 admin admin] Publish callbacks [] for security_group (7cc999e5-1dac-4cec-81ca-8bef0540b220), precommit_create {{(pid=103757) _notify_loop /usr/local/lib/python3.8/dist-packages/neutron_lib/callbacks/manager.py:176}}
Mar 08 19:16:41.623502 dv-cinder-830092-3-iscsi neutron-server[103758]: INFO neutron.wsgi [req-e5ca874f-0da0-4b82-ba52-c9a1fd02f848 req-7b18ef55-789d-4dfe-8e66-2ca4df2a6eff tempest-AttachVolumeNegativeTest-1260896084 tempest-AttachVolumeNegativeTest-1260896084-project] 10.222.0.21 "GET /v2.0/ports?device_id=475a6bb9-3c71-4739-9c8b-53a100d4eccf HTTP/1.1" status: 200 len: 945 time: 0.0925264
Mar 08 19:16:41.676802 dv-cinder-830092-3-iscsi neutron-server[103758]: INFO neutron.wsgi [req-e5ca874f-0da0-4b82-ba52-c9a1fd02f848 req-1f00cfaa-3fa0-4126-88db-093895af595f tempest-AttachVolumeNegativeTest-1260896084 tempest-AttachVolumeNegativeTest-1260896084-project] 10.222.0.21 "GET /v2.0/security-groups?id=40a1eebb-de59-4444-b00d-e57916703f27&fields=id&fields=name HTTP/1.1" status: 200 len: 313 time: 0.0487611
Mar 08 19:16:41.777017 dv-cinder-830092-3-iscsi neutron-server[103757]: DEBUG neutron_lib.callbacks.manager [None req-112e6bf8-e27f-454a-a72f-12528108a209 admin admin] Publish callbacks ['neutron.plugins.ml2.ovo_rpc._ObjectChangeHandler.handle_event-1756040'] for security_group (7cc999e5-1dac-4cec-81ca-8bef0540b220), after_create {{(pid=103757) _notify_loop /usr/local/lib/python3.8/dist-packages/neutron_lib/callbacks/manager.py:176}}
Mar 08 19:16:41.777198 dv-cinder-830092-3-iscsi neutron-server[103758]: DEBUG neutron.pecan_wsgi.hooks.quota_enforcement [None req-418b8909-5a4b-476d-821d-20777f30be54 admin admin] Made reservation on behalf of 2834d8bc009749908228e3acc06fde79 for: {'network': 1} {{(pid=103758) before /opt/stack/neutron/neutron/pecan_wsgi/hooks/quota_enforcement.py:53}}
Mar 08 19:16:41.779638 dv-cinder-830092-3-iscsi neutron-server[103758]: DEBUG neutron_lib.callbacks.manager [None req-418b8909-5a4b-476d-821d-20777f30be54 admin admin] Publish callbacks ['neutron.plugins.ml2.plugin.SecurityGroupDbMixin._ensure_default_security_group_handler-594652'] for network (None), before_create {{(pid=103758) _notify_loop /usr/local/lib/python3.8/dist-packages/neutron_lib/callbacks/manager.py:176}}
Mar 08 19:16:41.788070 dv-cinder-830092-3-iscsi neutron-server[103758]: DEBUG neutron_lib.callbacks.manager [None req-418b8909-5a4b-476d-821d-20777f30be54 admin admin] Publish callbacks [] for security_group (None), before_create {{(pid=103758) _notify_loop /usr/local/lib/python3.8/dist-packages/neutron_lib/callbacks/manager.py:176}}
Mar 08 19:16:41.814717 dv-cinder-830092-3-iscsi neutron-server[103757]: DEBUG neutron.api.rpc.handlers.resources_rpc [None req-112e6bf8-e27f-454a-a72f-12528108a209 admin admin] Pushing event updated for resources: {'SecurityGroup': ['ID=7cc999e5-1dac-4cec-81ca-8bef0540b220,revision_number=1']} {{(pid=103757) push /opt/stack/neutron/neutron/api/rpc/handlers/resources_rpc.py:237}}
Mar 08 19:16:41.818966 dv-cinder-830092-3-iscsi neutron-server[103757]: INFO neutron.wsgi [None req-112e6bf8-e27f-454a-a72f-12528108a209 admin admin] 10.222.0.21 "GET /v2.0/security-groups?tenant_id=f93d477c53d84f18ad78bbbf78e10d6e&name=default HTTP/1.1" status: 200 len: 2996 time: 0.4799654
Mar 08 19:16:41.822271 dv-cinder-830092-3-iscsi neutron-server[103757]: DEBUG neutron.wsgi [-] (103757) accepted ('10.222.0.21', 38164) {{(pid=103757) server /usr/local/lib/python3.8/dist-packages/eventlet/wsgi.py:1004}}
Mar 08 19:16:41.864648 dv-cinder-830092-3-iscsi neutron-server[103758]: DEBUG neutron_lib.callbacks.manager [None req-418b8909-5a4b-476d-821d-20777f30be54 admin admin] Publish callbacks [] for security_group (d2a0835f-35ea-4aca-8d69-ec998fa4c7f0), precommit_create {{(pid=103758) _notify_loop /usr/local/lib/python3.8/dist-packages/neutron_lib/callbacks/manager.py:176}}
Mar 08 19:16:41.879981 dv-cinder-830092-3-iscsi neutron-server[103757]: DEBUG neutron_lib.callbacks.manager [None req-22859061-5666-4c5e-a6a1-e1afe0f5cb40 admin admin] Publish callbacks [] for security_group (7cc999e5-1dac-4cec-81ca-8bef0540b220), before_delete {{(pid=103757) _notify_loop /usr/local/lib/python3.8/dist-packages/neutron_lib/callbacks/manager.py:176}}
Mar 08 19:16:41.902635 dv-cinder-830092-3-iscsi neutron-server[103757]: DEBUG neutron_lib.callbacks.manager [None req-22859061-5666-4c5e-a6a1-e1afe0f5cb40 admin admin] Publish callbacks [] for security_group (7cc999e5-1dac-4cec-81ca-8bef0540b220), precommit_delete {{(pid=103757) _notify_loop /usr/local/lib/python3.8/dist-packages/neutron_lib/callbacks/manager.py:176}}
Mar 08 19:16:41.973130 dv-cinder-830092-3-iscsi neutron-server[103758]: DEBUG neutron_lib.callbacks.manager [None req-418b8909-5a4b-476d-821d-20777f30be54 admin admin] Publish callbacks ['neutron.plugins.ml2.ovo_rpc._ObjectChangeHandler.handle_event-1756040'] for security_group (d2a0835f-35ea-4aca-8d69-ec998fa4c7f0), after_create {{(pid=103758) _notify_loop /usr/local/lib/python3.8/dist-packages/neutron_lib/callbacks/manager.py:176}}
Mar 08 19:16:42.001741 dv-cinder-830092-3-iscsi neutron-server[103758]: DEBUG neutron.api.rpc.handlers.resources_rpc [None req-418b8909-5a4b-476d-821d-20777f30be54 admin admin] Pushing event updated for resources: {'SecurityGroup': ['ID=d2a0835f-35ea-4aca-8d69-ec998fa4c7f0,revision_number=1']} {{(pid=103758) push /opt/stack/neutron/neutron/api/rpc/handlers/resources_rpc.py:237}}
Mar 08 19:16:42.106167 dv-cinder-830092-3-iscsi neutron-server[103757]: DEBUG neutron_lib.callbacks.manager [None req-22859061-5666-4c5e-a6a1-e1afe0f5cb40 admin admin] Publish callbacks ['neutron.plugins.ml2.ovo_rpc._ObjectChangeHandler.handle_event-1756040'] for security_group (7cc999e5-1dac-4cec-81ca-8bef0540b220), after_delete {{(pid=103757) _notify_loop /usr/local/lib/python3.8/dist-packages/neutron_lib/callbacks/manager.py:176}}
Mar 08 19:16:42.108973 dv-cinder-830092-3-iscsi neutron-server[103757]: DEBUG neutron_lib.callbacks.manager [None req-22859061-5666-4c5e-a6a1-e1afe0f5cb40 admin admin] Publish callbacks [] for security_group (None), before_response {{(pid=103757) _notify_loop /usr/local/lib/python3.8/dist-packages/neutron_lib/callbacks/manager.py:176}}
Mar 08 19:16:42.110117 dv-cinder-830092-3-iscsi neutron-server[103757]: INFO neutron.wsgi [None req-22859061-5666-4c5e-a6a1-e1afe0f5cb40 admin admin] 10.222.0.21 "DELETE /v2.0/security-groups/7cc999e5-1dac-4cec-81ca-8bef0540b220 HTTP/1.1" status: 204 len: 168 time: 0.2868242
Mar 08 19:16:42.113615 dv-cinder-830092-3-iscsi neutron-server[103758]: DEBUG neutron.plugins.ml2.drivers.helpers [None req-418b8909-5a4b-476d-821d-20777f30be54 admin admin] vlan segment allocate from pool success with {'vlan_id': 826, 'physical_network': 'physnet1'} {{(pid=103758) allocate_partially_specified_segment /opt/stack/neutron/neutron/plugins/ml2/drivers/helpers.py:153}}
Mar 08 19:16:42.121593 dv-cinder-830092-3-iscsi neutron-server[103757]: DEBUG neutron.api.rpc.handlers.resources_rpc [None req-22859061-5666-4c5e-a6a1-e1afe0f5cb40 admin admin] Pushing event deleted for resources: {'SecurityGroup': ['ID=7cc999e5-1dac-4cec-81ca-8bef0540b220,revision_number=None']} {{(pid=103757) push /opt/stack/neutron/neutron/api/rpc/handlers/resources_rpc.py:237}}
Mar 08 19:16:42.128491 dv-cinder-830092-3-iscsi neutron-server[103758]: DEBUG neutron_lib.callbacks.manager [None req-418b8909-5a4b-476d-821d-20777f30be54 admin admin] Publish callbacks ['neutron.plugins.ml2.plugin.Ml2Plugin._handle_segment_change-664146'] for segment (e782e6c6-bc60-4521-b8ed-2d8486a18e21), precommit_create {{(pid=103758) _notify_loop /usr/local/lib/python3.8/dist-packages/neutron_lib/callbacks/manager.py:176}}
Mar 08 19:16:42.128838 dv-cinder-830092-3-iscsi neutron-server[103758]: INFO neutron.db.segments_db [None req-418b8909-5a4b-476d-821d-20777f30be54 admin admin] Added segment e782e6c6-bc60-4521-b8ed-2d8486a18e21 of type vlan for network 792ab350-ffad-4181-8736-02346a7e6374
Mar 08 19:16:42.178715 dv-cinder-830092-3-iscsi neutron-server[103758]: DEBUG neutron_lib.callbacks.manager [None req-418b8909-5a4b-476d-821d-20777f30be54 admin admin] Publish callbacks ['neutron.services.auto_allocate.db._ensure_external_network_default_value_callback-8785633075496'] for network (792ab350-ffad-4181-8736-02346a7e6374), precommit_create {{(pid=103758) _notify_loop /usr/local/lib/python3.8/dist-packages/neutron_lib/callbacks/manager.py:176}}
Mar 08 19:16:42.308358 dv-cinder-830092-3-iscsi neutron-server[103758]: DEBUG neutron_lib.callbacks.manager [None req-418b8909-5a4b-476d-821d-20777f30be54 admin admin] Publish callbacks ['neutron.plugins.ml2.ovo_rpc._ObjectChangeHandler.handle_event-1750906', 'neutron.api.rpc.agentnotifiers.dhcp_rpc_agent_api.DhcpAgentNotifyAPI._native_event_send_dhcp_notification-1633034'] for network (792ab350-ffad-4181-8736-02346a7e6374), after_create {{(pid=103758) _notify_loop /usr/local/lib/python3.8/dist-packages/neutron_lib/callbacks/manager.py:176}}
Mar 08 19:16:42.309343 dv-cinder-830092-3-iscsi neutron-server[103758]: DEBUG neutron.pecan_wsgi.hooks.policy_enforcement [None req-418b8909-5a4b-476d-821d-20777f30be54 admin admin] Attributes excluded by policy engine: ['standard_attr_id', 'vlan_transparent'] {{(pid=103758) _exclude_attributes_by_policy /opt/stack/neutron/neutron/pecan_wsgi/hooks/policy_enforcement.py:255}}
Mar 08 19:16:42.309926 dv-cinder-830092-3-iscsi neutron-server[103758]: DEBUG neutron_lib.callbacks.manager [None req-418b8909-5a4b-476d-821d-20777f30be54 admin admin] Publish callbacks ['neutron.api.rpc.agentnotifiers.dhcp_rpc_agent_api.DhcpAgentNotifyAPI._send_dhcp_notification-1633048'] for network (None), before_response {{(pid=103758) _notify_loop /usr/local/lib/python3.8/dist-packages/neutron_lib/callbacks/manager.py:176}}
Mar 08 19:16:42.389601 dv-cinder-830092-3-iscsi neutron-server[103758]: DEBUG neutron.api.rpc.handlers.resources_rpc [None req-418b8909-5a4b-476d-821d-20777f30be54 admin admin] Pushing event updated for resources: {'Network': ['ID=792ab350-ffad-4181-8736-02346a7e6374,revision_number=1']} {{(pid=103758) push /opt/stack/neutron/neutron/api/rpc/handlers/resources_rpc.py:237}}
Mar 08 19:16:42.405338 dv-cinder-830092-3-iscsi neutron-server[103759]: DEBUG neutron.plugins.ml2.rpc [None req-12e295c6-7d26-40f7-a3b2-26ada3c826ac None None] Network 792ab350-ffad-4181-8736-02346a7e6374 details requested by agent ovs-agent-dv-cinder-830092-3-iscsi with host dv-cinder-830092-3-iscsi {{(pid=103759) get_network_details /opt/stack/neutron/neutron/plugins/ml2/rpc.py:248}}
Mar 08 19:16:42.450683 dv-cinder-830092-3-iscsi neutron-server[103758]: INFO neutron.wsgi [None req-418b8909-5a4b-476d-821d-20777f30be54 admin admin] 10.222.0.21 "POST /v2.0/networks HTTP/1.1" status: 201 len: 881 time: 0.8908083
Mar 08 19:16:42.459756 dv-cinder-830092-3-iscsi neutron-server[103757]: DEBUG neutron.wsgi [-] (103757) accepted ('10.222.0.21', 38196) {{(pid=103757) server /usr/local/lib/python3.8/dist-packages/eventlet/wsgi.py:1004}}
Mar 08 19:16:42.465225 dv-cinder-830092-3-iscsi neutron-server[103757]: DEBUG neutron.api.v2.base [None req-413b37c5-7b52-49b9-a49a-eec722b3d55b admin admin] Request body: {'subnet': {'network_id': '792ab350-ffad-4181-8736-02346a7e6374', 'cidr': '172.20.0.0/28', 'name': 'tempest-VolumesActionsTest-939696427-subnet', 'tenant_id': '2834d8bc009749908228e3acc06fde79', 'enable_dhcp': False, 'ip_version': 4}} {{(pid=103757) prepare_request_body /opt/stack/neutron/neutron/api/v2/base.py:729}}
Mar 08 19:16:42.623151 dv-cinder-830092-3-iscsi neutron-server[103757]: DEBUG neutron.pecan_wsgi.hooks.quota_enforcement [None req-413b37c5-7b52-49b9-a49a-eec722b3d55b admin admin] Made reservation on behalf of 2834d8bc009749908228e3acc06fde79 for: {'subnet': 1} {{(pid=103757) before /opt/stack/neutron/neutron/pecan_wsgi/hooks/quota_enforcement.py:53}}
Mar 08 19:16:42.626624 dv-cinder-830092-3-iscsi neutron-server[103757]: DEBUG neutron_lib.callbacks.manager [None req-413b37c5-7b52-49b9-a49a-eec722b3d55b admin admin] Publish callbacks [] for subnet (None), before_create {{(pid=103757) _notify_loop /usr/local/lib/python3.8/dist-packages/neutron_lib/callbacks/manager.py:176}}
Mar 08 19:16:42.675438 dv-cinder-830092-3-iscsi neutron-server[103758]: DEBUG neutron.pecan_wsgi.hooks.policy_enforcement [req-6b231b41-4ed2-485b-80e2-c686c307c3bf req-614b8e8b-d8c5-4195-9d49-e9665a2585a1 tempest-AttachVolumeShelveTestJSON-1162416715 tempest-AttachVolumeShelveTestJSON-1162416715-project] Attributes excluded by policy engine: ['standard_attr_id', 'binding:profile', 'binding:host_id', 'binding:vif_type', 'binding:vif_details'] {{(pid=103758) _exclude_attributes_by_policy /opt/stack/neutron/neutron/pecan_wsgi/hooks/policy_enforcement.py:255}}
Mar 08 19:16:42.677624 dv-cinder-830092-3-iscsi neutron-server[103758]: INFO neutron.wsgi [req-6b231b41-4ed2-485b-80e2-c686c307c3bf req-614b8e8b-d8c5-4195-9d49-e9665a2585a1 tempest-AttachVolumeShelveTestJSON-1162416715 tempest-AttachVolumeShelveTestJSON-1162416715-project] 10.222.0.21 "GET /v2.0/ports?device_id=77883da4-802b-4542-9318-8174c773d3d2 HTTP/1.1" status: 200 len: 946 time: 0.0713747
Mar 08 19:16:42.713898 dv-cinder-830092-3-iscsi neutron-server[103759]: DEBUG neutron.notifiers.nova [-] Sending events: [{'server_uuid': '77883da4-802b-4542-9318-8174c773d3d2', 'name': 'network-vif-plugged', 'status': 'completed', 'tag': '34502e9b-8ce0-42c4-bc29-94a2de69e607'}] {{(pid=103759) send_events /opt/stack/neutron/neutron/notifiers/nova.py:271}}
