Feb 20 21:53:20.939649 dv-cinder-830092-1-iscsi devstack@n-api.service[116379]: DEBUG nova.policy [None req-2dfe6d64-df74-4a84-9548-4273e295fc9f tempest-DeleteServersTestJSON-117503404 tempest-DeleteServersTestJSON-117503404-project] Policy check for os_compute_api:os-extended-server-attributes failed with credentials {'is_admin': False, 'user_id': '9fdf9e262240487794d95836b1c9935c', 'user_domain_id': 'default', 'system_scope': None, 'domain_id': None, 'project_id': 'd53d5bd477de433586f8ed42a3cdaa6e', 'project_domain_id': 'default', 'roles': ['member', 'reader'], 'is_admin_project': True, 'service_user_id': None, 'service_user_domain_id': None, 'service_project_id': None, 'service_project_domain_id': None, 'service_roles': []} {{(pid=116379) authorize /opt/stack/nova/nova/policy.py:199}}
Feb 20 21:53:20.952317 dv-cinder-830092-1-iscsi devstack@n-api.service[116379]: INFO nova.api.openstack.requestlog [None req-2dfe6d64-df74-4a84-9548-4273e295fc9f tempest-DeleteServersTestJSON-117503404 tempest-DeleteServersTestJSON-117503404-project] 10.222.0.10 "GET /compute/v2.1/servers/fdbb01ae-29ea-4026-8913-b8cd8ad5d218" status: 200 len: 1273 microversion: 2.1 time: 0.754920
Feb 20 21:53:20.957544 dv-cinder-830092-1-iscsi devstack@n-api.service[116379]: [pid: 116379|app: 0|req: 29/51] 10.222.0.10 () {58 vars in 1235 bytes} [Sun Feb 20 21:53:20 2022] GET /compute/v2.1/servers/fdbb01ae-29ea-4026-8913-b8cd8ad5d218 => generated 1273 bytes in 760 msecs (HTTP/1.1 200) 9 headers in 358 bytes (2 switches on core 0)
Feb 20 21:53:20.982571 dv-cinder-830092-1-iscsi devstack@n-api.service[116379]: DEBUG nova.api.openstack.wsgi [None req-ab59a839-2baf-4c59-9237-038058f18280 tempest-ServerRescueNegativeTestJSON-922942219 tempest-ServerRescueNegativeTestJSON-922942219-project] Calling method '>' {{(pid=116379) _process_stack /opt/stack/nova/nova/api/openstack/wsgi.py:513}}
Feb 20 21:53:20.982571 dv-cinder-830092-1-iscsi devstack@n-api.service[116379]: DEBUG nova.compute.api [None req-ab59a839-2baf-4c59-9237-038058f18280 tempest-ServerRescueNegativeTestJSON-922942219 tempest-ServerRescueNegativeTestJSON-922942219-project] [instance: 6a995ad3-6369-4f64-a86c-bc9692384bc6] Fetching instance by UUID {{(pid=116379) get /opt/stack/nova/nova/compute/api.py:2865}}
Feb 20 21:53:21.011684 dv-cinder-830092-1-iscsi devstack@n-api.service[116379]: DEBUG oslo_concurrency.lockutils [None req-ab59a839-2baf-4c59-9237-038058f18280 tempest-ServerRescueNegativeTestJSON-922942219 tempest-ServerRescueNegativeTestJSON-922942219-project] Lock "b6f1edd5-55e8-4957-a588-b0eb2232ee66" acquired by "nova.context.set_target_cell..get_or_set_cached_cell_and_set_connections" :: waited 0.000s {{(pid=116379) inner /usr/local/lib/python3.8/dist-packages/oslo_concurrency/lockutils.py:386}}
Feb 20 21:53:21.012183 dv-cinder-830092-1-iscsi devstack@n-api.service[116379]: DEBUG oslo_concurrency.lockutils [None req-ab59a839-2baf-4c59-9237-038058f18280 tempest-ServerRescueNegativeTestJSON-922942219 tempest-ServerRescueNegativeTestJSON-922942219-project] Lock "b6f1edd5-55e8-4957-a588-b0eb2232ee66" "released" by "nova.context.set_target_cell..get_or_set_cached_cell_and_set_connections" :: held 0.001s {{(pid=116379) inner /usr/local/lib/python3.8/dist-packages/oslo_concurrency/lockutils.py:400}}
Feb 20 21:53:21.020349 dv-cinder-830092-1-iscsi devstack@n-api.service[116379]: DEBUG oslo_concurrency.lockutils [None req-ab59a839-2baf-4c59-9237-038058f18280 tempest-ServerRescueNegativeTestJSON-922942219 tempest-ServerRescueNegativeTestJSON-922942219-project] Lock "b6f1edd5-55e8-4957-a588-b0eb2232ee66" acquired by "nova.context.set_target_cell..get_or_set_cached_cell_and_set_connections" :: waited 0.000s {{(pid=116379) inner /usr/local/lib/python3.8/dist-packages/oslo_concurrency/lockutils.py:386}}
Feb 20 21:53:21.021155 dv-cinder-830092-1-iscsi devstack@n-api.service[116379]: DEBUG oslo_concurrency.lockutils [None req-ab59a839-2baf-4c59-9237-038058f18280 tempest-ServerRescueNegativeTestJSON-922942219 tempest-ServerRescueNegativeTestJSON-922942219-project] Lock "b6f1edd5-55e8-4957-a588-b0eb2232ee66" "released" by "nova.context.set_target_cell..get_or_set_cached_cell_and_set_connections" :: held 0.004s {{(pid=116379) inner /usr/local/lib/python3.8/dist-packages/oslo_concurrency/lockutils.py:400}}
Feb 20 21:53:21.251715 dv-cinder-830092-1-iscsi devstack@n-api.service[116379]: DEBUG nova.policy [None req-ab59a839-2baf-4c59-9237-038058f18280 tempest-ServerRescueNegativeTestJSON-922942219 tempest-ServerRescueNegativeTestJSON-922942219-project] Policy check for os_compute_api:os-extended-server-attributes failed with credentials {'is_admin': False, 'user_id': 'bd5329690c904f1aadf72c5995fbf69f', 'user_domain_id': 'default', 'system_scope': None, 'domain_id': None, 'project_id': 'cced5a2b6da442488a49ee9eee88e810', 'project_domain_id': 'default', 'roles': ['member', 'reader'], 'is_admin_project': True, 'service_user_id': None, 'service_user_domain_id': None, 'service_project_id': None, 'service_project_domain_id': None, 'service_roles': []} {{(pid=116379) authorize /opt/stack/nova/nova/policy.py:199}}
Feb 20 21:53:21.263610 dv-cinder-830092-1-iscsi devstack@n-api.service[116379]: INFO nova.api.openstack.requestlog [None req-ab59a839-2baf-4c59-9237-038058f18280 tempest-ServerRescueNegativeTestJSON-922942219 tempest-ServerRescueNegativeTestJSON-922942219-project] 10.222.0.10 "GET /compute/v2.1/servers/6a995ad3-6369-4f64-a86c-bc9692384bc6" status: 200 len: 1273 microversion: 2.1 time: 0.304847
Feb 20 21:53:21.265639 dv-cinder-830092-1-iscsi devstack@n-api.service[116379]: [pid: 116379|app: 0|req: 30/52] 10.222.0.10 () {58 vars in 1235 bytes} [Sun Feb 20 21:53:20 2022] GET /compute/v2.1/servers/6a995ad3-6369-4f64-a86c-bc9692384bc6 => generated 1273 bytes in 308 msecs (HTTP/1.1 200) 9 headers in 358 bytes (1 switches on core 0)
Feb 20 21:53:21.287972 dv-cinder-830092-1-iscsi devstack@n-api.service[116379]: DEBUG nova.api.openstack.wsgi [None req-099430c3-a873-479d-a55c-3b62f4d29b16 tempest-VolumesSnapshotsTestJSON-1632617704 tempest-VolumesSnapshotsTestJSON-1632617704-project] Calling method '.version_select at 0x7f67e5a6e550>' {{(pid=116379) _process_stack /opt/stack/nova/nova/api/openstack/wsgi.py:513}}
Feb 20 21:53:21.398673 dv-cinder-830092-1-iscsi devstack@n-api.service[116378]: DEBUG nova.policy [None req-3869b0fe-eda8-4323-9cd3-74de9ff3ae90 tempest-AttachVolumeShelveTestJSON-155295146 tempest-AttachVolumeShelveTestJSON-155295146-project] Policy check for os_compute_api:os-extended-server-attributes failed with credentials {'is_admin': False, 'user_id': '020465afbdab4b108ca226d3ed6ea630', 'user_domain_id': 'default', 'system_scope': None, 'domain_id': None, 'project_id': '6f0085d829d7423ebc97a3c1689036f3', 'project_domain_id': 'default', 'roles': ['member', 'reader'], 'is_admin_project': True, 'service_user_id': None, 'service_user_domain_id': None, 'service_project_id': None, 'service_project_domain_id': None, 'service_roles': []} {{(pid=116378) authorize /opt/stack/nova/nova/policy.py:199}}
Feb 20 21:53:21.408661 dv-cinder-830092-1-iscsi devstack@n-api.service[116378]: DEBUG nova.policy [None req-3869b0fe-eda8-4323-9cd3-74de9ff3ae90 tempest-AttachVolumeShelveTestJSON-155295146 tempest-AttachVolumeShelveTestJSON-155295146-project] Policy check for os_compute_api:servers:show:host_status failed with credentials {'is_admin': False, 'user_id': '020465afbdab4b108ca226d3ed6ea630', 'user_domain_id': 'default', 'system_scope': None, 'domain_id': None, 'project_id': '6f0085d829d7423ebc97a3c1689036f3', 'project_domain_id': 'default', 'roles': ['member', 'reader'], 'is_admin_project': True, 'service_user_id': None, 'service_user_domain_id': None, 'service_project_id': None, 'service_project_domain_id': None, 'service_roles': []} {{(pid=116378) authorize /opt/stack/nova/nova/policy.py:199}}
Feb 20 21:53:21.422560 dv-cinder-830092-1-iscsi devstack@n-api.service[116378]: DEBUG nova.policy [None req-3869b0fe-eda8-4323-9cd3-74de9ff3ae90 tempest-AttachVolumeShelveTestJSON-155295146 tempest-AttachVolumeShelveTestJSON-155295146-project] Policy check for os_compute_api:servers:show:host_status:unknown-only failed with credentials {'is_admin': False, 'user_id': '020465afbdab4b108ca226d3ed6ea630', 'user_domain_id': 'default', 'system_scope': None, 'domain_id': None, 'project_id': '6f0085d829d7423ebc97a3c1689036f3', 'project_domain_id': 'default', 'roles': ['member', 'reader'], 'is_admin_project': True, 'service_user_id': None, 'service_user_domain_id': None, 'service_project_id': None, 'service_project_domain_id': None, 'service_roles': []} {{(pid=116378) authorize /opt/stack/nova/nova/policy.py:199}}
Feb 20 21:53:21.429369 dv-cinder-830092-1-iscsi devstack@n-api.service[116378]: INFO nova.api.openstack.requestlog [None req-3869b0fe-eda8-4323-9cd3-74de9ff3ae90 tempest-AttachVolumeShelveTestJSON-155295146 tempest-AttachVolumeShelveTestJSON-155295146-project] 10.222.0.10 "GET /compute/v2.1/servers/1d4b2008-3c11-4772-870b-9985995e6cf3" status: 200 len: 1338 microversion: 2.20 time: 0.568210
Feb 20 21:53:21.445330 dv-cinder-830092-1-iscsi devstack@n-api.service[116378]: [pid: 116378|app: 0|req: 23/53] 10.222.0.10 () {60 vars in 1276 bytes} [Sun Feb 20 21:53:20 2022] GET /compute/v2.1/servers/1d4b2008-3c11-4772-870b-9985995e6cf3 => generated 1338 bytes in 585 msecs (HTTP/1.1 200) 9 headers in 360 bytes (1 switches on core 0)
Feb 20 21:53:21.463120 dv-cinder-830092-1-iscsi devstack@n-api.service[116378]: DEBUG nova.api.openstack.wsgi [None req-e80283ae-1c5a-4044-bbdb-593c5e812883 tempest-VolumesTestJSON-278657735 tempest-VolumesTestJSON-278657735-project] Calling method '.version_select at 0x7f67e520f4c0>' {{(pid=116378) _process_stack /opt/stack/nova/nova/api/openstack/wsgi.py:513}}
Feb 20 21:53:21.511833 dv-cinder-830092-1-iscsi devstack@n-api.service[116379]: INFO nova.api.openstack.wsgi [None req-099430c3-a873-479d-a55c-3b62f4d29b16 tempest-VolumesSnapshotsTestJSON-1632617704 tempest-VolumesSnapshotsTestJSON-1632617704-project] HTTP exception thrown: Volume 4160700d-afc8-454f-a1cd-6b8ea3de8398 could not be found.
Feb 20 21:53:21.513450 dv-cinder-830092-1-iscsi devstack@n-api.service[116379]: DEBUG nova.api.openstack.wsgi [None req-099430c3-a873-479d-a55c-3b62f4d29b16 tempest-VolumesSnapshotsTestJSON-1632617704 tempest-VolumesSnapshotsTestJSON-1632617704-project] Returning 404 to user: Volume 4160700d-afc8-454f-a1cd-6b8ea3de8398 could not be found. {{(pid=116379) __call__ /opt/stack/nova/nova/api/openstack/wsgi.py:936}}
Feb 20 21:53:21.514299 dv-cinder-830092-1-iscsi devstack@n-api.service[116379]: INFO nova.api.openstack.requestlog [None req-099430c3-a873-479d-a55c-3b62f4d29b16 tempest-VolumesSnapshotsTestJSON-1632617704 tempest-VolumesSnapshotsTestJSON-1632617704-project] 10.222.0.10 "DELETE /compute/v2.1/os-volumes/4160700d-afc8-454f-a1cd-6b8ea3de8398" status: 404 len: 109 microversion: 2.1 time: 0.246376
Feb 20 21:53:21.515806 dv-cinder-830092-1-iscsi devstack@n-api.service[116379]: [pid: 116379|app: 0|req: 31/54] 10.222.0.10 () {58 vars in 1247 bytes} [Sun Feb 20 21:53:21 2022] DELETE /compute/v2.1/os-volumes/4160700d-afc8-454f-a1cd-6b8ea3de8398 => generated 109 bytes in 249 msecs (HTTP/1.1 404) 9 headers in 379 bytes (1 switches on core 0)
Feb 20 21:53:21.553016 dv-cinder-830092-1-iscsi devstack@n-api.service[116379]: DEBUG nova.api.openstack.wsgi [None req-ee715149-73d7-4b20-af82-8a81b15440be tempest-VolumesSnapshotsTestJSON-1632617704 tempest-VolumesSnapshotsTestJSON-1632617704-project] Calling method '.version_select at 0x7f67e5a1b9d0>' {{(pid=116379) _process_stack /opt/stack/nova/nova/api/openstack/wsgi.py:513}}
Feb 20 21:53:21.677757 dv-cinder-830092-1-iscsi devstack@n-api.service[116378]: INFO nova.api.openstack.requestlog [None req-e80283ae-1c5a-4044-bbdb-593c5e812883 tempest-VolumesTestJSON-278657735 tempest-VolumesTestJSON-278657735-project] 10.222.0.10 "GET /compute/v2.1/os-volumes/1457cbb9-972c-49dd-8aad-64493f188fa8" status: 200 len: 351 microversion: 2.1 time: 0.230833
Feb 20 21:53:21.678591 dv-cinder-830092-1-iscsi devstack@n-api.service[116378]: [pid: 116378|app: 0|req: 24/55] 10.222.0.10 () {58 vars in 1244 bytes} [Sun Feb 20 21:53:21 2022] GET /compute/v2.1/os-volumes/1457cbb9-972c-49dd-8aad-64493f188fa8 => generated 351 bytes in 232 msecs (HTTP/1.1 200) 9 headers in 357 bytes (1 switches on core 0)
Feb 20 21:53:21.685851 dv-cinder-830092-1-iscsi devstack@n-api.service[116378]: DEBUG nova.api.openstack.wsgi [None req-67433cd7-20f2-4e97-91d7-96787a41b168 tempest-AttachVolumeNegativeTest-1908628925 tempest-AttachVolumeNegativeTest-1908628925-project] Calling method '>' {{(pid=116378) _process_stack /opt/stack/nova/nova/api/openstack/wsgi.py:513}}
Feb 20 21:53:21.685851 dv-cinder-830092-1-iscsi devstack@n-api.service[116378]: DEBUG nova.compute.api [None req-67433cd7-20f2-4e97-91d7-96787a41b168 tempest-AttachVolumeNegativeTest-1908628925 tempest-AttachVolumeNegativeTest-1908628925-project] [instance: dd30b19f-7e94-47ad-9cbc-e4553ee515f9] Fetching instance by UUID {{(pid=116378) get /opt/stack/nova/nova/compute/api.py:2865}}
Feb 20 21:53:21.718741 dv-cinder-830092-1-iscsi devstack@n-api.service[116378]: DEBUG oslo_concurrency.lockutils [None req-67433cd7-20f2-4e97-91d7-96787a41b168 tempest-AttachVolumeNegativeTest-1908628925 tempest-AttachVolumeNegativeTest-1908628925-project] Lock "b6f1edd5-55e8-4957-a588-b0eb2232ee66" acquired by "nova.context.set_target_cell..get_or_set_cached_cell_and_set_connections" :: waited 0.000s {{(pid=116378) inner /usr/local/lib/python3.8/dist-packages/oslo_concurrency/lockutils.py:386}}
Feb 20 21:53:21.719200 dv-cinder-830092-1-iscsi devstack@n-api.service[116378]: DEBUG oslo_concurrency.lockutils [None req-67433cd7-20f2-4e97-91d7-96787a41b168 tempest-AttachVolumeNegativeTest-1908628925 tempest-AttachVolumeNegativeTest-1908628925-project] Lock "b6f1edd5-55e8-4957-a588-b0eb2232ee66" "released" by "nova.context.set_target_cell..get_or_set_cached_cell_and_set_connections" :: held 0.001s {{(pid=116378) inner /usr/local/lib/python3.8/dist-packages/oslo_concurrency/lockutils.py:400}}
Feb 20 21:53:21.720113 dv-cinder-830092-1-iscsi devstack@n-api.service[116378]: DEBUG oslo_concurrency.lockutils [None req-67433cd7-20f2-4e97-91d7-96787a41b168 tempest-AttachVolumeNegativeTest-1908628925 tempest-AttachVolumeNegativeTest-1908628925-project] Lock "b6f1edd5-55e8-4957-a588-b0eb2232ee66" acquired by "nova.context.set_target_cell..get_or_set_cached_cell_and_set_connections" :: waited 0.000s {{(pid=116378) inner /usr/local/lib/python3.8/dist-packages/oslo_concurrency/lockutils.py:386}}
Feb 20 21:53:21.720632 dv-cinder-830092-1-iscsi devstack@n-api.service[116378]: DEBUG oslo_concurrency.lockutils [None req-67433cd7-20f2-4e97-91d7-96787a41b168 tempest-AttachVolumeNegativeTest-1908628925 tempest-AttachVolumeNegativeTest-1908628925-project] Lock "b6f1edd5-55e8-4957-a588-b0eb2232ee66" "released" by "nova.context.set_target_cell..get_or_set_cached_cell_and_set_connections" :: held 0.001s {{(pid=116378) inner /usr/local/lib/python3.8/dist-packages/oslo_concurrency/lockutils.py:400}}
Feb 20 21:53:21.742527 dv-cinder-830092-1-iscsi devstack@n-api.service[116379]: INFO nova.api.openstack.wsgi [None req-ee715149-73d7-4b20-af82-8a81b15440be tempest-VolumesSnapshotsTestJSON-1632617704 tempest-VolumesSnapshotsTestJSON-1632617704-project] HTTP exception thrown: Volume 4160700d-afc8-454f-a1cd-6b8ea3de8398 could not be found.
Feb 20 21:53:21.749506 dv-cinder-830092-1-iscsi devstack@n-api.service[116379]: DEBUG nova.api.openstack.wsgi [None req-ee715149-73d7-4b20-af82-8a81b15440be tempest-VolumesSnapshotsTestJSON-1632617704 tempest-VolumesSnapshotsTestJSON-1632617704-project] Returning 404 to user: Volume 4160700d-afc8-454f-a1cd-6b8ea3de8398 could not be found. {{(pid=116379) __call__ /opt/stack/nova/nova/api/openstack/wsgi.py:936}}
Feb 20 21:53:21.749506 dv-cinder-830092-1-iscsi devstack@n-api.service[116379]: INFO nova.api.openstack.requestlog [None req-ee715149-73d7-4b20-af82-8a81b15440be tempest-VolumesSnapshotsTestJSON-1632617704 tempest-VolumesSnapshotsTestJSON-1632617704-project] 10.222.0.10 "GET /compute/v2.1/os-volumes/4160700d-afc8-454f-a1cd-6b8ea3de8398" status: 404 len: 109 microversion: 2.1 time: 0.221868
Feb 20 21:53:21.749506 dv-cinder-830092-1-iscsi devstack@n-api.service[116379]: [pid: 116379|app: 0|req: 32/56] 10.222.0.10 () {58 vars in 1244 bytes} [Sun Feb 20 21:53:21 2022] GET /compute/v2.1/os-volumes/4160700d-afc8-454f-a1cd-6b8ea3de8398 => generated 109 bytes in 226 msecs (HTTP/1.1 404) 9 headers in 379 bytes (1 switches on core 0)
Feb 20 21:53:21.752927 dv-cinder-830092-1-iscsi devstack@n-api.service[116379]: DEBUG nova.api.openstack.wsgi [None req-b6ecc513-d1ce-4aae-94ef-3a9836f294ea tempest-VolumesTestJSON-278657735 tempest-VolumesTestJSON-278657735-project] Calling method '.version_select at 0x7f67e5a58160>' {{(pid=116379) _process_stack /opt/stack/nova/nova/api/openstack/wsgi.py:513}}
Feb 20 21:53:21.970127 dv-cinder-830092-1-iscsi devstack@n-api.service[116379]: INFO nova.api.openstack.requestlog [None req-b6ecc513-d1ce-4aae-94ef-3a9836f294ea tempest-VolumesTestJSON-278657735 tempest-VolumesTestJSON-278657735-project] 10.222.0.10 "GET /compute/v2.1/os-volumes" status: 200 len: 1034 microversion: 2.1 time: 0.223015
Feb 20 21:53:21.971159 dv-cinder-830092-1-iscsi devstack@n-api.service[116379]: [pid: 116379|app: 0|req: 33/57] 10.222.0.10 () {58 vars in 1133 bytes} [Sun Feb 20 21:53:21 2022] GET /compute/v2.1/os-volumes => generated 1034 bytes in 226 msecs (HTTP/1.1 200) 9 headers in 358 bytes (1 switches on core 0)
Feb 20 21:53:21.980435 dv-cinder-830092-1-iscsi devstack@n-api.service[116379]: DEBUG nova.api.openstack.wsgi [None req-e14a634d-98f8-47c7-bca1-d538102beb81 tempest-DeleteServersTestJSON-117503404 tempest-DeleteServersTestJSON-117503404-project] Calling method '>' {{(pid=116379) _process_stack /opt/stack/nova/nova/api/openstack/wsgi.py:513}}
Feb 20 21:53:21.982825 dv-cinder-830092-1-iscsi devstack@n-api.service[116379]: DEBUG nova.compute.api [None req-e14a634d-98f8-47c7-bca1-d538102beb81 tempest-DeleteServersTestJSON-117503404 tempest-DeleteServersTestJSON-117503404-project] [instance: fdbb01ae-29ea-4026-8913-b8cd8ad5d218] Fetching instance by UUID {{(pid=116379) get /opt/stack/nova/nova/compute/api.py:2865}}
Feb 20 21:53:22.006354 dv-cinder-830092-1-iscsi devstack@n-api.service[116379]: DEBUG oslo_concurrency.lockutils [None req-e14a634d-98f8-47c7-bca1-d538102beb81 tempest-DeleteServersTestJSON-117503404 tempest-DeleteServersTestJSON-117503404-project] Lock "b6f1edd5-55e8-4957-a588-b0eb2232ee66" acquired by "nova.context.set_target_cell..get_or_set_cached_cell_and_set_connections" :: waited 0.003s {{(pid=116379) inner /usr/local/lib/python3.8/dist-packages/oslo_concurrency/lockutils.py:386}}
Feb 20 21:53:22.006756 dv-cinder-830092-1-iscsi devstack@n-api.service[116379]: DEBUG oslo_concurrency.lockutils [None req-e14a634d-98f8-47c7-bca1-d538102beb81 tempest-DeleteServersTestJSON-117503404 tempest-DeleteServersTestJSON-117503404-project] Lock "b6f1edd5-55e8-4957-a588-b0eb2232ee66" "released" by "nova.context.set_target_cell..get_or_set_cached_cell_and_set_connections" :: held 0.001s {{(pid=116379) inner /usr/local/lib/python3.8/dist-packages/oslo_concurrency/lockutils.py:400}}
Feb 20 21:53:22.007599 dv-cinder-830092-1-iscsi devstack@n-api.service[116379]: DEBUG oslo_concurrency.lockutils [None req-e14a634d-98f8-47c7-bca1-d538102beb81 tempest-DeleteServersTestJSON-117503404 tempest-DeleteServersTestJSON-117503404-project] Lock "b6f1edd5-55e8-4957-a588-b0eb2232ee66" acquired by "nova.context.set_target_cell..get_or_set_cached_cell_and_set_connections" :: waited 0.000s {{(pid=116379) inner /usr/local/lib/python3.8/dist-packages/oslo_concurrency/lockutils.py:386}}
Feb 20 21:53:22.010406 dv-cinder-830092-1-iscsi devstack@n-api.service[116379]: DEBUG oslo_concurrency.lockutils [None req-e14a634d-98f8-47c7-bca1-d538102beb81 tempest-DeleteServersTestJSON-117503404 tempest-DeleteServersTestJSON-117503404-project] Lock "b6f1edd5-55e8-4957-a588-b0eb2232ee66" "released" by "nova.context.set_target_cell..get_or_set_cached_cell_and_set_connections" :: held 0.003s {{(pid=116379) inner /usr/local/lib/python3.8/dist-packages/oslo_concurrency/lockutils.py:400}}
Feb 20 21:53:22.157963 dv-cinder-830092-1-iscsi devstack@n-api.service[116378]: DEBUG nova.policy [None req-67433cd7-20f2-4e97-91d7-96787a41b168 tempest-AttachVolumeNegativeTest-1908628925 tempest-AttachVolumeNegativeTest-1908628925-project] Policy check for os_compute_api:os-extended-server-attributes failed with credentials {'is_admin': False, 'user_id': 'fafca90356f64052b3607d85342f4e5b', 'user_domain_id': 'default', 'system_scope': None, 'domain_id': None, 'project_id': '0d0bcb36ba4f4f15883133239ea47e0e', 'project_domain_id': 'default', 'roles': ['member', 'reader'], 'is_admin_project': True, 'service_user_id': None, 'service_user_domain_id': None, 'service_project_id': None, 'service_project_domain_id': None, 'service_roles': []} {{(pid=116378) authorize /opt/stack/nova/nova/policy.py:199}}
Feb 20 21:53:22.172204 dv-cinder-830092-1-iscsi devstack@n-api.service[116378]: INFO nova.api.openstack.requestlog [None req-67433cd7-20f2-4e97-91d7-96787a41b168 tempest-AttachVolumeNegativeTest-1908628925 tempest-AttachVolumeNegativeTest-1908628925-project] 10.222.0.10 "GET /compute/v2.1/servers/dd30b19f-7e94-47ad-9cbc-e4553ee515f9" status: 200 len: 1275 microversion: 2.1 time: 0.492378
Feb 20 21:53:22.177602 dv-cinder-830092-1-iscsi devstack@n-api.service[116378]: [pid: 116378|app: 0|req: 25/58] 10.222.0.10 () {58 vars in 1235 bytes} [Sun Feb 20 21:53:21 2022] GET /compute/v2.1/servers/dd30b19f-7e94-47ad-9cbc-e4553ee515f9 => generated 1275 bytes in 498 msecs (HTTP/1.1 200) 9 headers in 358 bytes (1 switches on core 0)
Feb 20 21:53:22.191495 dv-cinder-830092-1-iscsi devstack@n-api.service[116378]: DEBUG nova.api.openstack.wsgi [None req-5869db5b-4d8b-44ec-b2c1-961b1cc4b7c4 tempest-VolumesTestJSON-278657735 tempest-VolumesTestJSON-278657735-project] Calling method '.version_select at 0x7f67e5242280>' {{(pid=116378) _process_stack /opt/stack/nova/nova/api/openstack/wsgi.py:513}}
Feb 20 21:53:22.552771 dv-cinder-830092-1-iscsi devstack@n-api.service[116378]: INFO nova.api.openstack.requestlog [None req-5869db5b-4d8b-44ec-b2c1-961b1cc4b7c4 tempest-VolumesTestJSON-278657735 tempest-VolumesTestJSON-278657735-project] 10.222.0.10 "GET /compute/v2.1/os-volumes?limit=2" status: 200 len: 694 microversion: 2.1 time: 0.373930
Feb 20 21:53:22.553894 dv-cinder-830092-1-iscsi devstack@n-api.service[116378]: [pid: 116378|app: 0|req: 26/59] 10.222.0.10 () {58 vars in 1148 bytes} [Sun Feb 20 21:53:22 2022] GET /compute/v2.1/os-volumes?limit=2 => generated 694 bytes in 375 msecs (HTTP/1.1 200) 9 headers in 357 bytes (1 switches on core 0)
Feb 20 21:53:22.565366 dv-cinder-830092-1-iscsi devstack@n-api.service[116378]: DEBUG nova.api.openstack.wsgi [None req-e6ad9992-5fae-40b9-ba98-dea163112cfd tempest-ServerRescueNegativeTestJSON-922942219 tempest-ServerRescueNegativeTestJSON-922942219-project] Calling method '>' {{(pid=116378) _process_stack /opt/stack/nova/nova/api/openstack/wsgi.py:513}}
Feb 20 21:53:22.566236 dv-cinder-830092-1-iscsi devstack@n-api.service[116378]: DEBUG nova.compute.api [None req-e6ad9992-5fae-40b9-ba98-dea163112cfd tempest-ServerRescueNegativeTestJSON-922942219 tempest-ServerRescueNegativeTestJSON-922942219-project] [instance: 6a995ad3-6369-4f64-a86c-bc9692384bc6] Fetching instance by UUID {{(pid=116378) get /opt/stack/nova/nova/compute/api.py:2865}}
Feb 20 21:53:22.582939 dv-cinder-830092-1-iscsi devstack@n-api.service[116379]: DEBUG nova.policy [None req-e14a634d-98f8-47c7-bca1-d538102beb81 tempest-DeleteServersTestJSON-117503404 tempest-DeleteServersTestJSON-117503404-project] Policy check for os_compute_api:os-extended-server-attributes failed with credentials {'is_admin': False, 'user_id': '9fdf9e262240487794d95836b1c9935c', 'user_domain_id': 'default', 'system_scope': None, 'domain_id': None, 'project_id': 'd53d5bd477de433586f8ed42a3cdaa6e', 'project_domain_id': 'default', 'roles': ['member', 'reader'], 'is_admin_project': True, 'service_user_id': None, 'service_user_domain_id': None, 'service_project_id': None, 'service_project_domain_id': None, 'service_roles': []} {{(pid=116379) authorize /opt/stack/nova/nova/policy.py:199}}
Feb 20 21:53:22.583792 dv-cinder-830092-1-iscsi devstack@n-api.service[116378]: DEBUG oslo_concurrency.lockutils [None req-e6ad9992-5fae-40b9-ba98-dea163112cfd tempest-ServerRescueNegativeTestJSON-922942219 tempest-ServerRescueNegativeTestJSON-922942219-project] Lock "b6f1edd5-55e8-4957-a588-b0eb2232ee66" acquired by "nova.context.set_target_cell..get_or_set_cached_cell_and_set_connections" :: waited 0.000s {{(pid=116378) inner /usr/local/lib/python3.8/dist-packages/oslo_concurrency/lockutils.py:386}}
Feb 20 21:53:22.584717 dv-cinder-830092-1-iscsi devstack@n-api.service[116378]: DEBUG oslo_concurrency.lockutils [None req-e6ad9992-5fae-40b9-ba98-dea163112cfd tempest-ServerRescueNegativeTestJSON-922942219 tempest-ServerRescueNegativeTestJSON-922942219-project] Lock "b6f1edd5-55e8-4957-a588-b0eb2232ee66" "released" by "nova.context.set_target_cell..get_or_set_cached_cell_and_set_connections" :: held 0.001s {{(pid=116378) inner /usr/local/lib/python3.8/dist-packages/oslo_concurrency/lockutils.py:400}}
Feb 20 21:53:22.594650 dv-cinder-830092-1-iscsi devstack@n-api.service[116379]: INFO nova.api.openstack.requestlog [None req-e14a634d-98f8-47c7-bca1-d538102beb81 tempest-DeleteServersTestJSON-117503404 tempest-DeleteServersTestJSON-117503404-project] 10.222.0.10 "GET /compute/v2.1/servers/fdbb01ae-29ea-4026-8913-b8cd8ad5d218" status: 200 len: 1273 microversion: 2.1 time: 0.621193
Feb 20 21:53:22.599906 dv-cinder-830092-1-iscsi devstack@n-api.service[116378]: DEBUG oslo_concurrency.lockutils [None req-e6ad9992-5fae-40b9-ba98-dea163112cfd tempest-ServerRescueNegativeTestJSON-922942219 tempest-ServerRescueNegativeTestJSON-922942219-project] Lock "b6f1edd5-55e8-4957-a588-b0eb2232ee66" acquired by "nova.context.set_target_cell..get_or_set_cached_cell_and_set_connections" :: waited 0.000s {{(pid=116378) inner /usr/local/lib/python3.8/dist-packages/oslo_concurrency/lockutils.py:386}}
Feb 20 21:53:22.600811 dv-cinder-830092-1-iscsi devstack@n-api.service[116378]: DEBUG oslo_concurrency.lockutils [None req-e6ad9992-5fae-40b9-ba98-dea163112cfd tempest-ServerRescueNegativeTestJSON-922942219 tempest-ServerRescueNegativeTestJSON-922942219-project] Lock "b6f1edd5-55e8-4957-a588-b0eb2232ee66" "released" by "nova.context.set_target_cell..get_or_set_cached_cell_and_set_connections" :: held 0.003s {{(pid=116378) inner /usr/local/lib/python3.8/dist-packages/oslo_concurrency/lockutils.py:400}}
Feb 20 21:53:22.602249 dv-cinder-830092-1-iscsi devstack@n-api.service[116379]: [pid: 116379|app: 0|req: 34/60] 10.222.0.10 () {58 vars in 1235 bytes} [Sun Feb 20 21:53:21 2022] GET /compute/v2.1/servers/fdbb01ae-29ea-4026-8913-b8cd8ad5d218 => generated 1273 bytes in 631 msecs (HTTP/1.1 200) 9 headers in 358 bytes (1 switches on core 0)
Feb 20 21:53:22.611508 dv-cinder-830092-1-iscsi devstack@n-api.service[116379]: DEBUG nova.api.openstack.wsgi [None req-75c98dd0-a9d1-4f22-9704-b8ea4441c29d tempest-AttachVolumeShelveTestJSON-155295146 tempest-AttachVolumeShelveTestJSON-155295146-project] Calling method '>' {{(pid=116379) _process_stack /opt/stack/nova/nova/api/openstack/wsgi.py:513}}
Feb 20 21:53:22.619451 dv-cinder-830092-1-iscsi devstack@n-api.service[116379]: DEBUG nova.compute.api [None req-75c98dd0-a9d1-4f22-9704-b8ea4441c29d tempest-AttachVolumeShelveTestJSON-155295146 tempest-AttachVolumeShelveTestJSON-155295146-project] [instance: 1d4b2008-3c11-4772-870b-9985995e6cf3] Fetching instance by UUID {{(pid=116379) get /opt/stack/nova/nova/compute/api.py:2865}}
Feb 20 21:53:22.636404 dv-cinder-830092-1-iscsi devstack@n-api.service[116379]: DEBUG oslo_concurrency.lockutils [None req-75c98dd0-a9d1-4f22-9704-b8ea4441c29d tempest-AttachVolumeShelveTestJSON-155295146 tempest-AttachVolumeShelveTestJSON-155295146-project] Lock "b6f1edd5-55e8-4957-a588-b0eb2232ee66" acquired by "nova.context.set_target_cell..get_or_set_cached_cell_and_set_connections" :: waited 0.000s {{(pid=116379) inner /usr/local/lib/python3.8/dist-packages/oslo_concurrency/lockutils.py:386}}
Feb 20 21:53:22.638301 dv-cinder-830092-1-iscsi devstack@n-api.service[116379]: DEBUG oslo_concurrency.lockutils [None req-75c98dd0-a9d1-4f22-9704-b8ea4441c29d tempest-AttachVolumeShelveTestJSON-155295146 tempest-AttachVolumeShelveTestJSON-155295146-project] Lock "b6f1edd5-55e8-4957-a588-b0eb2232ee66" "released" by "nova.context.set_target_cell..get_or_set_cached_cell_and_set_connections" :: held 0.001s {{(pid=116379) inner /usr/local/lib/python3.8/dist-packages/oslo_concurrency/lockutils.py:400}}
Feb 20 21:53:22.645884 dv-cinder-830092-1-iscsi devstack@n-api.service[116379]: DEBUG oslo_concurrency.lockutils [None req-75c98dd0-a9d1-4f22-9704-b8ea4441c29d tempest-AttachVolumeShelveTestJSON-155295146 tempest-AttachVolumeShelveTestJSON-155295146-project] Lock "b6f1edd5-55e8-4957-a588-b0eb2232ee66" acquired by "nova.context.set_target_cell..get_or_set_cached_cell_and_set_connections" :: waited 0.000s {{(pid=116379) inner /usr/local/lib/python3.8/dist-packages/oslo_concurrency/lockutils.py:386}}
Feb 20 21:53:22.649836 dv-cinder-830092-1-iscsi devstack@n-api.service[116379]: DEBUG oslo_concurrency.lockutils [None req-75c98dd0-a9d1-4f22-9704-b8ea4441c29d tempest-AttachVolumeShelveTestJSON-155295146 tempest-AttachVolumeShelveTestJSON-155295146-project] Lock "b6f1edd5-55e8-4957-a588-b0eb2232ee66" "released" by "nova.context.set_target_cell..get_or_set_cached_cell_and_set_connections" :: held 0.001s {{(pid=116379) inner /usr/local/lib/python3.8/dist-packages/oslo_concurrency/lockutils.py:400}}
Feb 20 21:53:22.935637 dv-cinder-830092-1-iscsi devstack@n-api.service[116378]: DEBUG nova.policy [None req-e6ad9992-5fae-40b9-ba98-dea163112cfd tempest-ServerRescueNegativeTestJSON-922942219 tempest-ServerRescueNegativeTestJSON-922942219-project] Policy check for os_compute_api:os-extended-server-attributes failed with credentials {'is_admin': False, 'user_id': 'bd5329690c904f1aadf72c5995fbf69f', 'user_domain_id': 'default', 'system_scope': None, 'domain_id': None, 'project_id': 'cced5a2b6da442488a49ee9eee88e810', 'project_domain_id': 'default', 'roles': ['member', 'reader'], 'is_admin_project': True, 'service_user_id': None, 'service_user_domain_id': None, 'service_project_id': None, 'service_project_domain_id': None, 'service_roles': []} {{(pid=116378) authorize /opt/stack/nova/nova/policy.py:199}}
Feb 20 21:53:22.953625 dv-cinder-830092-1-iscsi devstack@n-api.service[116378]: INFO nova.api.openstack.requestlog [None req-e6ad9992-5fae-40b9-ba98-dea163112cfd tempest-ServerRescueNegativeTestJSON-922942219 tempest-ServerRescueNegativeTestJSON-922942219-project] 10.222.0.10 "GET /compute/v2.1/servers/6a995ad3-6369-4f64-a86c-bc9692384bc6" status: 200 len: 1279 microversion: 2.1 time: 0.398230
Feb 20 21:53:22.970848 dv-cinder-830092-1-iscsi devstack@n-api.service[116378]: [pid: 116378|app: 0|req: 27/61] 10.222.0.10 () {58 vars in 1235 bytes} [Sun Feb 20 21:53:22 2022] GET /compute/v2.1/servers/6a995ad3-6369-4f64-a86c-bc9692384bc6 => generated 1279 bytes in 416 msecs (HTTP/1.1 200) 9 headers in 358 bytes (1 switches on core 0)
Feb 20 21:53:22.988646 dv-cinder-830092-1-iscsi devstack@n-api.service[116378]: DEBUG nova.api.openstack.wsgi [None req-d37cf4a3-2196-4e91-9c0f-e1254fc02a4a tempest-VolumesTestJSON-278657735 tempest-VolumesTestJSON-278657735-project] Calling method '.version_select at 0x7f67e521c430>' {{(pid=116378) _process_stack /opt/stack/nova/nova/api/openstack/wsgi.py:513}}
Feb 20 21:53:23.134562 dv-cinder-830092-1-iscsi devstack@n-api.service[116379]: DEBUG nova.policy [None req-75c98dd0-a9d1-4f22-9704-b8ea4441c29d tempest-AttachVolumeShelveTestJSON-155295146 tempest-AttachVolumeShelveTestJSON-155295146-project] Policy check for os_compute_api:os-extended-server-attributes failed with credentials {'is_admin': False, 'user_id': '020465afbdab4b108ca226d3ed6ea630', 'user_domain_id': 'default', 'system_scope': None, 'domain_id': None, 'project_id': '6f0085d829d7423ebc97a3c1689036f3', 'project_domain_id': 'default', 'roles': ['member', 'reader'], 'is_admin_project': True, 'service_user_id': None, 'service_user_domain_id': None, 'service_project_id': None, 'service_project_domain_id': None, 'service_roles': []} {{(pid=116379) authorize /opt/stack/nova/nova/policy.py:199}}
Feb 20 21:53:23.178164 dv-cinder-830092-1-iscsi devstack@n-api.service[116379]: DEBUG nova.policy [None req-75c98dd0-a9d1-4f22-9704-b8ea4441c29d tempest-AttachVolumeShelveTestJSON-155295146 tempest-AttachVolumeShelveTestJSON-155295146-project] Policy check for os_compute_api:servers:show:host_status failed with credentials {'is_admin': False, 'user_id': '020465afbdab4b108ca226d3ed6ea630', 'user_domain_id': 'default', 'system_scope': None, 'domain_id': None, 'project_id': '6f0085d829d7423ebc97a3c1689036f3', 'project_domain_id': 'default', 'roles': ['member', 'reader'], 'is_admin_project': True, 'service_user_id': None, 'service_user_domain_id': None, 'service_project_id': None, 'service_project_domain_id': None, 'service_roles': []} {{(pid=116379) authorize /opt/stack/nova/nova/policy.py:199}}
Feb 20 21:53:23.186431 dv-cinder-830092-1-iscsi devstack@n-api.service[116379]: DEBUG nova.policy [None req-75c98dd0-a9d1-4f22-9704-b8ea4441c29d tempest-AttachVolumeShelveTestJSON-155295146 tempest-AttachVolumeShelveTestJSON-155295146-project] Policy check for os_compute_api:servers:show:host_status:unknown-only failed with credentials {'is_admin': False, 'user_id': '020465afbdab4b108ca226d3ed6ea630', 'user_domain_id': 'default', 'system_scope': None, 'domain_id': None, 'project_id': '6f0085d829d7423ebc97a3c1689036f3', 'project_domain_id': 'default', 'roles': ['member', 'reader'], 'is_admin_project': True, 'service_user_id': None, 'service_user_domain_id': None, 'service_project_id': None, 'service_project_domain_id': None, 'service_roles': []} {{(pid=116379) authorize /opt/stack/nova/nova/policy.py:199}}
Feb 20 21:53:23.191460 dv-cinder-830092-1-iscsi devstack@n-api.service[116379]: INFO nova.api.openstack.requestlog [None req-75c98dd0-a9d1-4f22-9704-b8ea4441c29d tempest-AttachVolumeShelveTestJSON-155295146 tempest-AttachVolumeShelveTestJSON-155295146-project] 10.222.0.10 "GET /compute/v2.1/servers/1d4b2008-3c11-4772-870b-9985995e6cf3" status: 200 len: 1338 microversion: 2.20 time: 0.586387
Feb 20 21:53:23.203988 dv-cinder-830092-1-iscsi devstack@n-api.service[116379]: [pid: 116379|app: 0|req: 35/62] 10.222.0.10 () {60 vars in 1276 bytes} [Sun Feb 20 21:53:22 2022] GET /compute/v2.1/servers/1d4b2008-3c11-4772-870b-9985995e6cf3 => generated 1338 bytes in 592 msecs (HTTP/1.1 200) 9 headers in 360 bytes (1 switches on core 0)
Feb 20 21:53:23.243319 dv-cinder-830092-1-iscsi devstack@n-api.service[116379]: DEBUG nova.api.openstack.wsgi [None req-9fbf7870-a25f-455d-a443-bf667928d105 tempest-AttachVolumeNegativeTest-1908628925 tempest-AttachVolumeNegativeTest-1908628925-project] Calling method '>' {{(pid=116379) _process_stack /opt/stack/nova/nova/api/openstack/wsgi.py:513}}
Feb 20 21:53:23.247836 dv-cinder-830092-1-iscsi devstack@n-api.service[116379]: DEBUG nova.compute.api [None req-9fbf7870-a25f-455d-a443-bf667928d105 tempest-AttachVolumeNegativeTest-1908628925 tempest-AttachVolumeNegativeTest-1908628925-project] [instance: dd30b19f-7e94-47ad-9cbc-e4553ee515f9] Fetching instance by UUID {{(pid=116379) get /opt/stack/nova/nova/compute/api.py:2865}}
Feb 20 21:53:23.279630 dv-cinder-830092-1-iscsi devstack@n-api.service[116379]: DEBUG oslo_concurrency.lockutils [None req-9fbf7870-a25f-455d-a443-bf667928d105 tempest-AttachVolumeNegativeTest-1908628925 tempest-AttachVolumeNegativeTest-1908628925-project] Lock "b6f1edd5-55e8-4957-a588-b0eb2232ee66" acquired by "nova.context.set_target_cell..get_or_set_cached_cell_and_set_connections" :: waited 0.001s {{(pid=116379) inner /usr/local/lib/python3.8/dist-packages/oslo_concurrency/lockutils.py:386}}
Feb 20 21:53:23.282939 dv-cinder-830092-1-iscsi devstack@n-api.service[116379]: DEBUG oslo_concurrency.lockutils [None req-9fbf7870-a25f-455d-a443-bf667928d105 tempest-AttachVolumeNegativeTest-1908628925 tempest-AttachVolumeNegativeTest-1908628925-project] Lock "b6f1edd5-55e8-4957-a588-b0eb2232ee66" "released" by "nova.context.set_target_cell..get_or_set_cached_cell_and_set_connections" :: held 0.002s {{(pid=116379) inner /usr/local/lib/python3.8/dist-packages/oslo_concurrency/lockutils.py:400}}
Feb 20 21:53:23.285818 dv-cinder-830092-1-iscsi devstack@n-api.service[116379]: DEBUG oslo_concurrency.lockutils [None req-9fbf7870-a25f-455d-a443-bf667928d105 tempest-AttachVolumeNegativeTest-1908628925 tempest-AttachVolumeNegativeTest-1908628925-project] Lock "b6f1edd5-55e8-4957-a588-b0eb2232ee66" acquired by "nova.context.set_target_cell..get_or_set_cached_cell_and_set_connections" :: waited 0.000s {{(pid=116379) inner /usr/local/lib/python3.8/dist-packages/oslo_concurrency/lockutils.py:386}}
Feb 20 21:53:23.288139 dv-cinder-830092-1-iscsi devstack@n-api.service[116379]: DEBUG oslo_concurrency.lockutils [None req-9fbf7870-a25f-455d-a443-bf667928d105 tempest-AttachVolumeNegativeTest-1908628925 tempest-AttachVolumeNegativeTest-1908628925-project] Lock "b6f1edd5-55e8-4957-a588-b0eb2232ee66" "released" by "nova.context.set_target_cell..get_or_set_cached_cell_and_set_connections" :: held 0.001s {{(pid=116379) inner /usr/local/lib/python3.8/dist-packages/oslo_concurrency/lockutils.py:400}}
Feb 20 21:53:23.439771 dv-cinder-830092-1-iscsi devstack@n-api.service[116378]: INFO nova.api.openstack.requestlog [None req-d37cf4a3-2196-4e91-9c0f-e1254fc02a4a tempest-VolumesTestJSON-278657735 tempest-VolumesTestJSON-278657735-project] 10.222.0.10 "GET /compute/v2.1/os-volumes" status: 200 len: 1034 microversion: 2.1 time: 0.467279
Feb 20 21:53:23.440419 dv-cinder-830092-1-iscsi devstack@n-api.service[116378]: [pid: 116378|app: 0|req: 28/63] 10.222.0.10 () {58 vars in 1133 bytes} [Sun Feb 20 21:53:22 2022] GET /compute/v2.1/os-volumes => generated 1034 bytes in 469 msecs (HTTP/1.1 200) 9 headers in 358 bytes (1 switches on core 0)
Feb 20 21:53:23.461675 dv-cinder-830092-1-iscsi devstack@n-api.service[116378]: DEBUG nova.api.openstack.wsgi [None req-dff50d86-872c-4fac-aef9-1d59ab060410 tempest-VolumesTestJSON-278657735 tempest-VolumesTestJSON-278657735-project] Calling method '.version_select at 0x7f67e524aa60>' {{(pid=116378) _process_stack /opt/stack/nova/nova/api/openstack/wsgi.py:513}}
Feb 20 21:53:23.697654 dv-cinder-830092-1-iscsi devstack@n-api.service[116378]: INFO nova.api.openstack.requestlog [None req-dff50d86-872c-4fac-aef9-1d59ab060410 tempest-VolumesTestJSON-278657735 tempest-VolumesTestJSON-278657735-project] 10.222.0.10 "GET /compute/v2.1/os-volumes?offset=1&limit=1" status: 200 len: 353 microversion: 2.1 time: 0.248995
Feb 20 21:53:23.700971 dv-cinder-830092-1-iscsi devstack@n-api.service[116378]: [pid: 116378|app: 0|req: 29/64] 10.222.0.10 () {58 vars in 1166 bytes} [Sun Feb 20 21:53:23 2022] GET /compute/v2.1/os-volumes?offset=1&limit=1 => generated 353 bytes in 253 msecs (HTTP/1.1 200) 9 headers in 357 bytes (1 switches on core 0)
Feb 20 21:53:23.713097 dv-cinder-830092-1-iscsi devstack@n-api.service[116378]: DEBUG nova.api.openstack.wsgi [None req-9805acea-09ec-4bc0-a24e-bce1697e3abd tempest-DeleteServersTestJSON-117503404 tempest-DeleteServersTestJSON-117503404-project] Calling method '>' {{(pid=116378) _process_stack /opt/stack/nova/nova/api/openstack/wsgi.py:513}}
Feb 20 21:53:23.719834 dv-cinder-830092-1-iscsi devstack@n-api.service[116378]: DEBUG nova.compute.api [None req-9805acea-09ec-4bc0-a24e-bce1697e3abd tempest-DeleteServersTestJSON-117503404 tempest-DeleteServersTestJSON-117503404-project] [instance: fdbb01ae-29ea-4026-8913-b8cd8ad5d218] Fetching instance by UUID {{(pid=116378) get /opt/stack/nova/nova/compute/api.py:2865}}
Feb 20 21:53:23.751301 dv-cinder-830092-1-iscsi devstack@n-api.service[116378]: DEBUG oslo_concurrency.lockutils [None req-9805acea-09ec-4bc0-a24e-bce1697e3abd tempest-DeleteServersTestJSON-117503404 tempest-DeleteServersTestJSON-117503404-project] Lock "b6f1edd5-55e8-4957-a588-b0eb2232ee66" acquired by "nova.context.set_target_cell..get_or_set_cached_cell_and_set_connections" :: waited 0.001s {{(pid=116378) inner /usr/local/lib/python3.8/dist-packages/oslo_concurrency/lockutils.py:386}}
Feb 20 21:53:23.755071 dv-cinder-830092-1-iscsi devstack@n-api.service[116378]: DEBUG oslo_concurrency.lockutils [None req-9805acea-09ec-4bc0-a24e-bce1697e3abd tempest-DeleteServersTestJSON-117503404 tempest-DeleteServersTestJSON-117503404-project] Lock "b6f1edd5-55e8-4957-a588-b0eb2232ee66" "released" by "nova.context.set_target_cell..get_or_set_cached_cell_and_set_connections" :: held 0.003s {{(pid=116378) inner /usr/local/lib/python3.8/dist-packages/oslo_concurrency/lockutils.py:400}}
Feb 20 21:53:23.757823 dv-cinder-830092-1-iscsi devstack@n-api.service[116378]: DEBUG oslo_concurrency.lockutils [None req-9805acea-09ec-4bc0-a24e-bce1697e3abd tempest-DeleteServersTestJSON-117503404 tempest-DeleteServersTestJSON-117503404-project] Lock "b6f1edd5-55e8-4957-a588-b0eb2232ee66" acquired by "nova.context.set_target_cell..get_or_set_cached_cell_and_set_connections" :: waited 0.000s {{(pid=116378) inner /usr/local/lib/python3.8/dist-packages/oslo_concurrency/lockutils.py:386}}
Feb 20 21:53:23.759406 dv-cinder-830092-1-iscsi devstack@n-api.service[116378]: DEBUG oslo_concurrency.lockutils [None req-9805acea-09ec-4bc0-a24e-bce1697e3abd tempest-DeleteServersTestJSON-117503404 tempest-DeleteServersTestJSON-117503404-project] Lock "b6f1edd5-55e8-4957-a588-b0eb2232ee66" "released" by "nova.context.set_target_cell..get_or_set_cached_cell_and_set_connections" :: held 0.002s {{(pid=116378) inner /usr/local/lib/python3.8/dist-packages/oslo_concurrency/lockutils.py:400}}
Feb 20 21:53:24.410459 dv-cinder-830092-1-iscsi devstack@n-api.service[116379]: DEBUG nova.policy [None req-9fbf7870-a25f-455d-a443-bf667928d105 tempest-AttachVolumeNegativeTest-1908628925 tempest-AttachVolumeNegativeTest-1908628925-project] Policy check for os_compute_api:os-extended-server-attributes failed with credentials {'is_admin': False, 'user_id': 'fafca90356f64052b3607d85342f4e5b', 'user_domain_id': 'default', 'system_scope': None, 'domain_id': None, 'project_id': '0d0bcb36ba4f4f15883133239ea47e0e', 'project_domain_id': 'default', 'roles': ['member', 'reader'], 'is_admin_project': True, 'service_user_id': None, 'service_user_domain_id': None, 'service_project_id': None, 'service_project_domain_id': None, 'service_roles': []} {{(pid=116379) authorize /opt/stack/nova/nova/policy.py:199}}
Feb 20 21:53:24.429272 dv-cinder-830092-1-iscsi devstack@n-api.service[116379]: INFO nova.api.openstack.requestlog [None req-9fbf7870-a25f-455d-a443-bf667928d105 tempest-AttachVolumeNegativeTest-1908628925 tempest-AttachVolumeNegativeTest-1908628925-project] 10.222.0.10 "GET /compute/v2.1/servers/dd30b19f-7e94-47ad-9cbc-e4553ee515f9" status: 200 len: 1317 microversion: 2.1 time: 1.213684
Feb 20 21:53:24.430199 dv-cinder-830092-1-iscsi devstack@n-api.service[116379]: [pid: 116379|app: 0|req: 36/65] 10.222.0.10 () {58 vars in 1235 bytes} [Sun Feb 20 21:53:23 2022] GET /compute/v2.1/servers/dd30b19f-7e94-47ad-9cbc-e4553ee515f9 => generated 1317 bytes in 1224 msecs (HTTP/1.1 200) 9 headers in 358 bytes (1 switches on core 0)
Feb 20 21:53:24.435251 dv-cinder-830092-1-iscsi devstack@n-api.service[116379]: DEBUG nova.api.openstack.wsgi [None req-e623b3fb-b1e5-428d-8513-4dd1ee34a201 tempest-VolumesTestJSON-278657735 tempest-VolumesTestJSON-278657735-project] Calling method '.version_select at 0x7f67e5a2e5e0>' {{(pid=116379) _process_stack /opt/stack/nova/nova/api/openstack/wsgi.py:513}}
Feb 20 21:53:24.585775 dv-cinder-830092-1-iscsi devstack@n-api.service[116379]: INFO nova.api.openstack.requestlog [None req-e623b3fb-b1e5-428d-8513-4dd1ee34a201 tempest-VolumesTestJSON-278657735 tempest-VolumesTestJSON-278657735-project] 10.222.0.10 "GET /compute/v2.1/os-volumes/detail?limit=2" status: 200 len: 694 microversion: 2.1 time: 0.154279
Feb 20 21:53:24.586346 dv-cinder-830092-1-iscsi devstack@n-api.service[116379]: [pid: 116379|app: 0|req: 37/66] 10.222.0.10 () {58 vars in 1169 bytes} [Sun Feb 20 21:53:24 2022] GET /compute/v2.1/os-volumes/detail?limit=2 => generated 694 bytes in 155 msecs (HTTP/1.1 200) 9 headers in 357 bytes (1 switches on core 0)
Feb 20 21:53:24.591441 dv-cinder-830092-1-iscsi devstack@n-api.service[116379]: DEBUG nova.api.openstack.wsgi [None req-d9f00fb3-ff1c-4121-9755-760aab821e15 tempest-ServerRescueNegativeTestJSON-922942219 tempest-ServerRescueNegativeTestJSON-922942219-project] Calling method '>' {{(pid=116379) _process_stack /opt/stack/nova/nova/api/openstack/wsgi.py:513}}
Feb 20 21:53:24.592236 dv-cinder-830092-1-iscsi devstack@n-api.service[116379]: DEBUG nova.compute.api [None req-d9f00fb3-ff1c-4121-9755-760aab821e15 tempest-ServerRescueNegativeTestJSON-922942219 tempest-ServerRescueNegativeTestJSON-922942219-project] [instance: 6a995ad3-6369-4f64-a86c-bc9692384bc6] Fetching instance by UUID {{(pid=116379) get /opt/stack/nova/nova/compute/api.py:2865}}
Feb 20 21:53:24.611845 dv-cinder-830092-1-iscsi devstack@n-api.service[116379]: DEBUG oslo_concurrency.lockutils [None req-d9f00fb3-ff1c-4121-9755-760aab821e15 tempest-ServerRescueNegativeTestJSON-922942219 tempest-ServerRescueNegativeTestJSON-922942219-project] Lock "b6f1edd5-55e8-4957-a588-b0eb2232ee66" acquired by "nova.context.set_target_cell..get_or_set_cached_cell_and_set_connections" :: waited 0.000s {{(pid=116379) inner /usr/local/lib/python3.8/dist-packages/oslo_concurrency/lockutils.py:386}}
Feb 20 21:53:24.612305 dv-cinder-830092-1-iscsi devstack@n-api.service[116379]: DEBUG oslo_concurrency.lockutils [None req-d9f00fb3-ff1c-4121-9755-760aab821e15 tempest-ServerRescueNegativeTestJSON-922942219 tempest-ServerRescueNegativeTestJSON-922942219-project] Lock "b6f1edd5-55e8-4957-a588-b0eb2232ee66" "released" by "nova.context.set_target_cell..get_or_set_cached_cell_and_set_connections" :: held 0.001s {{(pid=116379) inner /usr/local/lib/python3.8/dist-packages/oslo_concurrency/lockutils.py:400}}
Feb 20 21:53:24.613111 dv-cinder-830092-1-iscsi devstack@n-api.service[116379]: DEBUG oslo_concurrency.lockutils [None req-d9f00fb3-ff1c-4121-9755-760aab821e15 tempest-ServerRescueNegativeTestJSON-922942219 tempest-ServerRescueNegativeTestJSON-922942219-project] Lock "b6f1edd5-55e8-4957-a588-b0eb2232ee66" acquired by "nova.context.set_target_cell..get_or_set_cached_cell_and_set_connections" :: waited 0.000s {{(pid=116379) inner /usr/local/lib/python3.8/dist-packages/oslo_concurrency/lockutils.py:386}}
Feb 20 21:53:24.613547 dv-cinder-830092-1-iscsi devstack@n-api.service[116379]: DEBUG oslo_concurrency.lockutils [None req-d9f00fb3-ff1c-4121-9755-760aab821e15 tempest-ServerRescueNegativeTestJSON-922942219 tempest-ServerRescueNegativeTestJSON-922942219-project] Lock "b6f1edd5-55e8-4957-a588-b0eb2232ee66" "released" by "nova.context.set_target_cell..get_or_set_cached_cell_and_set_connections" :: held 0.000s {{(pid=116379) inner /usr/local/lib/python3.8/dist-packages/oslo_concurrency/lockutils.py:400}}
Feb 20 21:53:24.934929 dv-cinder-830092-1-iscsi devstack@n-api.service[116378]: DEBUG nova.policy [None req-9805acea-09ec-4bc0-a24e-bce1697e3abd tempest-DeleteServersTestJSON-117503404 tempest-DeleteServersTestJSON-117503404-project] Policy check for os_compute_api:os-extended-server-attributes failed with credentials {'is_admin': False, 'user_id': '9fdf9e262240487794d95836b1c9935c', 'user_domain_id': 'default', 'system_scope': None, 'domain_id': None, 'project_id': 'd53d5bd477de433586f8ed42a3cdaa6e', 'project_domain_id': 'default', 'roles': ['member', 'reader'], 'is_admin_project': True, 'service_user_id': None, 'service_user_domain_id': None, 'service_project_id': None, 'service_project_domain_id': None, 'service_roles': []} {{(pid=116378) authorize /opt/stack/nova/nova/policy.py:199}}
Feb 20 21:53:24.945339 dv-cinder-830092-1-iscsi devstack@n-api.service[116379]: DEBUG nova.policy [None req-d9f00fb3-ff1c-4121-9755-760aab821e15 tempest-ServerRescueNegativeTestJSON-922942219 tempest-ServerRescueNegativeTestJSON-922942219-project] Policy check for os_compute_api:os-extended-server-attributes failed with credentials {'is_admin': False, 'user_id': 'bd5329690c904f1aadf72c5995fbf69f', 'user_domain_id': 'default', 'system_scope': None, 'domain_id': None, 'project_id': 'cced5a2b6da442488a49ee9eee88e810', 'project_domain_id': 'default', 'roles': ['member', 'reader'], 'is_admin_project': True, 'service_user_id': None, 'service_user_domain_id': None, 'service_project_id': None, 'service_project_domain_id': None, 'service_roles': []} {{(pid=116379) authorize /opt/stack/nova/nova/policy.py:199}}
Feb 20 21:53:24.948549 dv-cinder-830092-1-iscsi devstack@n-api.service[116378]: INFO nova.api.openstack.requestlog [None req-9805acea-09ec-4bc0-a24e-bce1697e3abd tempest-DeleteServersTestJSON-117503404 tempest-DeleteServersTestJSON-117503404-project] 10.222.0.10 "GET /compute/v2.1/servers/fdbb01ae-29ea-4026-8913-b8cd8ad5d218" status: 200 len: 1315 microversion: 2.1 time: 1.245848
Feb 20 21:53:24.963772 dv-cinder-830092-1-iscsi devstack@n-api.service[116379]: INFO nova.api.openstack.requestlog [None req-d9f00fb3-ff1c-4121-9755-760aab821e15 tempest-ServerRescueNegativeTestJSON-922942219 tempest-ServerRescueNegativeTestJSON-922942219-project] 10.222.0.10 "GET /compute/v2.1/servers/6a995ad3-6369-4f64-a86c-bc9692384bc6" status: 200 len: 1279 microversion: 2.1 time: 0.372652
