Feb 20 21:44:42.969006 dv-cinder-830092-1-iscsi devstack@n-api.service[101937]: DEBUG nova.api.openstack.wsgi_app [-] oslo_messaging_notifications.topics = ['notifications'] {{(pid=101937) log_opt_values /usr/local/lib/python3.8/dist-packages/oslo_config/cfg.py:2609}}
Feb 20 21:44:42.969160 dv-cinder-830092-1-iscsi devstack@n-api.service[101938]: DEBUG nova.api.openstack.wsgi_app [-] oslo_messaging_notifications.retry = -1 {{(pid=101938) log_opt_values /usr/local/lib/python3.8/dist-packages/oslo_config/cfg.py:2609}}
Feb 20 21:44:42.969333 dv-cinder-830092-1-iscsi devstack@n-api.service[101937]: DEBUG nova.api.openstack.wsgi_app [-] oslo_messaging_notifications.transport_url = **** {{(pid=101937) log_opt_values /usr/local/lib/python3.8/dist-packages/oslo_config/cfg.py:2609}}
Feb 20 21:44:42.969506 dv-cinder-830092-1-iscsi devstack@n-api.service[101938]: DEBUG nova.api.openstack.wsgi_app [-] oslo_messaging_notifications.topics = ['notifications'] {{(pid=101938) log_opt_values /usr/local/lib/python3.8/dist-packages/oslo_config/cfg.py:2609}}
Feb 20 21:44:42.969642 dv-cinder-830092-1-iscsi devstack@n-api.service[101937]: DEBUG nova.api.openstack.wsgi_app [-] oslo_reports.file_event_handler = None {{(pid=101937) log_opt_values /usr/local/lib/python3.8/dist-packages/oslo_config/cfg.py:2609}}
Feb 20 21:44:42.970369 dv-cinder-830092-1-iscsi devstack@n-api.service[101938]: DEBUG nova.api.openstack.wsgi_app [-] oslo_messaging_notifications.transport_url = **** {{(pid=101938) log_opt_values /usr/local/lib/python3.8/dist-packages/oslo_config/cfg.py:2609}}
Feb 20 21:44:42.970515 dv-cinder-830092-1-iscsi devstack@n-api.service[101937]: DEBUG nova.api.openstack.wsgi_app [-] oslo_reports.file_event_handler_interval = 1 {{(pid=101937) log_opt_values /usr/local/lib/python3.8/dist-packages/oslo_config/cfg.py:2609}}
Feb 20 21:44:42.970711 dv-cinder-830092-1-iscsi devstack@n-api.service[101938]: DEBUG nova.api.openstack.wsgi_app [-] oslo_reports.file_event_handler = None {{(pid=101938) log_opt_values /usr/local/lib/python3.8/dist-packages/oslo_config/cfg.py:2609}}
Feb 20 21:44:42.971021 dv-cinder-830092-1-iscsi devstack@n-api.service[101938]: DEBUG nova.api.openstack.wsgi_app [-] oslo_reports.file_event_handler_interval = 1 {{(pid=101938) log_opt_values /usr/local/lib/python3.8/dist-packages/oslo_config/cfg.py:2609}}
Feb 20 21:44:42.971161 dv-cinder-830092-1-iscsi devstack@n-api.service[101937]: DEBUG nova.api.openstack.wsgi_app [-] oslo_reports.log_dir = None {{(pid=101937) log_opt_values /usr/local/lib/python3.8/dist-packages/oslo_config/cfg.py:2609}}
Feb 20 21:44:42.971339 dv-cinder-830092-1-iscsi devstack@n-api.service[101938]: DEBUG nova.api.openstack.wsgi_app [-] oslo_reports.log_dir = None {{(pid=101938) log_opt_values /usr/local/lib/python3.8/dist-packages/oslo_config/cfg.py:2609}}
Feb 20 21:44:42.971425 dv-cinder-830092-1-iscsi devstack@n-api.service[101937]: DEBUG nova.api.openstack.wsgi_app [-] ******************************************************************************** {{(pid=101937) log_opt_values /usr/local/lib/python3.8/dist-packages/oslo_config/cfg.py:2613}}
Feb 20 21:44:42.971555 dv-cinder-830092-1-iscsi devstack@n-api.service[101938]: DEBUG nova.api.openstack.wsgi_app [-] ******************************************************************************** {{(pid=101938) log_opt_values /usr/local/lib/python3.8/dist-packages/oslo_config/cfg.py:2613}}
Feb 20 21:44:42.994101 dv-cinder-830092-1-iscsi devstack@n-api.service[101937]: DEBUG oslo_db.sqlalchemy.engines [None req-9de8386b-deb2-459c-9351-da361050a1aa None None] MySQL server mode set to STRICT_TRANS_TABLES,STRICT_ALL_TABLES,NO_ZERO_IN_DATE,NO_ZERO_DATE,ERROR_FOR_DIVISION_BY_ZERO,TRADITIONAL,NO_ENGINE_SUBSTITUTION {{(pid=101937) _check_effective_sql_mode /usr/local/lib/python3.8/dist-packages/oslo_db/sqlalchemy/engines.py:314}}
Feb 20 21:44:42.995089 dv-cinder-830092-1-iscsi devstack@n-api.service[101938]: DEBUG oslo_db.sqlalchemy.engines [None req-342ba1cf-77be-4d21-8fc0-a771ad4fc321 None None] MySQL server mode set to STRICT_TRANS_TABLES,STRICT_ALL_TABLES,NO_ZERO_IN_DATE,NO_ZERO_DATE,ERROR_FOR_DIVISION_BY_ZERO,TRADITIONAL,NO_ENGINE_SUBSTITUTION {{(pid=101938) _check_effective_sql_mode /usr/local/lib/python3.8/dist-packages/oslo_db/sqlalchemy/engines.py:314}}
Feb 20 21:44:43.056409 dv-cinder-830092-1-iscsi devstack@n-api.service[101938]: DEBUG nova.context [None req-342ba1cf-77be-4d21-8fc0-a771ad4fc321 None None] Found 2 cells: 00000000-0000-0000-0000-000000000000(cell0),b6f1edd5-55e8-4957-a588-b0eb2232ee66(cell1) {{(pid=101938) load_cells /opt/stack/nova/nova/context.py:464}}
Feb 20 21:44:43.056674 dv-cinder-830092-1-iscsi devstack@n-api.service[101937]: DEBUG nova.context [None req-9de8386b-deb2-459c-9351-da361050a1aa None None] Found 2 cells: 00000000-0000-0000-0000-000000000000(cell0),b6f1edd5-55e8-4957-a588-b0eb2232ee66(cell1) {{(pid=101937) load_cells /opt/stack/nova/nova/context.py:464}}
Feb 20 21:44:43.060605 dv-cinder-830092-1-iscsi devstack@n-api.service[101938]: DEBUG oslo_concurrency.lockutils [None req-342ba1cf-77be-4d21-8fc0-a771ad4fc321 None None] Lock "00000000-0000-0000-0000-000000000000" acquired by "nova.context.set_target_cell..get_or_set_cached_cell_and_set_connections" :: waited 0.000s {{(pid=101938) inner /usr/local/lib/python3.8/dist-packages/oslo_concurrency/lockutils.py:386}}
Feb 20 21:44:43.060864 dv-cinder-830092-1-iscsi devstack@n-api.service[101937]: DEBUG oslo_concurrency.lockutils [None req-9de8386b-deb2-459c-9351-da361050a1aa None None] Lock "00000000-0000-0000-0000-000000000000" acquired by "nova.context.set_target_cell..get_or_set_cached_cell_and_set_connections" :: waited 0.000s {{(pid=101937) inner /usr/local/lib/python3.8/dist-packages/oslo_concurrency/lockutils.py:386}}
Feb 20 21:44:43.062152 dv-cinder-830092-1-iscsi devstack@n-api.service[101938]: DEBUG oslo_concurrency.lockutils [None req-342ba1cf-77be-4d21-8fc0-a771ad4fc321 None None] Lock "00000000-0000-0000-0000-000000000000" "released" by "nova.context.set_target_cell..get_or_set_cached_cell_and_set_connections" :: held 0.002s {{(pid=101938) inner /usr/local/lib/python3.8/dist-packages/oslo_concurrency/lockutils.py:400}}
Feb 20 21:44:43.062440 dv-cinder-830092-1-iscsi devstack@n-api.service[101937]: DEBUG oslo_concurrency.lockutils [None req-9de8386b-deb2-459c-9351-da361050a1aa None None] Lock "00000000-0000-0000-0000-000000000000" "released" by "nova.context.set_target_cell..get_or_set_cached_cell_and_set_connections" :: held 0.002s {{(pid=101937) inner /usr/local/lib/python3.8/dist-packages/oslo_concurrency/lockutils.py:400}}
Feb 20 21:44:43.063046 dv-cinder-830092-1-iscsi devstack@n-api.service[101938]: DEBUG oslo_concurrency.lockutils [None req-342ba1cf-77be-4d21-8fc0-a771ad4fc321 None None] Lock "b6f1edd5-55e8-4957-a588-b0eb2232ee66" acquired by "nova.context.set_target_cell..get_or_set_cached_cell_and_set_connections" :: waited 0.000s {{(pid=101938) inner /usr/local/lib/python3.8/dist-packages/oslo_concurrency/lockutils.py:386}}
Feb 20 21:44:43.063288 dv-cinder-830092-1-iscsi devstack@n-api.service[101937]: DEBUG oslo_concurrency.lockutils [None req-9de8386b-deb2-459c-9351-da361050a1aa None None] Lock "b6f1edd5-55e8-4957-a588-b0eb2232ee66" acquired by "nova.context.set_target_cell..get_or_set_cached_cell_and_set_connections" :: waited 0.000s {{(pid=101937) inner /usr/local/lib/python3.8/dist-packages/oslo_concurrency/lockutils.py:386}}
Feb 20 21:44:43.065508 dv-cinder-830092-1-iscsi devstack@n-api.service[101938]: DEBUG oslo_concurrency.lockutils [None req-342ba1cf-77be-4d21-8fc0-a771ad4fc321 None None] Lock "b6f1edd5-55e8-4957-a588-b0eb2232ee66" "released" by "nova.context.set_target_cell..get_or_set_cached_cell_and_set_connections" :: held 0.002s {{(pid=101938) inner /usr/local/lib/python3.8/dist-packages/oslo_concurrency/lockutils.py:400}}
Feb 20 21:44:43.065709 dv-cinder-830092-1-iscsi devstack@n-api.service[101937]: DEBUG oslo_concurrency.lockutils [None req-9de8386b-deb2-459c-9351-da361050a1aa None None] Lock "b6f1edd5-55e8-4957-a588-b0eb2232ee66" "released" by "nova.context.set_target_cell..get_or_set_cached_cell_and_set_connections" :: held 0.002s {{(pid=101937) inner /usr/local/lib/python3.8/dist-packages/oslo_concurrency/lockutils.py:400}}
Feb 20 21:44:43.076221 dv-cinder-830092-1-iscsi devstack@n-api.service[101938]: DEBUG oslo_db.sqlalchemy.engines [None req-342ba1cf-77be-4d21-8fc0-a771ad4fc321 None None] MySQL server mode set to STRICT_TRANS_TABLES,STRICT_ALL_TABLES,NO_ZERO_IN_DATE,NO_ZERO_DATE,ERROR_FOR_DIVISION_BY_ZERO,TRADITIONAL,NO_ENGINE_SUBSTITUTION {{(pid=101938) _check_effective_sql_mode /usr/local/lib/python3.8/dist-packages/oslo_db/sqlalchemy/engines.py:314}}
Feb 20 21:44:43.079917 dv-cinder-830092-1-iscsi devstack@n-api.service[101938]: DEBUG oslo_db.sqlalchemy.engines [None req-342ba1cf-77be-4d21-8fc0-a771ad4fc321 None None] MySQL server mode set to STRICT_TRANS_TABLES,STRICT_ALL_TABLES,NO_ZERO_IN_DATE,NO_ZERO_DATE,ERROR_FOR_DIVISION_BY_ZERO,TRADITIONAL,NO_ENGINE_SUBSTITUTION {{(pid=101938) _check_effective_sql_mode /usr/local/lib/python3.8/dist-packages/oslo_db/sqlalchemy/engines.py:314}}
Feb 20 21:44:43.083674 dv-cinder-830092-1-iscsi devstack@n-api.service[101937]: DEBUG oslo_db.sqlalchemy.engines [None req-9de8386b-deb2-459c-9351-da361050a1aa None None] MySQL server mode set to STRICT_TRANS_TABLES,STRICT_ALL_TABLES,NO_ZERO_IN_DATE,NO_ZERO_DATE,ERROR_FOR_DIVISION_BY_ZERO,TRADITIONAL,NO_ENGINE_SUBSTITUTION {{(pid=101937) _check_effective_sql_mode /usr/local/lib/python3.8/dist-packages/oslo_db/sqlalchemy/engines.py:314}}
Feb 20 21:44:43.085215 dv-cinder-830092-1-iscsi devstack@n-api.service[101937]: DEBUG oslo_db.sqlalchemy.engines [None req-9de8386b-deb2-459c-9351-da361050a1aa None None] MySQL server mode set to STRICT_TRANS_TABLES,STRICT_ALL_TABLES,NO_ZERO_IN_DATE,NO_ZERO_DATE,ERROR_FOR_DIVISION_BY_ZERO,TRADITIONAL,NO_ENGINE_SUBSTITUTION {{(pid=101937) _check_effective_sql_mode /usr/local/lib/python3.8/dist-packages/oslo_db/sqlalchemy/engines.py:314}}
Feb 20 21:44:43.240775 dv-cinder-830092-1-iscsi devstack@n-api.service[101938]: DEBUG oslo_db.sqlalchemy.engines [None req-342ba1cf-77be-4d21-8fc0-a771ad4fc321 None None] MySQL server mode set to STRICT_TRANS_TABLES,STRICT_ALL_TABLES,NO_ZERO_IN_DATE,NO_ZERO_DATE,ERROR_FOR_DIVISION_BY_ZERO,TRADITIONAL,NO_ENGINE_SUBSTITUTION {{(pid=101938) _check_effective_sql_mode /usr/local/lib/python3.8/dist-packages/oslo_db/sqlalchemy/engines.py:314}}
Feb 20 21:44:43.250334 dv-cinder-830092-1-iscsi devstack@n-api.service[101937]: DEBUG oslo_db.sqlalchemy.engines [None req-9de8386b-deb2-459c-9351-da361050a1aa None None] MySQL server mode set to STRICT_TRANS_TABLES,STRICT_ALL_TABLES,NO_ZERO_IN_DATE,NO_ZERO_DATE,ERROR_FOR_DIVISION_BY_ZERO,TRADITIONAL,NO_ENGINE_SUBSTITUTION {{(pid=101937) _check_effective_sql_mode /usr/local/lib/python3.8/dist-packages/oslo_db/sqlalchemy/engines.py:314}}
Feb 20 21:44:43.584061 dv-cinder-830092-1-iscsi devstack@n-api.service[101938]: WARNING keystonemiddleware.auth_token [None req-342ba1cf-77be-4d21-8fc0-a771ad4fc321 None None] AuthToken middleware is set with keystone_authtoken.service_token_roles_required set to False. This is backwards compatible but deprecated behaviour. Please set this to True.
Feb 20 21:44:43.585754 dv-cinder-830092-1-iscsi devstack@n-api.service[101937]: WARNING keystonemiddleware.auth_token [None req-9de8386b-deb2-459c-9351-da361050a1aa None None] AuthToken middleware is set with keystone_authtoken.service_token_roles_required set to False. This is backwards compatible but deprecated behaviour. Please set this to True.
Feb 20 21:44:43.590656 dv-cinder-830092-1-iscsi devstack@n-api.service[101938]: WARNING keystonemiddleware.auth_token [None req-342ba1cf-77be-4d21-8fc0-a771ad4fc321 None None] Configuring www_authenticate_uri to point to the public identity endpoint is required; clients may not be able to authenticate against an admin endpoint
Feb 20 21:44:43.592303 dv-cinder-830092-1-iscsi devstack@n-api.service[101937]: WARNING keystonemiddleware.auth_token [None req-9de8386b-deb2-459c-9351-da361050a1aa None None] Configuring www_authenticate_uri to point to the public identity endpoint is required; clients may not be able to authenticate against an admin endpoint
Feb 20 21:44:43.927051 dv-cinder-830092-1-iscsi devstack@n-api.service[101938]: WARNING keystonemiddleware.auth_token [None req-342ba1cf-77be-4d21-8fc0-a771ad4fc321 None None] AuthToken middleware is set with keystone_authtoken.service_token_roles_required set to False. This is backwards compatible but deprecated behaviour. Please set this to True.
Feb 20 21:44:43.931849 dv-cinder-830092-1-iscsi devstack@n-api.service[101937]: WARNING keystonemiddleware.auth_token [None req-9de8386b-deb2-459c-9351-da361050a1aa None None] AuthToken middleware is set with keystone_authtoken.service_token_roles_required set to False. This is backwards compatible but deprecated behaviour. Please set this to True.
Feb 20 21:44:43.932250 dv-cinder-830092-1-iscsi devstack@n-api.service[101938]: WARNING keystonemiddleware.auth_token [None req-342ba1cf-77be-4d21-8fc0-a771ad4fc321 None None] Configuring www_authenticate_uri to point to the public identity endpoint is required; clients may not be able to authenticate against an admin endpoint
Feb 20 21:44:43.937037 dv-cinder-830092-1-iscsi devstack@n-api.service[101937]: WARNING keystonemiddleware.auth_token [None req-9de8386b-deb2-459c-9351-da361050a1aa None None] Configuring www_authenticate_uri to point to the public identity endpoint is required; clients may not be able to authenticate against an admin endpoint
Feb 20 21:44:43.937404 dv-cinder-830092-1-iscsi devstack@n-api.service[101938]: WSGI app 0 (mountpoint='') ready in 5 seconds on interpreter 0x56138128f9c0 pid: 101938 (default app)
Feb 20 21:44:43.939508 dv-cinder-830092-1-iscsi devstack@n-api.service[101938]: DEBUG nova.api.openstack.wsgi [None req-342ba1cf-77be-4d21-8fc0-a771ad4fc321 None None] Calling method '>' {{(pid=101938) _process_stack /opt/stack/nova/nova/api/openstack/wsgi.py:513}}
Feb 20 21:44:43.940655 dv-cinder-830092-1-iscsi devstack@n-api.service[101938]: INFO nova.api.openstack.requestlog [None req-342ba1cf-77be-4d21-8fc0-a771ad4fc321 None None] 10.222.0.10 "GET /compute/v2.1/" status: 200 len: 388 microversion: 2.1 time: 0.001696
Feb 20 21:44:43.941055 dv-cinder-830092-1-iscsi devstack@n-api.service[101938]: [pid: 101938|app: 0|req: 1/1] 10.222.0.10 () {50 vars in 788 bytes} [Sun Feb 20 21:44:43 2022] GET /compute/v2.1/ => generated 388 bytes in 3 msecs (HTTP/1.1 200) 9 headers in 357 bytes (1 switches on core 0)
Feb 20 21:44:43.942387 dv-cinder-830092-1-iscsi devstack@n-api.service[101937]: WSGI app 0 (mountpoint='') ready in 5 seconds on interpreter 0x56138128f9c0 pid: 101937 (default app)
Feb 20 21:46:05.250411 dv-cinder-830092-1-iscsi devstack@n-api.service[101938]: DEBUG nova.api.openstack.wsgi [None req-342ba1cf-77be-4d21-8fc0-a771ad4fc321 None None] Calling method '>' {{(pid=101938) _process_stack /opt/stack/nova/nova/api/openstack/wsgi.py:513}}
Feb 20 21:46:05.251485 dv-cinder-830092-1-iscsi devstack@n-api.service[101938]: INFO nova.api.openstack.requestlog [None req-342ba1cf-77be-4d21-8fc0-a771ad4fc321 None None] 10.222.0.10 "GET /compute/v2.1" status: 200 len: 388 microversion: 2.1 time: 0.001481
Feb 20 21:46:05.251873 dv-cinder-830092-1-iscsi devstack@n-api.service[101938]: [pid: 101938|app: 0|req: 2/2] 10.222.0.10 () {54 vars in 930 bytes} [Sun Feb 20 21:46:05 2022] GET /compute/v2.1 => generated 388 bytes in 3 msecs (HTTP/1.1 200) 9 headers in 357 bytes (1 switches on core 0)
Feb 20 21:46:05.679956 dv-cinder-830092-1-iscsi devstack@n-api.service[101937]: DEBUG nova.api.openstack.wsgi [None req-aba9a0d7-a87f-4425-a7cb-742f60154760 admin admin] Calling method '>' {{(pid=101937) _process_stack /opt/stack/nova/nova/api/openstack/wsgi.py:513}}
Feb 20 21:46:05.710572 dv-cinder-830092-1-iscsi devstack@n-api.service[101937]: INFO nova.api.openstack.requestlog [None req-aba9a0d7-a87f-4425-a7cb-742f60154760 admin admin] 10.222.0.10 "GET /compute/v2.1/flavors/detail?is_public=True" status: 200 len: 15 microversion: 2.61 time: 0.451757
Feb 20 21:46:05.711277 dv-cinder-830092-1-iscsi devstack@n-api.service[101937]: [pid: 101937|app: 0|req: 1/3] 10.222.0.10 () {60 vars in 1291 bytes} [Sun Feb 20 21:46:05 2022] GET /compute/v2.1/flavors/detail?is_public=True => generated 15 bytes in 454 msecs (HTTP/1.1 200) 9 headers in 358 bytes (2 switches on core 0)
Feb 20 21:46:08.077620 dv-cinder-830092-1-iscsi devstack@n-api.service[101938]: DEBUG nova.api.openstack.wsgi [None req-342ba1cf-77be-4d21-8fc0-a771ad4fc321 None None] Calling method '>' {{(pid=101938) _process_stack /opt/stack/nova/nova/api/openstack/wsgi.py:513}}
Feb 20 21:46:08.078838 dv-cinder-830092-1-iscsi devstack@n-api.service[101938]: INFO nova.api.openstack.requestlog [None req-342ba1cf-77be-4d21-8fc0-a771ad4fc321 None None] 10.222.0.10 "GET /compute/v2.1" status: 200 len: 388 microversion: 2.1 time: 0.001558
Feb 20 21:46:08.079695 dv-cinder-830092-1-iscsi devstack@n-api.service[101938]: [pid: 101938|app: 0|req: 3/4] 10.222.0.10 () {54 vars in 930 bytes} [Sun Feb 20 21:46:08 2022] GET /compute/v2.1 => generated 388 bytes in 3 msecs (HTTP/1.1 200) 9 headers in 357 bytes (1 switches on core 0)
Feb 20 21:46:08.138073 dv-cinder-830092-1-iscsi devstack@n-api.service[101937]: DEBUG nova.api.openstack.wsgi [None req-53a6e2eb-d475-4e89-a9ec-a84f6a21d8cd admin admin] Action: 'create', calling method: >, body: {"flavor": {"disk": 1, "swap": 0, "OS-FLV-EXT-DATA:ephemeral": 0, "rxtx_factor": 1.0, "ram": 256, "os-flavor-access:is_public": true, "name": "cirros256", "id": "c1", "vcpus": 1}} {{(pid=101937) _process_stack /opt/stack/nova/nova/api/openstack/wsgi.py:511}}
Feb 20 21:46:08.156500 dv-cinder-830092-1-iscsi devstack@n-api.service[101937]: /usr/local/lib/python3.8/dist-packages/oslo_policy/policy.py:1119: UserWarning: Policy "os_compute_api:os-flavor-manage:create": "rule:system_admin_api" failed scope check. The token used to make the request was project scoped but the policy requires ['system'] scope. This behavior may change in the future where using the intended scope is required
Feb 20 21:46:08.156500 dv-cinder-830092-1-iscsi devstack@n-api.service[101937]: warnings.warn(msg)
Feb 20 21:46:08.188065 dv-cinder-830092-1-iscsi devstack@n-api.service[101937]: INFO nova.api.openstack.requestlog [None req-53a6e2eb-d475-4e89-a9ec-a84f6a21d8cd admin admin] 10.222.0.10 "POST /compute/v2.1/flavors" status: 200 len: 407 microversion: 2.61 time: 0.102262
Feb 20 21:46:08.188701 dv-cinder-830092-1-iscsi devstack@n-api.service[101937]: [pid: 101937|app: 0|req: 2/5] 10.222.0.10 () {64 vars in 1282 bytes} [Sun Feb 20 21:46:08 2022] POST /compute/v2.1/flavors => generated 407 bytes in 104 msecs (HTTP/1.1 200) 9 headers in 359 bytes (2 switches on core 0)
Feb 20 21:46:08.411206 dv-cinder-830092-1-iscsi devstack@n-api.service[101938]: DEBUG nova.api.openstack.wsgi [None req-c7def8d5-5ff5-45b0-aa98-17fef4dc5954 admin admin] Action: 'create', calling method: >, body: {"extra_specs": {"hw_rng:allowed": "True"}} {{(pid=101938) _process_stack /opt/stack/nova/nova/api/openstack/wsgi.py:511}}
Feb 20 21:46:08.413581 dv-cinder-830092-1-iscsi devstack@n-api.service[101938]: /usr/local/lib/python3.8/dist-packages/oslo_policy/policy.py:1119: UserWarning: Policy "os_compute_api:os-flavor-extra-specs:create": "rule:system_admin_api" failed scope check. The token used to make the request was project scoped but the policy requires ['system'] scope. This behavior may change in the future where using the intended scope is required
Feb 20 21:46:08.413581 dv-cinder-830092-1-iscsi devstack@n-api.service[101938]: warnings.warn(msg)
Feb 20 21:46:08.461914 dv-cinder-830092-1-iscsi devstack@n-api.service[101938]: INFO nova.api.openstack.requestlog [None req-c7def8d5-5ff5-45b0-aa98-17fef4dc5954 admin admin] 10.222.0.10 "POST /compute/v2.1/flavors/c1/os-extra_specs" status: 200 len: 43 microversion: 2.61 time: 0.264809
Feb 20 21:46:08.462521 dv-cinder-830092-1-iscsi devstack@n-api.service[101938]: [pid: 101938|app: 0|req: 4/6] 10.222.0.10 () {64 vars in 1335 bytes} [Sun Feb 20 21:46:08 2022] POST /compute/v2.1/flavors/c1/os-extra_specs => generated 43 bytes in 266 msecs (HTTP/1.1 200) 9 headers in 358 bytes (1 switches on core 0)
Feb 20 21:46:10.840396 dv-cinder-830092-1-iscsi devstack@n-api.service[101937]: DEBUG nova.api.openstack.wsgi [None req-53a6e2eb-d475-4e89-a9ec-a84f6a21d8cd admin admin] Calling method '>' {{(pid=101937) _process_stack /opt/stack/nova/nova/api/openstack/wsgi.py:513}}
Feb 20 21:46:10.842825 dv-cinder-830092-1-iscsi devstack@n-api.service[101937]: INFO nova.api.openstack.requestlog [None req-53a6e2eb-d475-4e89-a9ec-a84f6a21d8cd admin admin] 10.222.0.10 "GET /compute/v2.1" status: 200 len: 388 microversion: 2.1 time: 0.001459
Feb 20 21:46:10.842825 dv-cinder-830092-1-iscsi devstack@n-api.service[101937]: [pid: 101937|app: 0|req: 3/7] 10.222.0.10 () {54 vars in 930 bytes} [Sun Feb 20 21:46:10 2022] GET /compute/v2.1 => generated 388 bytes in 2 msecs (HTTP/1.1 200) 9 headers in 357 bytes (1 switches on core 0)
Feb 20 21:46:10.975743 dv-cinder-830092-1-iscsi devstack@n-api.service[101938]: DEBUG nova.api.openstack.wsgi [None req-d8587c15-1b02-41e9-857f-9a16a2e9109a admin admin] Action: 'create', calling method: >, body: {"flavor": {"ram": 512, "vcpus": 1, "rxtx_factor": 1.0, "disk": 5, "OS-FLV-EXT-DATA:ephemeral": 0, "id": "d1", "swap": 0, "name": "ds512M", "os-flavor-access:is_public": true}} {{(pid=101938) _process_stack /opt/stack/nova/nova/api/openstack/wsgi.py:511}}
Feb 20 21:46:10.993237 dv-cinder-830092-1-iscsi devstack@n-api.service[101938]: /usr/local/lib/python3.8/dist-packages/oslo_policy/policy.py:1119: UserWarning: Policy "os_compute_api:os-flavor-manage:create": "rule:system_admin_api" failed scope check. The token used to make the request was project scoped but the policy requires ['system'] scope. This behavior may change in the future where using the intended scope is required
Feb 20 21:46:10.993237 dv-cinder-830092-1-iscsi devstack@n-api.service[101938]: warnings.warn(msg)
Feb 20 21:46:11.013164 dv-cinder-830092-1-iscsi devstack@n-api.service[101938]: INFO nova.api.openstack.requestlog [None req-d8587c15-1b02-41e9-857f-9a16a2e9109a admin admin] 10.222.0.10 "POST /compute/v2.1/flavors" status: 200 len: 404 microversion: 2.61 time: 0.164313
Feb 20 21:46:11.013897 dv-cinder-830092-1-iscsi devstack@n-api.service[101938]: [pid: 101938|app: 0|req: 5/8] 10.222.0.10 () {64 vars in 1282 bytes} [Sun Feb 20 21:46:10 2022] POST /compute/v2.1/flavors => generated 404 bytes in 166 msecs (HTTP/1.1 200) 9 headers in 359 bytes (1 switches on core 0)
Feb 20 21:46:11.025802 dv-cinder-830092-1-iscsi devstack@n-api.service[101937]: DEBUG nova.api.openstack.wsgi [None req-a1d1f267-f9c6-41ad-b477-12a0066f0d62 admin admin] Action: 'create', calling method: >, body: {"extra_specs": {"hw_rng:allowed": "True"}} {{(pid=101937) _process_stack /opt/stack/nova/nova/api/openstack/wsgi.py:511}}
Feb 20 21:46:11.027314 dv-cinder-830092-1-iscsi devstack@n-api.service[101937]: /usr/local/lib/python3.8/dist-packages/oslo_policy/policy.py:1119: UserWarning: Policy "os_compute_api:os-flavor-extra-specs:create": "rule:system_admin_api" failed scope check. The token used to make the request was project scoped but the policy requires ['system'] scope. This behavior may change in the future where using the intended scope is required
Feb 20 21:46:11.027314 dv-cinder-830092-1-iscsi devstack@n-api.service[101937]: warnings.warn(msg)
Feb 20 21:46:11.061889 dv-cinder-830092-1-iscsi devstack@n-api.service[101937]: INFO nova.api.openstack.requestlog [None req-a1d1f267-f9c6-41ad-b477-12a0066f0d62 admin admin] 10.222.0.10 "POST /compute/v2.1/flavors/d1/os-extra_specs" status: 200 len: 43 microversion: 2.61 time: 0.039561
Feb 20 21:46:11.062979 dv-cinder-830092-1-iscsi devstack@n-api.service[101937]: [pid: 101937|app: 0|req: 4/9] 10.222.0.10 () {64 vars in 1335 bytes} [Sun Feb 20 21:46:11 2022] POST /compute/v2.1/flavors/d1/os-extra_specs => generated 43 bytes in 41 msecs (HTTP/1.1 200) 9 headers in 358 bytes (2 switches on core 0)
Feb 20 21:46:13.409661 dv-cinder-830092-1-iscsi devstack@n-api.service[101938]: DEBUG nova.api.openstack.wsgi [None req-d8587c15-1b02-41e9-857f-9a16a2e9109a admin admin] Calling method '>' {{(pid=101938) _process_stack /opt/stack/nova/nova/api/openstack/wsgi.py:513}}
Feb 20 21:46:13.410880 dv-cinder-830092-1-iscsi devstack@n-api.service[101938]: INFO nova.api.openstack.requestlog [None req-d8587c15-1b02-41e9-857f-9a16a2e9109a admin admin] 10.222.0.10 "GET /compute/v2.1" status: 200 len: 388 microversion: 2.1 time: 0.001499
Feb 20 21:46:13.411487 dv-cinder-830092-1-iscsi devstack@n-api.service[101938]: [pid: 101938|app: 0|req: 6/10] 10.222.0.10 () {54 vars in 930 bytes} [Sun Feb 20 21:46:13 2022] GET /compute/v2.1 => generated 388 bytes in 3 msecs (HTTP/1.1 200) 9 headers in 357 bytes (1 switches on core 0)
Feb 20 21:46:13.471109 dv-cinder-830092-1-iscsi devstack@n-api.service[101937]: DEBUG nova.api.openstack.wsgi [None req-7a2d37c9-c588-4113-bc6f-36ecc389ca51 admin admin] Action: 'create', calling method: >, body: {"flavor": {"id": "d2", "name": "ds1G", "ram": 1024, "rxtx_factor": 1.0, "os-flavor-access:is_public": true, "swap": 0, "disk": 10, "OS-FLV-EXT-DATA:ephemeral": 0, "vcpus": 1}} {{(pid=101937) _process_stack /opt/stack/nova/nova/api/openstack/wsgi.py:511}}
Feb 20 21:46:13.489966 dv-cinder-830092-1-iscsi devstack@n-api.service[101937]: INFO nova.api.openstack.requestlog [None req-7a2d37c9-c588-4113-bc6f-36ecc389ca51 admin admin] 10.222.0.10 "POST /compute/v2.1/flavors" status: 200 len: 404 microversion: 2.61 time: 0.072203
Feb 20 21:46:13.490615 dv-cinder-830092-1-iscsi devstack@n-api.service[101937]: [pid: 101937|app: 0|req: 5/11] 10.222.0.10 () {64 vars in 1282 bytes} [Sun Feb 20 21:46:13 2022] POST /compute/v2.1/flavors => generated 404 bytes in 73 msecs (HTTP/1.1 200) 9 headers in 359 bytes (1 switches on core 0)
Feb 20 21:46:13.503136 dv-cinder-830092-1-iscsi devstack@n-api.service[101938]: DEBUG nova.api.openstack.wsgi [None req-32e47ab2-ec42-4b6d-8b67-1120cdf26584 admin admin] Action: 'create', calling method: >, body: {"extra_specs": {"hw_rng:allowed": "True"}} {{(pid=101938) _process_stack /opt/stack/nova/nova/api/openstack/wsgi.py:511}}
Feb 20 21:46:13.525355 dv-cinder-830092-1-iscsi devstack@n-api.service[101938]: INFO nova.api.openstack.requestlog [None req-32e47ab2-ec42-4b6d-8b67-1120cdf26584 admin admin] 10.222.0.10 "POST /compute/v2.1/flavors/d2/os-extra_specs" status: 200 len: 43 microversion: 2.61 time: 0.026337
Feb 20 21:46:13.526162 dv-cinder-830092-1-iscsi devstack@n-api.service[101938]: [pid: 101938|app: 0|req: 7/12] 10.222.0.10 () {64 vars in 1335 bytes} [Sun Feb 20 21:46:13 2022] POST /compute/v2.1/flavors/d2/os-extra_specs => generated 43 bytes in 28 msecs (HTTP/1.1 200) 9 headers in 358 bytes (1 switches on core 0)
Feb 20 21:46:15.901598 dv-cinder-830092-1-iscsi devstack@n-api.service[101937]: DEBUG nova.api.openstack.wsgi [None req-7a2d37c9-c588-4113-bc6f-36ecc389ca51 admin admin] Calling method '>' {{(pid=101937) _process_stack /opt/stack/nova/nova/api/openstack/wsgi.py:513}}
Feb 20 21:46:15.902652 dv-cinder-830092-1-iscsi devstack@n-api.service[101937]: INFO nova.api.openstack.requestlog [None req-7a2d37c9-c588-4113-bc6f-36ecc389ca51 admin admin] 10.222.0.10 "GET /compute/v2.1" status: 200 len: 388 microversion: 2.1 time: 0.001462
Feb 20 21:46:15.903058 dv-cinder-830092-1-iscsi devstack@n-api.service[101937]: [pid: 101937|app: 0|req: 6/13] 10.222.0.10 () {54 vars in 930 bytes} [Sun Feb 20 21:46:15 2022] GET /compute/v2.1 => generated 388 bytes in 2 msecs (HTTP/1.1 200) 9 headers in 357 bytes (1 switches on core 0)
Feb 20 21:46:15.959967 dv-cinder-830092-1-iscsi devstack@n-api.service[101938]: DEBUG nova.api.openstack.wsgi [None req-5b3e231d-e92c-4e47-abcc-fd652bb11901 admin admin] Action: 'create', calling method: >, body: {"flavor": {"ram": 2048, "name": "ds2G", "OS-FLV-EXT-DATA:ephemeral": 0, "id": "d3", "vcpus": 2, "swap": 0, "rxtx_factor": 1.0, "os-flavor-access:is_public": true, "disk": 10}} {{(pid=101938) _process_stack /opt/stack/nova/nova/api/openstack/wsgi.py:511}}
Feb 20 21:46:15.980772 dv-cinder-830092-1-iscsi devstack@n-api.service[101938]: INFO nova.api.openstack.requestlog [None req-5b3e231d-e92c-4e47-abcc-fd652bb11901 admin admin] 10.222.0.10 "POST /compute/v2.1/flavors" status: 200 len: 404 microversion: 2.61 time: 0.071702
Feb 20 21:46:15.981588 dv-cinder-830092-1-iscsi devstack@n-api.service[101938]: [pid: 101938|app: 0|req: 8/14] 10.222.0.10 () {64 vars in 1282 bytes} [Sun Feb 20 21:46:15 2022] POST /compute/v2.1/flavors => generated 404 bytes in 73 msecs (HTTP/1.1 200) 9 headers in 359 bytes (1 switches on core 0)
Feb 20 21:46:15.993810 dv-cinder-830092-1-iscsi devstack@n-api.service[101937]: DEBUG nova.api.openstack.wsgi [None req-a07d5b01-f14a-4473-a350-dce60d78b44d admin admin] Action: 'create', calling method: >, body: {"extra_specs": {"hw_rng:allowed": "True"}} {{(pid=101937) _process_stack /opt/stack/nova/nova/api/openstack/wsgi.py:511}}
Feb 20 21:46:16.023186 dv-cinder-830092-1-iscsi devstack@n-api.service[101937]: INFO nova.api.openstack.requestlog [None req-a07d5b01-f14a-4473-a350-dce60d78b44d admin admin] 10.222.0.10 "POST /compute/v2.1/flavors/d3/os-extra_specs" status: 200 len: 43 microversion: 2.61 time: 0.032731
Feb 20 21:46:16.038531 dv-cinder-830092-1-iscsi devstack@n-api.service[101937]: [pid: 101937|app: 0|req: 7/15] 10.222.0.10 () {64 vars in 1335 bytes} [Sun Feb 20 21:46:15 2022] POST /compute/v2.1/flavors/d3/os-extra_specs => generated 43 bytes in 35 msecs (HTTP/1.1 200) 9 headers in 358 bytes (1 switches on core 0)
Feb 20 21:46:18.369331 dv-cinder-830092-1-iscsi devstack@n-api.service[101938]: DEBUG nova.api.openstack.wsgi [None req-5b3e231d-e92c-4e47-abcc-fd652bb11901 admin admin] Calling method '>' {{(pid=101938) _process_stack /opt/stack/nova/nova/api/openstack/wsgi.py:513}}
Feb 20 21:46:18.370342 dv-cinder-830092-1-iscsi devstack@n-api.service[101938]: INFO nova.api.openstack.requestlog [None req-5b3e231d-e92c-4e47-abcc-fd652bb11901 admin admin] 10.222.0.10 "GET /compute/v2.1" status: 200 len: 388 microversion: 2.1 time: 0.001456
Feb 20 21:46:18.370916 dv-cinder-830092-1-iscsi devstack@n-api.service[101938]: [pid: 101938|app: 0|req: 9/16] 10.222.0.10 () {54 vars in 930 bytes} [Sun Feb 20 21:46:18 2022] GET /compute/v2.1 => generated 388 bytes in 2 msecs (HTTP/1.1 200) 9 headers in 357 bytes (1 switches on core 0)
Feb 20 21:46:18.427442 dv-cinder-830092-1-iscsi devstack@n-api.service[101937]: DEBUG nova.api.openstack.wsgi [None req-3238bec1-9a62-4586-90a2-77a3bc351657 admin admin] Action: 'create', calling method: >, body: {"flavor": {"ram": 4096, "rxtx_factor": 1.0, "disk": 20, "vcpus": 4, "name": "ds4G", "OS-FLV-EXT-DATA:ephemeral": 0, "id": "d4", "swap": 0, "os-flavor-access:is_public": true}} {{(pid=101937) _process_stack /opt/stack/nova/nova/api/openstack/wsgi.py:511}}
Feb 20 21:46:18.446844 dv-cinder-830092-1-iscsi devstack@n-api.service[101937]: INFO nova.api.openstack.requestlog [None req-3238bec1-9a62-4586-90a2-77a3bc351657 admin admin] 10.222.0.10 "POST /compute/v2.1/flavors" status: 200 len: 404 microversion: 2.61 time: 0.069927
Feb 20 21:46:18.447563 dv-cinder-830092-1-iscsi devstack@n-api.service[101937]: [pid: 101937|app: 0|req: 8/17] 10.222.0.10 () {64 vars in 1282 bytes} [Sun Feb 20 21:46:18 2022] POST /compute/v2.1/flavors => generated 404 bytes in 71 msecs (HTTP/1.1 200) 9 headers in 359 bytes (2 switches on core 0)
Feb 20 21:46:18.459609 dv-cinder-830092-1-iscsi devstack@n-api.service[101938]: DEBUG nova.api.openstack.wsgi [None req-b7c7a546-3723-47b0-95b3-2a4509a897b7 admin admin] Action: 'create', calling method: >, body: {"extra_specs": {"hw_rng:allowed": "True"}} {{(pid=101938) _process_stack /opt/stack/nova/nova/api/openstack/wsgi.py:511}}
Feb 20 21:46:18.481733 dv-cinder-830092-1-iscsi devstack@n-api.service[101938]: INFO nova.api.openstack.requestlog [None req-b7c7a546-3723-47b0-95b3-2a4509a897b7 admin admin] 10.222.0.10 "POST /compute/v2.1/flavors/d4/os-extra_specs" status: 200 len: 43 microversion: 2.61 time: 0.025637
Feb 20 21:46:18.482526 dv-cinder-830092-1-iscsi devstack@n-api.service[101938]: [pid: 101938|app: 0|req: 10/18] 10.222.0.10 () {64 vars in 1335 bytes} [Sun Feb 20 21:46:18 2022] POST /compute/v2.1/flavors/d4/os-extra_specs => generated 43 bytes in 27 msecs (HTTP/1.1 200) 9 headers in 358 bytes (2 switches on core 0)
Feb 20 21:46:20.847236 dv-cinder-830092-1-iscsi devstack@n-api.service[101937]: DEBUG nova.api.openstack.wsgi [None req-3238bec1-9a62-4586-90a2-77a3bc351657 admin admin] Calling method '>' {{(pid=101937) _process_stack /opt/stack/nova/nova/api/openstack/wsgi.py:513}}
Feb 20 21:46:20.848238 dv-cinder-830092-1-iscsi devstack@n-api.service[101937]: INFO nova.api.openstack.requestlog [None req-3238bec1-9a62-4586-90a2-77a3bc351657 admin admin] 10.222.0.10 "GET /compute/v2.1" status: 200 len: 388 microversion: 2.1 time: 0.001449
Feb 20 21:46:20.848812 dv-cinder-830092-1-iscsi devstack@n-api.service[101937]: [pid: 101937|app: 0|req: 9/19] 10.222.0.10 () {54 vars in 930 bytes} [Sun Feb 20 21:46:20 2022] GET /compute/v2.1 => generated 388 bytes in 2 msecs (HTTP/1.1 200) 9 headers in 357 bytes (1 switches on core 0)
Feb 20 21:46:20.907847 dv-cinder-830092-1-iscsi devstack@n-api.service[101938]: DEBUG nova.api.openstack.wsgi [None req-7eabaff1-844f-40cd-9e76-cb1a005ec082 admin admin] Calling method '>' {{(pid=101938) _process_stack /opt/stack/nova/nova/api/openstack/wsgi.py:513}}
Feb 20 21:46:20.933675 dv-cinder-830092-1-iscsi devstack@n-api.service[101938]: INFO nova.api.openstack.requestlog [None req-7eabaff1-844f-40cd-9e76-cb1a005ec082 admin admin] 10.222.0.10 "GET /compute/v2.1/flavors/detail?is_public=True" status: 200 len: 2106 microversion: 2.61 time: 0.078940
Feb 20 21:46:20.947195 dv-cinder-830092-1-iscsi devstack@n-api.service[101938]: [pid: 101938|app: 0|req: 11/20] 10.222.0.10 () {60 vars in 1291 bytes} [Sun Feb 20 21:46:20 2022] GET /compute/v2.1/flavors/detail?is_public=True => generated 2106 bytes in 93 msecs (HTTP/1.1 200) 9 headers in 360 bytes (1 switches on core 0)
Feb 20 21:46:24.253844 dv-cinder-830092-1-iscsi devstack@n-api.service[101937]: DEBUG nova.api.openstack.wsgi [None req-3238bec1-9a62-4586-90a2-77a3bc351657 admin admin] Calling method '>' {{(pid=101937) _process_stack /opt/stack/nova/nova/api/openstack/wsgi.py:513}}
Feb 20 21:46:24.255287 dv-cinder-830092-1-iscsi devstack@n-api.service[101937]: INFO nova.api.openstack.requestlog [None req-3238bec1-9a62-4586-90a2-77a3bc351657 admin admin] 10.222.0.10 "GET /compute/v2.1" status: 200 len: 388 microversion: 2.1 time: 0.002056
Feb 20 21:46:24.255882 dv-cinder-830092-1-iscsi devstack@n-api.service[101937]: [pid: 101937|app: 0|req: 10/21] 10.222.0.10 () {54 vars in 930 bytes} [Sun Feb 20 21:46:24 2022] GET /compute/v2.1 => generated 388 bytes in 3 msecs (HTTP/1.1 200) 9 headers in 357 bytes (1 switches on core 0)
Feb 20 21:46:24.327036 dv-cinder-830092-1-iscsi devstack@n-api.service[101938]: DEBUG nova.api.openstack.wsgi [None req-53d18c1a-3e6d-4a57-adb9-886d2c86226d admin admin] Action: 'create', calling method: >, body: {"flavor": {"rxtx_factor": 1.0, "disk": 1, "ram": 512, "os-flavor-access:is_public": true, "id": "1", "name": "m1.tiny", "swap": 0, "OS-FLV-EXT-DATA:ephemeral": 0, "vcpus": 1}} {{(pid=101938) _process_stack /opt/stack/nova/nova/api/openstack/wsgi.py:511}}
Feb 20 21:46:24.348290 dv-cinder-830092-1-iscsi devstack@n-api.service[101938]: INFO nova.api.openstack.requestlog [None req-53d18c1a-3e6d-4a57-adb9-886d2c86226d admin admin] 10.222.0.10 "POST /compute/v2.1/flavors" status: 200 len: 402 microversion: 2.61 time: 0.085921
Feb 20 21:46:24.348973 dv-cinder-830092-1-iscsi devstack@n-api.service[101938]: [pid: 101938|app: 0|req: 12/22] 10.222.0.10 () {64 vars in 1282 bytes} [Sun Feb 20 21:46:24 2022] POST /compute/v2.1/flavors => generated 402 bytes in 87 msecs (HTTP/1.1 200) 9 headers in 359 bytes (1 switches on core 0)
Feb 20 21:46:24.361679 dv-cinder-830092-1-iscsi devstack@n-api.service[101937]: DEBUG nova.api.openstack.wsgi [None req-77df6e89-dcbb-4dc2-a3f5-2c72ca404f1c admin admin] Action: 'create', calling method: >, body: {"extra_specs": {"hw_rng:allowed": "True"}} {{(pid=101937) _process_stack /opt/stack/nova/nova/api/openstack/wsgi.py:511}}
Feb 20 21:46:24.385366 dv-cinder-830092-1-iscsi devstack@n-api.service[101937]: INFO nova.api.openstack.requestlog [None req-77df6e89-dcbb-4dc2-a3f5-2c72ca404f1c admin admin] 10.222.0.10 "POST /compute/v2.1/flavors/1/os-extra_specs" status: 200 len: 43 microversion: 2.61 time: 0.027803
Feb 20 21:46:24.386084 dv-cinder-830092-1-iscsi devstack@n-api.service[101937]: [pid: 101937|app: 0|req: 11/23] 10.222.0.10 () {64 vars in 1332 bytes} [Sun Feb 20 21:46:24 2022] POST /compute/v2.1/flavors/1/os-extra_specs => generated 43 bytes in 29 msecs (HTTP/1.1 200) 9 headers in 358 bytes (1 switches on core 0)
Feb 20 21:46:26.729276 dv-cinder-830092-1-iscsi devstack@n-api.service[101938]: DEBUG nova.api.openstack.wsgi [None req-53d18c1a-3e6d-4a57-adb9-886d2c86226d admin admin] Calling method '>' {{(pid=101938) _process_stack /opt/stack/nova/nova/api/openstack/wsgi.py:513}}
Feb 20 21:46:26.730309 dv-cinder-830092-1-iscsi devstack@n-api.service[101938]: INFO nova.api.openstack.requestlog [None req-53d18c1a-3e6d-4a57-adb9-886d2c86226d admin admin] 10.222.0.10 "GET /compute/v2.1" status: 200 len: 388 microversion: 2.1 time: 0.001484
Feb 20 21:46:26.730750 dv-cinder-830092-1-iscsi devstack@n-api.service[101938]: [pid: 101938|app: 0|req: 13/24] 10.222.0.10 () {54 vars in 930 bytes} [Sun Feb 20 21:46:26 2022] GET /compute/v2.1 => generated 388 bytes in 2 msecs (HTTP/1.1 200) 9 headers in 357 bytes (1 switches on core 0)
Feb 20 21:46:26.788397 dv-cinder-830092-1-iscsi devstack@n-api.service[101937]: DEBUG nova.api.openstack.wsgi [None req-57283e16-fe03-4aa7-a11e-d498078cced5 admin admin] Action: 'create', calling method: >, body: {"flavor": {"ram": 2048, "disk": 20, "rxtx_factor": 1.0, "vcpus": 1, "os-flavor-access:is_public": true, "id": "2", "OS-FLV-EXT-DATA:ephemeral": 0, "swap": 0, "name": "m1.small"}} {{(pid=101937) _process_stack /opt/stack/nova/nova/api/openstack/wsgi.py:511}}
Feb 20 21:46:26.806039 dv-cinder-830092-1-iscsi devstack@n-api.service[101937]: INFO nova.api.openstack.requestlog [None req-57283e16-fe03-4aa7-a11e-d498078cced5 admin admin] 10.222.0.10 "POST /compute/v2.1/flavors" status: 200 len: 405 microversion: 2.61 time: 0.068849
Feb 20 21:46:26.806454 dv-cinder-830092-1-iscsi devstack@n-api.service[101937]: [pid: 101937|app: 0|req: 12/25] 10.222.0.10 () {64 vars in 1282 bytes} [Sun Feb 20 21:46:26 2022] POST /compute/v2.1/flavors => generated 405 bytes in 70 msecs (HTTP/1.1 200) 9 headers in 359 bytes (2 switches on core 0)
Feb 20 21:46:26.818372 dv-cinder-830092-1-iscsi devstack@n-api.service[101938]: DEBUG nova.api.openstack.wsgi [None req-38b93c0a-e104-401c-820a-c93801243b4f admin admin] Action: 'create', calling method: >, body: {"extra_specs": {"hw_rng:allowed": "True"}} {{(pid=101938) _process_stack /opt/stack/nova/nova/api/openstack/wsgi.py:511}}
Feb 20 21:46:26.841687 dv-cinder-830092-1-iscsi devstack@n-api.service[101938]: INFO nova.api.openstack.requestlog [None req-38b93c0a-e104-401c-820a-c93801243b4f admin admin] 10.222.0.10 "POST /compute/v2.1/flavors/2/os-extra_specs" status: 200 len: 43 microversion: 2.61 time: 0.026828
Feb 20 21:46:26.842308 dv-cinder-830092-1-iscsi devstack@n-api.service[101938]: [pid: 101938|app: 0|req: 14/26] 10.222.0.10 () {64 vars in 1332 bytes} [Sun Feb 20 21:46:26 2022] POST /compute/v2.1/flavors/2/os-extra_specs => generated 43 bytes in 28 msecs (HTTP/1.1 200) 9 headers in 358 bytes (1 switches on core 0)
Feb 20 21:46:29.192066 dv-cinder-830092-1-iscsi devstack@n-api.service[101937]: DEBUG nova.api.openstack.wsgi [None req-57283e16-fe03-4aa7-a11e-d498078cced5 admin admin] Calling method '>' {{(pid=101937) _process_stack /opt/stack/nova/nova/api/openstack/wsgi.py:513}}
Feb 20 21:46:29.193081 dv-cinder-830092-1-iscsi devstack@n-api.service[101937]: INFO nova.api.openstack.requestlog [None req-57283e16-fe03-4aa7-a11e-d498078cced5 admin admin] 10.222.0.10 "GET /compute/v2.1" status: 200 len: 388 microversion: 2.1 time: 0.001456
Feb 20 21:46:29.193485 dv-cinder-830092-1-iscsi devstack@n-api.service[101937]: [pid: 101937|app: 0|req: 13/27] 10.222.0.10 () {54 vars in 930 bytes} [Sun Feb 20 21:46:29 2022] GET /compute/v2.1 => generated 388 bytes in 2 msecs (HTTP/1.1 200) 9 headers in 357 bytes (1 switches on core 0)
Feb 20 21:46:29.251798 dv-cinder-830092-1-iscsi devstack@n-api.service[101938]: DEBUG nova.api.openstack.wsgi [None req-b79113db-afa1-495d-9807-693df4c76b03 admin admin] Action: 'create', calling method: >, body: {"flavor": {"ram": 4096, "OS-FLV-EXT-DATA:ephemeral": 0, "swap": 0, "name": "m1.medium", "os-flavor-access:is_public": true, "vcpus": 2, "id": "3", "rxtx_factor": 1.0, "disk": 40}} {{(pid=101938) _process_stack /opt/stack/nova/nova/api/openstack/wsgi.py:511}}
Feb 20 21:46:29.269468 dv-cinder-830092-1-iscsi devstack@n-api.service[101938]: INFO nova.api.openstack.requestlog [None req-b79113db-afa1-495d-9807-693df4c76b03 admin admin] 10.222.0.10 "POST /compute/v2.1/flavors" status: 200 len: 406 microversion: 2.61 time: 0.069766
Feb 20 21:46:29.270011 dv-cinder-830092-1-iscsi devstack@n-api.service[101938]: [pid: 101938|app: 0|req: 15/28] 10.222.0.10 () {64 vars in 1282 bytes} [Sun Feb 20 21:46:29 2022] POST /compute/v2.1/flavors => generated 406 bytes in 71 msecs (HTTP/1.1 200) 9 headers in 359 bytes (1 switches on core 0)
Feb 20 21:46:29.281419 dv-cinder-830092-1-iscsi devstack@n-api.service[101937]: DEBUG nova.api.openstack.wsgi [None req-06dca3f4-4017-4bf6-87ae-1b37b4942b8c admin admin] Action: 'create', calling method: >, body: {"extra_specs": {"hw_rng:allowed": "True"}} {{(pid=101937) _process_stack /opt/stack/nova/nova/api/openstack/wsgi.py:511}}
Feb 20 21:46:29.304482 dv-cinder-830092-1-iscsi devstack@n-api.service[101937]: INFO nova.api.openstack.requestlog [None req-06dca3f4-4017-4bf6-87ae-1b37b4942b8c admin admin] 10.222.0.10 "POST /compute/v2.1/flavors/3/os-extra_specs" status: 200 len: 43 microversion: 2.61 time: 0.026685
Feb 20 21:46:29.305063 dv-cinder-830092-1-iscsi devstack@n-api.service[101937]: [pid: 101937|app: 0|req: 14/29] 10.222.0.10 () {64 vars in 1332 bytes} [Sun Feb 20 21:46:29 2022] POST /compute/v2.1/flavors/3/os-extra_specs => generated 43 bytes in 28 msecs (HTTP/1.1 200) 9 headers in 358 bytes (1 switches on core 0)
Feb 20 21:46:31.675902 dv-cinder-830092-1-iscsi devstack@n-api.service[101938]: DEBUG nova.api.openstack.wsgi [None req-b79113db-afa1-495d-9807-693df4c76b03 admin admin] Calling method '>' {{(pid=101938) _process_stack /opt/stack/nova/nova/api/openstack/wsgi.py:513}}
Feb 20 21:46:31.677694 dv-cinder-830092-1-iscsi devstack@n-api.service[101938]: INFO nova.api.openstack.requestlog [None req-b79113db-afa1-495d-9807-693df4c76b03 admin admin] 10.222.0.10 "GET /compute/v2.1" status: 200 len: 388 microversion: 2.1 time: 0.002216
Feb 20 21:46:31.678088 dv-cinder-830092-1-iscsi devstack@n-api.service[101938]: [pid: 101938|app: 0|req: 16/30] 10.222.0.10 () {54 vars in 930 bytes} [Sun Feb 20 21:46:31 2022] GET /compute/v2.1 => generated 388 bytes in 3 msecs (HTTP/1.1 200) 9 headers in 357 bytes (1 switches on core 0)
Feb 20 21:46:31.738408 dv-cinder-830092-1-iscsi devstack@n-api.service[101937]: DEBUG nova.api.openstack.wsgi [None req-f737268b-af33-48ad-8cb9-6316355bec4d admin admin] Action: 'create', calling method: >, body: {"flavor": {"name": "m1.large", "rxtx_factor": 1.0, "swap": 0, "vcpus": 4, "ram": 8192, "os-flavor-access:is_public": true, "disk": 80, "id": "4", "OS-FLV-EXT-DATA:ephemeral": 0}} {{(pid=101937) _process_stack /opt/stack/nova/nova/api/openstack/wsgi.py:511}}
Feb 20 21:46:31.759229 dv-cinder-830092-1-iscsi devstack@n-api.service[101937]: INFO nova.api.openstack.requestlog [None req-f737268b-af33-48ad-8cb9-6316355bec4d admin admin] 10.222.0.10 "POST /compute/v2.1/flavors" status: 200 len: 405 microversion: 2.61 time: 0.073454
Feb 20 21:46:31.760067 dv-cinder-830092-1-iscsi devstack@n-api.service[101937]: [pid: 101937|app: 0|req: 15/31] 10.222.0.10 () {64 vars in 1282 bytes} [Sun Feb 20 21:46:31 2022] POST /compute/v2.1/flavors => generated 405 bytes in 77 msecs (HTTP/1.1 200) 9 headers in 359 bytes (2 switches on core 0)
Feb 20 21:46:31.772054 dv-cinder-830092-1-iscsi devstack@n-api.service[101938]: DEBUG nova.api.openstack.wsgi [None req-702e9402-fba8-4ef3-b36f-6f1b8d640064 admin admin] Action: 'create', calling method: >, body: {"extra_specs": {"hw_rng:allowed": "True"}} {{(pid=101938) _process_stack /opt/stack/nova/nova/api/openstack/wsgi.py:511}}
Feb 20 21:46:31.797695 dv-cinder-830092-1-iscsi devstack@n-api.service[101938]: INFO nova.api.openstack.requestlog [None req-702e9402-fba8-4ef3-b36f-6f1b8d640064 admin admin] 10.222.0.10 "POST /compute/v2.1/flavors/4/os-extra_specs" status: 200 len: 43 microversion: 2.61 time: 0.029129
Feb 20 21:46:31.798292 dv-cinder-830092-1-iscsi devstack@n-api.service[101938]: [pid: 101938|app: 0|req: 17/32] 10.222.0.10 () {64 vars in 1332 bytes} [Sun Feb 20 21:46:31 2022] POST /compute/v2.1/flavors/4/os-extra_specs => generated 43 bytes in 30 msecs (HTTP/1.1 200) 9 headers in 358 bytes (1 switches on core 0)
Feb 20 21:46:34.165568 dv-cinder-830092-1-iscsi devstack@n-api.service[101937]: DEBUG nova.api.openstack.wsgi [None req-f737268b-af33-48ad-8cb9-6316355bec4d admin admin] Calling method '>' {{(pid=101937) _process_stack /opt/stack/nova/nova/api/openstack/wsgi.py:513}}
Feb 20 21:46:34.166885 dv-cinder-830092-1-iscsi devstack@n-api.service[101937]: INFO nova.api.openstack.requestlog [None req-f737268b-af33-48ad-8cb9-6316355bec4d admin admin] 10.222.0.10 "GET /compute/v2.1" status: 200 len: 388 microversion: 2.1 time: 0.001512
Feb 20 21:46:34.167403 dv-cinder-830092-1-iscsi devstack@n-api.service[101937]: [pid: 101937|app: 0|req: 16/33] 10.222.0.10 () {54 vars in 930 bytes} [Sun Feb 20 21:46:34 2022] GET /compute/v2.1 => generated 388 bytes in 3 msecs (HTTP/1.1 200) 9 headers in 357 bytes (1 switches on core 0)
Feb 20 21:46:34.231774 dv-cinder-830092-1-iscsi devstack@n-api.service[101938]: DEBUG nova.api.openstack.wsgi [None req-dedbf749-7a89-453f-9e48-5454455b35a8 admin admin] Action: 'create', calling method: >, body: {"flavor": {"swap": 0, "disk": 160, "id": "5", "vcpus": 8, "rxtx_factor": 1.0, "ram": 16384, "os-flavor-access:is_public": true, "OS-FLV-EXT-DATA:ephemeral": 0, "name": "m1.xlarge"}} {{(pid=101938) _process_stack /opt/stack/nova/nova/api/openstack/wsgi.py:511}}
Feb 20 21:46:34.253894 dv-cinder-830092-1-iscsi devstack@n-api.service[101938]: INFO nova.api.openstack.requestlog [None req-dedbf749-7a89-453f-9e48-5454455b35a8 admin admin] 10.222.0.10 "POST /compute/v2.1/flavors" status: 200 len: 408 microversion: 2.61 time: 0.079612
Feb 20 21:46:34.266995 dv-cinder-830092-1-iscsi devstack@n-api.service[101938]: [pid: 101938|app: 0|req: 18/34] 10.222.0.10 () {64 vars in 1282 bytes} [Sun Feb 20 21:46:34 2022] POST /compute/v2.1/flavors => generated 408 bytes in 81 msecs (HTTP/1.1 200) 9 headers in 359 bytes (2 switches on core 0)
Feb 20 21:46:34.274919 dv-cinder-830092-1-iscsi devstack@n-api.service[101937]: DEBUG nova.api.openstack.wsgi [None req-7f4cfcf0-51ac-49c2-ad43-2706425e813e admin admin] Action: 'create', calling method: >, body: {"extra_specs": {"hw_rng:allowed": "True"}} {{(pid=101937) _process_stack /opt/stack/nova/nova/api/openstack/wsgi.py:511}}
Feb 20 21:46:34.348054 dv-cinder-830092-1-iscsi devstack@n-api.service[101937]: INFO nova.api.openstack.requestlog [None req-7f4cfcf0-51ac-49c2-ad43-2706425e813e admin admin] 10.222.0.10 "POST /compute/v2.1/flavors/5/os-extra_specs" status: 200 len: 43 microversion: 2.61 time: 0.084146
Feb 20 21:46:34.348549 dv-cinder-830092-1-iscsi devstack@n-api.service[101937]: [pid: 101937|app: 0|req: 17/35] 10.222.0.10 () {64 vars in 1332 bytes} [Sun Feb 20 21:46:34 2022] POST /compute/v2.1/flavors/5/os-extra_specs => generated 43 bytes in 85 msecs (HTTP/1.1 200) 9 headers in 358 bytes (2 switches on core 0)
Feb 20 21:46:56.197186 dv-cinder-830092-1-iscsi devstack@n-api.service[101938]: DEBUG nova.api.openstack.wsgi [None req-dedbf749-7a89-453f-9e48-5454455b35a8 admin admin] Calling method '>' {{(pid=101938) _process_stack /opt/stack/nova/nova/api/openstack/wsgi.py:513}}
Feb 20 21:46:56.198451 dv-cinder-830092-1-iscsi devstack@n-api.service[101938]: INFO nova.api.openstack.requestlog [None req-dedbf749-7a89-453f-9e48-5454455b35a8 admin admin] 10.222.0.10 "GET /compute/v2.1" status: 200 len: 388 microversion: 2.1 time: 0.001680
Feb 20 21:46:56.198884 dv-cinder-830092-1-iscsi devstack@n-api.service[101938]: [pid: 101938|app: 0|req: 19/36] 10.222.0.10 () {54 vars in 930 bytes} [Sun Feb 20 21:46:56 2022] GET /compute/v2.1 => generated 388 bytes in 3 msecs (HTTP/1.1 200) 9 headers in 357 bytes (1 switches on core 0)
Feb 20 21:46:56.271538 dv-cinder-830092-1-iscsi devstack@n-api.service[101937]: DEBUG nova.api.openstack.wsgi [None req-61b6eeac-c8fc-4462-bbfa-1df13805435f admin admin] Calling method '>' {{(pid=101937) _process_stack /opt/stack/nova/nova/api/openstack/wsgi.py:513}}
Feb 20 21:46:56.288148 dv-cinder-830092-1-iscsi devstack@n-api.service[101937]: INFO nova.api.openstack.requestlog [None req-61b6eeac-c8fc-4462-bbfa-1df13805435f admin admin] 10.222.0.10 "GET /compute/v2.1/flavors/detail?is_public=True" status: 200 len: 4202 microversion: 2.61 time: 0.082784
