Apr 12 11:15:31.927438 dv-cinder-830091-4-iscsi neutron-server[103887]: DEBUG neutron_lib.callbacks.manager [None req-2430002e-1fed-48a1-9099-96e97b2af2c6 admin admin] Publish callbacks ['neutron.plugins.ml2.plugin.Ml2Plugin._subnet_delete_after_delete_handler-1470265', 'neutron.plugins.ml2.ovo_rpc._ObjectChangeHandler.handle_event-513534', 'neutron.api.rpc.agentnotifiers.dhcp_rpc_agent_api.DhcpAgentNotifyAPI._native_event_send_dhcp_notification-1580764'] for subnet (84546555-007b-43cb-8c84-4141cd2fd7ca), after_delete {{(pid=103887) _notify_loop /usr/local/lib/python3.8/dist-packages/neutron_lib/callbacks/manager.py:176}}
Apr 12 11:15:31.947323 dv-cinder-830091-4-iscsi neutron-server[103888]: INFO neutron.wsgi [req-f6a25200-4eca-4062-ab33-32375ba1b290 req-4cd76cb1-117b-4d06-a0c0-674650996ff5 tempest-DeleteServersTestJSON-1107932833 tempest-DeleteServersTestJSON-1107932833-project] 10.222.0.59 "GET /v2.0/security-groups?id=288244b0-1054-41fe-9ffd-49220ae71784&fields=id&fields=name HTTP/1.1" status: 200 len: 286 time: 0.0414059
Apr 12 11:15:31.970411 dv-cinder-830091-4-iscsi neutron-server[103887]: DEBUG neutron_lib.callbacks.manager [None req-f4e050ff-fc24-49d2-8efc-46c5a80cc451 admin admin] Publish callbacks [] for security_group (7da0053a-b2ad-4c22-9226-7ceea3b780d9), precommit_delete {{(pid=103887) _notify_loop /usr/local/lib/python3.8/dist-packages/neutron_lib/callbacks/manager.py:176}}
Apr 12 11:15:31.973589 dv-cinder-830091-4-iscsi neutron-server[103887]: DEBUG neutron.api.rpc.handlers.resources_rpc [None req-2430002e-1fed-48a1-9099-96e97b2af2c6 admin admin] Pushing event deleted for resources: {'Subnet': ['ID=84546555-007b-43cb-8c84-4141cd2fd7ca,revision_number=None']} {{(pid=103887) push /opt/stack/neutron/neutron/api/rpc/handlers/resources_rpc.py:237}}
Apr 12 11:15:32.003018 dv-cinder-830091-4-iscsi neutron-server[103887]: DEBUG neutron_lib.callbacks.manager [None req-2430002e-1fed-48a1-9099-96e97b2af2c6 admin admin] Publish callbacks ['neutron.api.rpc.agentnotifiers.dhcp_rpc_agent_api.DhcpAgentNotifyAPI._send_dhcp_notification-1580590'] for subnet (None), before_response {{(pid=103887) _notify_loop /usr/local/lib/python3.8/dist-packages/neutron_lib/callbacks/manager.py:176}}
Apr 12 11:15:32.015016 dv-cinder-830091-4-iscsi neutron-server[103887]: INFO neutron.wsgi [None req-2430002e-1fed-48a1-9099-96e97b2af2c6 admin admin] 10.222.0.59 "DELETE /v2.0/subnets/84546555-007b-43cb-8c84-4141cd2fd7ca HTTP/1.1" status: 204 len: 168 time: 0.3322697
Apr 12 11:15:32.018199 dv-cinder-830091-4-iscsi neutron-server[103888]: DEBUG neutron.wsgi [-] (103888) accepted ('10.222.0.59', 43110) {{(pid=103888) server /usr/local/lib/python3.8/dist-packages/eventlet/wsgi.py:1004}}
Apr 12 11:15:32.047563 dv-cinder-830091-4-iscsi neutron-server[103887]: DEBUG neutron.pecan_wsgi.hooks.policy_enforcement [req-46cdde29-1a0f-4513-8381-aa5ad93a6170 req-aca53278-b499-41b0-931d-054e74f0fca6 tempest-ServerRescueNegativeTestJSON-1629330329 tempest-ServerRescueNegativeTestJSON-1629330329-project] Attributes excluded by policy engine: ['standard_attr_id', 'binding:profile', 'binding:host_id', 'binding:vif_type', 'binding:vif_details'] {{(pid=103887) _exclude_attributes_by_policy /opt/stack/neutron/neutron/pecan_wsgi/hooks/policy_enforcement.py:255}}
Apr 12 11:15:32.049020 dv-cinder-830091-4-iscsi neutron-server[103887]: INFO neutron.wsgi [req-46cdde29-1a0f-4513-8381-aa5ad93a6170 req-aca53278-b499-41b0-931d-054e74f0fca6 tempest-ServerRescueNegativeTestJSON-1629330329 tempest-ServerRescueNegativeTestJSON-1629330329-project] 10.222.0.59 "GET /v2.0/ports?device_id=3e565fb4-22da-414e-a260-9e0375ca75e5 HTTP/1.1" status: 200 len: 946 time: 0.1131217
Apr 12 11:15:32.087776 dv-cinder-830091-4-iscsi neutron-server[103888]: DEBUG neutron_lib.callbacks.manager [None req-0aa162b0-dde9-44ba-91f0-838ada80a9da admin admin] Publish callbacks ['neutron.plugins.ml2.plugin.External_net_db_mixin._before_network_delete_handler-1541459'] for network (610c2bb4-3c8e-4cd8-a7de-adad7187d73c), before_delete {{(pid=103888) _notify_loop /usr/local/lib/python3.8/dist-packages/neutron_lib/callbacks/manager.py:176}}
Apr 12 11:15:32.097087 dv-cinder-830091-4-iscsi neutron-server[103887]: INFO neutron.wsgi [req-46cdde29-1a0f-4513-8381-aa5ad93a6170 req-2510e5f4-23c4-404f-a68c-d07d7cdb4076 tempest-ServerRescueNegativeTestJSON-1629330329 tempest-ServerRescueNegativeTestJSON-1629330329-project] 10.222.0.59 "GET /v2.0/security-groups?id=61962a24-55e4-4783-bee1-7377b8ecaaa9&fields=id&fields=name HTTP/1.1" status: 200 len: 286 time: 0.0423203
Apr 12 11:15:32.150616 dv-cinder-830091-4-iscsi neutron-server[103887]: DEBUG neutron_lib.callbacks.manager [None req-f4e050ff-fc24-49d2-8efc-46c5a80cc451 admin admin] Publish callbacks ['neutron.plugins.ml2.ovo_rpc._ObjectChangeHandler.handle_event-504085'] for security_group (7da0053a-b2ad-4c22-9226-7ceea3b780d9), after_delete {{(pid=103887) _notify_loop /usr/local/lib/python3.8/dist-packages/neutron_lib/callbacks/manager.py:176}}
Apr 12 11:15:32.153604 dv-cinder-830091-4-iscsi neutron-server[103887]: DEBUG neutron_lib.callbacks.manager [None req-f4e050ff-fc24-49d2-8efc-46c5a80cc451 admin admin] Publish callbacks [] for security_group (None), before_response {{(pid=103887) _notify_loop /usr/local/lib/python3.8/dist-packages/neutron_lib/callbacks/manager.py:176}}
Apr 12 11:15:32.154742 dv-cinder-830091-4-iscsi neutron-server[103887]: INFO neutron.wsgi [None req-f4e050ff-fc24-49d2-8efc-46c5a80cc451 admin admin] 10.222.0.59 "DELETE /v2.0/security-groups/7da0053a-b2ad-4c22-9226-7ceea3b780d9 HTTP/1.1" status: 204 len: 168 time: 0.3056805
Apr 12 11:15:32.164229 dv-cinder-830091-4-iscsi neutron-server[103887]: DEBUG neutron.api.rpc.handlers.resources_rpc [None req-f4e050ff-fc24-49d2-8efc-46c5a80cc451 admin admin] Pushing event deleted for resources: {'SecurityGroup': ['ID=7da0053a-b2ad-4c22-9226-7ceea3b780d9,revision_number=None']} {{(pid=103887) push /opt/stack/neutron/neutron/api/rpc/handlers/resources_rpc.py:237}}
Apr 12 11:15:32.165017 dv-cinder-830091-4-iscsi neutron-server[103888]: DEBUG neutron_lib.callbacks.manager [None req-0aa162b0-dde9-44ba-91f0-838ada80a9da admin admin] Publish callbacks ['neutron.plugins.ml2.plugin.Ml2Plugin._network_delete_precommit_handler-1479821', 'neutron.services.segments.db._delete_segments_for_network-8773031671471'] for network (610c2bb4-3c8e-4cd8-a7de-adad7187d73c), precommit_delete {{(pid=103888) _notify_loop /usr/local/lib/python3.8/dist-packages/neutron_lib/callbacks/manager.py:176}}
Apr 12 11:15:32.189104 dv-cinder-830091-4-iscsi neutron-server[103888]: DEBUG neutron.services.segments.db [None req-0aa162b0-dde9-44ba-91f0-838ada80a9da admin admin] neutron.services.segments.plugin.Plugin method get_segments called with arguments (,) {'filters': {'network_id': ['610c2bb4-3c8e-4cd8-a7de-adad7187d73c']}} {{(pid=103888) wrapper /usr/local/lib/python3.8/dist-packages/oslo_log/helpers.py:65}}
Apr 12 11:15:32.198892 dv-cinder-830091-4-iscsi neutron-server[103888]: DEBUG neutron.services.segments.db [None req-0aa162b0-dde9-44ba-91f0-838ada80a9da admin admin] neutron.services.segments.plugin.Plugin method delete_segment called with arguments (, '3a8c2810-b29a-4f89-971b-edd5e8da94a7') {'for_net_delete': True} {{(pid=103888) wrapper /usr/local/lib/python3.8/dist-packages/oslo_log/helpers.py:65}}
Apr 12 11:15:32.199185 dv-cinder-830091-4-iscsi neutron-server[103888]: DEBUG neutron.services.segments.db [None req-0aa162b0-dde9-44ba-91f0-838ada80a9da admin admin] neutron.services.segments.plugin.Plugin method get_segment called with arguments (, '3a8c2810-b29a-4f89-971b-edd5e8da94a7') {} {{(pid=103888) wrapper /usr/local/lib/python3.8/dist-packages/oslo_log/helpers.py:65}}
Apr 12 11:15:32.212540 dv-cinder-830091-4-iscsi neutron-server[103888]: DEBUG neutron_lib.callbacks.manager [None req-0aa162b0-dde9-44ba-91f0-838ada80a9da admin admin] Publish callbacks ['neutron.plugins.ml2.db._prevent_segment_delete_with_port_bound-8773031673272', 'neutron.services.segments.plugin.Plugin._prevent_segment_delete_with_subnet_associated-26653792'] for segment (3a8c2810-b29a-4f89-971b-edd5e8da94a7), before_delete {{(pid=103888) _notify_loop /usr/local/lib/python3.8/dist-packages/neutron_lib/callbacks/manager.py:176}}
Apr 12 11:15:32.226412 dv-cinder-830091-4-iscsi neutron-server[103888]: DEBUG neutron_lib.callbacks.manager [None req-0aa162b0-dde9-44ba-91f0-838ada80a9da admin admin] Publish callbacks ['neutron.plugins.ml2.plugin.Ml2Plugin._handle_segment_change-1474189'] for segment (3a8c2810-b29a-4f89-971b-edd5e8da94a7), precommit_delete {{(pid=103888) _notify_loop /usr/local/lib/python3.8/dist-packages/neutron_lib/callbacks/manager.py:176}}
Apr 12 11:15:32.232887 dv-cinder-830091-4-iscsi neutron-server[103888]: DEBUG neutron.plugins.ml2.drivers.type_vlan [None req-0aa162b0-dde9-44ba-91f0-838ada80a9da admin admin] Releasing vlan 754 on physical network physnet1 to pool {{(pid=103888) release_segment /opt/stack/neutron/neutron/plugins/ml2/drivers/type_vlan.py:304}}
Apr 12 11:15:32.233268 dv-cinder-830091-4-iscsi neutron-server[103888]: DEBUG neutron_lib.callbacks.manager [None req-0aa162b0-dde9-44ba-91f0-838ada80a9da admin admin] Publish callbacks ['neutron.plugins.ml2.plugin.Ml2Plugin._handle_segment_change-1474189', 'neutron.services.segments.plugin.NovaSegmentNotifier._notify_segment_deleted-26654375'] for segment (3a8c2810-b29a-4f89-971b-edd5e8da94a7), after_delete {{(pid=103888) _notify_loop /usr/local/lib/python3.8/dist-packages/neutron_lib/callbacks/manager.py:176}}
Apr 12 11:15:32.234957 dv-cinder-830091-4-iscsi neutron-server[103888]: Traceback (most recent call last):
Apr 12 11:15:32.234957 dv-cinder-830091-4-iscsi neutron-server[103888]: File "/usr/local/lib/python3.8/dist-packages/eventlet/hubs/hub.py", line 476, in fire_timers
Apr 12 11:15:32.234957 dv-cinder-830091-4-iscsi neutron-server[103888]: timer()
Apr 12 11:15:32.234957 dv-cinder-830091-4-iscsi neutron-server[103888]: File "/usr/local/lib/python3.8/dist-packages/eventlet/hubs/timer.py", line 59, in __call__
Apr 12 11:15:32.234957 dv-cinder-830091-4-iscsi neutron-server[103888]: cb(*args, **kw)
Apr 12 11:15:32.234957 dv-cinder-830091-4-iscsi neutron-server[103888]: File "/opt/stack/neutron/neutron/common/utils.py", line 921, in wrapper
Apr 12 11:15:32.234957 dv-cinder-830091-4-iscsi neutron-server[103888]: return func(*args, **kwargs)
Apr 12 11:15:32.234957 dv-cinder-830091-4-iscsi neutron-server[103888]: File "/opt/stack/neutron/neutron/notifiers/batch_notifier.py", line 58, in synced_send
Apr 12 11:15:32.234957 dv-cinder-830091-4-iscsi neutron-server[103888]: self._notify()
Apr 12 11:15:32.234957 dv-cinder-830091-4-iscsi neutron-server[103888]: File "/opt/stack/neutron/neutron/notifiers/batch_notifier.py", line 69, in _notify
Apr 12 11:15:32.234957 dv-cinder-830091-4-iscsi neutron-server[103888]: self.callback(batched_events)
Apr 12 11:15:32.234957 dv-cinder-830091-4-iscsi neutron-server[103888]: File "/opt/stack/neutron/neutron/services/segments/plugin.py", line 211, in _send_notifications
Apr 12 11:15:32.234957 dv-cinder-830091-4-iscsi neutron-server[103888]: event.method(event)
Apr 12 11:15:32.234957 dv-cinder-830091-4-iscsi neutron-server[103888]: File "/opt/stack/neutron/neutron/services/segments/plugin.py", line 383, in _delete_nova_inventory
Apr 12 11:15:32.234957 dv-cinder-830091-4-iscsi neutron-server[103888]: aggregate_id = self._get_aggregate_id(event.segment_id)
Apr 12 11:15:32.234957 dv-cinder-830091-4-iscsi neutron-server[103888]: File "/opt/stack/neutron/neutron/services/segments/plugin.py", line 370, in _get_aggregate_id
Apr 12 11:15:32.234957 dv-cinder-830091-4-iscsi neutron-server[103888]: aggregate_uuid = self.p_client.list_aggregates(
Apr 12 11:15:32.234957 dv-cinder-830091-4-iscsi neutron-server[103888]: File "/usr/local/lib/python3.8/dist-packages/neutron_lib/placement/client.py", line 58, in wrapper
Apr 12 11:15:32.234957 dv-cinder-830091-4-iscsi neutron-server[103888]: return f(self, *a, **k)
Apr 12 11:15:32.234957 dv-cinder-830091-4-iscsi neutron-server[103888]: File "/usr/local/lib/python3.8/dist-packages/neutron_lib/placement/client.py", line 554, in list_aggregates
Apr 12 11:15:32.234957 dv-cinder-830091-4-iscsi neutron-server[103888]: return self._get(url).json()
Apr 12 11:15:32.234957 dv-cinder-830091-4-iscsi neutron-server[103888]: File "/usr/local/lib/python3.8/dist-packages/neutron_lib/placement/client.py", line 190, in _get
Apr 12 11:15:32.234957 dv-cinder-830091-4-iscsi neutron-server[103888]: return self._client.get(url, endpoint_filter=self._ks_filter,
Apr 12 11:15:32.234957 dv-cinder-830091-4-iscsi neutron-server[103888]: File "/usr/local/lib/python3.8/dist-packages/keystoneauth1/session.py", line 1141, in get
Apr 12 11:15:32.234957 dv-cinder-830091-4-iscsi neutron-server[103888]: return self.request(url, 'GET', **kwargs)
Apr 12 11:15:32.234957 dv-cinder-830091-4-iscsi neutron-server[103888]: File "/usr/local/lib/python3.8/dist-packages/keystoneauth1/session.py", line 811, in request
Apr 12 11:15:32.234957 dv-cinder-830091-4-iscsi neutron-server[103888]: base_url = self.get_endpoint(auth, allow=allow,
Apr 12 11:15:32.234957 dv-cinder-830091-4-iscsi neutron-server[103888]: File "/usr/local/lib/python3.8/dist-packages/keystoneauth1/session.py", line 1241, in get_endpoint
Apr 12 11:15:32.234957 dv-cinder-830091-4-iscsi neutron-server[103888]: auth = self._auth_required(auth, 'determine endpoint URL')
Apr 12 11:15:32.234957 dv-cinder-830091-4-iscsi neutron-server[103888]: File "/usr/local/lib/python3.8/dist-packages/keystoneauth1/session.py", line 1181, in _auth_required
Apr 12 11:15:32.234957 dv-cinder-830091-4-iscsi neutron-server[103888]: raise exceptions.MissingAuthPlugin(msg_fmt % msg)
Apr 12 11:15:32.234957 dv-cinder-830091-4-iscsi neutron-server[103888]: keystoneauth1.exceptions.auth_plugins.MissingAuthPlugin: An auth plugin is required to determine endpoint URL
Apr 12 11:15:32.369107 dv-cinder-830091-4-iscsi neutron-server[103888]: DEBUG neutron_lib.callbacks.manager [None req-0aa162b0-dde9-44ba-91f0-838ada80a9da admin admin] Publish callbacks ['neutron.plugins.ml2.plugin.Ml2Plugin._network_delete_after_delete_handler-1479810', 'neutron.plugins.ml2.ovo_rpc._ObjectChangeHandler.handle_event-504257', 'neutron.api.rpc.agentnotifiers.dhcp_rpc_agent_api.DhcpAgentNotifyAPI._native_event_send_dhcp_notification-1580764', 'neutron.services.l3_router.l3_router_plugin.DVRResourceOperationHandler.delete_fip_namespaces_for_ext_net-1603557'] for network (610c2bb4-3c8e-4cd8-a7de-adad7187d73c), after_delete {{(pid=103888) _notify_loop /usr/local/lib/python3.8/dist-packages/neutron_lib/callbacks/manager.py:176}}
Apr 12 11:15:32.384286 dv-cinder-830091-4-iscsi neutron-server[103888]: DEBUG neutron_lib.callbacks.manager [None req-0aa162b0-dde9-44ba-91f0-838ada80a9da admin admin] Publish callbacks ['neutron.api.rpc.agentnotifiers.dhcp_rpc_agent_api.DhcpAgentNotifyAPI._send_dhcp_notification-1580590'] for network (None), before_response {{(pid=103888) _notify_loop /usr/local/lib/python3.8/dist-packages/neutron_lib/callbacks/manager.py:176}}
Apr 12 11:15:32.388566 dv-cinder-830091-4-iscsi neutron-server[103888]: INFO neutron.wsgi [None req-0aa162b0-dde9-44ba-91f0-838ada80a9da admin admin] 10.222.0.59 "DELETE /v2.0/networks/610c2bb4-3c8e-4cd8-a7de-adad7187d73c HTTP/1.1" status: 204 len: 168 time: 0.3693109
Apr 12 11:15:32.389562 dv-cinder-830091-4-iscsi neutron-server[103888]: DEBUG neutron.api.rpc.handlers.resources_rpc [None req-0aa162b0-dde9-44ba-91f0-838ada80a9da admin admin] Pushing event deleted for resources: {'Network': ['ID=610c2bb4-3c8e-4cd8-a7de-adad7187d73c,revision_number=None']} {{(pid=103888) push /opt/stack/neutron/neutron/api/rpc/handlers/resources_rpc.py:237}}
Apr 12 11:15:32.762328 dv-cinder-830091-4-iscsi neutron-server[103887]: DEBUG neutron.wsgi [-] (103887) accepted ('10.222.0.59', 43134) {{(pid=103887) server /usr/local/lib/python3.8/dist-packages/eventlet/wsgi.py:1004}}
Apr 12 11:15:32.804546 dv-cinder-830091-4-iscsi neutron-server[103887]: INFO neutron.wsgi [None req-c6c4ebf5-d149-4114-abf3-d085ff8f56c9 admin admin] 10.222.0.59 "GET /v2.0/security-groups?tenant_id=9b62df75dc074772b133c61e95e2d89b&name=default HTTP/1.1" status: 200 len: 2996 time: 0.0407739
Apr 12 11:15:32.807024 dv-cinder-830091-4-iscsi neutron-server[103887]: DEBUG neutron.wsgi [-] (103887) accepted ('10.222.0.59', 43136) {{(pid=103887) server /usr/local/lib/python3.8/dist-packages/eventlet/wsgi.py:1004}}
Apr 12 11:15:32.858055 dv-cinder-830091-4-iscsi neutron-server[103887]: DEBUG neutron_lib.callbacks.manager [None req-af46c5a8-49a2-46a2-a592-a26bb3f7198e admin admin] Publish callbacks [] for security_group (fcf105ce-a400-4a90-85d9-12550914afe3), before_delete {{(pid=103887) _notify_loop /usr/local/lib/python3.8/dist-packages/neutron_lib/callbacks/manager.py:176}}
Apr 12 11:15:32.879506 dv-cinder-830091-4-iscsi neutron-server[103887]: DEBUG neutron_lib.callbacks.manager [None req-af46c5a8-49a2-46a2-a592-a26bb3f7198e admin admin] Publish callbacks [] for security_group (fcf105ce-a400-4a90-85d9-12550914afe3), precommit_delete {{(pid=103887) _notify_loop /usr/local/lib/python3.8/dist-packages/neutron_lib/callbacks/manager.py:176}}
Apr 12 11:15:32.998529 dv-cinder-830091-4-iscsi neutron-server[103887]: DEBUG neutron_lib.callbacks.manager [None req-af46c5a8-49a2-46a2-a592-a26bb3f7198e admin admin] Publish callbacks ['neutron.plugins.ml2.ovo_rpc._ObjectChangeHandler.handle_event-504085'] for security_group (fcf105ce-a400-4a90-85d9-12550914afe3), after_delete {{(pid=103887) _notify_loop /usr/local/lib/python3.8/dist-packages/neutron_lib/callbacks/manager.py:176}}
Apr 12 11:15:33.000849 dv-cinder-830091-4-iscsi neutron-server[103887]: DEBUG neutron_lib.callbacks.manager [None req-af46c5a8-49a2-46a2-a592-a26bb3f7198e admin admin] Publish callbacks [] for security_group (None), before_response {{(pid=103887) _notify_loop /usr/local/lib/python3.8/dist-packages/neutron_lib/callbacks/manager.py:176}}
Apr 12 11:15:33.002209 dv-cinder-830091-4-iscsi neutron-server[103887]: INFO neutron.wsgi [None req-af46c5a8-49a2-46a2-a592-a26bb3f7198e admin admin] 10.222.0.59 "DELETE /v2.0/security-groups/fcf105ce-a400-4a90-85d9-12550914afe3 HTTP/1.1" status: 204 len: 168 time: 0.1940308
Apr 12 11:15:33.016748 dv-cinder-830091-4-iscsi neutron-server[103887]: DEBUG neutron.api.rpc.handlers.resources_rpc [None req-af46c5a8-49a2-46a2-a592-a26bb3f7198e admin admin] Pushing event deleted for resources: {'SecurityGroup': ['ID=fcf105ce-a400-4a90-85d9-12550914afe3,revision_number=None']} {{(pid=103887) push /opt/stack/neutron/neutron/api/rpc/handlers/resources_rpc.py:237}}
Apr 12 11:15:33.084649 dv-cinder-830091-4-iscsi neutron-server[103888]: DEBUG neutron.pecan_wsgi.hooks.policy_enforcement [req-271978a8-2cd5-48b5-988a-7400d7b2f680 req-6ed8c979-2258-442e-b189-e0efff0f8c0e tempest-DeleteServersTestJSON-1107932833 tempest-DeleteServersTestJSON-1107932833-project] Attributes excluded by policy engine: ['standard_attr_id', 'binding:profile', 'binding:host_id', 'binding:vif_type', 'binding:vif_details'] {{(pid=103888) _exclude_attributes_by_policy /opt/stack/neutron/neutron/pecan_wsgi/hooks/policy_enforcement.py:255}}
Apr 12 11:15:33.086193 dv-cinder-830091-4-iscsi neutron-server[103888]: INFO neutron.wsgi [req-271978a8-2cd5-48b5-988a-7400d7b2f680 req-6ed8c979-2258-442e-b189-e0efff0f8c0e tempest-DeleteServersTestJSON-1107932833 tempest-DeleteServersTestJSON-1107932833-project] 10.222.0.59 "GET /v2.0/ports?device_id=df72e3eb-ebd4-447a-924b-ca67eb76bf65 HTTP/1.1" status: 200 len: 945 time: 0.0690939
Apr 12 11:15:33.137451 dv-cinder-830091-4-iscsi neutron-server[103888]: INFO neutron.wsgi [req-271978a8-2cd5-48b5-988a-7400d7b2f680 req-29908dff-f3e0-47dc-948d-fda5c6a60f08 tempest-DeleteServersTestJSON-1107932833 tempest-DeleteServersTestJSON-1107932833-project] 10.222.0.59 "GET /v2.0/security-groups?id=288244b0-1054-41fe-9ffd-49220ae71784&fields=id&fields=name HTTP/1.1" status: 200 len: 286 time: 0.0449240
Apr 12 11:15:33.225455 dv-cinder-830091-4-iscsi neutron-server[103887]: DEBUG neutron.pecan_wsgi.hooks.policy_enforcement [req-8c282253-0918-4fa7-8b9c-ac5dad2d0cd0 req-645ab04f-d417-4894-8a2b-a5596f89c2bf tempest-ServerRescueNegativeTestJSON-1629330329 tempest-ServerRescueNegativeTestJSON-1629330329-project] Attributes excluded by policy engine: ['standard_attr_id', 'binding:profile', 'binding:host_id', 'binding:vif_type', 'binding:vif_details'] {{(pid=103887) _exclude_attributes_by_policy /opt/stack/neutron/neutron/pecan_wsgi/hooks/policy_enforcement.py:255}}
Apr 12 11:15:33.227010 dv-cinder-830091-4-iscsi neutron-server[103887]: INFO neutron.wsgi [req-8c282253-0918-4fa7-8b9c-ac5dad2d0cd0 req-645ab04f-d417-4894-8a2b-a5596f89c2bf tempest-ServerRescueNegativeTestJSON-1629330329 tempest-ServerRescueNegativeTestJSON-1629330329-project] 10.222.0.59 "GET /v2.0/ports?device_id=3e565fb4-22da-414e-a260-9e0375ca75e5 HTTP/1.1" status: 200 len: 946 time: 0.0469384
Apr 12 11:15:33.282245 dv-cinder-830091-4-iscsi neutron-server[103887]: INFO neutron.wsgi [req-8c282253-0918-4fa7-8b9c-ac5dad2d0cd0 req-03bc775a-65cf-4bb4-9c43-1f87c52bf51d tempest-ServerRescueNegativeTestJSON-1629330329 tempest-ServerRescueNegativeTestJSON-1629330329-project] 10.222.0.59 "GET /v2.0/security-groups?id=61962a24-55e4-4783-bee1-7377b8ecaaa9&fields=id&fields=name HTTP/1.1" status: 200 len: 286 time: 0.0470200
Apr 12 11:15:33.688235 dv-cinder-830091-4-iscsi neutron-server[103887]: DEBUG neutron.wsgi [-] (103887) accepted ('10.222.0.59', 43164) {{(pid=103887) server /usr/local/lib/python3.8/dist-packages/eventlet/wsgi.py:1004}}
Apr 12 11:15:33.728571 dv-cinder-830091-4-iscsi neutron-server[103887]: INFO neutron.wsgi [None req-a83bfa76-abd9-4e22-96a5-e21aa968e7b2 admin admin] 10.222.0.59 "GET /v2.0/security-groups?tenant_id=49a6c2b7a316433eac90ff3d477c40f0&name=default HTTP/1.1" status: 200 len: 2996 time: 0.0392411
Apr 12 11:15:33.731296 dv-cinder-830091-4-iscsi neutron-server[103888]: DEBUG neutron.wsgi [-] (103888) accepted ('10.222.0.59', 43170) {{(pid=103888) server /usr/local/lib/python3.8/dist-packages/eventlet/wsgi.py:1004}}
Apr 12 11:15:33.787032 dv-cinder-830091-4-iscsi neutron-server[103888]: DEBUG neutron_lib.callbacks.manager [None req-3c5507ae-b255-4580-8251-5a87b7ba1c96 admin admin] Publish callbacks [] for security_group (4195fb50-78d3-4714-ac26-850fc71d4f65), before_delete {{(pid=103888) _notify_loop /usr/local/lib/python3.8/dist-packages/neutron_lib/callbacks/manager.py:176}}
Apr 12 11:15:33.812183 dv-cinder-830091-4-iscsi neutron-server[103888]: DEBUG neutron_lib.callbacks.manager [None req-3c5507ae-b255-4580-8251-5a87b7ba1c96 admin admin] Publish callbacks [] for security_group (4195fb50-78d3-4714-ac26-850fc71d4f65), precommit_delete {{(pid=103888) _notify_loop /usr/local/lib/python3.8/dist-packages/neutron_lib/callbacks/manager.py:176}}
Apr 12 11:15:33.906405 dv-cinder-830091-4-iscsi neutron-server[103889]: DEBUG neutron_lib.callbacks.manager [None req-b18187a5-8b9b-4cc3-a0e1-fe240d59d90e None None] Publish callbacks ['neutron.services.segments.db._update_segment_host_mapping_for_agent-8773031671453', 'neutron.plugins.ml2.plugin.Ml2Plugin._retry_binding_revived_agents-1409482'] for agent (5bde4371-f291-4b27-b87e-91e2f49a7348), after_update {{(pid=103889) _notify_loop /usr/local/lib/python3.8/dist-packages/neutron_lib/callbacks/manager.py:176}}
Apr 12 11:15:33.929087 dv-cinder-830091-4-iscsi neutron-server[103888]: DEBUG neutron_lib.callbacks.manager [None req-3c5507ae-b255-4580-8251-5a87b7ba1c96 admin admin] Publish callbacks ['neutron.plugins.ml2.ovo_rpc._ObjectChangeHandler.handle_event-504085'] for security_group (4195fb50-78d3-4714-ac26-850fc71d4f65), after_delete {{(pid=103888) _notify_loop /usr/local/lib/python3.8/dist-packages/neutron_lib/callbacks/manager.py:176}}
Apr 12 11:15:33.931836 dv-cinder-830091-4-iscsi neutron-server[103888]: DEBUG neutron_lib.callbacks.manager [None req-3c5507ae-b255-4580-8251-5a87b7ba1c96 admin admin] Publish callbacks [] for security_group (None), before_response {{(pid=103888) _notify_loop /usr/local/lib/python3.8/dist-packages/neutron_lib/callbacks/manager.py:176}}
Apr 12 11:15:33.932989 dv-cinder-830091-4-iscsi neutron-server[103888]: INFO neutron.wsgi [None req-3c5507ae-b255-4580-8251-5a87b7ba1c96 admin admin] 10.222.0.59 "DELETE /v2.0/security-groups/4195fb50-78d3-4714-ac26-850fc71d4f65 HTTP/1.1" status: 204 len: 168 time: 0.2005501
Apr 12 11:15:33.941879 dv-cinder-830091-4-iscsi neutron-server[103888]: DEBUG neutron.api.rpc.handlers.resources_rpc [None req-3c5507ae-b255-4580-8251-5a87b7ba1c96 admin admin] Pushing event deleted for resources: {'SecurityGroup': ['ID=4195fb50-78d3-4714-ac26-850fc71d4f65,revision_number=None']} {{(pid=103888) push /opt/stack/neutron/neutron/api/rpc/handlers/resources_rpc.py:237}}
Apr 12 11:15:34.265618 dv-cinder-830091-4-iscsi neutron-server[103888]: DEBUG neutron.pecan_wsgi.hooks.policy_enforcement [req-9d08d982-2307-4ebf-b148-0f6268bf560e req-fe915169-734d-47a5-acee-109c59aca729 tempest-DeleteServersTestJSON-1107932833 tempest-DeleteServersTestJSON-1107932833-project] Attributes excluded by policy engine: ['standard_attr_id', 'binding:profile', 'binding:host_id', 'binding:vif_type', 'binding:vif_details'] {{(pid=103888) _exclude_attributes_by_policy /opt/stack/neutron/neutron/pecan_wsgi/hooks/policy_enforcement.py:255}}
Apr 12 11:15:34.268001 dv-cinder-830091-4-iscsi neutron-server[103888]: INFO neutron.wsgi [req-9d08d982-2307-4ebf-b148-0f6268bf560e req-fe915169-734d-47a5-acee-109c59aca729 tempest-DeleteServersTestJSON-1107932833 tempest-DeleteServersTestJSON-1107932833-project] 10.222.0.59 "GET /v2.0/ports?device_id=df72e3eb-ebd4-447a-924b-ca67eb76bf65 HTTP/1.1" status: 200 len: 945 time: 0.0501115
Apr 12 11:15:34.320322 dv-cinder-830091-4-iscsi neutron-server[103888]: INFO neutron.wsgi [req-9d08d982-2307-4ebf-b148-0f6268bf560e req-765ca342-9ca8-4233-8307-0b7b456f8e99 tempest-DeleteServersTestJSON-1107932833 tempest-DeleteServersTestJSON-1107932833-project] 10.222.0.59 "GET /v2.0/security-groups?id=288244b0-1054-41fe-9ffd-49220ae71784&fields=id&fields=name HTTP/1.1" status: 200 len: 286 time: 0.0454247
Apr 12 11:15:34.404560 dv-cinder-830091-4-iscsi neutron-server[103887]: DEBUG neutron.pecan_wsgi.hooks.policy_enforcement [req-bd51a1c3-99d2-4537-ba53-d77f71a1bfd1 req-7a2fac2b-fe02-4e13-af3f-c6f189b36a27 tempest-ServerRescueNegativeTestJSON-1629330329 tempest-ServerRescueNegativeTestJSON-1629330329-project] Attributes excluded by policy engine: ['standard_attr_id', 'binding:profile', 'binding:host_id', 'binding:vif_type', 'binding:vif_details'] {{(pid=103887) _exclude_attributes_by_policy /opt/stack/neutron/neutron/pecan_wsgi/hooks/policy_enforcement.py:255}}
Apr 12 11:15:34.406045 dv-cinder-830091-4-iscsi neutron-server[103887]: INFO neutron.wsgi [req-bd51a1c3-99d2-4537-ba53-d77f71a1bfd1 req-7a2fac2b-fe02-4e13-af3f-c6f189b36a27 tempest-ServerRescueNegativeTestJSON-1629330329 tempest-ServerRescueNegativeTestJSON-1629330329-project] 10.222.0.59 "GET /v2.0/ports?device_id=3e565fb4-22da-414e-a260-9e0375ca75e5 HTTP/1.1" status: 200 len: 946 time: 0.0495079
Apr 12 11:15:34.453119 dv-cinder-830091-4-iscsi neutron-server[103887]: INFO neutron.wsgi [req-bd51a1c3-99d2-4537-ba53-d77f71a1bfd1 req-39ca1ea7-a6ac-4925-9629-f1ebbfd572ba tempest-ServerRescueNegativeTestJSON-1629330329 tempest-ServerRescueNegativeTestJSON-1629330329-project] 10.222.0.59 "GET /v2.0/security-groups?id=61962a24-55e4-4783-bee1-7377b8ecaaa9&fields=id&fields=name HTTP/1.1" status: 200 len: 286 time: 0.0412805
Apr 12 11:15:35.059444 dv-cinder-830091-4-iscsi neutron-server[103889]: DEBUG neutron_lib.callbacks.manager [None req-aa4c3f6e-ea2d-473a-be1d-b4a2e83e3b5e None None] Publish callbacks ['neutron.services.segments.db._update_segment_host_mapping_for_agent-8773031671453', 'neutron.plugins.ml2.plugin.Ml2Plugin._retry_binding_revived_agents-1409482'] for agent (3241ac6d-a8a3-4597-8320-64f896a5cfb0), after_update {{(pid=103889) _notify_loop /usr/local/lib/python3.8/dist-packages/neutron_lib/callbacks/manager.py:176}}
Apr 12 11:15:35.440191 dv-cinder-830091-4-iscsi neutron-server[103888]: DEBUG neutron.pecan_wsgi.hooks.policy_enforcement [req-d5133698-3e3b-4cd6-80f8-36a303e8fb20 req-92c97621-3a6a-4941-aaab-d502587b25ee tempest-DeleteServersTestJSON-1107932833 tempest-DeleteServersTestJSON-1107932833-project] Attributes excluded by policy engine: ['standard_attr_id', 'binding:profile', 'binding:host_id', 'binding:vif_type', 'binding:vif_details'] {{(pid=103888) _exclude_attributes_by_policy /opt/stack/neutron/neutron/pecan_wsgi/hooks/policy_enforcement.py:255}}
Apr 12 11:15:35.442651 dv-cinder-830091-4-iscsi neutron-server[103888]: INFO neutron.wsgi [req-d5133698-3e3b-4cd6-80f8-36a303e8fb20 req-92c97621-3a6a-4941-aaab-d502587b25ee tempest-DeleteServersTestJSON-1107932833 tempest-DeleteServersTestJSON-1107932833-project] 10.222.0.59 "GET /v2.0/ports?device_id=df72e3eb-ebd4-447a-924b-ca67eb76bf65 HTTP/1.1" status: 200 len: 945 time: 0.0524449
Apr 12 11:15:35.502019 dv-cinder-830091-4-iscsi neutron-server[103888]: INFO neutron.wsgi [req-d5133698-3e3b-4cd6-80f8-36a303e8fb20 req-092b6d41-37b7-491c-ad88-27eea1c63bc0 tempest-DeleteServersTestJSON-1107932833 tempest-DeleteServersTestJSON-1107932833-project] 10.222.0.59 "GET /v2.0/security-groups?id=288244b0-1054-41fe-9ffd-49220ae71784&fields=id&fields=name HTTP/1.1" status: 200 len: 286 time: 0.0537989
Apr 12 11:15:35.596246 dv-cinder-830091-4-iscsi neutron-server[103887]: DEBUG neutron.pecan_wsgi.hooks.policy_enforcement [req-5b2f54fe-8bbc-4415-b517-b059884d22e9 req-150503bc-65e5-438c-97b4-03908f233f98 tempest-ServerRescueNegativeTestJSON-1629330329 tempest-ServerRescueNegativeTestJSON-1629330329-project] Attributes excluded by policy engine: ['standard_attr_id', 'binding:profile', 'binding:host_id', 'binding:vif_type', 'binding:vif_details'] {{(pid=103887) _exclude_attributes_by_policy /opt/stack/neutron/neutron/pecan_wsgi/hooks/policy_enforcement.py:255}}
Apr 12 11:15:35.597756 dv-cinder-830091-4-iscsi neutron-server[103887]: INFO neutron.wsgi [req-5b2f54fe-8bbc-4415-b517-b059884d22e9 req-150503bc-65e5-438c-97b4-03908f233f98 tempest-ServerRescueNegativeTestJSON-1629330329 tempest-ServerRescueNegativeTestJSON-1629330329-project] 10.222.0.59 "GET /v2.0/ports?device_id=3e565fb4-22da-414e-a260-9e0375ca75e5 HTTP/1.1" status: 200 len: 946 time: 0.0488408
Apr 12 11:15:35.647440 dv-cinder-830091-4-iscsi neutron-server[103887]: INFO neutron.wsgi [req-5b2f54fe-8bbc-4415-b517-b059884d22e9 req-db6f77e1-30db-4177-b09d-3e6b5e5e40a4 tempest-ServerRescueNegativeTestJSON-1629330329 tempest-ServerRescueNegativeTestJSON-1629330329-project] 10.222.0.59 "GET /v2.0/security-groups?id=61962a24-55e4-4783-bee1-7377b8ecaaa9&fields=id&fields=name HTTP/1.1" status: 200 len: 286 time: 0.0438957
Apr 12 11:15:35.956820 dv-cinder-830091-4-iscsi neutron-server[103888]: DEBUG neutron.wsgi [-] (103888) accepted ('10.222.0.59', 43282) {{(pid=103888) server /usr/local/lib/python3.8/dist-packages/eventlet/wsgi.py:1004}}
Apr 12 11:15:36.083056 dv-cinder-830091-4-iscsi neutron-server[103889]: DEBUG neutron_lib.callbacks.manager [None req-40f3e7cb-776c-4e9e-a739-9a62501b2d08 None None] Publish callbacks ['neutron.services.segments.db._update_segment_host_mapping_for_agent-8773031671453', 'neutron.plugins.ml2.plugin.Ml2Plugin._retry_binding_revived_agents-1409482'] for agent (bede8919-25a6-492e-8f5c-019b97fc2c77), after_update {{(pid=103889) _notify_loop /usr/local/lib/python3.8/dist-packages/neutron_lib/callbacks/manager.py:176}}
Apr 12 11:15:36.107179 dv-cinder-830091-4-iscsi neutron-server[103888]: DEBUG neutron_lib.callbacks.manager [None req-bccf0097-7b9a-4bf2-ae00-18d4631aec95 admin admin] Publish callbacks [] for security_group (None), before_create {{(pid=103888) _notify_loop /usr/local/lib/python3.8/dist-packages/neutron_lib/callbacks/manager.py:176}}
Apr 12 11:15:36.179199 dv-cinder-830091-4-iscsi neutron-server[103887]: DEBUG neutron.pecan_wsgi.hooks.policy_enforcement [req-1d531060-8ac8-422b-9278-814b91e00161 req-55ab61bc-356e-42da-9f18-bb6c97c51f94 tempest-DeleteServersTestJSON-1107932833 tempest-DeleteServersTestJSON-1107932833-project] Attributes excluded by policy engine: ['standard_attr_id', 'binding:profile', 'binding:host_id', 'binding:vif_type', 'binding:vif_details'] {{(pid=103887) _exclude_attributes_by_policy /opt/stack/neutron/neutron/pecan_wsgi/hooks/policy_enforcement.py:255}}
Apr 12 11:15:36.180803 dv-cinder-830091-4-iscsi neutron-server[103887]: INFO neutron.wsgi [req-1d531060-8ac8-422b-9278-814b91e00161 req-55ab61bc-356e-42da-9f18-bb6c97c51f94 tempest-DeleteServersTestJSON-1107932833 tempest-DeleteServersTestJSON-1107932833-project] 10.222.0.52 "GET /v2.0/ports?device_id=df72e3eb-ebd4-447a-924b-ca67eb76bf65 HTTP/1.1" status: 200 len: 945 time: 0.0534661
Apr 12 11:15:36.187156 dv-cinder-830091-4-iscsi neutron-server[103888]: DEBUG neutron_lib.callbacks.manager [None req-bccf0097-7b9a-4bf2-ae00-18d4631aec95 admin admin] Publish callbacks [] for security_group (f27b483a-225a-4d64-ab5b-a65ec4cbfd3c), precommit_create {{(pid=103888) _notify_loop /usr/local/lib/python3.8/dist-packages/neutron_lib/callbacks/manager.py:176}}
Apr 12 11:15:36.300207 dv-cinder-830091-4-iscsi neutron-server[103888]: DEBUG neutron_lib.callbacks.manager [None req-bccf0097-7b9a-4bf2-ae00-18d4631aec95 admin admin] Publish callbacks ['neutron.plugins.ml2.ovo_rpc._ObjectChangeHandler.handle_event-504085'] for security_group (f27b483a-225a-4d64-ab5b-a65ec4cbfd3c), after_create {{(pid=103888) _notify_loop /usr/local/lib/python3.8/dist-packages/neutron_lib/callbacks/manager.py:176}}
Apr 12 11:15:36.300672 dv-cinder-830091-4-iscsi neutron-server[103887]: DEBUG neutron.plugins.ml2.plugin [req-1d531060-8ac8-422b-9278-814b91e00161 req-67b0f4b8-7623-4e72-9414-d5d7e2bc8ff7 tempest-DeleteServersTestJSON-1107932833 tempest-DeleteServersTestJSON-1107932833-project] Deleting port 9d95c082-fc7b-4528-9545-da392b56fb38 {{(pid=103887) _pre_delete_port /opt/stack/neutron/neutron/plugins/ml2/plugin.py:2002}}
Apr 12 11:15:36.301018 dv-cinder-830091-4-iscsi neutron-server[103887]: DEBUG neutron_lib.callbacks.manager [req-1d531060-8ac8-422b-9278-814b91e00161 req-67b0f4b8-7623-4e72-9414-d5d7e2bc8ff7 tempest-DeleteServersTestJSON-1107932833 tempest-DeleteServersTestJSON-1107932833-project] Publish callbacks ['neutron.db.l3_db.L3_NAT_dbonly_mixin._prevent_l3_port_delete_callback-8773031693343'] for port (9d95c082-fc7b-4528-9545-da392b56fb38), before_delete {{(pid=103887) _notify_loop /usr/local/lib/python3.8/dist-packages/neutron_lib/callbacks/manager.py:176}}
Apr 12 11:15:36.339774 dv-cinder-830091-4-iscsi neutron-server[103888]: DEBUG neutron.api.rpc.handlers.resources_rpc [None req-bccf0097-7b9a-4bf2-ae00-18d4631aec95 admin admin] Pushing event updated for resources: {'SecurityGroup': ['ID=f27b483a-225a-4d64-ab5b-a65ec4cbfd3c,revision_number=1']} {{(pid=103888) push /opt/stack/neutron/neutron/api/rpc/handlers/resources_rpc.py:237}}
Apr 12 11:15:36.347064 dv-cinder-830091-4-iscsi neutron-server[103888]: INFO neutron.wsgi [None req-bccf0097-7b9a-4bf2-ae00-18d4631aec95 admin admin] 10.222.0.59 "GET /v2.0/security-groups?tenant_id=caa045b2a46542bb8302c2729bb5f12d&name=default HTTP/1.1" status: 200 len: 2996 time: 0.3887379
Apr 12 11:15:36.347942 dv-cinder-830091-4-iscsi neutron-server[103888]: DEBUG neutron.wsgi [-] (103888) accepted ('10.222.0.59', 43288) {{(pid=103888) server /usr/local/lib/python3.8/dist-packages/eventlet/wsgi.py:1004}}
Apr 12 11:15:36.397887 dv-cinder-830091-4-iscsi neutron-server[103888]: DEBUG neutron_lib.callbacks.manager [None req-f350c087-b791-4737-8255-c8ccadf94cd9 admin admin] Publish callbacks [] for security_group (f27b483a-225a-4d64-ab5b-a65ec4cbfd3c), before_delete {{(pid=103888) _notify_loop /usr/local/lib/python3.8/dist-packages/neutron_lib/callbacks/manager.py:176}}
Apr 12 11:15:36.403702 dv-cinder-830091-4-iscsi neutron-server[103887]: DEBUG neutron.plugins.ml2.db [req-1d531060-8ac8-422b-9278-814b91e00161 req-67b0f4b8-7623-4e72-9414-d5d7e2bc8ff7 tempest-DeleteServersTestJSON-1107932833 tempest-DeleteServersTestJSON-1107932833-project] For port 9d95c082-fc7b-4528-9545-da392b56fb38, host hv-cinder-83009, got binding levels [PortBindingLevel(driver='hyperv',host='hv-cinder-83009',level=0,port_id=9d95c082-fc7b-4528-9545-da392b56fb38,segment=NetworkSegment(3c7e80de-206c-430b-8d33-3c73e6f6ccc0),segment_id=3c7e80de-206c-430b-8d33-3c73e6f6ccc0)] {{(pid=103887) get_binding_level_objs /opt/stack/neutron/neutron/plugins/ml2/db.py:74}}
Apr 12 11:15:36.404071 dv-cinder-830091-4-iscsi neutron-server[103887]: DEBUG neutron_lib.callbacks.manager [req-1d531060-8ac8-422b-9278-814b91e00161 req-67b0f4b8-7623-4e72-9414-d5d7e2bc8ff7 tempest-DeleteServersTestJSON-1107932833 tempest-DeleteServersTestJSON-1107932833-project] Publish callbacks ['neutron.services.l3_router.l3_router_plugin.L3_NAT_dbonly_mixin._precommit_delete_port_callback-1595221'] for port (9d95c082-fc7b-4528-9545-da392b56fb38), precommit_delete {{(pid=103887) _notify_loop /usr/local/lib/python3.8/dist-packages/neutron_lib/callbacks/manager.py:176}}
Apr 12 11:15:36.419931 dv-cinder-830091-4-iscsi neutron-server[103888]: DEBUG neutron_lib.callbacks.manager [None req-f350c087-b791-4737-8255-c8ccadf94cd9 admin admin] Publish callbacks [] for security_group (f27b483a-225a-4d64-ab5b-a65ec4cbfd3c), precommit_delete {{(pid=103888) _notify_loop /usr/local/lib/python3.8/dist-packages/neutron_lib/callbacks/manager.py:176}}
Apr 12 11:15:36.420208 dv-cinder-830091-4-iscsi neutron-server[103887]: DEBUG neutron.plugins.ml2.plugin [req-1d531060-8ac8-422b-9278-814b91e00161 req-67b0f4b8-7623-4e72-9414-d5d7e2bc8ff7 tempest-DeleteServersTestJSON-1107932833 tempest-DeleteServersTestJSON-1107932833-project] Calling delete_port for 9d95c082-fc7b-4528-9545-da392b56fb38 owned by compute:nova {{(pid=103887) delete_port /opt/stack/neutron/neutron/plugins/ml2/plugin.py:2081}}
Apr 12 11:15:36.620915 dv-cinder-830091-4-iscsi neutron-server[103888]: DEBUG neutron_lib.callbacks.manager [None req-f350c087-b791-4737-8255-c8ccadf94cd9 admin admin] Publish callbacks ['neutron.plugins.ml2.ovo_rpc._ObjectChangeHandler.handle_event-504085'] for security_group (f27b483a-225a-4d64-ab5b-a65ec4cbfd3c), after_delete {{(pid=103888) _notify_loop /usr/local/lib/python3.8/dist-packages/neutron_lib/callbacks/manager.py:176}}
Apr 12 11:15:36.624995 dv-cinder-830091-4-iscsi neutron-server[103888]: DEBUG neutron_lib.callbacks.manager [None req-f350c087-b791-4737-8255-c8ccadf94cd9 admin admin] Publish callbacks [] for security_group (None), before_response {{(pid=103888) _notify_loop /usr/local/lib/python3.8/dist-packages/neutron_lib/callbacks/manager.py:176}}
Apr 12 11:15:36.626392 dv-cinder-830091-4-iscsi neutron-server[103888]: INFO neutron.wsgi [None req-f350c087-b791-4737-8255-c8ccadf94cd9 admin admin] 10.222.0.59 "DELETE /v2.0/security-groups/f27b483a-225a-4d64-ab5b-a65ec4cbfd3c HTTP/1.1" status: 204 len: 168 time: 0.2775247
Apr 12 11:15:36.651907 dv-cinder-830091-4-iscsi neutron-server[103888]: DEBUG neutron.pecan_wsgi.hooks.policy_enforcement [req-a5f1d9de-002d-4eae-aba0-db404d318963 req-671ed78c-250a-4427-8b85-9d6d88b55c8f tempest-DeleteServersTestJSON-1107932833 tempest-DeleteServersTestJSON-1107932833-project] Attributes excluded by policy engine: ['standard_attr_id', 'binding:profile', 'binding:host_id', 'binding:vif_type', 'binding:vif_details'] {{(pid=103888) _exclude_attributes_by_policy /opt/stack/neutron/neutron/pecan_wsgi/hooks/policy_enforcement.py:255}}
Apr 12 11:15:36.653768 dv-cinder-830091-4-iscsi neutron-server[103888]: INFO neutron.wsgi [req-a5f1d9de-002d-4eae-aba0-db404d318963 req-671ed78c-250a-4427-8b85-9d6d88b55c8f tempest-DeleteServersTestJSON-1107932833 tempest-DeleteServersTestJSON-1107932833-project] 10.222.0.59 "GET /v2.0/ports?device_id=df72e3eb-ebd4-447a-924b-ca67eb76bf65 HTTP/1.1" status: 200 len: 945 time: 0.0652399
Apr 12 11:15:36.667174 dv-cinder-830091-4-iscsi neutron-server[103888]: DEBUG neutron.api.rpc.handlers.resources_rpc [None req-f350c087-b791-4737-8255-c8ccadf94cd9 admin admin] Pushing event deleted for resources: {'SecurityGroup': ['ID=f27b483a-225a-4d64-ab5b-a65ec4cbfd3c,revision_number=None']} {{(pid=103888) push /opt/stack/neutron/neutron/api/rpc/handlers/resources_rpc.py:237}}
Apr 12 11:15:36.790277 dv-cinder-830091-4-iscsi neutron-server[103888]: INFO neutron.wsgi [req-a5f1d9de-002d-4eae-aba0-db404d318963 req-853e056a-ec4f-4807-bb9f-2a981f40141c tempest-DeleteServersTestJSON-1107932833 tempest-DeleteServersTestJSON-1107932833-project] 10.222.0.59 "GET /v2.0/security-groups?id=288244b0-1054-41fe-9ffd-49220ae71784&fields=id&fields=name HTTP/1.1" status: 200 len: 286 time: 0.1291363
Apr 12 11:15:36.889207 dv-cinder-830091-4-iscsi neutron-server[103887]: DEBUG neutron.pecan_wsgi.hooks.policy_enforcement [req-2c96c88e-d22f-4f97-a17e-b20d7ce36271 req-48771b3a-e64e-4587-9015-b7105376e66f tempest-ServerRescueNegativeTestJSON-1629330329 tempest-ServerRescueNegativeTestJSON-1629330329-project] Attributes excluded by policy engine: ['standard_attr_id', 'binding:profile', 'binding:host_id', 'binding:vif_type', 'binding:vif_details'] {{(pid=103887) _exclude_attributes_by_policy /opt/stack/neutron/neutron/pecan_wsgi/hooks/policy_enforcement.py:255}}
Apr 12 11:15:36.890779 dv-cinder-830091-4-iscsi neutron-server[103887]: INFO neutron.wsgi [req-2c96c88e-d22f-4f97-a17e-b20d7ce36271 req-48771b3a-e64e-4587-9015-b7105376e66f tempest-ServerRescueNegativeTestJSON-1629330329 tempest-ServerRescueNegativeTestJSON-1629330329-project] 10.222.0.59 "GET /v2.0/ports?device_id=3e565fb4-22da-414e-a260-9e0375ca75e5 HTTP/1.1" status: 200 len: 946 time: 0.1052902
Apr 12 11:15:36.944451 dv-cinder-830091-4-iscsi neutron-server[103887]: INFO neutron.wsgi [req-2c96c88e-d22f-4f97-a17e-b20d7ce36271 req-4b0be249-0bf4-4967-bcaf-c5ed355dbfde tempest-ServerRescueNegativeTestJSON-1629330329 tempest-ServerRescueNegativeTestJSON-1629330329-project] 10.222.0.59 "GET /v2.0/security-groups?id=61962a24-55e4-4783-bee1-7377b8ecaaa9&fields=id&fields=name HTTP/1.1" status: 200 len: 286 time: 0.0479188
Apr 12 11:15:36.974829 dv-cinder-830091-4-iscsi neutron-server[103887]: DEBUG neutron_lib.callbacks.manager [req-1d531060-8ac8-422b-9278-814b91e00161 req-67b0f4b8-7623-4e72-9414-d5d7e2bc8ff7 tempest-DeleteServersTestJSON-1107932833 tempest-DeleteServersTestJSON-1107932833-project] Publish callbacks ['neutron.plugins.ml2.plugin.SecurityGroupServerNotifierRpcMixin._notify_sg_on_port_change-1537677', 'neutron.plugins.ml2.ovo_rpc._ObjectChangeHandler.handle_event-57354', 'neutron.api.rpc.agentnotifiers.dhcp_rpc_agent_api.DhcpAgentNotifyAPI._native_event_send_dhcp_notification-1580764', 'neutron.db.l3_db.L3RpcNotifierMixin._notify_routers_callback-8773031701517', 'neutron.db.l3_dvrscheduler_db._notify_port_delete-8773031175217'] for port (9d95c082-fc7b-4528-9545-da392b56fb38), after_delete {{(pid=103887) _notify_loop /usr/local/lib/python3.8/dist-packages/neutron_lib/callbacks/manager.py:176}}
Apr 12 11:15:37.009171 dv-cinder-830091-4-iscsi neutron-server[103887]: DEBUG neutron.api.rpc.handlers.resources_rpc [None req-67b0f4b8-7623-4e72-9414-d5d7e2bc8ff7 tempest-DeleteServersTestJSON-1107932833 tempest-DeleteServersTestJSON-1107932833-project] Pushing event deleted for resources: {'Port': ['ID=9d95c082-fc7b-4528-9545-da392b56fb38,revision_number=None']} {{(pid=103887) push /opt/stack/neutron/neutron/api/rpc/handlers/resources_rpc.py:237}}
Apr 12 11:15:37.082862 dv-cinder-830091-4-iscsi neutron-server[103887]: DEBUG neutron.db.l3_dvrscheduler_db [req-1d531060-8ac8-422b-9278-814b91e00161 req-67b0f4b8-7623-4e72-9414-d5d7e2bc8ff7 tempest-DeleteServersTestJSON-1107932833 tempest-DeleteServersTestJSON-1107932833-project] No DVR routers for this DVR port 9d95c082-fc7b-4528-9545-da392b56fb38 on host hv-cinder-83009 {{(pid=103887) get_dvr_routers_to_remove /opt/stack/neutron/neutron/db/l3_dvrscheduler_db.py:214}}
Apr 12 11:15:37.086084 dv-cinder-830091-4-iscsi neutron-server[103887]: DEBUG neutron_lib.callbacks.manager [req-1d531060-8ac8-422b-9278-814b91e00161 req-67b0f4b8-7623-4e72-9414-d5d7e2bc8ff7 tempest-DeleteServersTestJSON-1107932833 tempest-DeleteServersTestJSON-1107932833-project] Publish callbacks ['neutron.notifiers.nova.Notifier._send_nova_notification-29887'] for port (None), before_response {{(pid=103887) _notify_loop /usr/local/lib/python3.8/dist-packages/neutron_lib/callbacks/manager.py:176}}
Apr 12 11:15:37.089444 dv-cinder-830091-4-iscsi neutron-server[103887]: INFO neutron.wsgi [req-1d531060-8ac8-422b-9278-814b91e00161 req-67b0f4b8-7623-4e72-9414-d5d7e2bc8ff7 tempest-DeleteServersTestJSON-1107932833 tempest-DeleteServersTestJSON-1107932833-project] 10.222.0.52 "DELETE /v2.0/ports/9d95c082-fc7b-4528-9545-da392b56fb38 HTTP/1.1" status: 204 len: 173 time: 0.9029138
Apr 12 11:15:37.089894 dv-cinder-830091-4-iscsi neutron-server[103887]: DEBUG neutron.notifiers.nova [-] Sending events: [{'server_uuid': 'df72e3eb-ebd4-447a-924b-ca67eb76bf65', 'name': 'network-vif-deleted', 'tag': '9d95c082-fc7b-4528-9545-da392b56fb38'}] {{(pid=103887) send_events /opt/stack/neutron/neutron/notifiers/nova.py:271}}
Apr 12 11:15:37.092539 dv-cinder-830091-4-iscsi neutron-server[103887]: DEBUG novaclient.v2.client [-] REQ: curl -g -i --cacert "/opt/stack/data/ca-bundle.pem" -X POST http://10.222.0.59/compute/v2.1/os-server-external-events -H "Accept: application/json" -H "Content-Type: application/json" -H "User-Agent: python-novaclient" -H "X-Auth-Token: {SHA256}face166f13b19bb42e5169189c270ec11f52165ca28e815f08220041e5adc779" -H "X-OpenStack-Nova-API-Version: 2.1" -H "X-OpenStack-Request-ID: req-6dfe147d-08e0-4fcc-b871-79f0a097af54" -d '{"events": [{"server_uuid": "df72e3eb-ebd4-447a-924b-ca67eb76bf65", "name": "network-vif-deleted", "tag": "9d95c082-fc7b-4528-9545-da392b56fb38"}]}' {{(pid=103887) _http_log_request /usr/local/lib/python3.8/dist-packages/keystoneauth1/session.py:519}}
Apr 12 11:15:37.129184 dv-cinder-830091-4-iscsi neutron-server[103887]: DEBUG novaclient.v2.client [-] RESP: [200] Connection: close Content-Length: 183 Content-Type: application/json Date: Tue, 12 Apr 2022 11:15:37 GMT OpenStack-API-Version: compute 2.1 Server: Apache/2.4.41 (Ubuntu) Vary: OpenStack-API-Version,X-OpenStack-Nova-API-Version X-OpenStack-Nova-API-Version: 2.1 x-compute-request-id: req-5a5c489a-ae8f-45a4-8fa4-b2eb3618fce9 x-openstack-request-id: req-5a5c489a-ae8f-45a4-8fa4-b2eb3618fce9 {{(pid=103887) _http_log_response /usr/local/lib/python3.8/dist-packages/keystoneauth1/session.py:550}}
Apr 12 11:15:37.129507 dv-cinder-830091-4-iscsi neutron-server[103887]: DEBUG novaclient.v2.client [-] RESP BODY: {"events": [{"server_uuid": "df72e3eb-ebd4-447a-924b-ca67eb76bf65", "name": "network-vif-deleted", "tag": "9d95c082-fc7b-4528-9545-da392b56fb38", "status": "completed", "code": 200}]} {{(pid=103887) _http_log_response /usr/local/lib/python3.8/dist-packages/keystoneauth1/session.py:582}}
Apr 12 11:15:37.129766 dv-cinder-830091-4-iscsi neutron-server[103887]: DEBUG novaclient.v2.client [-] POST call to compute for http://10.222.0.59/compute/v2.1/os-server-external-events used request id req-5a5c489a-ae8f-45a4-8fa4-b2eb3618fce9 {{(pid=103887) request /usr/local/lib/python3.8/dist-packages/keystoneauth1/session.py:954}}
Apr 12 11:15:37.130232 dv-cinder-830091-4-iscsi neutron-server[103887]: INFO neutron.notifiers.nova [-] Nova event matching ['req-5a5c489a-ae8f-45a4-8fa4-b2eb3618fce9'] response: {'server_uuid': 'df72e3eb-ebd4-447a-924b-ca67eb76bf65', 'name': 'network-vif-deleted', 'tag': '9d95c082-fc7b-4528-9545-da392b56fb38', 'status': 'completed', 'code': 200}
Apr 12 11:15:37.362497 dv-cinder-830091-4-iscsi neutron-server[103888]: DEBUG neutron.wsgi [-] (103888) accepted ('10.222.0.59', 43326) {{(pid=103888) server /usr/local/lib/python3.8/dist-packages/eventlet/wsgi.py:1004}}
Apr 12 11:15:37.375192 dv-cinder-830091-4-iscsi neutron-server[103888]: DEBUG neutron_lib.callbacks.manager [None req-c60f911c-eccc-4e71-a92f-f07fbddec4da admin admin] Publish callbacks [] for security_group (None), before_create {{(pid=103888) _notify_loop /usr/local/lib/python3.8/dist-packages/neutron_lib/callbacks/manager.py:176}}
Apr 12 11:15:37.448543 dv-cinder-830091-4-iscsi neutron-server[103888]: DEBUG neutron_lib.callbacks.manager [None req-c60f911c-eccc-4e71-a92f-f07fbddec4da admin admin] Publish callbacks [] for security_group (df7dd319-a088-494a-bead-6bc52865d201), precommit_create {{(pid=103888) _notify_loop /usr/local/lib/python3.8/dist-packages/neutron_lib/callbacks/manager.py:176}}
Apr 12 11:15:37.512275 dv-cinder-830091-4-iscsi neutron-server[103888]: DEBUG neutron_lib.callbacks.manager [None req-c60f911c-eccc-4e71-a92f-f07fbddec4da admin admin] Publish callbacks ['neutron.plugins.ml2.ovo_rpc._ObjectChangeHandler.handle_event-504085'] for security_group (df7dd319-a088-494a-bead-6bc52865d201), after_create {{(pid=103888) _notify_loop /usr/local/lib/python3.8/dist-packages/neutron_lib/callbacks/manager.py:176}}
Apr 12 11:15:37.551431 dv-cinder-830091-4-iscsi neutron-server[103888]: INFO neutron.wsgi [None req-c60f911c-eccc-4e71-a92f-f07fbddec4da admin admin] 10.222.0.59 "GET /v2.0/security-groups?tenant_id=1a128053893f436c98723d239c71df16&name=default HTTP/1.1" status: 200 len: 2996 time: 0.1877980
Apr 12 11:15:37.553416 dv-cinder-830091-4-iscsi neutron-server[103888]: DEBUG neutron.api.rpc.handlers.resources_rpc [None req-c60f911c-eccc-4e71-a92f-f07fbddec4da admin admin] Pushing event updated for resources: {'SecurityGroup': ['ID=df7dd319-a088-494a-bead-6bc52865d201,revision_number=1']} {{(pid=103888) push /opt/stack/neutron/neutron/api/rpc/handlers/resources_rpc.py:237}}
Apr 12 11:15:37.554011 dv-cinder-830091-4-iscsi neutron-server[103887]: DEBUG neutron.wsgi [-] (103887) accepted ('10.222.0.59', 43334) {{(pid=103887) server /usr/local/lib/python3.8/dist-packages/eventlet/wsgi.py:1004}}
