Apr 12 11:14:19.770608 dv-cinder-830091-4-iscsi devstack@c-api.service[110635]: WARNING cinder.quota [None req-ae09420c-356e-490e-b63c-029eef6495fe tempest-VolumeQuotasNegativeTestJSON-1515720940 tempest-VolumeQuotasNegativeTestJSON-1515720940-project-admin] Deprecated: Default quota for resource: gigabytes_tempest-GroupsTest-volume-type-474185799 is set by the default quota flag: quota_gigabytes_tempest-GroupsTest-volume-type-474185799, it is now deprecated. Please use the default quota class for default quota.
Apr 12 11:14:19.771384 dv-cinder-830091-4-iscsi devstack@c-api.service[110635]: WARNING cinder.quota [None req-ae09420c-356e-490e-b63c-029eef6495fe tempest-VolumeQuotasNegativeTestJSON-1515720940 tempest-VolumeQuotasNegativeTestJSON-1515720940-project-admin] Deprecated: Default quota for resource: snapshots_tempest-GroupsTest-volume-type-474185799 is set by the default quota flag: quota_snapshots_tempest-GroupsTest-volume-type-474185799, it is now deprecated. Please use the default quota class for default quota.
Apr 12 11:14:19.772713 dv-cinder-830091-4-iscsi devstack@c-api.service[110635]: WARNING cinder.quota [None req-ae09420c-356e-490e-b63c-029eef6495fe tempest-VolumeQuotasNegativeTestJSON-1515720940 tempest-VolumeQuotasNegativeTestJSON-1515720940-project-admin] Deprecated: Default quota for resource: snapshots_tempest-VolumeTypesAccessTest-volume-type-303830652 is set by the default quota flag: quota_snapshots_tempest-VolumeTypesAccessTest-volume-type-303830652, it is now deprecated. Please use the default quota class for default quota.
Apr 12 11:14:19.774698 dv-cinder-830091-4-iscsi devstack@c-api.service[110635]: WARNING cinder.quota [None req-ae09420c-356e-490e-b63c-029eef6495fe tempest-VolumeQuotasNegativeTestJSON-1515720940 tempest-VolumeQuotasNegativeTestJSON-1515720940-project-admin] Deprecated: Default quota for resource: snapshots_tempest-GroupsTest-volume-type-548340416 is set by the default quota flag: quota_snapshots_tempest-GroupsTest-volume-type-548340416, it is now deprecated. Please use the default quota class for default quota.
Apr 12 11:14:19.775535 dv-cinder-830091-4-iscsi devstack@c-api.service[110635]: WARNING cinder.quota [None req-ae09420c-356e-490e-b63c-029eef6495fe tempest-VolumeQuotasNegativeTestJSON-1515720940 tempest-VolumeQuotasNegativeTestJSON-1515720940-project-admin] Deprecated: Default quota for resource: volumes_tempest-GroupSnapshotsTest-volume-type-274435216 is set by the default quota flag: quota_volumes_tempest-GroupSnapshotsTest-volume-type-274435216, it is now deprecated. Please use the default quota class for default quota.
Apr 12 11:14:19.776304 dv-cinder-830091-4-iscsi devstack@c-api.service[110635]: WARNING cinder.quota [None req-ae09420c-356e-490e-b63c-029eef6495fe tempest-VolumeQuotasNegativeTestJSON-1515720940 tempest-VolumeQuotasNegativeTestJSON-1515720940-project-admin] Deprecated: Default quota for resource: gigabytes_tempest-GroupSnapshotsTest-volume-type-274435216 is set by the default quota flag: quota_gigabytes_tempest-GroupSnapshotsTest-volume-type-274435216, it is now deprecated. Please use the default quota class for default quota.
Apr 12 11:14:19.777027 dv-cinder-830091-4-iscsi devstack@c-api.service[110635]: WARNING cinder.quota [None req-ae09420c-356e-490e-b63c-029eef6495fe tempest-VolumeQuotasNegativeTestJSON-1515720940 tempest-VolumeQuotasNegativeTestJSON-1515720940-project-admin] Deprecated: Default quota for resource: snapshots_tempest-GroupSnapshotsTest-volume-type-274435216 is set by the default quota flag: quota_snapshots_tempest-GroupSnapshotsTest-volume-type-274435216, it is now deprecated. Please use the default quota class for default quota.
Apr 12 11:14:19.777747 dv-cinder-830091-4-iscsi devstack@c-api.service[110635]: WARNING cinder.quota [None req-ae09420c-356e-490e-b63c-029eef6495fe tempest-VolumeQuotasNegativeTestJSON-1515720940 tempest-VolumeQuotasNegativeTestJSON-1515720940-project-admin] Deprecated: Default quota for resource: volumes_lvmdriver-1 is set by the default quota flag: quota_volumes_lvmdriver-1, it is now deprecated. Please use the default quota class for default quota.
Apr 12 11:14:19.778497 dv-cinder-830091-4-iscsi devstack@c-api.service[110635]: WARNING cinder.quota [None req-ae09420c-356e-490e-b63c-029eef6495fe tempest-VolumeQuotasNegativeTestJSON-1515720940 tempest-VolumeQuotasNegativeTestJSON-1515720940-project-admin] Deprecated: Default quota for resource: gigabytes_lvmdriver-1 is set by the default quota flag: quota_gigabytes_lvmdriver-1, it is now deprecated. Please use the default quota class for default quota.
Apr 12 11:14:19.779216 dv-cinder-830091-4-iscsi devstack@c-api.service[110635]: WARNING cinder.quota [None req-ae09420c-356e-490e-b63c-029eef6495fe tempest-VolumeQuotasNegativeTestJSON-1515720940 tempest-VolumeQuotasNegativeTestJSON-1515720940-project-admin] Deprecated: Default quota for resource: snapshots_lvmdriver-1 is set by the default quota flag: quota_snapshots_lvmdriver-1, it is now deprecated. Please use the default quota class for default quota.
Apr 12 11:14:19.780055 dv-cinder-830091-4-iscsi devstack@c-api.service[110635]: WARNING cinder.quota [None req-ae09420c-356e-490e-b63c-029eef6495fe tempest-VolumeQuotasNegativeTestJSON-1515720940 tempest-VolumeQuotasNegativeTestJSON-1515720940-project-admin] Deprecated: Default quota for resource: volumes___DEFAULT__ is set by the default quota flag: quota_volumes___DEFAULT__, it is now deprecated. Please use the default quota class for default quota.
Apr 12 11:14:19.787964 dv-cinder-830091-4-iscsi devstack@c-api.service[110635]: INFO cinder.api.openstack.wsgi [None req-ae09420c-356e-490e-b63c-029eef6495fe tempest-VolumeQuotasNegativeTestJSON-1515720940 tempest-VolumeQuotasNegativeTestJSON-1515720940-project-admin] http://10.222.0.59/volume/v3/ed7178acced048d4a08fa44c66b7e509/os-quota-sets/4e7a0bebff2a4b72bc454f31fd5f4de1 returned with HTTP 200
Apr 12 11:14:19.788742 dv-cinder-830091-4-iscsi devstack@c-api.service[110635]: [pid: 110635|app: 0|req: 99/178] 10.222.0.59 () {60 vars in 1350 bytes} [Tue Apr 12 11:14:19 2022] PUT /volume/v3/ed7178acced048d4a08fa44c66b7e509/os-quota-sets/4e7a0bebff2a4b72bc454f31fd5f4de1 => generated 1061 bytes in 225 msecs (HTTP/1.1 200) 7 headers in 286 bytes (2 switches on core 0)
Apr 12 11:14:19.796283 dv-cinder-830091-4-iscsi devstack@c-api.service[110635]: DEBUG cinder.api.middleware.request_id [None req-ae8189a9-72c0-48c7-9087-8e59aa7a754f None None] RequestId filter calling following filter/app {{(pid=110635) _context_setter /opt/stack/cinder/cinder/api/middleware/request_id.py:62}}
Apr 12 11:14:19.799886 dv-cinder-830091-4-iscsi devstack@c-api.service[110635]: INFO cinder.api.openstack.wsgi [None req-ae8189a9-72c0-48c7-9087-8e59aa7a754f tempest-VolumeQuotasNegativeTestJSON-670070870 tempest-VolumeQuotasNegativeTestJSON-670070870-project] POST http://10.222.0.59/volume/v3/4e7a0bebff2a4b72bc454f31fd5f4de1/volumes
Apr 12 11:14:19.800573 dv-cinder-830091-4-iscsi devstack@c-api.service[110635]: DEBUG cinder.api.openstack.wsgi [None req-ae8189a9-72c0-48c7-9087-8e59aa7a754f tempest-VolumeQuotasNegativeTestJSON-670070870 tempest-VolumeQuotasNegativeTestJSON-670070870-project] Action: 'create', calling method: create, body: {"volume": {"size": 2}} {{(pid=110635) _process_stack /opt/stack/cinder/cinder/api/openstack/wsgi.py:866}}
Apr 12 11:14:19.801481 dv-cinder-830091-4-iscsi devstack@c-api.service[110635]: DEBUG cinder.api.v3.volumes [None req-ae8189a9-72c0-48c7-9087-8e59aa7a754f tempest-VolumeQuotasNegativeTestJSON-670070870 tempest-VolumeQuotasNegativeTestJSON-670070870-project] Create volume request body: {'volume': {'size': 2}} {{(pid=110635) create /opt/stack/cinder/cinder/api/v3/volumes.py:298}}
Apr 12 11:14:19.801789 dv-cinder-830091-4-iscsi devstack@c-api.service[110635]: INFO cinder.api.v3.volumes [None req-ae8189a9-72c0-48c7-9087-8e59aa7a754f tempest-VolumeQuotasNegativeTestJSON-670070870 tempest-VolumeQuotasNegativeTestJSON-670070870-project] Create volume of 2 GB
Apr 12 11:14:19.808093 dv-cinder-830091-4-iscsi devstack@c-api.service[110635]: INFO cinder.volume.api [None req-ae8189a9-72c0-48c7-9087-8e59aa7a754f tempest-VolumeQuotasNegativeTestJSON-670070870 tempest-VolumeQuotasNegativeTestJSON-670070870-project] Availability Zones retrieved successfully.
Apr 12 11:14:19.823411 dv-cinder-830091-4-iscsi devstack@c-api.service[110635]: DEBUG cinder.volume.api [None req-ae8189a9-72c0-48c7-9087-8e59aa7a754f tempest-VolumeQuotasNegativeTestJSON-670070870 tempest-VolumeQuotasNegativeTestJSON-670070870-project] Flow 'volume_create_api' (caa8bb83-9b66-4ce7-9544-6e15d4f55333) transitioned into state 'RUNNING' from state 'PENDING' {{(pid=110635) _flow_receiver /usr/local/lib/python3.8/dist-packages/taskflow/listeners/logging.py:141}}
Apr 12 11:14:19.823643 dv-cinder-830091-4-iscsi devstack@c-api.service[110634]: INFO cinder.volume.api [None req-a3dfd4c4-d146-4170-a5fd-67367e347cd5 tempest-VolumeTypesAccessTest-1929383520 tempest-VolumeTypesAccessTest-1929383520-project] Delete volume request issued successfully.
Apr 12 11:14:19.824075 dv-cinder-830091-4-iscsi devstack@c-api.service[110634]: INFO cinder.api.openstack.wsgi [None req-a3dfd4c4-d146-4170-a5fd-67367e347cd5 tempest-VolumeTypesAccessTest-1929383520 tempest-VolumeTypesAccessTest-1929383520-project] http://10.222.0.59/volume/v3/45aadcdd0e154c939369aa2af00eb205/volumes/a1b529a9-0ba3-4620-acbb-d32309926f84 returned with HTTP 202
Apr 12 11:14:19.824913 dv-cinder-830091-4-iscsi devstack@c-api.service[110634]: [pid: 110634|app: 0|req: 80/179] 10.222.0.59 () {58 vars in 1327 bytes} [Tue Apr 12 11:14:19 2022] DELETE /volume/v3/45aadcdd0e154c939369aa2af00eb205/volumes/a1b529a9-0ba3-4620-acbb-d32309926f84 => generated 0 bytes in 197 msecs (HTTP/1.1 202) 6 headers in 233 bytes (2 switches on core 0)
Apr 12 11:14:19.826771 dv-cinder-830091-4-iscsi devstack@c-api.service[110635]: DEBUG cinder.volume.api [None req-ae8189a9-72c0-48c7-9087-8e59aa7a754f tempest-VolumeQuotasNegativeTestJSON-670070870 tempest-VolumeQuotasNegativeTestJSON-670070870-project] Task 'cinder.volume.flows.api.create_volume.ExtractVolumeRequestTask;volume:create' (bc2079b8-023b-410b-914e-cd7473d3f26b) transitioned into state 'RUNNING' from state 'PENDING' {{(pid=110635) _task_receiver /usr/local/lib/python3.8/dist-packages/taskflow/listeners/logging.py:190}}
Apr 12 11:14:19.829416 dv-cinder-830091-4-iscsi devstack@c-api.service[110635]: DEBUG cinder.volume.flows.api.create_volume [None req-ae8189a9-72c0-48c7-9087-8e59aa7a754f tempest-VolumeQuotasNegativeTestJSON-670070870 tempest-VolumeQuotasNegativeTestJSON-670070870-project] Validating volume size '2' using validate_int {{(pid=110635) _extract_size /opt/stack/cinder/cinder/volume/flows/api/create_volume.py:225}}
Apr 12 11:14:19.832475 dv-cinder-830091-4-iscsi devstack@c-api.service[110634]: DEBUG cinder.api.middleware.request_id [None req-66a934c6-b95f-4b03-8e47-b5404c3fbf57 None None] RequestId filter calling following filter/app {{(pid=110634) _context_setter /opt/stack/cinder/cinder/api/middleware/request_id.py:62}}
Apr 12 11:14:19.837240 dv-cinder-830091-4-iscsi devstack@c-api.service[110634]: INFO cinder.api.openstack.wsgi [None req-66a934c6-b95f-4b03-8e47-b5404c3fbf57 tempest-VolumeTypesAccessTest-1929383520 tempest-VolumeTypesAccessTest-1929383520-project] GET http://10.222.0.59/volume/v3/45aadcdd0e154c939369aa2af00eb205/volumes/a1b529a9-0ba3-4620-acbb-d32309926f84
Apr 12 11:14:19.837813 dv-cinder-830091-4-iscsi devstack@c-api.service[110634]: DEBUG cinder.api.openstack.wsgi [None req-66a934c6-b95f-4b03-8e47-b5404c3fbf57 tempest-VolumeTypesAccessTest-1929383520 tempest-VolumeTypesAccessTest-1929383520-project] Empty body provided in request {{(pid=110634) get_body /opt/stack/cinder/cinder/api/openstack/wsgi.py:715}}
Apr 12 11:14:19.838439 dv-cinder-830091-4-iscsi devstack@c-api.service[110634]: DEBUG cinder.api.openstack.wsgi [None req-66a934c6-b95f-4b03-8e47-b5404c3fbf57 tempest-VolumeTypesAccessTest-1929383520 tempest-VolumeTypesAccessTest-1929383520-project] Calling method 'show' {{(pid=110634) _process_stack /opt/stack/cinder/cinder/api/openstack/wsgi.py:868}}
Apr 12 11:14:19.854917 dv-cinder-830091-4-iscsi devstack@c-api.service[110634]: /usr/local/lib/python3.8/dist-packages/oslo_context/context.py:100: DeprecationWarning: Policy enforcement is depending on the value of is_admin. This key is deprecated. Please update your policy file to use the standard policy values.
Apr 12 11:14:19.854917 dv-cinder-830091-4-iscsi devstack@c-api.service[110634]: warnings.warn('Policy enforcement is depending on the value of '
Apr 12 11:14:19.871677 dv-cinder-830091-4-iscsi devstack@c-api.service[110634]: INFO cinder.volume.api [None req-66a934c6-b95f-4b03-8e47-b5404c3fbf57 tempest-VolumeTypesAccessTest-1929383520 tempest-VolumeTypesAccessTest-1929383520-project] Volume info retrieved successfully.
Apr 12 11:14:19.871884 dv-cinder-830091-4-iscsi devstack@c-api.service[110635]: DEBUG cinder.volume.api [None req-ae8189a9-72c0-48c7-9087-8e59aa7a754f tempest-VolumeQuotasNegativeTestJSON-670070870 tempest-VolumeQuotasNegativeTestJSON-670070870-project] Task 'cinder.volume.flows.api.create_volume.ExtractVolumeRequestTask;volume:create' (bc2079b8-023b-410b-914e-cd7473d3f26b) transitioned into state 'SUCCESS' from state 'RUNNING' with result '{'size': 2, 'snapshot_id': None, 'source_volid': None, 'volume_type': VolumeType(created_at=2022-04-12T10:58:57Z,deleted=False,deleted_at=None,description='Default Volume Type',extra_specs={},id=1e9e54e6-b942-4074-aefd-96b9ac7e5415,is_public=True,name='__DEFAULT__',projects=[],qos_specs=,qos_specs_id=None,updated_at=2022-04-12T10:58:57Z), 'volume_type_id': '1e9e54e6-b942-4074-aefd-96b9ac7e5415', 'encryption_key_id': None, 'qos_specs': None, 'consistencygroup_id': None, 'cgsnapshot_id': None, 'group_id': None, 'replication_status': 'disabled', 'refresh_az': False, 'backup_id': None, 'multiattach': False, 'availability_zones': ['nova']}' {{(pid=110635) _task_receiver /usr/local/lib/python3.8/dist-packages/taskflow/listeners/logging.py:178}}
Apr 12 11:14:19.874331 dv-cinder-830091-4-iscsi devstack@c-api.service[110635]: DEBUG cinder.volume.api [None req-ae8189a9-72c0-48c7-9087-8e59aa7a754f tempest-VolumeQuotasNegativeTestJSON-670070870 tempest-VolumeQuotasNegativeTestJSON-670070870-project] Task 'cinder.volume.flows.api.create_volume.QuotaReserveTask;volume:create' (b2eeb1f2-660e-4e66-b711-f913a48a247c) transitioned into state 'RUNNING' from state 'PENDING' {{(pid=110635) _task_receiver /usr/local/lib/python3.8/dist-packages/taskflow/listeners/logging.py:190}}
Apr 12 11:14:19.890220 dv-cinder-830091-4-iscsi devstack@c-api.service[110634]: INFO cinder.api.openstack.wsgi [None req-66a934c6-b95f-4b03-8e47-b5404c3fbf57 tempest-VolumeTypesAccessTest-1929383520 tempest-VolumeTypesAccessTest-1929383520-project] http://10.222.0.59/volume/v3/45aadcdd0e154c939369aa2af00eb205/volumes/a1b529a9-0ba3-4620-acbb-d32309926f84 returned with HTTP 200
Apr 12 11:14:19.891516 dv-cinder-830091-4-iscsi devstack@c-api.service[110634]: [pid: 110634|app: 0|req: 81/180] 10.222.0.59 () {58 vars in 1324 bytes} [Tue Apr 12 11:14:19 2022] GET /volume/v3/45aadcdd0e154c939369aa2af00eb205/volumes/a1b529a9-0ba3-4620-acbb-d32309926f84 => generated 952 bytes in 60 msecs (HTTP/1.1 200) 7 headers in 285 bytes (2 switches on core 0)
Apr 12 11:14:19.924402 dv-cinder-830091-4-iscsi devstack@c-api.service[110634]: DEBUG cinder.api.middleware.request_id [None req-20612ca5-5dac-48c7-821d-d6e4cb9a2f6d None None] RequestId filter calling following filter/app {{(pid=110634) _context_setter /opt/stack/cinder/cinder/api/middleware/request_id.py:62}}
Apr 12 11:14:19.928077 dv-cinder-830091-4-iscsi devstack@c-api.service[110634]: INFO cinder.api.openstack.wsgi [None req-20612ca5-5dac-48c7-821d-d6e4cb9a2f6d tempest-GroupsTest-675486088 tempest-GroupsTest-675486088-project] GET http://10.222.0.59/volume/v3/f5d8aa1bf8844985b927148cd0db27f2/volumes/04817862-bba3-4b68-aaa1-f1a59317bb1a
Apr 12 11:14:19.928575 dv-cinder-830091-4-iscsi devstack@c-api.service[110634]: DEBUG cinder.api.openstack.wsgi [None req-20612ca5-5dac-48c7-821d-d6e4cb9a2f6d tempest-GroupsTest-675486088 tempest-GroupsTest-675486088-project] Empty body provided in request {{(pid=110634) get_body /opt/stack/cinder/cinder/api/openstack/wsgi.py:715}}
Apr 12 11:14:19.928843 dv-cinder-830091-4-iscsi devstack@c-api.service[110635]: WARNING cinder.quota_utils [None req-ae8189a9-72c0-48c7-9087-8e59aa7a754f tempest-VolumeQuotasNegativeTestJSON-670070870 tempest-VolumeQuotasNegativeTestJSON-670070870-project] Quota exceeded for 4e7a0bebff2a4b72bc454f31fd5f4de1, tried to create 2G volume (1G of 1G already consumed).: cinder.exception.OverQuota: Quota exceeded for resources: ['gigabytes']
Apr 12 11:14:19.929033 dv-cinder-830091-4-iscsi devstack@c-api.service[110634]: DEBUG cinder.api.openstack.wsgi [None req-20612ca5-5dac-48c7-821d-d6e4cb9a2f6d tempest-GroupsTest-675486088 tempest-GroupsTest-675486088-project] Calling method 'show' {{(pid=110634) _process_stack /opt/stack/cinder/cinder/api/openstack/wsgi.py:868}}
Apr 12 11:14:19.943269 dv-cinder-830091-4-iscsi devstack@c-api.service[110634]: /usr/local/lib/python3.8/dist-packages/oslo_context/context.py:100: DeprecationWarning: Policy enforcement is depending on the value of is_admin. This key is deprecated. Please update your policy file to use the standard policy values.
Apr 12 11:14:19.943269 dv-cinder-830091-4-iscsi devstack@c-api.service[110634]: warnings.warn('Policy enforcement is depending on the value of '
Apr 12 11:14:19.952058 dv-cinder-830091-4-iscsi devstack@c-api.service[110634]: INFO cinder.volume.api [None req-20612ca5-5dac-48c7-821d-d6e4cb9a2f6d tempest-GroupsTest-675486088 tempest-GroupsTest-675486088-project] Volume info retrieved successfully.
Apr 12 11:14:19.955437 dv-cinder-830091-4-iscsi devstack@c-api.service[110634]: WARNING stevedore.named [None req-20612ca5-5dac-48c7-821d-d6e4cb9a2f6d tempest-GroupsTest-675486088 tempest-GroupsTest-675486088-project] Could not load cinder.keymgr.conf_key_mgr.ConfKeyManager
Apr 12 11:14:19.955437 dv-cinder-830091-4-iscsi devstack@c-api.service[110634]: WARNING castellan.key_manager [None req-20612ca5-5dac-48c7-821d-d6e4cb9a2f6d tempest-GroupsTest-675486088 tempest-GroupsTest-675486088-project] Deprecation Warning : cinder.keymgr.conf_key_mgr.ConfKeyManager is not a stevedore based driver, trying to load it as a class: stevedore.exception.NoMatches: No 'castellan.drivers' driver found, looking for 'cinder.keymgr.conf_key_mgr.ConfKeyManager'
Apr 12 11:14:19.963353 dv-cinder-830091-4-iscsi devstack@c-api.service[110634]: DEBUG oslo_db.sqlalchemy.engines [None req-20612ca5-5dac-48c7-821d-d6e4cb9a2f6d tempest-GroupsTest-675486088 tempest-GroupsTest-675486088-project] MySQL server mode set to STRICT_TRANS_TABLES,STRICT_ALL_TABLES,NO_ZERO_IN_DATE,NO_ZERO_DATE,ERROR_FOR_DIVISION_BY_ZERO,TRADITIONAL,NO_ENGINE_SUBSTITUTION {{(pid=110634) _check_effective_sql_mode /usr/local/lib/python3.8/dist-packages/oslo_db/sqlalchemy/engines.py:314}}
Apr 12 11:14:19.969243 dv-cinder-830091-4-iscsi devstack@c-api.service[110634]: /usr/local/lib/python3.8/dist-packages/oslo_context/context.py:100: DeprecationWarning: Policy enforcement is depending on the value of is_admin. This key is deprecated. Please update your policy file to use the standard policy values.
Apr 12 11:14:19.969243 dv-cinder-830091-4-iscsi devstack@c-api.service[110634]: warnings.warn('Policy enforcement is depending on the value of '
Apr 12 11:14:19.973707 dv-cinder-830091-4-iscsi devstack@c-api.service[110635]: WARNING cinder.volume.api [None req-ae8189a9-72c0-48c7-9087-8e59aa7a754f tempest-VolumeQuotasNegativeTestJSON-670070870 tempest-VolumeQuotasNegativeTestJSON-670070870-project] Task 'cinder.volume.flows.api.create_volume.QuotaReserveTask;volume:create' (b2eeb1f2-660e-4e66-b711-f913a48a247c) transitioned into state 'FAILURE' from state 'RUNNING'
Apr 12 11:14:19.973707 dv-cinder-830091-4-iscsi devstack@c-api.service[110635]: Failure: cinder.exception.VolumeSizeExceedsAvailableQuota: Requested volume or snapshot exceeds allowed gigabytes quota. Requested 2G, quota is 1G and 1G has been consumed.
Apr 12 11:14:19.984902 dv-cinder-830091-4-iscsi devstack@c-api.service[110634]: INFO cinder.api.openstack.wsgi [None req-20612ca5-5dac-48c7-821d-d6e4cb9a2f6d tempest-GroupsTest-675486088 tempest-GroupsTest-675486088-project] http://10.222.0.59/volume/v3/f5d8aa1bf8844985b927148cd0db27f2/volumes/04817862-bba3-4b68-aaa1-f1a59317bb1a returned with HTTP 200
Apr 12 11:14:19.985650 dv-cinder-830091-4-iscsi devstack@c-api.service[110634]: [pid: 110634|app: 0|req: 82/181] 10.222.0.59 () {60 vars in 1365 bytes} [Tue Apr 12 11:14:19 2022] GET /volume/v3/f5d8aa1bf8844985b927148cd0db27f2/volumes/04817862-bba3-4b68-aaa1-f1a59317bb1a => generated 983 bytes in 62 msecs (HTTP/1.1 200) 7 headers in 286 bytes (2 switches on core 0)
Apr 12 11:14:19.996193 dv-cinder-830091-4-iscsi devstack@c-api.service[110635]: DEBUG cinder.volume.api [None req-ae8189a9-72c0-48c7-9087-8e59aa7a754f tempest-VolumeQuotasNegativeTestJSON-670070870 tempest-VolumeQuotasNegativeTestJSON-670070870-project] Task 'cinder.volume.flows.api.create_volume.QuotaReserveTask;volume:create' (b2eeb1f2-660e-4e66-b711-f913a48a247c) transitioned into state 'REVERTING' from state 'FAILURE' {{(pid=110635) _task_receiver /usr/local/lib/python3.8/dist-packages/taskflow/listeners/logging.py:190}}
Apr 12 11:14:19.996982 dv-cinder-830091-4-iscsi devstack@c-api.service[110634]: DEBUG cinder.api.middleware.request_id [None req-6651af16-4774-4b12-9c2e-31814a097b46 None None] RequestId filter calling following filter/app {{(pid=110634) _context_setter /opt/stack/cinder/cinder/api/middleware/request_id.py:62}}
Apr 12 11:14:19.996982 dv-cinder-830091-4-iscsi devstack@c-api.service[110634]: INFO cinder.api.openstack.wsgi [None req-6651af16-4774-4b12-9c2e-31814a097b46 tempest-SnapshotsActionsTest-94206009 tempest-SnapshotsActionsTest-94206009-project] GET http://10.222.0.59/volume/v3/5a02e9f3ed4f41dfaaf65a9bec839974/snapshots/baaedd64-88e5-4c21-b736-a1ab900cbff9
Apr 12 11:14:19.996982 dv-cinder-830091-4-iscsi devstack@c-api.service[110634]: DEBUG cinder.api.openstack.wsgi [None req-6651af16-4774-4b12-9c2e-31814a097b46 tempest-SnapshotsActionsTest-94206009 tempest-SnapshotsActionsTest-94206009-project] Empty body provided in request {{(pid=110634) get_body /opt/stack/cinder/cinder/api/openstack/wsgi.py:715}}
Apr 12 11:14:19.997155 dv-cinder-830091-4-iscsi devstack@c-api.service[110635]: WARNING cinder.volume.api [None req-ae8189a9-72c0-48c7-9087-8e59aa7a754f tempest-VolumeQuotasNegativeTestJSON-670070870 tempest-VolumeQuotasNegativeTestJSON-670070870-project] Task 'cinder.volume.flows.api.create_volume.QuotaReserveTask;volume:create' (b2eeb1f2-660e-4e66-b711-f913a48a247c) transitioned into state 'REVERTED' from state 'REVERTING' with result 'None'
Apr 12 11:14:19.997233 dv-cinder-830091-4-iscsi devstack@c-api.service[110634]: DEBUG cinder.api.openstack.wsgi [None req-6651af16-4774-4b12-9c2e-31814a097b46 tempest-SnapshotsActionsTest-94206009 tempest-SnapshotsActionsTest-94206009-project] Calling method 'show' {{(pid=110634) _process_stack /opt/stack/cinder/cinder/api/openstack/wsgi.py:868}}
Apr 12 11:14:19.999473 dv-cinder-830091-4-iscsi devstack@c-api.service[110635]: DEBUG cinder.volume.api [None req-ae8189a9-72c0-48c7-9087-8e59aa7a754f tempest-VolumeQuotasNegativeTestJSON-670070870 tempest-VolumeQuotasNegativeTestJSON-670070870-project] Task 'cinder.volume.flows.api.create_volume.ExtractVolumeRequestTask;volume:create' (bc2079b8-023b-410b-914e-cd7473d3f26b) transitioned into state 'REVERTING' from state 'SUCCESS' {{(pid=110635) _task_receiver /usr/local/lib/python3.8/dist-packages/taskflow/listeners/logging.py:190}}
Apr 12 11:14:20.001659 dv-cinder-830091-4-iscsi devstack@c-api.service[110635]: WARNING cinder.volume.api [None req-ae8189a9-72c0-48c7-9087-8e59aa7a754f tempest-VolumeQuotasNegativeTestJSON-670070870 tempest-VolumeQuotasNegativeTestJSON-670070870-project] Task 'cinder.volume.flows.api.create_volume.ExtractVolumeRequestTask;volume:create' (bc2079b8-023b-410b-914e-cd7473d3f26b) transitioned into state 'REVERTED' from state 'REVERTING' with result 'None'
Apr 12 11:14:20.004657 dv-cinder-830091-4-iscsi devstack@c-api.service[110635]: WARNING cinder.volume.api [None req-ae8189a9-72c0-48c7-9087-8e59aa7a754f tempest-VolumeQuotasNegativeTestJSON-670070870 tempest-VolumeQuotasNegativeTestJSON-670070870-project] Flow 'volume_create_api' (caa8bb83-9b66-4ce7-9544-6e15d4f55333) transitioned into state 'REVERTED' from state 'RUNNING'
Apr 12 11:14:20.005490 dv-cinder-830091-4-iscsi devstack@c-api.service[110635]: INFO cinder.api.middleware.fault [None req-ae8189a9-72c0-48c7-9087-8e59aa7a754f tempest-VolumeQuotasNegativeTestJSON-670070870 tempest-VolumeQuotasNegativeTestJSON-670070870-project] http://10.222.0.59/volume/v3/4e7a0bebff2a4b72bc454f31fd5f4de1/volumes returned with HTTP 413
Apr 12 11:14:20.005596 dv-cinder-830091-4-iscsi devstack@c-api.service[110634]: /usr/local/lib/python3.8/dist-packages/oslo_context/context.py:100: DeprecationWarning: Policy enforcement is depending on the value of is_admin. This key is deprecated. Please update your policy file to use the standard policy values.
Apr 12 11:14:20.005596 dv-cinder-830091-4-iscsi devstack@c-api.service[110634]: warnings.warn('Policy enforcement is depending on the value of '
Apr 12 11:14:20.006588 dv-cinder-830091-4-iscsi devstack@c-api.service[110634]: INFO cinder.volume.api [None req-6651af16-4774-4b12-9c2e-31814a097b46 tempest-SnapshotsActionsTest-94206009 tempest-SnapshotsActionsTest-94206009-project] Snapshot retrieved successfully.
Apr 12 11:14:20.012809 dv-cinder-830091-4-iscsi devstack@c-api.service[110635]: [pid: 110635|app: 0|req: 100/182] 10.222.0.59 () {60 vars in 1234 bytes} [Tue Apr 12 11:14:19 2022] POST /volume/v3/4e7a0bebff2a4b72bc454f31fd5f4de1/volumes => generated 208 bytes in 212 msecs (HTTP/1.1 413) 8 headers in 323 bytes (2 switches on core 0)
Apr 12 11:14:20.012966 dv-cinder-830091-4-iscsi devstack@c-api.service[110634]: INFO cinder.api.openstack.wsgi [None req-6651af16-4774-4b12-9c2e-31814a097b46 tempest-SnapshotsActionsTest-94206009 tempest-SnapshotsActionsTest-94206009-project] http://10.222.0.59/volume/v3/5a02e9f3ed4f41dfaaf65a9bec839974/snapshots/baaedd64-88e5-4c21-b736-a1ab900cbff9 returned with HTTP 200
Apr 12 11:14:20.013058 dv-cinder-830091-4-iscsi devstack@c-api.service[110635]: DEBUG cinder.api.middleware.request_id [None req-37e20456-562b-4acf-a778-ed8602609b65 None None] RequestId filter calling following filter/app {{(pid=110635) _context_setter /opt/stack/cinder/cinder/api/middleware/request_id.py:62}}
Apr 12 11:14:20.013170 dv-cinder-830091-4-iscsi devstack@c-api.service[110634]: [pid: 110634|app: 0|req: 83/183] 10.222.0.59 () {58 vars in 1330 bytes} [Tue Apr 12 11:14:19 2022] GET /volume/v3/5a02e9f3ed4f41dfaaf65a9bec839974/snapshots/baaedd64-88e5-4c21-b736-a1ab900cbff9 => generated 438 bytes in 26 msecs (HTTP/1.1 200) 7 headers in 285 bytes (1 switches on core 0)
Apr 12 11:14:20.013900 dv-cinder-830091-4-iscsi devstack@c-api.service[110634]: DEBUG cinder.api.middleware.request_id [None req-9ee14d3e-7b3a-49e0-86f2-93305355b9f8 None None] RequestId filter calling following filter/app {{(pid=110634) _context_setter /opt/stack/cinder/cinder/api/middleware/request_id.py:62}}
Apr 12 11:14:20.015376 dv-cinder-830091-4-iscsi devstack@c-api.service[110635]: INFO cinder.api.openstack.wsgi [None req-37e20456-562b-4acf-a778-ed8602609b65 tempest-GroupsTest-675486088 tempest-GroupsTest-675486088-project] POST http://10.222.0.59/volume/v3/f5d8aa1bf8844985b927148cd0db27f2/volumes
Apr 12 11:14:20.016233 dv-cinder-830091-4-iscsi devstack@c-api.service[110635]: DEBUG cinder.api.openstack.wsgi [None req-37e20456-562b-4acf-a778-ed8602609b65 tempest-GroupsTest-675486088 tempest-GroupsTest-675486088-project] Action: 'create', calling method: create, body: {"volume": {"volume_type": "bfdbc178-d438-499e-bbe9-7f1fa097fe06", "group_id": "15e967bf-4dfc-4940-b745-356dccda4e93", "size": 1, "name": "tempest-GroupsTest-Volume-1924180288"}} {{(pid=110635) _process_stack /opt/stack/cinder/cinder/api/openstack/wsgi.py:866}}
Apr 12 11:14:20.017415 dv-cinder-830091-4-iscsi devstack@c-api.service[110635]: DEBUG cinder.api.v3.volumes [None req-37e20456-562b-4acf-a778-ed8602609b65 tempest-GroupsTest-675486088 tempest-GroupsTest-675486088-project] Create volume request body: {'volume': {'volume_type': 'bfdbc178-d438-499e-bbe9-7f1fa097fe06', 'group_id': '15e967bf-4dfc-4940-b745-356dccda4e93', 'size': 1, 'name': 'tempest-GroupsTest-Volume-1924180288'}} {{(pid=110635) create /opt/stack/cinder/cinder/api/v3/volumes.py:298}}
Apr 12 11:14:20.018821 dv-cinder-830091-4-iscsi devstack@c-api.service[110634]: INFO cinder.api.openstack.wsgi [None req-9ee14d3e-7b3a-49e0-86f2-93305355b9f8 tempest-VolumeQuotasNegativeTestJSON-1515720940 tempest-VolumeQuotasNegativeTestJSON-1515720940-project-admin] PUT http://10.222.0.59/volume/v3/ed7178acced048d4a08fa44c66b7e509/os-quota-sets/4e7a0bebff2a4b72bc454f31fd5f4de1
Apr 12 11:14:20.019470 dv-cinder-830091-4-iscsi devstack@c-api.service[110634]: DEBUG cinder.api.openstack.wsgi [None req-9ee14d3e-7b3a-49e0-86f2-93305355b9f8 tempest-VolumeQuotasNegativeTestJSON-1515720940 tempest-VolumeQuotasNegativeTestJSON-1515720940-project-admin] Action: 'update', calling method: update, body: {"quota_set": {"volumes": 1, "gigabytes": -1}} {{(pid=110634) _process_stack /opt/stack/cinder/cinder/api/openstack/wsgi.py:866}}
Apr 12 11:14:20.031410 dv-cinder-830091-4-iscsi devstack@c-api.service[110635]: /usr/local/lib/python3.8/dist-packages/oslo_context/context.py:100: DeprecationWarning: Policy enforcement is depending on the value of is_admin. This key is deprecated. Please update your policy file to use the standard policy values.
Apr 12 11:14:20.031410 dv-cinder-830091-4-iscsi devstack@c-api.service[110635]: warnings.warn('Policy enforcement is depending on the value of '
Apr 12 11:14:20.032454 dv-cinder-830091-4-iscsi devstack@c-api.service[110635]: INFO cinder.api.v3.volumes [None req-37e20456-562b-4acf-a778-ed8602609b65 tempest-GroupsTest-675486088 tempest-GroupsTest-675486088-project] Create volume of 1 GB
Apr 12 11:14:20.047125 dv-cinder-830091-4-iscsi devstack@c-api.service[110635]: INFO cinder.volume.api [None req-37e20456-562b-4acf-a778-ed8602609b65 tempest-GroupsTest-675486088 tempest-GroupsTest-675486088-project] Availability Zones retrieved successfully.
Apr 12 11:14:20.062910 dv-cinder-830091-4-iscsi devstack@c-api.service[110635]: DEBUG cinder.volume.api [None req-37e20456-562b-4acf-a778-ed8602609b65 tempest-GroupsTest-675486088 tempest-GroupsTest-675486088-project] Flow 'volume_create_api' (ca1f97f1-dd7f-4e1f-b311-995aa4c4b6ce) transitioned into state 'RUNNING' from state 'PENDING' {{(pid=110635) _flow_receiver /usr/local/lib/python3.8/dist-packages/taskflow/listeners/logging.py:141}}
Apr 12 11:14:20.065465 dv-cinder-830091-4-iscsi devstack@c-api.service[110635]: DEBUG cinder.volume.api [None req-37e20456-562b-4acf-a778-ed8602609b65 tempest-GroupsTest-675486088 tempest-GroupsTest-675486088-project] Task 'cinder.volume.flows.api.create_volume.ExtractVolumeRequestTask;volume:create' (206d9df9-8700-4c9e-8170-3c898ea73ca3) transitioned into state 'RUNNING' from state 'PENDING' {{(pid=110635) _task_receiver /usr/local/lib/python3.8/dist-packages/taskflow/listeners/logging.py:190}}
Apr 12 11:14:20.067086 dv-cinder-830091-4-iscsi devstack@c-api.service[110635]: /usr/local/lib/python3.8/dist-packages/oslo_context/context.py:100: DeprecationWarning: Policy enforcement is depending on the value of is_admin. This key is deprecated. Please update your policy file to use the standard policy values.
Apr 12 11:14:20.067086 dv-cinder-830091-4-iscsi devstack@c-api.service[110635]: warnings.warn('Policy enforcement is depending on the value of '
Apr 12 11:14:20.068272 dv-cinder-830091-4-iscsi devstack@c-api.service[110635]: DEBUG cinder.volume.flows.api.create_volume [None req-37e20456-562b-4acf-a778-ed8602609b65 tempest-GroupsTest-675486088 tempest-GroupsTest-675486088-project] Validating volume size '1' using validate_int {{(pid=110635) _extract_size /opt/stack/cinder/cinder/volume/flows/api/create_volume.py:225}}
Apr 12 11:14:20.092502 dv-cinder-830091-4-iscsi devstack@c-api.service[110635]: DEBUG cinder.volume.api [None req-37e20456-562b-4acf-a778-ed8602609b65 tempest-GroupsTest-675486088 tempest-GroupsTest-675486088-project] Task 'cinder.volume.flows.api.create_volume.ExtractVolumeRequestTask;volume:create' (206d9df9-8700-4c9e-8170-3c898ea73ca3) transitioned into state 'SUCCESS' from state 'RUNNING' with result '{'size': 1, 'snapshot_id': None, 'source_volid': None, 'volume_type': VolumeType(created_at=2022-04-12T11:14:16Z,deleted=False,deleted_at=None,description=None,extra_specs={},id=bfdbc178-d438-499e-bbe9-7f1fa097fe06,is_public=True,name='tempest-GroupsTest-volume-type-474185799',projects=[],qos_specs=,qos_specs_id=None,updated_at=None), 'volume_type_id': 'bfdbc178-d438-499e-bbe9-7f1fa097fe06', 'encryption_key_id': None, 'qos_specs': None, 'consistencygroup_id': None, 'cgsnapshot_id': None, 'group_id': '15e967bf-4dfc-4940-b745-356dccda4e93', 'replication_status': 'disabled', 'refresh_az': False, 'backup_id': None, 'multiattach': False, 'availability_zones': ['nova']}' {{(pid=110635) _task_receiver /usr/local/lib/python3.8/dist-packages/taskflow/listeners/logging.py:178}}
Apr 12 11:14:20.094533 dv-cinder-830091-4-iscsi devstack@c-api.service[110635]: DEBUG cinder.volume.api [None req-37e20456-562b-4acf-a778-ed8602609b65 tempest-GroupsTest-675486088 tempest-GroupsTest-675486088-project] Task 'cinder.volume.flows.api.create_volume.QuotaReserveTask;volume:create' (79a5c1cf-55af-4dc9-b378-795a9f4ef645) transitioned into state 'RUNNING' from state 'PENDING' {{(pid=110635) _task_receiver /usr/local/lib/python3.8/dist-packages/taskflow/listeners/logging.py:190}}
Apr 12 11:14:20.234185 dv-cinder-830091-4-iscsi devstack@c-api.service[110635]: DEBUG cinder.quota [None req-37e20456-562b-4acf-a778-ed8602609b65 tempest-GroupsTest-675486088 tempest-GroupsTest-675486088-project] Created reservations ['76771610-3b08-41ba-be0b-e373dc3d90d3', 'dfa1a832-1afd-4ac9-88c1-3b7f87a1f8f7', 'ba8d5ff0-49e7-4bca-900b-a85fd97a7cde', '4908db18-cdcd-47a1-bf17-f22b4f19dd1b'] {{(pid=110635) reserve /opt/stack/cinder/cinder/quota.py:755}}
Apr 12 11:14:20.234394 dv-cinder-830091-4-iscsi devstack@c-api.service[110634]: WARNING cinder.quota [None req-9ee14d3e-7b3a-49e0-86f2-93305355b9f8 tempest-VolumeQuotasNegativeTestJSON-1515720940 tempest-VolumeQuotasNegativeTestJSON-1515720940-project-admin] Deprecated: Default quota for resource: snapshots_tempest-GroupsTest-volume-type-474185799 is set by the default quota flag: quota_snapshots_tempest-GroupsTest-volume-type-474185799, it is now deprecated. Please use the default quota class for default quota.
Apr 12 11:14:20.236196 dv-cinder-830091-4-iscsi devstack@c-api.service[110635]: DEBUG cinder.volume.api [None req-37e20456-562b-4acf-a778-ed8602609b65 tempest-GroupsTest-675486088 tempest-GroupsTest-675486088-project] Task 'cinder.volume.flows.api.create_volume.QuotaReserveTask;volume:create' (79a5c1cf-55af-4dc9-b378-795a9f4ef645) transitioned into state 'SUCCESS' from state 'RUNNING' with result '{'reservations': ['76771610-3b08-41ba-be0b-e373dc3d90d3', 'dfa1a832-1afd-4ac9-88c1-3b7f87a1f8f7', 'ba8d5ff0-49e7-4bca-900b-a85fd97a7cde', '4908db18-cdcd-47a1-bf17-f22b4f19dd1b']}' {{(pid=110635) _task_receiver /usr/local/lib/python3.8/dist-packages/taskflow/listeners/logging.py:178}}
Apr 12 11:14:20.240842 dv-cinder-830091-4-iscsi devstack@c-api.service[110635]: DEBUG cinder.volume.api [None req-37e20456-562b-4acf-a778-ed8602609b65 tempest-GroupsTest-675486088 tempest-GroupsTest-675486088-project] Task 'cinder.volume.flows.api.create_volume.EntryCreateTask;volume:create' (1a5c4fed-54c1-451f-8daa-fa0e7ab0832c) transitioned into state 'RUNNING' from state 'PENDING' {{(pid=110635) _task_receiver /usr/local/lib/python3.8/dist-packages/taskflow/listeners/logging.py:190}}
Apr 12 11:14:20.263484 dv-cinder-830091-4-iscsi devstack@c-api.service[110634]: INFO cinder.api.openstack.wsgi [None req-9ee14d3e-7b3a-49e0-86f2-93305355b9f8 tempest-VolumeQuotasNegativeTestJSON-1515720940 tempest-VolumeQuotasNegativeTestJSON-1515720940-project-admin] http://10.222.0.59/volume/v3/ed7178acced048d4a08fa44c66b7e509/os-quota-sets/4e7a0bebff2a4b72bc454f31fd5f4de1 returned with HTTP 200
Apr 12 11:14:20.264589 dv-cinder-830091-4-iscsi devstack@c-api.service[110634]: [pid: 110634|app: 0|req: 84/184] 10.222.0.59 () {60 vars in 1350 bytes} [Tue Apr 12 11:14:20 2022] PUT /volume/v3/ed7178acced048d4a08fa44c66b7e509/os-quota-sets/4e7a0bebff2a4b72bc454f31fd5f4de1 => generated 1061 bytes in 251 msecs (HTTP/1.1 200) 7 headers in 286 bytes (2 switches on core 0)
Apr 12 11:14:20.274650 dv-cinder-830091-4-iscsi devstack@c-api.service[110634]: DEBUG cinder.api.middleware.request_id [None req-8f13085c-6325-4262-806f-de7ff4e5e43a None None] RequestId filter calling following filter/app {{(pid=110634) _context_setter /opt/stack/cinder/cinder/api/middleware/request_id.py:62}}
Apr 12 11:14:20.278424 dv-cinder-830091-4-iscsi devstack@c-api.service[110634]: INFO cinder.api.openstack.wsgi [None req-8f13085c-6325-4262-806f-de7ff4e5e43a tempest-VolumeQuotasNegativeTestJSON-670070870 tempest-VolumeQuotasNegativeTestJSON-670070870-project] POST http://10.222.0.59/volume/v3/4e7a0bebff2a4b72bc454f31fd5f4de1/volumes
Apr 12 11:14:20.279135 dv-cinder-830091-4-iscsi devstack@c-api.service[110634]: DEBUG cinder.api.openstack.wsgi [None req-8f13085c-6325-4262-806f-de7ff4e5e43a tempest-VolumeQuotasNegativeTestJSON-670070870 tempest-VolumeQuotasNegativeTestJSON-670070870-project] Action: 'create', calling method: create, body: {"volume": {"size": 1}} {{(pid=110634) _process_stack /opt/stack/cinder/cinder/api/openstack/wsgi.py:866}}
Apr 12 11:14:20.280247 dv-cinder-830091-4-iscsi devstack@c-api.service[110634]: DEBUG cinder.api.v3.volumes [None req-8f13085c-6325-4262-806f-de7ff4e5e43a tempest-VolumeQuotasNegativeTestJSON-670070870 tempest-VolumeQuotasNegativeTestJSON-670070870-project] Create volume request body: {'volume': {'size': 1}} {{(pid=110634) create /opt/stack/cinder/cinder/api/v3/volumes.py:298}}
Apr 12 11:14:20.280687 dv-cinder-830091-4-iscsi devstack@c-api.service[110634]: INFO cinder.api.v3.volumes [None req-8f13085c-6325-4262-806f-de7ff4e5e43a tempest-VolumeQuotasNegativeTestJSON-670070870 tempest-VolumeQuotasNegativeTestJSON-670070870-project] Create volume of 1 GB
Apr 12 11:14:20.292113 dv-cinder-830091-4-iscsi devstack@c-api.service[110634]: INFO cinder.volume.api [None req-8f13085c-6325-4262-806f-de7ff4e5e43a tempest-VolumeQuotasNegativeTestJSON-670070870 tempest-VolumeQuotasNegativeTestJSON-670070870-project] Availability Zones retrieved successfully.
Apr 12 11:14:20.308411 dv-cinder-830091-4-iscsi devstack@c-api.service[110634]: DEBUG cinder.volume.api [None req-8f13085c-6325-4262-806f-de7ff4e5e43a tempest-VolumeQuotasNegativeTestJSON-670070870 tempest-VolumeQuotasNegativeTestJSON-670070870-project] Flow 'volume_create_api' (40b052ed-acbb-4c59-b490-ec197d902f52) transitioned into state 'RUNNING' from state 'PENDING' {{(pid=110634) _flow_receiver /usr/local/lib/python3.8/dist-packages/taskflow/listeners/logging.py:141}}
Apr 12 11:14:20.311215 dv-cinder-830091-4-iscsi devstack@c-api.service[110634]: DEBUG cinder.volume.api [None req-8f13085c-6325-4262-806f-de7ff4e5e43a tempest-VolumeQuotasNegativeTestJSON-670070870 tempest-VolumeQuotasNegativeTestJSON-670070870-project] Task 'cinder.volume.flows.api.create_volume.ExtractVolumeRequestTask;volume:create' (3ffe85fc-74f0-43e7-a5c3-0b71d3a3c4c2) transitioned into state 'RUNNING' from state 'PENDING' {{(pid=110634) _task_receiver /usr/local/lib/python3.8/dist-packages/taskflow/listeners/logging.py:190}}
Apr 12 11:14:20.313882 dv-cinder-830091-4-iscsi devstack@c-api.service[110634]: DEBUG cinder.volume.flows.api.create_volume [None req-8f13085c-6325-4262-806f-de7ff4e5e43a tempest-VolumeQuotasNegativeTestJSON-670070870 tempest-VolumeQuotasNegativeTestJSON-670070870-project] Validating volume size '1' using validate_int {{(pid=110634) _extract_size /opt/stack/cinder/cinder/volume/flows/api/create_volume.py:225}}
Apr 12 11:14:20.342018 dv-cinder-830091-4-iscsi devstack@c-api.service[110635]: DEBUG cinder.volume.api [None req-37e20456-562b-4acf-a778-ed8602609b65 tempest-GroupsTest-675486088 tempest-GroupsTest-675486088-project] Task 'cinder.volume.flows.api.create_volume.EntryCreateTask;volume:create' (1a5c4fed-54c1-451f-8daa-fa0e7ab0832c) transitioned into state 'SUCCESS' from state 'RUNNING' with result '{'volume_id': '240d6877-b976-4bf2-b5e5-85311996abc5', 'volume_properties': VolumeProperties(attach_status='detached',availability_zone='nova',cgsnapshot_id=None,consistencygroup_id=None,display_description=None,display_name='tempest-GroupsTest-Volume-1924180288',encryption_key_id=None,group_id=15e967bf-4dfc-4940-b745-356dccda4e93,group_type_id=,metadata={},multiattach=False,project_id='f5d8aa1bf8844985b927148cd0db27f2',qos_specs=None,replication_status=,reservations=['76771610-3b08-41ba-be0b-e373dc3d90d3','dfa1a832-1afd-4ac9-88c1-3b7f87a1f8f7','ba8d5ff0-49e7-4bca-900b-a85fd97a7cde','4908db18-cdcd-47a1-bf17-f22b4f19dd1b'],size=1,snapshot_id=None,source_replicaid=,source_volid=None,status='creating',user_id='7341eb9c39c247419c0d4a6dbd31d009',volume_type_id=bfdbc178-d438-499e-bbe9-7f1fa097fe06), 'volume': Volume(_name_id=None,admin_metadata=,attach_status='detached',availability_zone='nova',bootable=False,cluster=,cluster_name=None,consistencygroup=,consistencygroup_id=None,created_at=2022-04-12T11:14:20Z,deleted=False,deleted_at=None,display_description=None,display_name='tempest-GroupsTest-Volume-1924180288',ec2_id=None,encryption_key_id=None,glance_metadata=,group=,group_id=15e967bf-4dfc-4940-b745-356dccda4e93,host=None,id=240d6877-b976-4bf2-b5e5-85311996abc5,launched_at=None,metadata={},migration_status=None,multiattach=False,previous_status=None,project_id='f5d8aa1bf8844985b927148cd0db27f2',provider_auth=None,provider_geometry=None,provider_id=None,provider_location=None,replication_driver_data=None,replication_extended_status=None,replication_status=None,scheduled_at=None,service_uuid=None,shared_targets=True,size=1,snapshot_id=None,snapshots=,source_volid=None,status='creating',terminated_at=None,updated_at=None,use_quota=True,user_id='7341eb9c39c247419c0d4a6dbd31d009',volume_attachment=VolumeAttachmentList,volume_type=VolumeType(bfdbc178-d438-499e-bbe9-7f1fa097fe06),volume_type_id=bfdbc178-d438-499e-bbe9-7f1fa097fe06)}' {{(pid=110635) _task_receiver /usr/local/lib/python3.8/dist-packages/taskflow/listeners/logging.py:178}}
Apr 12 11:14:20.344471 dv-cinder-830091-4-iscsi devstack@c-api.service[110635]: DEBUG cinder.volume.api [None req-37e20456-562b-4acf-a778-ed8602609b65 tempest-GroupsTest-675486088 tempest-GroupsTest-675486088-project] Task 'cinder.volume.flows.api.create_volume.QuotaCommitTask;volume:create' (e47876ad-6b92-40ce-a73c-c372567be673) transitioned into state 'RUNNING' from state 'PENDING' {{(pid=110635) _task_receiver /usr/local/lib/python3.8/dist-packages/taskflow/listeners/logging.py:190}}
Apr 12 11:14:20.349935 dv-cinder-830091-4-iscsi devstack@c-api.service[110634]: DEBUG cinder.volume.api [None req-8f13085c-6325-4262-806f-de7ff4e5e43a tempest-VolumeQuotasNegativeTestJSON-670070870 tempest-VolumeQuotasNegativeTestJSON-670070870-project] Task 'cinder.volume.flows.api.create_volume.ExtractVolumeRequestTask;volume:create' (3ffe85fc-74f0-43e7-a5c3-0b71d3a3c4c2) transitioned into state 'SUCCESS' from state 'RUNNING' with result '{'size': 1, 'snapshot_id': None, 'source_volid': None, 'volume_type': VolumeType(created_at=2022-04-12T10:58:57Z,deleted=False,deleted_at=None,description='Default Volume Type',extra_specs={},id=1e9e54e6-b942-4074-aefd-96b9ac7e5415,is_public=True,name='__DEFAULT__',projects=[],qos_specs=,qos_specs_id=None,updated_at=2022-04-12T10:58:57Z), 'volume_type_id': '1e9e54e6-b942-4074-aefd-96b9ac7e5415', 'encryption_key_id': None, 'qos_specs': None, 'consistencygroup_id': None, 'cgsnapshot_id': None, 'group_id': None, 'replication_status': 'disabled', 'refresh_az': False, 'backup_id': None, 'multiattach': False, 'availability_zones': ['nova']}' {{(pid=110634) _task_receiver /usr/local/lib/python3.8/dist-packages/taskflow/listeners/logging.py:178}}
Apr 12 11:14:20.352215 dv-cinder-830091-4-iscsi devstack@c-api.service[110634]: DEBUG cinder.volume.api [None req-8f13085c-6325-4262-806f-de7ff4e5e43a tempest-VolumeQuotasNegativeTestJSON-670070870 tempest-VolumeQuotasNegativeTestJSON-670070870-project] Task 'cinder.volume.flows.api.create_volume.QuotaReserveTask;volume:create' (d22f412b-761e-4f15-ae17-2ab46be3acd5) transitioned into state 'RUNNING' from state 'PENDING' {{(pid=110634) _task_receiver /usr/local/lib/python3.8/dist-packages/taskflow/listeners/logging.py:190}}
Apr 12 11:14:20.411733 dv-cinder-830091-4-iscsi devstack@c-api.service[110634]: WARNING cinder.quota_utils [None req-8f13085c-6325-4262-806f-de7ff4e5e43a tempest-VolumeQuotasNegativeTestJSON-670070870 tempest-VolumeQuotasNegativeTestJSON-670070870-project] Quota exceeded for 4e7a0bebff2a4b72bc454f31fd5f4de1, tried to create volume (1 volumes already consumed).: cinder.exception.OverQuota: Quota exceeded for resources: ['volumes']
Apr 12 11:14:20.425816 dv-cinder-830091-4-iscsi devstack@c-api.service[110634]: WARNING cinder.volume.api [None req-8f13085c-6325-4262-806f-de7ff4e5e43a tempest-VolumeQuotasNegativeTestJSON-670070870 tempest-VolumeQuotasNegativeTestJSON-670070870-project] Task 'cinder.volume.flows.api.create_volume.QuotaReserveTask;volume:create' (d22f412b-761e-4f15-ae17-2ab46be3acd5) transitioned into state 'FAILURE' from state 'RUNNING'
Apr 12 11:14:20.425816 dv-cinder-830091-4-iscsi devstack@c-api.service[110634]: Failure: cinder.exception.VolumeLimitExceeded: Maximum number of volumes allowed (1) exceeded for quota 'volumes'.
Apr 12 11:14:20.430652 dv-cinder-830091-4-iscsi devstack@c-api.service[110634]: DEBUG cinder.volume.api [None req-8f13085c-6325-4262-806f-de7ff4e5e43a tempest-VolumeQuotasNegativeTestJSON-670070870 tempest-VolumeQuotasNegativeTestJSON-670070870-project] Task 'cinder.volume.flows.api.create_volume.QuotaReserveTask;volume:create' (d22f412b-761e-4f15-ae17-2ab46be3acd5) transitioned into state 'REVERTING' from state 'FAILURE' {{(pid=110634) _task_receiver /usr/local/lib/python3.8/dist-packages/taskflow/listeners/logging.py:190}}
Apr 12 11:14:20.432772 dv-cinder-830091-4-iscsi devstack@c-api.service[110634]: WARNING cinder.volume.api [None req-8f13085c-6325-4262-806f-de7ff4e5e43a tempest-VolumeQuotasNegativeTestJSON-670070870 tempest-VolumeQuotasNegativeTestJSON-670070870-project] Task 'cinder.volume.flows.api.create_volume.QuotaReserveTask;volume:create' (d22f412b-761e-4f15-ae17-2ab46be3acd5) transitioned into state 'REVERTED' from state 'REVERTING' with result 'None'
Apr 12 11:14:20.434505 dv-cinder-830091-4-iscsi devstack@c-api.service[110634]: DEBUG cinder.volume.api [None req-8f13085c-6325-4262-806f-de7ff4e5e43a tempest-VolumeQuotasNegativeTestJSON-670070870 tempest-VolumeQuotasNegativeTestJSON-670070870-project] Task 'cinder.volume.flows.api.create_volume.ExtractVolumeRequestTask;volume:create' (3ffe85fc-74f0-43e7-a5c3-0b71d3a3c4c2) transitioned into state 'REVERTING' from state 'SUCCESS' {{(pid=110634) _task_receiver /usr/local/lib/python3.8/dist-packages/taskflow/listeners/logging.py:190}}
Apr 12 11:14:20.436368 dv-cinder-830091-4-iscsi devstack@c-api.service[110634]: WARNING cinder.volume.api [None req-8f13085c-6325-4262-806f-de7ff4e5e43a tempest-VolumeQuotasNegativeTestJSON-670070870 tempest-VolumeQuotasNegativeTestJSON-670070870-project] Task 'cinder.volume.flows.api.create_volume.ExtractVolumeRequestTask;volume:create' (3ffe85fc-74f0-43e7-a5c3-0b71d3a3c4c2) transitioned into state 'REVERTED' from state 'REVERTING' with result 'None'
Apr 12 11:14:20.444097 dv-cinder-830091-4-iscsi devstack@c-api.service[110634]: WARNING cinder.volume.api [None req-8f13085c-6325-4262-806f-de7ff4e5e43a tempest-VolumeQuotasNegativeTestJSON-670070870 tempest-VolumeQuotasNegativeTestJSON-670070870-project] Flow 'volume_create_api' (40b052ed-acbb-4c59-b490-ec197d902f52) transitioned into state 'REVERTED' from state 'RUNNING'
Apr 12 11:14:20.446212 dv-cinder-830091-4-iscsi devstack@c-api.service[110634]: INFO cinder.api.middleware.fault [None req-8f13085c-6325-4262-806f-de7ff4e5e43a tempest-VolumeQuotasNegativeTestJSON-670070870 tempest-VolumeQuotasNegativeTestJSON-670070870-project] http://10.222.0.59/volume/v3/4e7a0bebff2a4b72bc454f31fd5f4de1/volumes returned with HTTP 413
