Feb 20 20:44:00.827674 dv-cinder-830089-1-smb neutron-server[109300]: DEBUG neutron_lib.callbacks.manager [req-7fc3f46d-c82d-4577-8319-96bcda546215 req-a5b8539a-9565-48fd-b816-10a664cae004 service neutron] Publish callbacks ['neutron.plugins.ml2.plugin.SecurityGroupServerNotifierRpcMixin._notify_sg_on_port_change-726734', 'neutron.plugins.ml2.ovo_rpc._ObjectChangeHandler.handle_event-16706590', 'neutron.api.rpc.agentnotifiers.dhcp_rpc_agent_api.DhcpAgentNotifyAPI._native_event_send_dhcp_notification-16277769', 'neutron.db.l3_db.L3RpcNotifierMixin._notify_gateway_port_ip_changed-8758705001355', 'neutron.db.l3_dvrscheduler_db._notify_l3_agent_port_update-8758704560990', 'neutron.db.l3_hascheduler_db._notify_l3_agent_ha_port_update-8758704561008'] for port (1b2a576a-d33d-40cc-94dc-9ff67f57934c), after_update {{(pid=109300) _notify_loop /usr/local/lib/python3.8/dist-packages/neutron_lib/callbacks/manager.py:176}}
Feb 20 20:44:00.890287 dv-cinder-830089-1-smb neutron-server[109300]: DEBUG neutron.plugins.ml2.db [req-c963aa79-04ce-4164-8ab0-9ffda90b1a30 req-d9cccb36-fab6-4d50-a866-217b082ca40f service neutron] For port 34907d19-bb51-4967-9cc2-0bc38982b663, host hv-cinder-83008, cleared binding levels {{(pid=109300) clear_binding_levels /opt/stack/neutron/neutron/plugins/ml2/db.py:87}}
Feb 20 20:44:00.895421 dv-cinder-830089-1-smb neutron-server[109299]: DEBUG neutron.pecan_wsgi.hooks.quota_enforcement [req-d5733174-e611-4029-b4ed-c3654428f54c req-b6a3c2f1-9943-4b19-a1da-e885e3f369cc tempest-AttachVolumeShelveTestJSON-113068075 tempest-AttachVolumeShelveTestJSON-113068075-project] Made reservation on behalf of 7373eaecf1d446458b57f784ec338be2 for: {'port': 1} {{(pid=109299) before /opt/stack/neutron/neutron/pecan_wsgi/hooks/quota_enforcement.py:53}}
Feb 20 20:44:00.899733 dv-cinder-830089-1-smb neutron-server[109299]: DEBUG neutron_lib.callbacks.manager [req-d5733174-e611-4029-b4ed-c3654428f54c req-b6a3c2f1-9943-4b19-a1da-e885e3f369cc tempest-AttachVolumeShelveTestJSON-113068075 tempest-AttachVolumeShelveTestJSON-113068075-project] Publish callbacks ['neutron.plugins.ml2.plugin.SecurityGroupDbMixin._ensure_default_security_group_handler-727299'] for port (None), before_create {{(pid=109299) _notify_loop /usr/local/lib/python3.8/dist-packages/neutron_lib/callbacks/manager.py:176}}
Feb 20 20:44:00.922674 dv-cinder-830089-1-smb neutron-server[109300]: DEBUG neutron.plugins.ml2.db [req-c963aa79-04ce-4164-8ab0-9ffda90b1a30 req-d9cccb36-fab6-4d50-a866-217b082ca40f service neutron] For port 34907d19-bb51-4967-9cc2-0bc38982b663, host hv-cinder-83008, set binding levels [PortBindingLevel(driver='hyperv',host='hv-cinder-83008',level=0,port_id=34907d19-bb51-4967-9cc2-0bc38982b663,segment=NetworkSegment(05e4f007-8d9c-46c4-9ede-72cc292a9bb0),segment_id=05e4f007-8d9c-46c4-9ede-72cc292a9bb0)] {{(pid=109300) set_binding_levels /opt/stack/neutron/neutron/plugins/ml2/db.py:59}}
Feb 20 20:44:00.930110 dv-cinder-830089-1-smb neutron-server[109300]: DEBUG neutron.api.rpc.handlers.resources_rpc [None req-a5b8539a-9565-48fd-b816-10a664cae004 service neutron] Pushing event updated for resources: {'Port': ['ID=1b2a576a-d33d-40cc-94dc-9ff67f57934c,revision_number=2']} {{(pid=109300) push /opt/stack/neutron/neutron/api/rpc/handlers/resources_rpc.py:237}}
Feb 20 20:44:00.943130 dv-cinder-830089-1-smb neutron-server[109300]: DEBUG neutron_lib.callbacks.manager [req-c963aa79-04ce-4164-8ab0-9ffda90b1a30 req-d9cccb36-fab6-4d50-a866-217b082ca40f service neutron] Publish callbacks ['neutron.plugins.ml2.plugin.SecurityGroupServerNotifierRpcMixin._notify_sg_on_port_change-726734', 'neutron.plugins.ml2.ovo_rpc._ObjectChangeHandler.handle_event-16706590', 'neutron.api.rpc.agentnotifiers.dhcp_rpc_agent_api.DhcpAgentNotifyAPI._native_event_send_dhcp_notification-16277769', 'neutron.db.l3_db.L3RpcNotifierMixin._notify_gateway_port_ip_changed-8758705001355', 'neutron.db.l3_dvrscheduler_db._notify_l3_agent_port_update-8758704560990', 'neutron.db.l3_hascheduler_db._notify_l3_agent_ha_port_update-8758704561008'] for port (34907d19-bb51-4967-9cc2-0bc38982b663), after_update {{(pid=109300) _notify_loop /usr/local/lib/python3.8/dist-packages/neutron_lib/callbacks/manager.py:176}}
Feb 20 20:44:00.978002 dv-cinder-830089-1-smb neutron-server[109299]: DEBUG neutron.db.db_base_plugin_common [req-2ded356f-6fbe-4829-8621-7a131b51693d req-4e8e7d61-2cbf-4f0f-a029-7347bf83e9fe tempest-ServerRescueNegativeTestJSON-887203116 tempest-ServerRescueNegativeTestJSON-887203116-project] Allocated IP 172.20.0.14 (f3f02397-b9b9-46aa-9270-7eac4d9a37cb/89392907-126d-4adc-93cf-e06d6f6697ff/d2aa90cb-859f-41c1-a893-1020a4378bc7) {{(pid=109299) _store_ip_allocation /opt/stack/neutron/neutron/db/db_base_plugin_common.py:131}}
Feb 20 20:44:01.024154 dv-cinder-830089-1-smb neutron-server[109300]: DEBUG neutron.pecan_wsgi.hooks.policy_enforcement [req-c963aa79-04ce-4164-8ab0-9ffda90b1a30 req-d9cccb36-fab6-4d50-a866-217b082ca40f service neutron] Attributes excluded by policy engine: ['standard_attr_id'] {{(pid=109300) _exclude_attributes_by_policy /opt/stack/neutron/neutron/pecan_wsgi/hooks/policy_enforcement.py:255}}
Feb 20 20:44:01.024853 dv-cinder-830089-1-smb neutron-server[109300]: DEBUG neutron_lib.callbacks.manager [req-c963aa79-04ce-4164-8ab0-9ffda90b1a30 req-d9cccb36-fab6-4d50-a866-217b082ca40f service neutron] Publish callbacks ['neutron.notifiers.nova.Notifier._send_nova_notification-16750718', 'neutron.api.rpc.agentnotifiers.dhcp_rpc_agent_api.DhcpAgentNotifyAPI._send_dhcp_notification-16277799'] for port (None), before_response {{(pid=109300) _notify_loop /usr/local/lib/python3.8/dist-packages/neutron_lib/callbacks/manager.py:176}}
Feb 20 20:44:01.027405 dv-cinder-830089-1-smb neutron-server[109300]: INFO neutron.wsgi [req-c963aa79-04ce-4164-8ab0-9ffda90b1a30 req-d9cccb36-fab6-4d50-a866-217b082ca40f service neutron] 10.222.0.99 "PUT /v2.0/ports/34907d19-bb51-4967-9cc2-0bc38982b663 HTTP/1.1" status: 200 len: 1094 time: 1.9336939
Feb 20 20:44:01.028080 dv-cinder-830089-1-smb neutron-server[109300]: DEBUG neutron.notifiers.nova [-] Sending events: [{'name': 'network-changed', 'server_uuid': 'fee5cc0f-6341-4f46-beff-da5f24a4e82c', 'tag': '34907d19-bb51-4967-9cc2-0bc38982b663'}] {{(pid=109300) send_events /opt/stack/neutron/neutron/notifiers/nova.py:271}}
Feb 20 20:44:01.030570 dv-cinder-830089-1-smb neutron-server[109300]: DEBUG novaclient.v2.client [-] REQ: curl -g -i --cacert "/opt/stack/data/ca-bundle.pem" -X POST http://10.222.0.87/compute/v2.1/os-server-external-events -H "Accept: application/json" -H "Content-Type: application/json" -H "User-Agent: python-novaclient" -H "X-Auth-Token: {SHA256}1bfd91e1b3c147dd41abb0ed28d09a70391b4f1789878df38504e74a4832a623" -H "X-OpenStack-Nova-API-Version: 2.1" -H "X-OpenStack-Request-ID: req-19b46484-fb2c-414e-8186-a93387dad95b" -d '{"events": [{"name": "network-changed", "server_uuid": "fee5cc0f-6341-4f46-beff-da5f24a4e82c", "tag": "34907d19-bb51-4967-9cc2-0bc38982b663"}]}' {{(pid=109300) _http_log_request /usr/local/lib/python3.8/dist-packages/keystoneauth1/session.py:519}}
Feb 20 20:44:01.046711 dv-cinder-830089-1-smb neutron-server[109300]: DEBUG neutron.plugins.ml2.managers [req-7fc3f46d-c82d-4577-8319-96bcda546215 req-a5b8539a-9565-48fd-b816-10a664cae004 service neutron] Attempting to bind port 1b2a576a-d33d-40cc-94dc-9ff67f57934c on host hv-cinder-83008 for vnic_type normal with profile {{(pid=109300) bind_port /opt/stack/neutron/neutron/plugins/ml2/managers.py:795}}
Feb 20 20:44:01.048714 dv-cinder-830089-1-smb neutron-server[109300]: DEBUG neutron.plugins.ml2.managers [req-7fc3f46d-c82d-4577-8319-96bcda546215 req-a5b8539a-9565-48fd-b816-10a664cae004 service neutron] Attempting to bind port 1b2a576a-d33d-40cc-94dc-9ff67f57934c by drivers openvswitch,hyperv on host hv-cinder-83008 at level 0 using segments [{'id': '762d6e25-1488-4027-b193-8d1b6f9fef82', 'network_type': 'vlan', 'physical_network': 'physnet1', 'segmentation_id': 620, 'network_id': 'f3f02397-b9b9-46aa-9270-7eac4d9a37cb'}] {{(pid=109300) _bind_port_level /opt/stack/neutron/neutron/plugins/ml2/managers.py:820}}
Feb 20 20:44:01.049257 dv-cinder-830089-1-smb neutron-server[109300]: DEBUG neutron.plugins.ml2.drivers.mech_agent [req-7fc3f46d-c82d-4577-8319-96bcda546215 req-a5b8539a-9565-48fd-b816-10a664cae004 service neutron] Attempting to bind port 1b2a576a-d33d-40cc-94dc-9ff67f57934c on network f3f02397-b9b9-46aa-9270-7eac4d9a37cb {{(pid=109300) bind_port /opt/stack/neutron/neutron/plugins/ml2/drivers/mech_agent.py:91}}
Feb 20 20:44:01.076909 dv-cinder-830089-1-smb neutron-server[109300]: DEBUG neutron.plugins.ml2.drivers.mech_agent [req-7fc3f46d-c82d-4577-8319-96bcda546215 req-a5b8539a-9565-48fd-b816-10a664cae004 service neutron] Port 1b2a576a-d33d-40cc-94dc-9ff67f57934c on network f3f02397-b9b9-46aa-9270-7eac4d9a37cb not bound, no agent of type Open vSwitch agent registered on host hv-cinder-83008 {{(pid=109300) bind_port /opt/stack/neutron/neutron/plugins/ml2/drivers/mech_agent.py:103}}
Feb 20 20:44:01.077550 dv-cinder-830089-1-smb neutron-server[109300]: DEBUG neutron.plugins.ml2.drivers.mech_agent [req-7fc3f46d-c82d-4577-8319-96bcda546215 req-a5b8539a-9565-48fd-b816-10a664cae004 service neutron] Attempting to bind port 1b2a576a-d33d-40cc-94dc-9ff67f57934c on network f3f02397-b9b9-46aa-9270-7eac4d9a37cb {{(pid=109300) bind_port /opt/stack/neutron/neutron/plugins/ml2/drivers/mech_agent.py:91}}
Feb 20 20:44:01.109673 dv-cinder-830089-1-smb neutron-server[109300]: DEBUG novaclient.v2.client [-] RESP: [200] Connection: close Content-Length: 179 Content-Type: application/json Date: Sun, 20 Feb 2022 20:44:01 GMT OpenStack-API-Version: compute 2.1 Server: Apache/2.4.41 (Ubuntu) Vary: OpenStack-API-Version,X-OpenStack-Nova-API-Version X-OpenStack-Nova-API-Version: 2.1 x-compute-request-id: req-78758c3a-b9e6-47f0-baa3-fb16a976ab79 x-openstack-request-id: req-78758c3a-b9e6-47f0-baa3-fb16a976ab79 {{(pid=109300) _http_log_response /usr/local/lib/python3.8/dist-packages/keystoneauth1/session.py:550}}
Feb 20 20:44:01.109673 dv-cinder-830089-1-smb neutron-server[109300]: DEBUG novaclient.v2.client [-] RESP BODY: {"events": [{"name": "network-changed", "server_uuid": "fee5cc0f-6341-4f46-beff-da5f24a4e82c", "tag": "34907d19-bb51-4967-9cc2-0bc38982b663", "status": "completed", "code": 200}]} {{(pid=109300) _http_log_response /usr/local/lib/python3.8/dist-packages/keystoneauth1/session.py:582}}
Feb 20 20:44:01.109673 dv-cinder-830089-1-smb neutron-server[109300]: DEBUG novaclient.v2.client [-] POST call to compute for http://10.222.0.87/compute/v2.1/os-server-external-events used request id req-78758c3a-b9e6-47f0-baa3-fb16a976ab79 {{(pid=109300) request /usr/local/lib/python3.8/dist-packages/keystoneauth1/session.py:954}}
Feb 20 20:44:01.109673 dv-cinder-830089-1-smb neutron-server[109300]: INFO neutron.notifiers.nova [-] Nova event response: {'name': 'network-changed', 'server_uuid': 'fee5cc0f-6341-4f46-beff-da5f24a4e82c', 'tag': '34907d19-bb51-4967-9cc2-0bc38982b663', 'status': 'completed', 'code': 200}
Feb 20 20:44:01.110001 dv-cinder-830089-1-smb neutron-server[109300]: DEBUG neutron.plugins.ml2.drivers.mech_agent [req-7fc3f46d-c82d-4577-8319-96bcda546215 req-a5b8539a-9565-48fd-b816-10a664cae004 service neutron] Checking agent: {'id': 'a60e33ae-7642-4c25-b6cd-40f0e80ff2ac', 'agent_type': 'HyperV agent', 'binary': 'neutron-hyperv-agent', 'topic': 'N/A', 'host': 'hv-cinder-83008', 'admin_state_up': True, 'created_at': datetime.datetime(2022, 2, 20, 20, 41, 25), 'started_at': datetime.datetime(2022, 2, 20, 20, 41, 25), 'heartbeat_timestamp': datetime.datetime(2022, 2, 20, 20, 43, 55), 'description': None, 'resources_synced': None, 'availability_zone': None, 'alive': True, 'configurations': {'vswitch_mappings': {'physnet1$': 'br-data'}}, 'resource_versions': {}} {{(pid=109300) bind_port /opt/stack/neutron/neutron/plugins/ml2/drivers/mech_agent.py:110}}
Feb 20 20:44:01.110437 dv-cinder-830089-1-smb neutron-server[109300]: DEBUG neutron.plugins.ml2.drivers.mech_agent [req-7fc3f46d-c82d-4577-8319-96bcda546215 req-a5b8539a-9565-48fd-b816-10a664cae004 service neutron] Checking segment: {'id': '762d6e25-1488-4027-b193-8d1b6f9fef82', 'network_type': 'vlan', 'physical_network': 'physnet1', 'segmentation_id': 620, 'network_id': 'f3f02397-b9b9-46aa-9270-7eac4d9a37cb'} for mappings: {'physnet1$': 'br-data'} with network types: ['local', 'flat', 'vlan'] {{(pid=109300) check_segment_for_agent /opt/stack/neutron/neutron/plugins/ml2/drivers/mech_agent.py:373}}
Feb 20 20:44:01.110622 dv-cinder-830089-1-smb neutron-server[109300]: DEBUG neutron.plugins.ml2.drivers.mech_agent [req-7fc3f46d-c82d-4577-8319-96bcda546215 req-a5b8539a-9565-48fd-b816-10a664cae004 service neutron] Bound using segment: {'id': '762d6e25-1488-4027-b193-8d1b6f9fef82', 'network_type': 'vlan', 'physical_network': 'physnet1', 'segmentation_id': 620, 'network_id': 'f3f02397-b9b9-46aa-9270-7eac4d9a37cb'} {{(pid=109300) bind_port /opt/stack/neutron/neutron/plugins/ml2/drivers/mech_agent.py:120}}
Feb 20 20:44:01.111065 dv-cinder-830089-1-smb neutron-server[109300]: DEBUG neutron.plugins.ml2.managers [req-7fc3f46d-c82d-4577-8319-96bcda546215 req-a5b8539a-9565-48fd-b816-10a664cae004 service neutron] Bound port: 1b2a576a-d33d-40cc-94dc-9ff67f57934c, host: hv-cinder-83008, vif_type: hyperv, vif_details: {"connectivity": "legacy", "port_filter": false}, binding_levels: [{'bound_driver': 'hyperv', 'bound_segment': {'id': '762d6e25-1488-4027-b193-8d1b6f9fef82', 'network_type': 'vlan', 'physical_network': 'physnet1', 'segmentation_id': 620, 'network_id': 'f3f02397-b9b9-46aa-9270-7eac4d9a37cb'}}] {{(pid=109300) _bind_port_level /opt/stack/neutron/neutron/plugins/ml2/managers.py:932}}
Feb 20 20:44:01.111608 dv-cinder-830089-1-smb neutron-server[109300]: DEBUG neutron_lib.callbacks.manager [req-7fc3f46d-c82d-4577-8319-96bcda546215 req-a5b8539a-9565-48fd-b816-10a664cae004 service neutron] Publish callbacks ['neutron.plugins.ml2.plugin.SecurityGroupDbMixin._ensure_default_security_group_handler-727299'] for port (1b2a576a-d33d-40cc-94dc-9ff67f57934c), before_update {{(pid=109300) _notify_loop /usr/local/lib/python3.8/dist-packages/neutron_lib/callbacks/manager.py:176}}
Feb 20 20:44:01.114742 dv-cinder-830089-1-smb neutron-server[109299]: DEBUG neutron.wsgi [-] (109299) accepted ('10.222.0.87', 53108) {{(pid=109299) server /usr/local/lib/python3.8/dist-packages/eventlet/wsgi.py:1004}}
Feb 20 20:44:01.136521 dv-cinder-830089-1-smb neutron-server[109300]: DEBUG neutron.api.rpc.handlers.resources_rpc [None req-d9cccb36-fab6-4d50-a866-217b082ca40f service neutron] Pushing event updated for resources: {'Port': ['ID=34907d19-bb51-4967-9cc2-0bc38982b663,revision_number=3']} {{(pid=109300) push /opt/stack/neutron/neutron/api/rpc/handlers/resources_rpc.py:237}}
Feb 20 20:44:01.208054 dv-cinder-830089-1-smb neutron-server[109299]: DEBUG neutron_lib.callbacks.manager [None req-529e194e-a2e8-47b1-a18b-113a6f4c1979 admin admin] Publish callbacks [] for security_group (None), before_create {{(pid=109299) _notify_loop /usr/local/lib/python3.8/dist-packages/neutron_lib/callbacks/manager.py:176}}
Feb 20 20:44:01.231595 dv-cinder-830089-1-smb neutron-server[109300]: DEBUG neutron.pecan_wsgi.hooks.policy_enforcement [req-c963aa79-04ce-4164-8ab0-9ffda90b1a30 req-cb20c520-5c73-43c5-87f4-fc3cbbfe54f1 service neutron] Attributes excluded by policy engine: ['standard_attr_id'] {{(pid=109300) _exclude_attributes_by_policy /opt/stack/neutron/neutron/pecan_wsgi/hooks/policy_enforcement.py:255}}
Feb 20 20:44:01.233349 dv-cinder-830089-1-smb neutron-server[109300]: INFO neutron.wsgi [req-c963aa79-04ce-4164-8ab0-9ffda90b1a30 req-cb20c520-5c73-43c5-87f4-fc3cbbfe54f1 service neutron] 10.222.0.99 "GET /v2.0/ports?tenant_id=3457e53b4c0947ceba25f054415a7be0&device_id=fee5cc0f-6341-4f46-beff-da5f24a4e82c HTTP/1.1" status: 200 len: 1128 time: 0.1175179
Feb 20 20:44:01.322155 dv-cinder-830089-1-smb neutron-server[109300]: INFO neutron.wsgi [req-c963aa79-04ce-4164-8ab0-9ffda90b1a30 req-a23890f3-9be7-47ef-ad10-d46e9ad1dcfc service neutron] 10.222.0.99 "GET /v2.0/floatingips?fixed_ip_address=172.20.0.14&port_id=34907d19-bb51-4967-9cc2-0bc38982b663 HTTP/1.1" status: 200 len: 217 time: 0.0697987
Feb 20 20:44:01.392205 dv-cinder-830089-1-smb neutron-server[109300]: DEBUG neutron.plugins.ml2.db [req-7fc3f46d-c82d-4577-8319-96bcda546215 req-a5b8539a-9565-48fd-b816-10a664cae004 service neutron] For port 1b2a576a-d33d-40cc-94dc-9ff67f57934c, host hv-cinder-83008, cleared binding levels {{(pid=109300) clear_binding_levels /opt/stack/neutron/neutron/plugins/ml2/db.py:87}}
Feb 20 20:44:01.412786 dv-cinder-830089-1-smb neutron-server[109300]: DEBUG neutron.plugins.ml2.db [req-7fc3f46d-c82d-4577-8319-96bcda546215 req-a5b8539a-9565-48fd-b816-10a664cae004 service neutron] For port 1b2a576a-d33d-40cc-94dc-9ff67f57934c, host hv-cinder-83008, set binding levels [PortBindingLevel(driver='hyperv',host='hv-cinder-83008',level=0,port_id=1b2a576a-d33d-40cc-94dc-9ff67f57934c,segment=NetworkSegment(762d6e25-1488-4027-b193-8d1b6f9fef82),segment_id=762d6e25-1488-4027-b193-8d1b6f9fef82)] {{(pid=109300) set_binding_levels /opt/stack/neutron/neutron/plugins/ml2/db.py:59}}
Feb 20 20:44:01.424402 dv-cinder-830089-1-smb neutron-server[109300]: DEBUG neutron_lib.callbacks.manager [req-7fc3f46d-c82d-4577-8319-96bcda546215 req-a5b8539a-9565-48fd-b816-10a664cae004 service neutron] Publish callbacks ['neutron.plugins.ml2.plugin.SecurityGroupServerNotifierRpcMixin._notify_sg_on_port_change-726734', 'neutron.plugins.ml2.ovo_rpc._ObjectChangeHandler.handle_event-16706590', 'neutron.api.rpc.agentnotifiers.dhcp_rpc_agent_api.DhcpAgentNotifyAPI._native_event_send_dhcp_notification-16277769', 'neutron.db.l3_db.L3RpcNotifierMixin._notify_gateway_port_ip_changed-8758705001355', 'neutron.db.l3_dvrscheduler_db._notify_l3_agent_port_update-8758704560990', 'neutron.db.l3_hascheduler_db._notify_l3_agent_ha_port_update-8758704561008'] for port (1b2a576a-d33d-40cc-94dc-9ff67f57934c), after_update {{(pid=109300) _notify_loop /usr/local/lib/python3.8/dist-packages/neutron_lib/callbacks/manager.py:176}}
Feb 20 20:44:01.481675 dv-cinder-830089-1-smb neutron-server[109300]: DEBUG neutron.pecan_wsgi.hooks.policy_enforcement [req-c963aa79-04ce-4164-8ab0-9ffda90b1a30 req-148202fe-705f-489f-a89b-914f295c835b service neutron] Attributes excluded by policy engine: ['standard_attr_id', 'shared'] {{(pid=109300) _exclude_attributes_by_policy /opt/stack/neutron/neutron/pecan_wsgi/hooks/policy_enforcement.py:255}}
Feb 20 20:44:01.483393 dv-cinder-830089-1-smb neutron-server[109300]: INFO neutron.wsgi [req-c963aa79-04ce-4164-8ab0-9ffda90b1a30 req-148202fe-705f-489f-a89b-914f295c835b service neutron] 10.222.0.99 "GET /v2.0/subnets?id=e15912c6-0b1f-410e-94d1-cc0a5795601d HTTP/1.1" status: 200 len: 850 time: 0.1539309
Feb 20 20:44:01.492973 dv-cinder-830089-1-smb neutron-server[109300]: DEBUG neutron.pecan_wsgi.hooks.policy_enforcement [req-7fc3f46d-c82d-4577-8319-96bcda546215 req-a5b8539a-9565-48fd-b816-10a664cae004 service neutron] Attributes excluded by policy engine: ['standard_attr_id'] {{(pid=109300) _exclude_attributes_by_policy /opt/stack/neutron/neutron/pecan_wsgi/hooks/policy_enforcement.py:255}}
Feb 20 20:44:01.493600 dv-cinder-830089-1-smb neutron-server[109300]: DEBUG neutron_lib.callbacks.manager [req-7fc3f46d-c82d-4577-8319-96bcda546215 req-a5b8539a-9565-48fd-b816-10a664cae004 service neutron] Publish callbacks ['neutron.notifiers.nova.Notifier._send_nova_notification-16750718', 'neutron.api.rpc.agentnotifiers.dhcp_rpc_agent_api.DhcpAgentNotifyAPI._send_dhcp_notification-16277799'] for port (None), before_response {{(pid=109300) _notify_loop /usr/local/lib/python3.8/dist-packages/neutron_lib/callbacks/manager.py:176}}
Feb 20 20:44:01.495541 dv-cinder-830089-1-smb neutron-server[109300]: INFO neutron.wsgi [req-7fc3f46d-c82d-4577-8319-96bcda546215 req-a5b8539a-9565-48fd-b816-10a664cae004 service neutron] 10.222.0.99 "PUT /v2.0/ports/1b2a576a-d33d-40cc-94dc-9ff67f57934c HTTP/1.1" status: 200 len: 1093 time: 1.5973425
Feb 20 20:44:01.541056 dv-cinder-830089-1-smb neutron-server[109299]: DEBUG neutron.db.db_base_plugin_common [req-d5733174-e611-4029-b4ed-c3654428f54c req-b6a3c2f1-9943-4b19-a1da-e885e3f369cc tempest-AttachVolumeShelveTestJSON-113068075 tempest-AttachVolumeShelveTestJSON-113068075-project] Allocated IP 172.20.0.10 (e74adcec-60da-4466-bfc9-ac8377d5130d/59a196fb-9758-4f22-b373-90fccd129cd0/2b3930dd-3e6f-4c72-b02b-2a53d464da97) {{(pid=109299) _store_ip_allocation /opt/stack/neutron/neutron/db/db_base_plugin_common.py:131}}
Feb 20 20:44:01.580133 dv-cinder-830089-1-smb neutron-server[109300]: DEBUG neutron.api.rpc.handlers.resources_rpc [None req-a5b8539a-9565-48fd-b816-10a664cae004 service neutron] Pushing event updated for resources: {'Port': ['ID=1b2a576a-d33d-40cc-94dc-9ff67f57934c,revision_number=3']} {{(pid=109300) push /opt/stack/neutron/neutron/api/rpc/handlers/resources_rpc.py:237}}
Feb 20 20:44:01.622729 dv-cinder-830089-1-smb neutron-server[109299]: DEBUG neutron.pecan_wsgi.hooks.policy_enforcement [req-0a0dcffb-3f00-42ae-9198-0c5768a8144c req-6dbc0a0c-bf3d-4cff-bc36-ad74acda7b13 tempest-DeleteServersTestJSON-395810330 tempest-DeleteServersTestJSON-395810330-project] Attributes excluded by policy engine: ['standard_attr_id', 'binding:profile', 'binding:host_id', 'binding:vif_type', 'binding:vif_details'] {{(pid=109299) _exclude_attributes_by_policy /opt/stack/neutron/neutron/pecan_wsgi/hooks/policy_enforcement.py:255}}
Feb 20 20:44:01.624393 dv-cinder-830089-1-smb neutron-server[109299]: INFO neutron.wsgi [req-0a0dcffb-3f00-42ae-9198-0c5768a8144c req-6dbc0a0c-bf3d-4cff-bc36-ad74acda7b13 tempest-DeleteServersTestJSON-395810330 tempest-DeleteServersTestJSON-395810330-project] 10.222.0.87 "GET /v2.0/ports?device_id=2ba599ef-9b18-4531-aa59-7bc7482294a5 HTTP/1.1" status: 200 len: 943 time: 0.3278537
Feb 20 20:44:01.660376 dv-cinder-830089-1-smb neutron-server[109300]: DEBUG neutron.pecan_wsgi.hooks.policy_enforcement [req-c963aa79-04ce-4164-8ab0-9ffda90b1a30 req-e5b421d5-784d-4937-88c6-18b9cd090b9c service neutron] Attributes excluded by policy engine: ['standard_attr_id'] {{(pid=109300) _exclude_attributes_by_policy /opt/stack/neutron/neutron/pecan_wsgi/hooks/policy_enforcement.py:255}}
Feb 20 20:44:01.662449 dv-cinder-830089-1-smb neutron-server[109300]: INFO neutron.wsgi [req-c963aa79-04ce-4164-8ab0-9ffda90b1a30 req-e5b421d5-784d-4937-88c6-18b9cd090b9c service neutron] 10.222.0.99 "GET /v2.0/ports?network_id=2e8237f5-00b6-41ea-888e-e302eaed9064&device_owner=network%3Adhcp HTTP/1.1" status: 200 len: 1210 time: 0.1714549
Feb 20 20:44:01.709301 dv-cinder-830089-1-smb neutron-server[109299]: DEBUG neutron.pecan_wsgi.hooks.policy_enforcement [req-da7e9af7-d60e-4c4f-97bb-49e999ca34c8 req-bb0129e2-4e1b-4a9b-97f0-0a1de4b1c080 tempest-AttachVolumeTestJSON-1467125377 tempest-AttachVolumeTestJSON-1467125377-project] Attributes excluded by policy engine: ['standard_attr_id', 'binding:profile', 'binding:host_id', 'binding:vif_type', 'binding:vif_details'] {{(pid=109299) _exclude_attributes_by_policy /opt/stack/neutron/neutron/pecan_wsgi/hooks/policy_enforcement.py:255}}
Feb 20 20:44:01.716921 dv-cinder-830089-1-smb neutron-server[109299]: INFO neutron.wsgi [req-da7e9af7-d60e-4c4f-97bb-49e999ca34c8 req-bb0129e2-4e1b-4a9b-97f0-0a1de4b1c080 tempest-AttachVolumeTestJSON-1467125377 tempest-AttachVolumeTestJSON-1467125377-project] 10.222.0.87 "GET /v2.0/ports?device_id=fee5cc0f-6341-4f46-beff-da5f24a4e82c HTTP/1.1" status: 200 len: 944 time: 0.2610917
Feb 20 20:44:01.721901 dv-cinder-830089-1-smb neutron-server[109299]: DEBUG neutron_lib.callbacks.manager [req-2ded356f-6fbe-4829-8621-7a131b51693d req-4e8e7d61-2cbf-4f0f-a029-7347bf83e9fe tempest-ServerRescueNegativeTestJSON-887203116 tempest-ServerRescueNegativeTestJSON-887203116-project] Publish callbacks [] for port (d2aa90cb-859f-41c1-a893-1020a4378bc7), precommit_create {{(pid=109299) _notify_loop /usr/local/lib/python3.8/dist-packages/neutron_lib/callbacks/manager.py:176}}
Feb 20 20:44:01.726996 dv-cinder-830089-1-smb neutron-server[109300]: DEBUG neutron.pecan_wsgi.hooks.policy_enforcement [req-7fc3f46d-c82d-4577-8319-96bcda546215 req-4b5b8004-faaf-4ed5-bbda-ad220b6db62f service neutron] Attributes excluded by policy engine: ['standard_attr_id'] {{(pid=109300) _exclude_attributes_by_policy /opt/stack/neutron/neutron/pecan_wsgi/hooks/policy_enforcement.py:255}}
Feb 20 20:44:01.730696 dv-cinder-830089-1-smb neutron-server[109300]: INFO neutron.wsgi [req-7fc3f46d-c82d-4577-8319-96bcda546215 req-4b5b8004-faaf-4ed5-bbda-ad220b6db62f service neutron] 10.222.0.99 "GET /v2.0/ports?tenant_id=bd57c30474ab4c5ba11a1849c9b73a62&device_id=51680647-ca04-4f0f-9287-992fb0f6a71e HTTP/1.1" status: 200 len: 1127 time: 0.1766734
Feb 20 20:44:01.792709 dv-cinder-830089-1-smb neutron-server[109300]: INFO neutron.wsgi [req-7fc3f46d-c82d-4577-8319-96bcda546215 req-228cbd2d-c67f-4ba0-9ceb-52f40cc5804a service neutron] 10.222.0.99 "GET /v2.0/floatingips?fixed_ip_address=172.20.0.8&port_id=1b2a576a-d33d-40cc-94dc-9ff67f57934c HTTP/1.1" status: 200 len: 217 time: 0.0525973
Feb 20 20:44:01.864063 dv-cinder-830089-1-smb neutron-server[109299]: DEBUG neutron_lib.callbacks.manager [None req-529e194e-a2e8-47b1-a18b-113a6f4c1979 admin admin] Publish callbacks [] for security_group (378e1139-ff30-40b9-8077-32318738b147), precommit_create {{(pid=109299) _notify_loop /usr/local/lib/python3.8/dist-packages/neutron_lib/callbacks/manager.py:176}}
Feb 20 20:44:01.865981 dv-cinder-830089-1-smb neutron-server[109300]: DEBUG neutron.pecan_wsgi.hooks.policy_enforcement [req-7fc3f46d-c82d-4577-8319-96bcda546215 req-acdb4ba4-cc18-45ae-b946-8d57a31d5cbb service neutron] Attributes excluded by policy engine: ['standard_attr_id', 'shared'] {{(pid=109300) _exclude_attributes_by_policy /opt/stack/neutron/neutron/pecan_wsgi/hooks/policy_enforcement.py:255}}
Feb 20 20:44:01.867583 dv-cinder-830089-1-smb neutron-server[109300]: INFO neutron.wsgi [req-7fc3f46d-c82d-4577-8319-96bcda546215 req-acdb4ba4-cc18-45ae-b946-8d57a31d5cbb service neutron] 10.222.0.99 "GET /v2.0/subnets?id=89392907-126d-4adc-93cf-e06d6f6697ff HTTP/1.1" status: 200 len: 858 time: 0.0701540
Feb 20 20:44:01.869536 dv-cinder-830089-1-smb neutron-server[109300]: INFO neutron.wsgi [req-c963aa79-04ce-4164-8ab0-9ffda90b1a30 req-78732893-7273-42b8-a307-c0e03f7db1ef service neutron] 10.222.0.99 "GET /v2.0/networks/2e8237f5-00b6-41ea-888e-e302eaed9064?fields=segments HTTP/1.1" status: 200 len: 212 time: 0.1983099
Feb 20 20:44:01.890332 dv-cinder-830089-1-smb neutron-server[109299]: DEBUG neutron_lib.callbacks.manager [None req-529e194e-a2e8-47b1-a18b-113a6f4c1979 admin admin] Publish callbacks ['neutron.plugins.ml2.ovo_rpc._ObjectChangeHandler.handle_event-16273284'] for security_group (378e1139-ff30-40b9-8077-32318738b147), after_create {{(pid=109299) _notify_loop /usr/local/lib/python3.8/dist-packages/neutron_lib/callbacks/manager.py:176}}
Feb 20 20:44:01.905083 dv-cinder-830089-1-smb neutron-server[109299]: INFO neutron.wsgi [req-0a0dcffb-3f00-42ae-9198-0c5768a8144c req-e673a2a4-b6c2-4b85-ad3e-361e14e6dda3 tempest-DeleteServersTestJSON-395810330 tempest-DeleteServersTestJSON-395810330-project] 10.222.0.87 "GET /v2.0/security-groups?id=f7963138-0518-470b-91a3-219b06d4b489&fields=id&fields=name HTTP/1.1" status: 200 len: 286 time: 0.2577138
Feb 20 20:44:01.931439 dv-cinder-830089-1-smb neutron-server[109300]: INFO neutron.wsgi [req-7fc3f46d-c82d-4577-8319-96bcda546215 req-eba589e7-7112-45c3-bc78-a1c7e13b36f3 service neutron] 10.222.0.99 "GET /v2.0/ports?network_id=f3f02397-b9b9-46aa-9270-7eac4d9a37cb&device_owner=network%3Adhcp HTTP/1.1" status: 200 len: 210 time: 0.0521586
Feb 20 20:44:01.974551 dv-cinder-830089-1-smb neutron-server[109299]: INFO neutron.wsgi [req-da7e9af7-d60e-4c4f-97bb-49e999ca34c8 req-d4d38116-9585-4d9e-9af1-97c72081c53a tempest-AttachVolumeTestJSON-1467125377 tempest-AttachVolumeTestJSON-1467125377-project] 10.222.0.87 "GET /v2.0/security-groups?id=569e989f-709e-4688-896a-951fee622369&fields=id&fields=name HTTP/1.1" status: 200 len: 312 time: 0.2566395
Feb 20 20:44:02.005843 dv-cinder-830089-1-smb neutron-server[109299]: DEBUG neutron_lib.callbacks.manager [req-2ded356f-6fbe-4829-8621-7a131b51693d req-4e8e7d61-2cbf-4f0f-a029-7347bf83e9fe tempest-ServerRescueNegativeTestJSON-887203116 tempest-ServerRescueNegativeTestJSON-887203116-project] Publish callbacks ['neutron.plugins.ml2.plugin.SecurityGroupServerNotifierRpcMixin._notify_sg_on_port_change-726734', 'neutron.plugins.ml2.ovo_rpc._ObjectChangeHandler.handle_event-16706590', 'neutron.api.rpc.agentnotifiers.dhcp_rpc_agent_api.DhcpAgentNotifyAPI._native_event_send_dhcp_notification-16277769', 'neutron.db.l3_dvrscheduler_db._notify_l3_agent_new_port-8758704560972'] for port (d2aa90cb-859f-41c1-a893-1020a4378bc7), after_create {{(pid=109299) _notify_loop /usr/local/lib/python3.8/dist-packages/neutron_lib/callbacks/manager.py:176}}
Feb 20 20:44:02.011678 dv-cinder-830089-1-smb neutron-server[109299]: DEBUG neutron.api.rpc.handlers.resources_rpc [None req-529e194e-a2e8-47b1-a18b-113a6f4c1979 admin admin] Pushing event updated for resources: {'SecurityGroup': ['ID=378e1139-ff30-40b9-8077-32318738b147,revision_number=1']} {{(pid=109299) push /opt/stack/neutron/neutron/api/rpc/handlers/resources_rpc.py:237}}
Feb 20 20:44:02.058843 dv-cinder-830089-1-smb neutron-server[109299]: INFO neutron.wsgi [None req-529e194e-a2e8-47b1-a18b-113a6f4c1979 admin admin] 10.222.0.87 "GET /v2.0/security-groups?tenant_id=da602d308f334c08ae41f0bc74e7e2d8&name=default HTTP/1.1" status: 200 len: 2996 time: 0.9408524
Feb 20 20:44:02.064285 dv-cinder-830089-1-smb neutron-server[109300]: DEBUG neutron.wsgi [-] (109300) accepted ('10.222.0.87', 53162) {{(pid=109300) server /usr/local/lib/python3.8/dist-packages/eventlet/wsgi.py:1004}}
Feb 20 20:44:02.114757 dv-cinder-830089-1-smb neutron-server[109300]: INFO neutron.wsgi [req-c963aa79-04ce-4164-8ab0-9ffda90b1a30 req-70976944-3fa5-4091-96e8-fa1831be60f1 service neutron] 10.222.0.99 "GET /v2.0/networks/2e8237f5-00b6-41ea-888e-e302eaed9064?fields=provider%3Aphysical_network&fields=provider%3Anetwork_type HTTP/1.1" status: 200 len: 281 time: 0.2258985
Feb 20 20:44:02.121746 dv-cinder-830089-1-smb neutron-server[109299]: DEBUG neutron_lib.callbacks.manager [req-d5733174-e611-4029-b4ed-c3654428f54c req-b6a3c2f1-9943-4b19-a1da-e885e3f369cc tempest-AttachVolumeShelveTestJSON-113068075 tempest-AttachVolumeShelveTestJSON-113068075-project] Publish callbacks [] for port (2b3930dd-3e6f-4c72-b02b-2a53d464da97), precommit_create {{(pid=109299) _notify_loop /usr/local/lib/python3.8/dist-packages/neutron_lib/callbacks/manager.py:176}}
Feb 20 20:44:02.139963 dv-cinder-830089-1-smb neutron-server[109300]: INFO neutron.wsgi [req-7fc3f46d-c82d-4577-8319-96bcda546215 req-9c780aa7-9db8-4723-9973-54a0828be80b service neutron] 10.222.0.99 "GET /v2.0/networks/f3f02397-b9b9-46aa-9270-7eac4d9a37cb?fields=segments HTTP/1.1" status: 200 len: 212 time: 0.1778386
Feb 20 20:44:02.165303 dv-cinder-830089-1-smb neutron-server[109299]: DEBUG neutron.scheduler.dhcp_agent_scheduler [req-2ded356f-6fbe-4829-8621-7a131b51693d req-4e8e7d61-2cbf-4f0f-a029-7347bf83e9fe tempest-ServerRescueNegativeTestJSON-887203116 tempest-ServerRescueNegativeTestJSON-887203116-project] Network f3f02397-b9b9-46aa-9270-7eac4d9a37cb is already hosted by enough agents. {{(pid=109299) _get_dhcp_agents_hosting_network /opt/stack/neutron/neutron/scheduler/dhcp_agent_scheduler.py:275}}
Feb 20 20:44:02.174226 dv-cinder-830089-1-smb neutron-server[109300]: DEBUG neutron_lib.callbacks.manager [None req-49308504-c5ca-46b3-b86e-446dcd407a65 admin admin] Publish callbacks [] for security_group (378e1139-ff30-40b9-8077-32318738b147), before_delete {{(pid=109300) _notify_loop /usr/local/lib/python3.8/dist-packages/neutron_lib/callbacks/manager.py:176}}
Feb 20 20:44:02.200301 dv-cinder-830089-1-smb neutron-server[109299]: INFO neutron.wsgi [req-560d6432-f65b-4c9c-85aa-75a8bd214f7b req-c1cd0049-84d0-4597-8f6c-a8cc237349b9 tempest-AttachVolumeShelveTestJSON-113068075 tempest-AttachVolumeShelveTestJSON-113068075-project] 10.222.0.87 "GET /v2.0/ports?device_id=6d9b3262-a953-472d-9349-674bfb581f28 HTTP/1.1" status: 200 len: 210 time: 0.0764139
Feb 20 20:44:02.201182 dv-cinder-830089-1-smb neutron-server[109299]: DEBUG neutron.scheduler.base_scheduler [req-2ded356f-6fbe-4829-8621-7a131b51693d req-4e8e7d61-2cbf-4f0f-a029-7347bf83e9fe tempest-ServerRescueNegativeTestJSON-887203116 tempest-ServerRescueNegativeTestJSON-887203116-project] Resources bound (agent type, host, resource id): {{(pid=109299) schedule /opt/stack/neutron/neutron/scheduler/base_scheduler.py:57}}
Feb 20 20:44:02.215022 dv-cinder-830089-1-smb neutron-server[109299]: DEBUG neutron.db.l3_dvrscheduler_db [req-2ded356f-6fbe-4829-8621-7a131b51693d req-4e8e7d61-2cbf-4f0f-a029-7347bf83e9fe tempest-ServerRescueNegativeTestJSON-887203116 tempest-ServerRescueNegativeTestJSON-887203116-project] Received port after_create {{(pid=109299) _notify_l3_agent_new_port /opt/stack/neutron/neutron/db/l3_dvrscheduler_db.py:536}}
Feb 20 20:44:02.222006 dv-cinder-830089-1-smb neutron-server[109299]: DEBUG neutron.pecan_wsgi.hooks.policy_enforcement [req-2ded356f-6fbe-4829-8621-7a131b51693d req-4e8e7d61-2cbf-4f0f-a029-7347bf83e9fe tempest-ServerRescueNegativeTestJSON-887203116 tempest-ServerRescueNegativeTestJSON-887203116-project] Attributes excluded by policy engine: ['standard_attr_id', 'binding:profile', 'binding:host_id', 'binding:vif_type', 'binding:vif_details', 'network'] {{(pid=109299) _exclude_attributes_by_policy /opt/stack/neutron/neutron/pecan_wsgi/hooks/policy_enforcement.py:255}}
Feb 20 20:44:02.222685 dv-cinder-830089-1-smb neutron-server[109299]: DEBUG neutron_lib.callbacks.manager [req-2ded356f-6fbe-4829-8621-7a131b51693d req-4e8e7d61-2cbf-4f0f-a029-7347bf83e9fe tempest-ServerRescueNegativeTestJSON-887203116 tempest-ServerRescueNegativeTestJSON-887203116-project] Publish callbacks ['neutron.notifiers.nova.Notifier._send_nova_notification-16750718', 'neutron.api.rpc.agentnotifiers.dhcp_rpc_agent_api.DhcpAgentNotifyAPI._send_dhcp_notification-16277799'] for port (None), before_response {{(pid=109299) _notify_loop /usr/local/lib/python3.8/dist-packages/neutron_lib/callbacks/manager.py:176}}
Feb 20 20:44:02.230213 dv-cinder-830089-1-smb neutron-server[109299]: DEBUG neutron.api.rpc.handlers.resources_rpc [None req-4e8e7d61-2cbf-4f0f-a029-7347bf83e9fe tempest-ServerRescueNegativeTestJSON-887203116 tempest-ServerRescueNegativeTestJSON-887203116-project] Pushing event updated for resources: {'Port': ['ID=d2aa90cb-859f-41c1-a893-1020a4378bc7,revision_number=1']} {{(pid=109299) push /opt/stack/neutron/neutron/api/rpc/handlers/resources_rpc.py:237}}
Feb 20 20:44:02.261110 dv-cinder-830089-1-smb neutron-server[109300]: DEBUG neutron_lib.callbacks.manager [None req-49308504-c5ca-46b3-b86e-446dcd407a65 admin admin] Publish callbacks [] for security_group (378e1139-ff30-40b9-8077-32318738b147), precommit_delete {{(pid=109300) _notify_loop /usr/local/lib/python3.8/dist-packages/neutron_lib/callbacks/manager.py:176}}
Feb 20 20:44:02.269504 dv-cinder-830089-1-smb neutron-server[109299]: INFO neutron.wsgi [req-2ded356f-6fbe-4829-8621-7a131b51693d req-4e8e7d61-2cbf-4f0f-a029-7347bf83e9fe tempest-ServerRescueNegativeTestJSON-887203116 tempest-ServerRescueNegativeTestJSON-887203116-project] 10.222.0.99 "POST /v2.0/ports HTTP/1.1" status: 201 len: 934 time: 2.5324028
Feb 20 20:44:02.278446 dv-cinder-830089-1-smb neutron-server[109299]: DEBUG neutron.pecan_wsgi.hooks.policy_enforcement [req-fc24c4db-30d1-4e5e-a47b-405ac4d0ad50 req-52e6b3da-c786-473f-94fd-434ecceec5ee tempest-ServerRescueNegativeTestJSON-887203116 tempest-ServerRescueNegativeTestJSON-887203116-project] Attributes excluded by policy engine: ['standard_attr_id', 'binding:profile', 'binding:host_id', 'binding:vif_type', 'binding:vif_details'] {{(pid=109299) _exclude_attributes_by_policy /opt/stack/neutron/neutron/pecan_wsgi/hooks/policy_enforcement.py:255}}
Feb 20 20:44:02.282198 dv-cinder-830089-1-smb neutron-server[109299]: INFO neutron.wsgi [req-fc24c4db-30d1-4e5e-a47b-405ac4d0ad50 req-52e6b3da-c786-473f-94fd-434ecceec5ee tempest-ServerRescueNegativeTestJSON-887203116 tempest-ServerRescueNegativeTestJSON-887203116-project] 10.222.0.87 "GET /v2.0/ports?device_id=c768300a-eeaf-4bd8-bef9-dffc1f34a39b HTTP/1.1" status: 200 len: 932 time: 0.2645364
Feb 20 20:44:02.288914 dv-cinder-830089-1-smb neutron-server[109299]: DEBUG neutron.api.v2.base [req-2ded356f-6fbe-4829-8621-7a131b51693d req-ff4468ba-9006-4b63-9d16-cf4b580069c0 service neutron] Request body: {'port': {'device_id': 'c768300a-eeaf-4bd8-bef9-dffc1f34a39b', 'device_owner': 'compute:nova', 'binding:host_id': 'hv-cinder-83008'}} {{(pid=109299) prepare_request_body /opt/stack/neutron/neutron/api/v2/base.py:729}}
Feb 20 20:44:02.327729 dv-cinder-830089-1-smb neutron-server[109300]: INFO neutron.wsgi [req-7fc3f46d-c82d-4577-8319-96bcda546215 req-aecb1a33-c6bf-4d73-bfad-990f8369fa15 service neutron] 10.222.0.99 "GET /v2.0/networks/f3f02397-b9b9-46aa-9270-7eac4d9a37cb?fields=provider%3Aphysical_network&fields=provider%3Anetwork_type HTTP/1.1" status: 200 len: 281 time: 0.1819744
Feb 20 20:44:02.328808 dv-cinder-830089-1-smb neutron-server[109299]: DEBUG neutron_lib.callbacks.manager [req-d5733174-e611-4029-b4ed-c3654428f54c req-b6a3c2f1-9943-4b19-a1da-e885e3f369cc tempest-AttachVolumeShelveTestJSON-113068075 tempest-AttachVolumeShelveTestJSON-113068075-project] Publish callbacks ['neutron.plugins.ml2.plugin.SecurityGroupServerNotifierRpcMixin._notify_sg_on_port_change-726734', 'neutron.plugins.ml2.ovo_rpc._ObjectChangeHandler.handle_event-16706590', 'neutron.api.rpc.agentnotifiers.dhcp_rpc_agent_api.DhcpAgentNotifyAPI._native_event_send_dhcp_notification-16277769', 'neutron.db.l3_dvrscheduler_db._notify_l3_agent_new_port-8758704560972'] for port (2b3930dd-3e6f-4c72-b02b-2a53d464da97), after_create {{(pid=109299) _notify_loop /usr/local/lib/python3.8/dist-packages/neutron_lib/callbacks/manager.py:176}}
Feb 20 20:44:02.330549 dv-cinder-830089-1-smb neutron-server[109300]: DEBUG neutron.pecan_wsgi.hooks.policy_enforcement [req-19b46484-fb2c-414e-8186-a93387dad95b req-ff106a58-99b7-47bb-b9d6-b8c4870bd242 service neutron] Attributes excluded by policy engine: ['standard_attr_id'] {{(pid=109300) _exclude_attributes_by_policy /opt/stack/neutron/neutron/pecan_wsgi/hooks/policy_enforcement.py:255}}
Feb 20 20:44:02.332050 dv-cinder-830089-1-smb neutron-server[109300]: INFO neutron.wsgi [req-19b46484-fb2c-414e-8186-a93387dad95b req-ff106a58-99b7-47bb-b9d6-b8c4870bd242 service neutron] 10.222.0.99 "GET /v2.0/ports?tenant_id=3457e53b4c0947ceba25f054415a7be0&device_id=fee5cc0f-6341-4f46-beff-da5f24a4e82c HTTP/1.1" status: 200 len: 1128 time: 0.1312902
Feb 20 20:44:02.392489 dv-cinder-830089-1-smb neutron-server[109300]: DEBUG neutron_lib.callbacks.manager [None req-49308504-c5ca-46b3-b86e-446dcd407a65 admin admin] Publish callbacks ['neutron.plugins.ml2.ovo_rpc._ObjectChangeHandler.handle_event-16273284'] for security_group (378e1139-ff30-40b9-8077-32318738b147), after_delete {{(pid=109300) _notify_loop /usr/local/lib/python3.8/dist-packages/neutron_lib/callbacks/manager.py:176}}
Feb 20 20:44:02.395081 dv-cinder-830089-1-smb neutron-server[109300]: DEBUG neutron_lib.callbacks.manager [None req-49308504-c5ca-46b3-b86e-446dcd407a65 admin admin] Publish callbacks [] for security_group (None), before_response {{(pid=109300) _notify_loop /usr/local/lib/python3.8/dist-packages/neutron_lib/callbacks/manager.py:176}}
Feb 20 20:44:02.396251 dv-cinder-830089-1-smb neutron-server[109300]: INFO neutron.wsgi [None req-49308504-c5ca-46b3-b86e-446dcd407a65 admin admin] 10.222.0.87 "DELETE /v2.0/security-groups/378e1139-ff30-40b9-8077-32318738b147 HTTP/1.1" status: 204 len: 168 time: 0.3278391
Feb 20 20:44:02.408375 dv-cinder-830089-1-smb neutron-server[109300]: DEBUG neutron.api.rpc.handlers.resources_rpc [None req-49308504-c5ca-46b3-b86e-446dcd407a65 admin admin] Pushing event deleted for resources: {'SecurityGroup': ['ID=378e1139-ff30-40b9-8077-32318738b147,revision_number=None']} {{(pid=109300) push /opt/stack/neutron/neutron/api/rpc/handlers/resources_rpc.py:237}}
Feb 20 20:44:02.434885 dv-cinder-830089-1-smb neutron-server[109299]: DEBUG neutron.scheduler.dhcp_agent_scheduler [req-d5733174-e611-4029-b4ed-c3654428f54c req-b6a3c2f1-9943-4b19-a1da-e885e3f369cc tempest-AttachVolumeShelveTestJSON-113068075 tempest-AttachVolumeShelveTestJSON-113068075-project] Network e74adcec-60da-4466-bfc9-ac8377d5130d is already hosted by enough agents. {{(pid=109299) _get_dhcp_agents_hosting_network /opt/stack/neutron/neutron/scheduler/dhcp_agent_scheduler.py:275}}
Feb 20 20:44:02.443851 dv-cinder-830089-1-smb neutron-server[109299]: DEBUG neutron.scheduler.base_scheduler [req-d5733174-e611-4029-b4ed-c3654428f54c req-b6a3c2f1-9943-4b19-a1da-e885e3f369cc tempest-AttachVolumeShelveTestJSON-113068075 tempest-AttachVolumeShelveTestJSON-113068075-project] Resources bound (agent type, host, resource id): {{(pid=109299) schedule /opt/stack/neutron/neutron/scheduler/base_scheduler.py:57}}
Feb 20 20:44:02.444127 dv-cinder-830089-1-smb neutron-server[109300]: DEBUG neutron.pecan_wsgi.hooks.policy_enforcement [req-19b46484-fb2c-414e-8186-a93387dad95b req-d9474768-83d6-433d-a864-e2b5805abaaf service neutron] Attributes excluded by policy engine: ['standard_attr_id', 'vlan_transparent'] {{(pid=109300) _exclude_attributes_by_policy /opt/stack/neutron/neutron/pecan_wsgi/hooks/policy_enforcement.py:255}}
Feb 20 20:44:02.445642 dv-cinder-830089-1-smb neutron-server[109300]: INFO neutron.wsgi [req-19b46484-fb2c-414e-8186-a93387dad95b req-d9474768-83d6-433d-a864-e2b5805abaaf service neutron] 10.222.0.99 "GET /v2.0/networks?id=2e8237f5-00b6-41ea-888e-e302eaed9064 HTTP/1.1" status: 200 len: 912 time: 0.1061258
Feb 20 20:44:02.448480 dv-cinder-830089-1-smb neutron-server[109299]: DEBUG neutron.api.rpc.handlers.resources_rpc [None req-b6a3c2f1-9943-4b19-a1da-e885e3f369cc tempest-AttachVolumeShelveTestJSON-113068075 tempest-AttachVolumeShelveTestJSON-113068075-project] Pushing event updated for resources: {'Port': ['ID=2b3930dd-3e6f-4c72-b02b-2a53d464da97,revision_number=1']} {{(pid=109299) push /opt/stack/neutron/neutron/api/rpc/handlers/resources_rpc.py:237}}
Feb 20 20:44:02.453709 dv-cinder-830089-1-smb neutron-server[109299]: DEBUG neutron.db.l3_dvrscheduler_db [req-d5733174-e611-4029-b4ed-c3654428f54c req-b6a3c2f1-9943-4b19-a1da-e885e3f369cc tempest-AttachVolumeShelveTestJSON-113068075 tempest-AttachVolumeShelveTestJSON-113068075-project] Received port after_create {{(pid=109299) _notify_l3_agent_new_port /opt/stack/neutron/neutron/db/l3_dvrscheduler_db.py:536}}
Feb 20 20:44:02.458952 dv-cinder-830089-1-smb neutron-server[109299]: DEBUG neutron.pecan_wsgi.hooks.policy_enforcement [req-d5733174-e611-4029-b4ed-c3654428f54c req-b6a3c2f1-9943-4b19-a1da-e885e3f369cc tempest-AttachVolumeShelveTestJSON-113068075 tempest-AttachVolumeShelveTestJSON-113068075-project] Attributes excluded by policy engine: ['standard_attr_id', 'binding:profile', 'binding:host_id', 'binding:vif_type', 'binding:vif_details', 'network'] {{(pid=109299) _exclude_attributes_by_policy /opt/stack/neutron/neutron/pecan_wsgi/hooks/policy_enforcement.py:255}}
Feb 20 20:44:02.459631 dv-cinder-830089-1-smb neutron-server[109299]: DEBUG neutron_lib.callbacks.manager [req-d5733174-e611-4029-b4ed-c3654428f54c req-b6a3c2f1-9943-4b19-a1da-e885e3f369cc tempest-AttachVolumeShelveTestJSON-113068075 tempest-AttachVolumeShelveTestJSON-113068075-project] Publish callbacks ['neutron.notifiers.nova.Notifier._send_nova_notification-16750718', 'neutron.api.rpc.agentnotifiers.dhcp_rpc_agent_api.DhcpAgentNotifyAPI._send_dhcp_notification-16277799'] for port (None), before_response {{(pid=109299) _notify_loop /usr/local/lib/python3.8/dist-packages/neutron_lib/callbacks/manager.py:176}}
Feb 20 20:44:02.480824 dv-cinder-830089-1-smb neutron-server[109299]: INFO neutron.wsgi [req-fc24c4db-30d1-4e5e-a47b-405ac4d0ad50 req-ceac6190-9e32-47ec-a09f-037738b922fc tempest-ServerRescueNegativeTestJSON-887203116 tempest-ServerRescueNegativeTestJSON-887203116-project] 10.222.0.87 "GET /v2.0/security-groups?id=d1b5db71-b06e-455c-be36-bf765e1ebad5&fields=id&fields=name HTTP/1.1" status: 200 len: 286 time: 0.1892433
Feb 20 20:44:02.497884 dv-cinder-830089-1-smb neutron-server[109300]: INFO neutron.wsgi [req-19b46484-fb2c-414e-8186-a93387dad95b req-e779c372-fe4f-4d83-99e3-593c55be7b7a service neutron] 10.222.0.99 "GET /v2.0/floatingips?fixed_ip_address=172.20.0.14&port_id=34907d19-bb51-4967-9cc2-0bc38982b663 HTTP/1.1" status: 200 len: 217 time: 0.0421946
Feb 20 20:44:02.507742 dv-cinder-830089-1-smb neutron-server[109299]: DEBUG neutron_lib.callbacks.manager [req-2ded356f-6fbe-4829-8621-7a131b51693d req-ff4468ba-9006-4b63-9d16-cf4b580069c0 service neutron] Publish callbacks ['neutron.plugins.ml2.plugin.SecurityGroupDbMixin._ensure_default_security_group_handler-727299'] for port (d2aa90cb-859f-41c1-a893-1020a4378bc7), before_update {{(pid=109299) _notify_loop /usr/local/lib/python3.8/dist-packages/neutron_lib/callbacks/manager.py:176}}
Feb 20 20:44:02.554174 dv-cinder-830089-1-smb neutron-server[109299]: INFO neutron.wsgi [req-d5733174-e611-4029-b4ed-c3654428f54c req-b6a3c2f1-9943-4b19-a1da-e885e3f369cc tempest-AttachVolumeShelveTestJSON-113068075 tempest-AttachVolumeShelveTestJSON-113068075-project] 10.222.0.99 "POST /v2.0/ports HTTP/1.1" status: 201 len: 934 time: 2.0940387
Feb 20 20:44:02.566034 dv-cinder-830089-1-smb neutron-server[109300]: DEBUG neutron.pecan_wsgi.hooks.policy_enforcement [req-19b46484-fb2c-414e-8186-a93387dad95b req-cd3d8c23-ab70-40e6-961f-7e725f7f6680 service neutron] Attributes excluded by policy engine: ['standard_attr_id', 'shared'] {{(pid=109300) _exclude_attributes_by_policy /opt/stack/neutron/neutron/pecan_wsgi/hooks/policy_enforcement.py:255}}
Feb 20 20:44:02.570836 dv-cinder-830089-1-smb neutron-server[109300]: INFO neutron.wsgi [req-19b46484-fb2c-414e-8186-a93387dad95b req-cd3d8c23-ab70-40e6-961f-7e725f7f6680 service neutron] 10.222.0.99 "GET /v2.0/subnets?id=e15912c6-0b1f-410e-94d1-cc0a5795601d HTTP/1.1" status: 200 len: 850 time: 0.0671134
Feb 20 20:44:02.610246 dv-cinder-830089-1-smb neutron-server[109299]: DEBUG neutron.api.v2.base [req-d5733174-e611-4029-b4ed-c3654428f54c req-094273d1-4f6b-4856-bdab-851ffabda78a service neutron] Request body: {'port': {'device_id': '6d9b3262-a953-472d-9349-674bfb581f28', 'device_owner': 'compute:nova', 'binding:host_id': 'hv-cinder-83008'}} {{(pid=109299) prepare_request_body /opt/stack/neutron/neutron/api/v2/base.py:729}}
Feb 20 20:44:02.650504 dv-cinder-830089-1-smb neutron-server[109300]: DEBUG neutron.pecan_wsgi.hooks.policy_enforcement [req-19b46484-fb2c-414e-8186-a93387dad95b req-2bee1f77-1f89-4883-8bdf-09dcf084bebe service neutron] Attributes excluded by policy engine: ['standard_attr_id'] {{(pid=109300) _exclude_attributes_by_policy /opt/stack/neutron/neutron/pecan_wsgi/hooks/policy_enforcement.py:255}}
Feb 20 20:44:02.653479 dv-cinder-830089-1-smb neutron-server[109300]: INFO neutron.wsgi [req-19b46484-fb2c-414e-8186-a93387dad95b req-2bee1f77-1f89-4883-8bdf-09dcf084bebe service neutron] 10.222.0.99 "GET /v2.0/ports?network_id=2e8237f5-00b6-41ea-888e-e302eaed9064&device_owner=network%3Adhcp HTTP/1.1" status: 200 len: 1210 time: 0.0750606
Feb 20 20:44:02.785043 dv-cinder-830089-1-smb neutron-server[109301]: DEBUG neutron.db.provisioning_blocks [None req-eeb3add0-bee2-4d8f-b131-a73f015c446a None None] Provisioning complete for port 2b3930dd-3e6f-4c72-b02b-2a53d464da97 triggered by entity DHCP. {{(pid=109301) provisioning_complete /opt/stack/neutron/neutron/db/provisioning_blocks.py:139}}
Feb 20 20:44:02.786808 dv-cinder-830089-1-smb neutron-server[109301]: DEBUG neutron_lib.callbacks.manager [None req-eeb3add0-bee2-4d8f-b131-a73f015c446a None None] Publish callbacks ['neutron.plugins.ml2.plugin.Ml2Plugin._port_provisioned-16108826'] for port (2b3930dd-3e6f-4c72-b02b-2a53d464da97), provisioning_complete {{(pid=109301) _notify_loop /usr/local/lib/python3.8/dist-packages/neutron_lib/callbacks/manager.py:176}}
Feb 20 20:44:02.804219 dv-cinder-830089-1-smb neutron-server[109300]: INFO neutron.wsgi [req-19b46484-fb2c-414e-8186-a93387dad95b req-338591fa-a070-4800-9c5a-21c48f43b06d service neutron] 10.222.0.99 "GET /v2.0/networks/2e8237f5-00b6-41ea-888e-e302eaed9064?fields=segments HTTP/1.1" status: 200 len: 212 time: 0.1439965
Feb 20 20:44:02.857026 dv-cinder-830089-1-smb neutron-server[109301]: DEBUG neutron.plugins.ml2.plugin [None req-eeb3add0-bee2-4d8f-b131-a73f015c446a None None] Port 2b3930dd-3e6f-4c72-b02b-2a53d464da97 cannot update to ACTIVE because it is not bound. {{(pid=109301) _port_provisioned /opt/stack/neutron/neutron/plugins/ml2/plugin.py:343}}
Feb 20 20:44:02.880939 dv-cinder-830089-1-smb neutron-server[109299]: DEBUG neutron_lib.callbacks.manager [req-d5733174-e611-4029-b4ed-c3654428f54c req-094273d1-4f6b-4856-bdab-851ffabda78a service neutron] Publish callbacks ['neutron.plugins.ml2.plugin.SecurityGroupDbMixin._ensure_default_security_group_handler-727299'] for port (2b3930dd-3e6f-4c72-b02b-2a53d464da97), before_update {{(pid=109299) _notify_loop /usr/local/lib/python3.8/dist-packages/neutron_lib/callbacks/manager.py:176}}
Feb 20 20:44:03.115020 dv-cinder-830089-1-smb neutron-server[109300]: DEBUG neutron.notifiers.nova [-] Sending events: [{'name': 'network-changed', 'server_uuid': '51680647-ca04-4f0f-9287-992fb0f6a71e', 'tag': '1b2a576a-d33d-40cc-94dc-9ff67f57934c'}] {{(pid=109300) send_events /opt/stack/neutron/neutron/notifiers/nova.py:271}}
