Feb 20 20:44:18.880256 dv-cinder-830089-1-smb neutron-server[109300]: DEBUG neutron_lib.callbacks.manager [None req-60049d1b-296d-4641-9c4d-73a937dd5497 admin admin] Publish callbacks ['neutron.plugins.ml2.ovo_rpc._ObjectChangeHandler.handle_event-16273284'] for security_group (49e313fd-962e-4b5b-a554-30b9ac5f866a), after_delete {{(pid=109300) _notify_loop /usr/local/lib/python3.8/dist-packages/neutron_lib/callbacks/manager.py:176}}
Feb 20 20:44:18.883716 dv-cinder-830089-1-smb neutron-server[109300]: DEBUG neutron_lib.callbacks.manager [None req-60049d1b-296d-4641-9c4d-73a937dd5497 admin admin] Publish callbacks [] for security_group (None), before_response {{(pid=109300) _notify_loop /usr/local/lib/python3.8/dist-packages/neutron_lib/callbacks/manager.py:176}}
Feb 20 20:44:18.887814 dv-cinder-830089-1-smb neutron-server[109300]: INFO neutron.wsgi [None req-60049d1b-296d-4641-9c4d-73a937dd5497 admin admin] 10.222.0.87 "DELETE /v2.0/security-groups/49e313fd-962e-4b5b-a554-30b9ac5f866a HTTP/1.1" status: 204 len: 168 time: 0.1976047
Feb 20 20:44:18.894732 dv-cinder-830089-1-smb neutron-server[109300]: DEBUG neutron.api.rpc.handlers.resources_rpc [None req-60049d1b-296d-4641-9c4d-73a937dd5497 admin admin] Pushing event deleted for resources: {'SecurityGroup': ['ID=49e313fd-962e-4b5b-a554-30b9ac5f866a,revision_number=None']} {{(pid=109300) push /opt/stack/neutron/neutron/api/rpc/handlers/resources_rpc.py:237}}
Feb 20 20:44:18.897490 dv-cinder-830089-1-smb neutron-server[109299]: DEBUG neutron.pecan_wsgi.hooks.policy_enforcement [req-f8b0b506-2f78-4f54-9919-01bd1dfa5e4e req-2628bfe9-fae9-4801-ba03-8d33a5cfffd6 tempest-ServerRescueNegativeTestJSON-887203116 tempest-ServerRescueNegativeTestJSON-887203116-project] Attributes excluded by policy engine: ['standard_attr_id', 'binding:profile', 'binding:host_id', 'binding:vif_type', 'binding:vif_details'] {{(pid=109299) _exclude_attributes_by_policy /opt/stack/neutron/neutron/pecan_wsgi/hooks/policy_enforcement.py:255}}
Feb 20 20:44:18.899574 dv-cinder-830089-1-smb neutron-server[109299]: INFO neutron.wsgi [req-f8b0b506-2f78-4f54-9919-01bd1dfa5e4e req-2628bfe9-fae9-4801-ba03-8d33a5cfffd6 tempest-ServerRescueNegativeTestJSON-887203116 tempest-ServerRescueNegativeTestJSON-887203116-project] 10.222.0.87 "GET /v2.0/ports?device_id=c768300a-eeaf-4bd8-bef9-dffc1f34a39b HTTP/1.1" status: 200 len: 946 time: 0.1092134
Feb 20 20:44:18.940009 dv-cinder-830089-1-smb neutron-server[109299]: INFO neutron.wsgi [req-585c1ea2-65fa-4c6f-b4da-a4288d1b1d44 req-5c1c778e-1082-4b93-b5eb-50f56f2aaafd tempest-DeleteServersTestJSON-395810330 tempest-DeleteServersTestJSON-395810330-project] 10.222.0.87 "GET /v2.0/security-groups?id=f7963138-0518-470b-91a3-219b06d4b489&fields=id&fields=name HTTP/1.1" status: 200 len: 286 time: 0.0990889
Feb 20 20:44:18.971841 dv-cinder-830089-1-smb neutron-server[109299]: INFO neutron.wsgi [req-f8b0b506-2f78-4f54-9919-01bd1dfa5e4e req-c4ad1ab5-99f9-424c-8b3b-e78dbead5f88 tempest-ServerRescueNegativeTestJSON-887203116 tempest-ServerRescueNegativeTestJSON-887203116-project] 10.222.0.87 "GET /v2.0/security-groups?id=d1b5db71-b06e-455c-be36-bf765e1ebad5&fields=id&fields=name HTTP/1.1" status: 200 len: 286 time: 0.0630586
Feb 20 20:44:19.135745 dv-cinder-830089-1-smb neutron-server[109299]: DEBUG neutron.pecan_wsgi.hooks.policy_enforcement [req-461e244b-3920-4dc6-ba93-6c390fabd81b req-7c0e1246-af38-4f05-a56e-d9d9ffae7a96 tempest-AttachVolumeShelveTestJSON-113068075 tempest-AttachVolumeShelveTestJSON-113068075-project] Attributes excluded by policy engine: ['standard_attr_id', 'binding:profile', 'binding:host_id', 'binding:vif_type', 'binding:vif_details'] {{(pid=109299) _exclude_attributes_by_policy /opt/stack/neutron/neutron/pecan_wsgi/hooks/policy_enforcement.py:255}}
Feb 20 20:44:19.137305 dv-cinder-830089-1-smb neutron-server[109299]: INFO neutron.wsgi [req-461e244b-3920-4dc6-ba93-6c390fabd81b req-7c0e1246-af38-4f05-a56e-d9d9ffae7a96 tempest-AttachVolumeShelveTestJSON-113068075 tempest-AttachVolumeShelveTestJSON-113068075-project] 10.222.0.87 "GET /v2.0/ports?device_id=6d9b3262-a953-472d-9349-674bfb581f28 HTTP/1.1" status: 200 len: 946 time: 0.0542123
Feb 20 20:44:19.190423 dv-cinder-830089-1-smb neutron-server[109299]: INFO neutron.wsgi [req-461e244b-3920-4dc6-ba93-6c390fabd81b req-5ab16aa4-72e5-44f8-9a49-cf6fa2e44483 tempest-AttachVolumeShelveTestJSON-113068075 tempest-AttachVolumeShelveTestJSON-113068075-project] 10.222.0.87 "GET /v2.0/security-groups?id=0eb8d8d8-da2a-48d1-9311-80ac2f01196d&fields=id&fields=name HTTP/1.1" status: 200 len: 313 time: 0.0475702
Feb 20 20:44:19.324649 dv-cinder-830089-1-smb neutron-server[109299]: DEBUG neutron.pecan_wsgi.hooks.policy_enforcement [req-a11f0b12-64f2-4446-a5d9-22d6a8841677 req-c7452745-7f4d-4815-bd73-e7afa7e8158d tempest-AttachVolumeShelveTestJSON-113068075 tempest-AttachVolumeShelveTestJSON-113068075-project] Attributes excluded by policy engine: ['standard_attr_id', 'binding:profile', 'binding:host_id', 'binding:vif_type', 'binding:vif_details'] {{(pid=109299) _exclude_attributes_by_policy /opt/stack/neutron/neutron/pecan_wsgi/hooks/policy_enforcement.py:255}}
Feb 20 20:44:19.326320 dv-cinder-830089-1-smb neutron-server[109299]: INFO neutron.wsgi [req-a11f0b12-64f2-4446-a5d9-22d6a8841677 req-c7452745-7f4d-4815-bd73-e7afa7e8158d tempest-AttachVolumeShelveTestJSON-113068075 tempest-AttachVolumeShelveTestJSON-113068075-project] 10.222.0.87 "GET /v2.0/ports?device_id=6d9b3262-a953-472d-9349-674bfb581f28 HTTP/1.1" status: 200 len: 946 time: 0.0572264
Feb 20 20:44:19.336046 dv-cinder-830089-1-smb neutron-server[109300]: DEBUG neutron.wsgi [-] (109300) accepted ('10.222.0.87', 54008) {{(pid=109300) server /usr/local/lib/python3.8/dist-packages/eventlet/wsgi.py:1004}}
Feb 20 20:44:19.343076 dv-cinder-830089-1-smb neutron-server[109300]: DEBUG neutron.api.v2.base [None req-c34583ff-72ca-48f9-b1df-3f490524f651 tempest-AttachVolumeShelveTestJSON-113068075 tempest-AttachVolumeShelveTestJSON-113068075-project] Request body: {'floatingip': {'port_id': '2b3930dd-3e6f-4c72-b02b-2a53d464da97'}} {{(pid=109300) prepare_request_body /opt/stack/neutron/neutron/api/v2/base.py:729}}
Feb 20 20:44:19.385357 dv-cinder-830089-1-smb neutron-server[109299]: DEBUG neutron.pecan_wsgi.hooks.policy_enforcement [req-2b4a46b0-7635-4f02-aa3f-414090bb324d req-8747b08b-7dad-4306-928f-7dc68ab3b14d tempest-DeleteServersTestJSON-395810330 tempest-DeleteServersTestJSON-395810330-project] Attributes excluded by policy engine: ['standard_attr_id', 'binding:profile', 'binding:host_id', 'binding:vif_type', 'binding:vif_details'] {{(pid=109299) _exclude_attributes_by_policy /opt/stack/neutron/neutron/pecan_wsgi/hooks/policy_enforcement.py:255}}
Feb 20 20:44:19.386942 dv-cinder-830089-1-smb neutron-server[109299]: INFO neutron.wsgi [req-2b4a46b0-7635-4f02-aa3f-414090bb324d req-8747b08b-7dad-4306-928f-7dc68ab3b14d tempest-DeleteServersTestJSON-395810330 tempest-DeleteServersTestJSON-395810330-project] 10.222.0.99 "GET /v2.0/ports?device_id=2ba599ef-9b18-4531-aa59-7bc7482294a5 HTTP/1.1" status: 200 len: 945 time: 0.0596409
Feb 20 20:44:19.430192 dv-cinder-830089-1-smb neutron-server[109300]: DEBUG neutron_lib.callbacks.manager [None req-c34583ff-72ca-48f9-b1df-3f490524f651 tempest-AttachVolumeShelveTestJSON-113068075 tempest-AttachVolumeShelveTestJSON-113068075-project] Publish callbacks [] for floatingip (3af67d7a-ea6d-4963-96bc-04500da783e8), before_update {{(pid=109300) _notify_loop /usr/local/lib/python3.8/dist-packages/neutron_lib/callbacks/manager.py:176}}
Feb 20 20:44:19.432715 dv-cinder-830089-1-smb neutron-server[109300]: DEBUG neutron.wsgi [-] (109300) accepted ('10.222.0.87', 54012) {{(pid=109300) server /usr/local/lib/python3.8/dist-packages/eventlet/wsgi.py:1004}}
Feb 20 20:44:19.473859 dv-cinder-830089-1-smb neutron-server[109300]: DEBUG neutron_lib.callbacks.manager [None req-09b98d78-56bd-436b-921e-72f9b2d66d3f admin admin] Publish callbacks [] for security_group (None), before_create {{(pid=109300) _notify_loop /usr/local/lib/python3.8/dist-packages/neutron_lib/callbacks/manager.py:176}}
Feb 20 20:44:19.553002 dv-cinder-830089-1-smb neutron-server[109299]: DEBUG neutron.plugins.ml2.plugin [req-2b4a46b0-7635-4f02-aa3f-414090bb324d req-148f76c5-010b-4303-92ee-d1b287a643b6 tempest-DeleteServersTestJSON-395810330 tempest-DeleteServersTestJSON-395810330-project] Deleting port 1e684cf1-8145-4b32-ad5c-7017ba9f7f8b {{(pid=109299) _pre_delete_port /opt/stack/neutron/neutron/plugins/ml2/plugin.py:1978}}
Feb 20 20:44:19.553467 dv-cinder-830089-1-smb neutron-server[109299]: DEBUG neutron_lib.callbacks.manager [req-2b4a46b0-7635-4f02-aa3f-414090bb324d req-148f76c5-010b-4303-92ee-d1b287a643b6 tempest-DeleteServersTestJSON-395810330 tempest-DeleteServersTestJSON-395810330-project] Publish callbacks ['neutron.db.l3_db.L3_NAT_dbonly_mixin._prevent_l3_port_delete_callback-8758704995606'] for port (1e684cf1-8145-4b32-ad5c-7017ba9f7f8b), before_delete {{(pid=109299) _notify_loop /usr/local/lib/python3.8/dist-packages/neutron_lib/callbacks/manager.py:176}}
Feb 20 20:44:19.689482 dv-cinder-830089-1-smb neutron-server[109299]: DEBUG neutron.plugins.ml2.db [req-2b4a46b0-7635-4f02-aa3f-414090bb324d req-148f76c5-010b-4303-92ee-d1b287a643b6 tempest-DeleteServersTestJSON-395810330 tempest-DeleteServersTestJSON-395810330-project] For port 1e684cf1-8145-4b32-ad5c-7017ba9f7f8b, host hv-cinder-83008, got binding levels [PortBindingLevel(driver='hyperv',host='hv-cinder-83008',level=0,port_id=1e684cf1-8145-4b32-ad5c-7017ba9f7f8b,segment=NetworkSegment(81588ee2-27af-48e2-a0ee-6e6793bf1232),segment_id=81588ee2-27af-48e2-a0ee-6e6793bf1232)] {{(pid=109299) get_binding_level_objs /opt/stack/neutron/neutron/plugins/ml2/db.py:74}}
Feb 20 20:44:19.689768 dv-cinder-830089-1-smb neutron-server[109299]: DEBUG neutron_lib.callbacks.manager [req-2b4a46b0-7635-4f02-aa3f-414090bb324d req-148f76c5-010b-4303-92ee-d1b287a643b6 tempest-DeleteServersTestJSON-395810330 tempest-DeleteServersTestJSON-395810330-project] Publish callbacks ['neutron.services.l3_router.l3_router_plugin.L3_NAT_dbonly_mixin._precommit_delete_port_callback-16359089'] for port (1e684cf1-8145-4b32-ad5c-7017ba9f7f8b), precommit_delete {{(pid=109299) _notify_loop /usr/local/lib/python3.8/dist-packages/neutron_lib/callbacks/manager.py:176}}
Feb 20 20:44:19.709255 dv-cinder-830089-1-smb neutron-server[109299]: DEBUG neutron.plugins.ml2.plugin [req-2b4a46b0-7635-4f02-aa3f-414090bb324d req-148f76c5-010b-4303-92ee-d1b287a643b6 tempest-DeleteServersTestJSON-395810330 tempest-DeleteServersTestJSON-395810330-project] Calling delete_port for 1e684cf1-8145-4b32-ad5c-7017ba9f7f8b owned by compute:nova {{(pid=109299) delete_port /opt/stack/neutron/neutron/plugins/ml2/plugin.py:2056}}
Feb 20 20:44:19.877395 dv-cinder-830089-1-smb neutron-server[109300]: DEBUG neutron_lib.callbacks.manager [None req-09b98d78-56bd-436b-921e-72f9b2d66d3f admin admin] Publish callbacks [] for security_group (e9242b8d-2b18-40c1-b6bb-25ec8a17c268), precommit_create {{(pid=109300) _notify_loop /usr/local/lib/python3.8/dist-packages/neutron_lib/callbacks/manager.py:176}}
Feb 20 20:44:19.900155 dv-cinder-830089-1-smb neutron-server[109300]: DEBUG neutron_lib.callbacks.manager [None req-09b98d78-56bd-436b-921e-72f9b2d66d3f admin admin] Publish callbacks ['neutron.plugins.ml2.ovo_rpc._ObjectChangeHandler.handle_event-16273284'] for security_group (e9242b8d-2b18-40c1-b6bb-25ec8a17c268), after_create {{(pid=109300) _notify_loop /usr/local/lib/python3.8/dist-packages/neutron_lib/callbacks/manager.py:176}}
Feb 20 20:44:19.934973 dv-cinder-830089-1-smb neutron-server[109299]: DEBUG neutron_lib.callbacks.manager [req-2b4a46b0-7635-4f02-aa3f-414090bb324d req-148f76c5-010b-4303-92ee-d1b287a643b6 tempest-DeleteServersTestJSON-395810330 tempest-DeleteServersTestJSON-395810330-project] Publish callbacks ['neutron.plugins.ml2.plugin.SecurityGroupServerNotifierRpcMixin._notify_sg_on_port_change-726734', 'neutron.plugins.ml2.ovo_rpc._ObjectChangeHandler.handle_event-16706590', 'neutron.api.rpc.agentnotifiers.dhcp_rpc_agent_api.DhcpAgentNotifyAPI._native_event_send_dhcp_notification-16277769', 'neutron.db.l3_db.L3RpcNotifierMixin._notify_routers_callback-8758705001337', 'neutron.db.l3_dvrscheduler_db._notify_port_delete-8758704560981'] for port (1e684cf1-8145-4b32-ad5c-7017ba9f7f8b), after_delete {{(pid=109299) _notify_loop /usr/local/lib/python3.8/dist-packages/neutron_lib/callbacks/manager.py:176}}
Feb 20 20:44:19.950965 dv-cinder-830089-1-smb neutron-server[109301]: DEBUG neutron.plugins.ml2.db [None req-c48639e8-3477-4444-8973-856d40b234bb None None] get_ports_and_sgs() called for port_ids ['1e684cf1-8145-4b32-ad5c-7017ba9f7f8b'] {{(pid=109301) get_ports_and_sgs /opt/stack/neutron/neutron/plugins/ml2/db.py:156}}
Feb 20 20:44:19.980162 dv-cinder-830089-1-smb neutron-server[109299]: DEBUG neutron.api.rpc.handlers.resources_rpc [None req-148f76c5-010b-4303-92ee-d1b287a643b6 tempest-DeleteServersTestJSON-395810330 tempest-DeleteServersTestJSON-395810330-project] Pushing event deleted for resources: {'Port': ['ID=1e684cf1-8145-4b32-ad5c-7017ba9f7f8b,revision_number=None']} {{(pid=109299) push /opt/stack/neutron/neutron/api/rpc/handlers/resources_rpc.py:237}}
Feb 20 20:44:20.347466 dv-cinder-830089-1-smb neutron-server[109300]: DEBUG neutron.wsgi [-] (109300) accepted ('10.222.0.87', 54042) {{(pid=109300) server /usr/local/lib/python3.8/dist-packages/eventlet/wsgi.py:1004}}
Feb 20 20:44:20.356395 dv-cinder-830089-1-smb neutron-server[109299]: INFO neutron.wsgi [req-a9ae357f-670e-40ee-a7e5-f2b71088e71c req-33019d90-c0d5-4b28-9f94-2e333ce9481d tempest-DeleteServersTestJSON-395810330 tempest-DeleteServersTestJSON-395810330-project] 10.222.0.87 "GET /v2.0/ports?device_id=2ba599ef-9b18-4531-aa59-7bc7482294a5 HTTP/1.1" status: 200 len: 210 time: 0.2431691
Feb 20 20:44:20.385147 dv-cinder-830089-1-smb neutron-server[109300]: INFO neutron.wsgi [None req-09b98d78-56bd-436b-921e-72f9b2d66d3f admin admin] 10.222.0.87 "GET /v2.0/security-groups?tenant_id=334ca1a159004ccf9bc781fcb8798d98&name=default HTTP/1.1" status: 200 len: 2996 time: 0.9416857
Feb 20 20:44:20.385147 dv-cinder-830089-1-smb neutron-server[109300]: DEBUG neutron.wsgi [-] (109300) accepted ('10.222.0.87', 54054) {{(pid=109300) server /usr/local/lib/python3.8/dist-packages/eventlet/wsgi.py:1004}}
Feb 20 20:44:20.386247 dv-cinder-830089-1-smb neutron-server[109300]: DEBUG neutron.api.rpc.handlers.resources_rpc [None req-09b98d78-56bd-436b-921e-72f9b2d66d3f admin admin] Pushing event updated for resources: {'SecurityGroup': ['ID=e9242b8d-2b18-40c1-b6bb-25ec8a17c268,revision_number=1']} {{(pid=109300) push /opt/stack/neutron/neutron/api/rpc/handlers/resources_rpc.py:237}}
Feb 20 20:44:20.386914 dv-cinder-830089-1-smb neutron-server[109299]: DEBUG neutron.db.l3_dvrscheduler_db [req-2b4a46b0-7635-4f02-aa3f-414090bb324d req-148f76c5-010b-4303-92ee-d1b287a643b6 tempest-DeleteServersTestJSON-395810330 tempest-DeleteServersTestJSON-395810330-project] No DVR routers for this DVR port 1e684cf1-8145-4b32-ad5c-7017ba9f7f8b on host hv-cinder-83008 {{(pid=109299) get_dvr_routers_to_remove /opt/stack/neutron/neutron/db/l3_dvrscheduler_db.py:214}}
Feb 20 20:44:20.391824 dv-cinder-830089-1-smb neutron-server[109299]: DEBUG neutron_lib.callbacks.manager [req-2b4a46b0-7635-4f02-aa3f-414090bb324d req-148f76c5-010b-4303-92ee-d1b287a643b6 tempest-DeleteServersTestJSON-395810330 tempest-DeleteServersTestJSON-395810330-project] Publish callbacks ['neutron.notifiers.nova.Notifier._send_nova_notification-16750718'] for port (None), before_response {{(pid=109299) _notify_loop /usr/local/lib/python3.8/dist-packages/neutron_lib/callbacks/manager.py:176}}
Feb 20 20:44:20.395461 dv-cinder-830089-1-smb neutron-server[109299]: INFO neutron.wsgi [req-2b4a46b0-7635-4f02-aa3f-414090bb324d req-148f76c5-010b-4303-92ee-d1b287a643b6 tempest-DeleteServersTestJSON-395810330 tempest-DeleteServersTestJSON-395810330-project] 10.222.0.99 "DELETE /v2.0/ports/1e684cf1-8145-4b32-ad5c-7017ba9f7f8b HTTP/1.1" status: 204 len: 173 time: 1.0035443
Feb 20 20:44:20.395905 dv-cinder-830089-1-smb neutron-server[109299]: DEBUG neutron.notifiers.nova [-] Sending events: [{'server_uuid': '2ba599ef-9b18-4531-aa59-7bc7482294a5', 'name': 'network-vif-deleted', 'tag': '1e684cf1-8145-4b32-ad5c-7017ba9f7f8b'}] {{(pid=109299) send_events /opt/stack/neutron/neutron/notifiers/nova.py:271}}
Feb 20 20:44:20.398211 dv-cinder-830089-1-smb neutron-server[109299]: DEBUG novaclient.v2.client [-] REQ: curl -g -i --cacert "/opt/stack/data/ca-bundle.pem" -X POST http://10.222.0.87/compute/v2.1/os-server-external-events -H "Accept: application/json" -H "Content-Type: application/json" -H "User-Agent: python-novaclient" -H "X-Auth-Token: {SHA256}fe0d4890c9a7ecce3535bdb14a7df68d37827c82d6ba63fade28b3e024644968" -H "X-OpenStack-Nova-API-Version: 2.1" -H "X-OpenStack-Request-ID: req-71efe190-6617-4e1e-a5ae-46902a0792fa" -d '{"events": [{"server_uuid": "2ba599ef-9b18-4531-aa59-7bc7482294a5", "name": "network-vif-deleted", "tag": "1e684cf1-8145-4b32-ad5c-7017ba9f7f8b"}]}' {{(pid=109299) _http_log_request /usr/local/lib/python3.8/dist-packages/keystoneauth1/session.py:519}}
Feb 20 20:44:20.438492 dv-cinder-830089-1-smb neutron-server[109299]: DEBUG neutron.pecan_wsgi.hooks.policy_enforcement [req-ce30362d-6beb-49a9-9ac5-624d59a09288 req-b4ebde5f-376f-45f7-b01f-e6aac2f5918c tempest-ServerRescueNegativeTestJSON-887203116 tempest-ServerRescueNegativeTestJSON-887203116-project] Attributes excluded by policy engine: ['standard_attr_id', 'binding:profile', 'binding:host_id', 'binding:vif_type', 'binding:vif_details'] {{(pid=109299) _exclude_attributes_by_policy /opt/stack/neutron/neutron/pecan_wsgi/hooks/policy_enforcement.py:255}}
Feb 20 20:44:20.448795 dv-cinder-830089-1-smb neutron-server[109299]: INFO neutron.wsgi [req-ce30362d-6beb-49a9-9ac5-624d59a09288 req-b4ebde5f-376f-45f7-b01f-e6aac2f5918c tempest-ServerRescueNegativeTestJSON-887203116 tempest-ServerRescueNegativeTestJSON-887203116-project] 10.222.0.87 "GET /v2.0/ports?device_id=c768300a-eeaf-4bd8-bef9-dffc1f34a39b HTTP/1.1" status: 200 len: 946 time: 0.3521278
Feb 20 20:44:20.515594 dv-cinder-830089-1-smb neutron-server[109299]: INFO neutron.wsgi [req-ce30362d-6beb-49a9-9ac5-624d59a09288 req-f3fc3047-db9e-4559-ad39-ea90ccc8598d tempest-ServerRescueNegativeTestJSON-887203116 tempest-ServerRescueNegativeTestJSON-887203116-project] 10.222.0.87 "GET /v2.0/security-groups?id=d1b5db71-b06e-455c-be36-bf765e1ebad5&fields=id&fields=name HTTP/1.1" status: 200 len: 286 time: 0.0619090
Feb 20 20:44:20.541065 dv-cinder-830089-1-smb neutron-server[109299]: DEBUG novaclient.v2.client [-] RESP: [200] Connection: close Content-Length: 183 Content-Type: application/json Date: Sun, 20 Feb 2022 20:44:20 GMT OpenStack-API-Version: compute 2.1 Server: Apache/2.4.41 (Ubuntu) Vary: OpenStack-API-Version,X-OpenStack-Nova-API-Version X-OpenStack-Nova-API-Version: 2.1 x-compute-request-id: req-c8f2664d-cda7-45f3-b30d-30bb62ff8303 x-openstack-request-id: req-c8f2664d-cda7-45f3-b30d-30bb62ff8303 {{(pid=109299) _http_log_response /usr/local/lib/python3.8/dist-packages/keystoneauth1/session.py:550}}
Feb 20 20:44:20.541808 dv-cinder-830089-1-smb neutron-server[109299]: DEBUG novaclient.v2.client [-] RESP BODY: {"events": [{"server_uuid": "2ba599ef-9b18-4531-aa59-7bc7482294a5", "name": "network-vif-deleted", "tag": "1e684cf1-8145-4b32-ad5c-7017ba9f7f8b", "status": "completed", "code": 200}]} {{(pid=109299) _http_log_response /usr/local/lib/python3.8/dist-packages/keystoneauth1/session.py:582}}
Feb 20 20:44:20.542029 dv-cinder-830089-1-smb neutron-server[109299]: DEBUG novaclient.v2.client [-] POST call to compute for http://10.222.0.87/compute/v2.1/os-server-external-events used request id req-c8f2664d-cda7-45f3-b30d-30bb62ff8303 {{(pid=109299) request /usr/local/lib/python3.8/dist-packages/keystoneauth1/session.py:954}}
Feb 20 20:44:20.542509 dv-cinder-830089-1-smb neutron-server[109299]: INFO neutron.notifiers.nova [-] Nova event response: {'server_uuid': '2ba599ef-9b18-4531-aa59-7bc7482294a5', 'name': 'network-vif-deleted', 'tag': '1e684cf1-8145-4b32-ad5c-7017ba9f7f8b', 'status': 'completed', 'code': 200}
Feb 20 20:44:20.555351 dv-cinder-830089-1-smb neutron-server[109300]: DEBUG neutron_lib.callbacks.manager [None req-ce470296-5ec5-46a9-9e68-93783bb6ffec admin admin] Publish callbacks [] for security_group (e9242b8d-2b18-40c1-b6bb-25ec8a17c268), before_delete {{(pid=109300) _notify_loop /usr/local/lib/python3.8/dist-packages/neutron_lib/callbacks/manager.py:176}}
Feb 20 20:44:20.566376 dv-cinder-830089-1-smb neutron-server[109300]: DEBUG neutron_lib.callbacks.manager [None req-023d5475-c3ad-4a4a-bfb6-5199bc5d1f54 admin admin] Publish callbacks [] for security_group (None), before_create {{(pid=109300) _notify_loop /usr/local/lib/python3.8/dist-packages/neutron_lib/callbacks/manager.py:176}}
Feb 20 20:44:20.602269 dv-cinder-830089-1-smb neutron-server[109300]: DEBUG neutron_lib.db.resource_extend [None req-c34583ff-72ca-48f9-b1df-3f490524f651 tempest-AttachVolumeShelveTestJSON-113068075 tempest-AttachVolumeShelveTestJSON-113068075-project] It took 0.13 seconds to run function 'neutron_lib.db.resource_extend.apply_funcs' {{(pid=109300) wrapper /usr/local/lib/python3.8/dist-packages/oslo_utils/timeutils.py:386}}
Feb 20 20:44:20.606093 dv-cinder-830089-1-smb neutron-server[109300]: DEBUG neutron_lib.callbacks.manager [None req-ce470296-5ec5-46a9-9e68-93783bb6ffec admin admin] Publish callbacks [] for security_group (e9242b8d-2b18-40c1-b6bb-25ec8a17c268), precommit_delete {{(pid=109300) _notify_loop /usr/local/lib/python3.8/dist-packages/neutron_lib/callbacks/manager.py:176}}
Feb 20 20:44:20.723899 dv-cinder-830089-1-smb neutron-server[109300]: DEBUG neutron_lib.callbacks.manager [None req-c34583ff-72ca-48f9-b1df-3f490524f651 tempest-AttachVolumeShelveTestJSON-113068075 tempest-AttachVolumeShelveTestJSON-113068075-project] Publish callbacks [] for floatingip (None), precommit_update {{(pid=109300) _notify_loop /usr/local/lib/python3.8/dist-packages/neutron_lib/callbacks/manager.py:176}}
Feb 20 20:44:20.737154 dv-cinder-830089-1-smb neutron-server[109300]: DEBUG neutron_lib.callbacks.manager [None req-c34583ff-72ca-48f9-b1df-3f490524f651 tempest-AttachVolumeShelveTestJSON-113068075 tempest-AttachVolumeShelveTestJSON-113068075-project] Publish callbacks ['neutron.services.l3_router.l3_router_plugin.DVRResourceOperationHandler._create_dvr_floating_gw_port-16352761'] for floatingip (3af67d7a-ea6d-4963-96bc-04500da783e8), after_update {{(pid=109300) _notify_loop /usr/local/lib/python3.8/dist-packages/neutron_lib/callbacks/manager.py:176}}
Feb 20 20:44:20.807984 dv-cinder-830089-1-smb neutron-server[109300]: DEBUG neutron_lib.callbacks.manager [None req-ce470296-5ec5-46a9-9e68-93783bb6ffec admin admin] Publish callbacks ['neutron.plugins.ml2.ovo_rpc._ObjectChangeHandler.handle_event-16273284'] for security_group (e9242b8d-2b18-40c1-b6bb-25ec8a17c268), after_delete {{(pid=109300) _notify_loop /usr/local/lib/python3.8/dist-packages/neutron_lib/callbacks/manager.py:176}}
Feb 20 20:44:20.810500 dv-cinder-830089-1-smb neutron-server[109300]: DEBUG neutron_lib.callbacks.manager [None req-ce470296-5ec5-46a9-9e68-93783bb6ffec admin admin] Publish callbacks [] for security_group (None), before_response {{(pid=109300) _notify_loop /usr/local/lib/python3.8/dist-packages/neutron_lib/callbacks/manager.py:176}}
Feb 20 20:44:20.811892 dv-cinder-830089-1-smb neutron-server[109300]: INFO neutron.wsgi [None req-ce470296-5ec5-46a9-9e68-93783bb6ffec admin admin] 10.222.0.87 "DELETE /v2.0/security-groups/e9242b8d-2b18-40c1-b6bb-25ec8a17c268 HTTP/1.1" status: 204 len: 168 time: 0.4281738
Feb 20 20:44:20.859854 dv-cinder-830089-1-smb neutron-server[109300]: DEBUG neutron.api.rpc.handlers.resources_rpc [None req-ce470296-5ec5-46a9-9e68-93783bb6ffec admin admin] Pushing event deleted for resources: {'SecurityGroup': ['ID=e9242b8d-2b18-40c1-b6bb-25ec8a17c268,revision_number=None']} {{(pid=109300) push /opt/stack/neutron/neutron/api/rpc/handlers/resources_rpc.py:237}}
Feb 20 20:44:20.879123 dv-cinder-830089-1-smb neutron-server[109300]: DEBUG neutron_lib.callbacks.manager [None req-023d5475-c3ad-4a4a-bfb6-5199bc5d1f54 admin admin] Publish callbacks [] for security_group (f2a93d77-3007-401f-a0ef-2b2fa6301fe8), precommit_create {{(pid=109300) _notify_loop /usr/local/lib/python3.8/dist-packages/neutron_lib/callbacks/manager.py:176}}
Feb 20 20:44:20.889239 dv-cinder-830089-1-smb neutron-server[109300]: DEBUG neutron_lib.callbacks.manager [None req-023d5475-c3ad-4a4a-bfb6-5199bc5d1f54 admin admin] Publish callbacks ['neutron.plugins.ml2.ovo_rpc._ObjectChangeHandler.handle_event-16273284'] for security_group (f2a93d77-3007-401f-a0ef-2b2fa6301fe8), after_create {{(pid=109300) _notify_loop /usr/local/lib/python3.8/dist-packages/neutron_lib/callbacks/manager.py:176}}
Feb 20 20:44:20.916554 dv-cinder-830089-1-smb neutron-server[109300]: INFO neutron.db.l3_db [None req-c34583ff-72ca-48f9-b1df-3f490524f651 tempest-AttachVolumeShelveTestJSON-113068075 tempest-AttachVolumeShelveTestJSON-113068075-project] Floating IP 3af67d7a-ea6d-4963-96bc-04500da783e8 associated. External IP: 172.28.0.92, port: 2b3930dd-3e6f-4c72-b02b-2a53d464da97.
Feb 20 20:44:20.984917 dv-cinder-830089-1-smb neutron-server[109300]: INFO neutron.wsgi [None req-023d5475-c3ad-4a4a-bfb6-5199bc5d1f54 admin admin] 10.222.0.87 "GET /v2.0/security-groups?tenant_id=d634accdcdcf41028e1325c4a9b92359&name=default HTTP/1.1" status: 200 len: 2996 time: 0.6383090
Feb 20 20:44:20.987345 dv-cinder-830089-1-smb neutron-server[109300]: DEBUG neutron.api.rpc.handlers.resources_rpc [None req-023d5475-c3ad-4a4a-bfb6-5199bc5d1f54 admin admin] Pushing event updated for resources: {'SecurityGroup': ['ID=f2a93d77-3007-401f-a0ef-2b2fa6301fe8,revision_number=1']} {{(pid=109300) push /opt/stack/neutron/neutron/api/rpc/handlers/resources_rpc.py:237}}
Feb 20 20:44:20.987672 dv-cinder-830089-1-smb neutron-server[109299]: DEBUG neutron.wsgi [-] (109299) accepted ('10.222.0.87', 54082) {{(pid=109299) server /usr/local/lib/python3.8/dist-packages/eventlet/wsgi.py:1004}}
Feb 20 20:44:21.046820 dv-cinder-830089-1-smb neutron-server[109299]: DEBUG neutron_lib.callbacks.manager [None req-b6fe19e6-6791-4cc6-b068-64a93a1e01d5 admin admin] Publish callbacks [] for security_group (f2a93d77-3007-401f-a0ef-2b2fa6301fe8), before_delete {{(pid=109299) _notify_loop /usr/local/lib/python3.8/dist-packages/neutron_lib/callbacks/manager.py:176}}
Feb 20 20:44:21.074026 dv-cinder-830089-1-smb neutron-server[109299]: DEBUG neutron_lib.callbacks.manager [None req-b6fe19e6-6791-4cc6-b068-64a93a1e01d5 admin admin] Publish callbacks [] for security_group (f2a93d77-3007-401f-a0ef-2b2fa6301fe8), precommit_delete {{(pid=109299) _notify_loop /usr/local/lib/python3.8/dist-packages/neutron_lib/callbacks/manager.py:176}}
Feb 20 20:44:21.153754 dv-cinder-830089-1-smb neutron-server[109299]: DEBUG neutron_lib.callbacks.manager [None req-b6fe19e6-6791-4cc6-b068-64a93a1e01d5 admin admin] Publish callbacks ['neutron.plugins.ml2.ovo_rpc._ObjectChangeHandler.handle_event-16273284'] for security_group (f2a93d77-3007-401f-a0ef-2b2fa6301fe8), after_delete {{(pid=109299) _notify_loop /usr/local/lib/python3.8/dist-packages/neutron_lib/callbacks/manager.py:176}}
Feb 20 20:44:21.156849 dv-cinder-830089-1-smb neutron-server[109299]: DEBUG neutron_lib.callbacks.manager [None req-b6fe19e6-6791-4cc6-b068-64a93a1e01d5 admin admin] Publish callbacks [] for security_group (None), before_response {{(pid=109299) _notify_loop /usr/local/lib/python3.8/dist-packages/neutron_lib/callbacks/manager.py:176}}
Feb 20 20:44:21.158575 dv-cinder-830089-1-smb neutron-server[109299]: INFO neutron.wsgi [None req-b6fe19e6-6791-4cc6-b068-64a93a1e01d5 admin admin] 10.222.0.87 "DELETE /v2.0/security-groups/f2a93d77-3007-401f-a0ef-2b2fa6301fe8 HTTP/1.1" status: 204 len: 168 time: 0.1696303
Feb 20 20:44:21.176081 dv-cinder-830089-1-smb neutron-server[109299]: DEBUG neutron.api.rpc.handlers.resources_rpc [None req-b6fe19e6-6791-4cc6-b068-64a93a1e01d5 admin admin] Pushing event deleted for resources: {'SecurityGroup': ['ID=f2a93d77-3007-401f-a0ef-2b2fa6301fe8,revision_number=None']} {{(pid=109299) push /opt/stack/neutron/neutron/api/rpc/handlers/resources_rpc.py:237}}
Feb 20 20:44:21.237076 dv-cinder-830089-1-smb neutron-server[109300]: DEBUG neutron.scheduler.l3_agent_scheduler [None req-c34583ff-72ca-48f9-b1df-3f490524f651 tempest-AttachVolumeShelveTestJSON-113068075 tempest-AttachVolumeShelveTestJSON-113068075-project] Router efb7cde0-5bb9-4376-a0c6-6504b082a988 has already been hosted by L3 agent 97eb0646-9915-4265-9b65-b5561df1f7f5 {{(pid=109300) _get_candidates /opt/stack/neutron/neutron/scheduler/l3_agent_scheduler.py:126}}
Feb 20 20:44:21.426668 dv-cinder-830089-1-smb neutron-server[109300]: DEBUG neutron.api.rpc.agentnotifiers.l3_rpc_agent_api [None req-c34583ff-72ca-48f9-b1df-3f490524f651 tempest-AttachVolumeShelveTestJSON-113068075 tempest-AttachVolumeShelveTestJSON-113068075-project] Notify agent at l3_agent.dv-cinder-830089-1-smb the message routers_updated {{(pid=109300) _agent_notification /opt/stack/neutron/neutron/api/rpc/agentnotifiers/l3_rpc_agent_api.py:65}}
Feb 20 20:44:21.433783 dv-cinder-830089-1-smb neutron-server[109300]: DEBUG neutron_lib.callbacks.manager [None req-c34583ff-72ca-48f9-b1df-3f490524f651 tempest-AttachVolumeShelveTestJSON-113068075 tempest-AttachVolumeShelveTestJSON-113068075-project] Publish callbacks ['neutron.notifiers.nova.Notifier._send_nova_notification-16750718'] for floatingip (None), before_response {{(pid=109300) _notify_loop /usr/local/lib/python3.8/dist-packages/neutron_lib/callbacks/manager.py:176}}
Feb 20 20:44:21.437572 dv-cinder-830089-1-smb neutron-server[109302]: DEBUG neutron.api.rpc.handlers.l3_rpc [None req-99100607-309b-47b9-ac9f-03ace8536f27 None None] Sync routers for ids ['efb7cde0-5bb9-4376-a0c6-6504b082a988'] in dv-cinder-830089-1-smb {{(pid=109302) sync_routers /opt/stack/neutron/neutron/api/rpc/handlers/l3_rpc.py:125}}
Feb 20 20:44:21.451573 dv-cinder-830089-1-smb neutron-server[109302]: DEBUG neutron.db.l3_dvrscheduler_db [None req-99100607-309b-47b9-ac9f-03ace8536f27 None None] Routers {'efb7cde0-5bb9-4376-a0c6-6504b082a988'} bound to L3 agent in host dv-cinder-830089-1-smb {{(pid=109302) _get_router_ids_for_agent /opt/stack/neutron/neutron/db/l3_dvrscheduler_db.py:421}}
Feb 20 20:44:21.452494 dv-cinder-830089-1-smb neutron-server[109302]: DEBUG neutron.db.l3_hamode_db [None req-99100607-309b-47b9-ac9f-03ace8536f27 None None] neutron.services.l3_router.l3_router_plugin.L3RouterPlugin method get_ha_sync_data_for_host called with arguments (, 'dv-cinder-830089-1-smb', Agent(admin_state_up=True,agent_type='L3 agent',availability_zone='nova',binary='neutron-l3-agent',configurations={"agent_mode": "legacy", "ex_gw_ports": 4, "extensions": [], "floating_ips": 0, "handle_internal_only_routers": true, "interface_driver": "openvswitch", "interfaces": 3, "log_agent_heartbeats": false, "routers": 4},created_at=2022-02-20T20:34:56Z,description=,heartbeat_timestamp=2022-02-20T20:43:56Z,host='dv-cinder-830089-1-smb',id=97eb0646-9915-4265-9b65-b5561df1f7f5,load=0,resource_versions=,resources_synced=,started_at=2022-02-20T20:34:56Z,topic='l3_agent')) {'router_ids': ['efb7cde0-5bb9-4376-a0c6-6504b082a988'], 'active': True} {{(pid=109302) wrapper /usr/local/lib/python3.8/dist-packages/oslo_log/helpers.py:65}}
Feb 20 20:44:21.495789 dv-cinder-830089-1-smb neutron-server[109300]: INFO neutron.wsgi [None req-c34583ff-72ca-48f9-b1df-3f490524f651 tempest-AttachVolumeShelveTestJSON-113068075 tempest-AttachVolumeShelveTestJSON-113068075-project] 10.222.0.87 "PUT /v2.0/floatingips/3af67d7a-ea6d-4963-96bc-04500da783e8 HTTP/1.1" status: 200 len: 991 time: 2.1573615
Feb 20 20:44:21.498739 dv-cinder-830089-1-smb neutron-server[109300]: DEBUG neutron.notifiers.nova [-] Sending events: [{'name': 'network-changed', 'server_uuid': '6d9b3262-a953-472d-9349-674bfb581f28', 'tag': '2b3930dd-3e6f-4c72-b02b-2a53d464da97'}] {{(pid=109300) send_events /opt/stack/neutron/neutron/notifiers/nova.py:271}}
Feb 20 20:44:21.501122 dv-cinder-830089-1-smb neutron-server[109300]: DEBUG novaclient.v2.client [-] REQ: curl -g -i --cacert "/opt/stack/data/ca-bundle.pem" -X POST http://10.222.0.87/compute/v2.1/os-server-external-events -H "Accept: application/json" -H "Content-Type: application/json" -H "User-Agent: python-novaclient" -H "X-Auth-Token: {SHA256}1bfd91e1b3c147dd41abb0ed28d09a70391b4f1789878df38504e74a4832a623" -H "X-OpenStack-Nova-API-Version: 2.1" -H "X-OpenStack-Request-ID: req-14fa2549-0854-4e17-9fe2-59024549a3d6" -d '{"events": [{"name": "network-changed", "server_uuid": "6d9b3262-a953-472d-9349-674bfb581f28", "tag": "2b3930dd-3e6f-4c72-b02b-2a53d464da97"}]}' {{(pid=109300) _http_log_request /usr/local/lib/python3.8/dist-packages/keystoneauth1/session.py:519}}
Feb 20 20:44:21.596453 dv-cinder-830089-1-smb neutron-server[109300]: DEBUG novaclient.v2.client [-] RESP: [200] Connection: close Content-Length: 179 Content-Type: application/json Date: Sun, 20 Feb 2022 20:44:21 GMT OpenStack-API-Version: compute 2.1 Server: Apache/2.4.41 (Ubuntu) Vary: OpenStack-API-Version,X-OpenStack-Nova-API-Version X-OpenStack-Nova-API-Version: 2.1 x-compute-request-id: req-1e4a948a-96a9-4b63-9757-3dce542c9017 x-openstack-request-id: req-1e4a948a-96a9-4b63-9757-3dce542c9017 {{(pid=109300) _http_log_response /usr/local/lib/python3.8/dist-packages/keystoneauth1/session.py:550}}
Feb 20 20:44:21.596752 dv-cinder-830089-1-smb neutron-server[109300]: DEBUG novaclient.v2.client [-] RESP BODY: {"events": [{"name": "network-changed", "server_uuid": "6d9b3262-a953-472d-9349-674bfb581f28", "tag": "2b3930dd-3e6f-4c72-b02b-2a53d464da97", "status": "completed", "code": 200}]} {{(pid=109300) _http_log_response /usr/local/lib/python3.8/dist-packages/keystoneauth1/session.py:582}}
Feb 20 20:44:21.597128 dv-cinder-830089-1-smb neutron-server[109300]: DEBUG novaclient.v2.client [-] POST call to compute for http://10.222.0.87/compute/v2.1/os-server-external-events used request id req-1e4a948a-96a9-4b63-9757-3dce542c9017 {{(pid=109300) request /usr/local/lib/python3.8/dist-packages/keystoneauth1/session.py:954}}
Feb 20 20:44:21.597618 dv-cinder-830089-1-smb neutron-server[109300]: INFO neutron.notifiers.nova [-] Nova event response: {'name': 'network-changed', 'server_uuid': '6d9b3262-a953-472d-9349-674bfb581f28', 'tag': '2b3930dd-3e6f-4c72-b02b-2a53d464da97', 'status': 'completed', 'code': 200}
Feb 20 20:44:21.703803 dv-cinder-830089-1-smb neutron-server[109302]: DEBUG neutron.db.l3_dvr_db [None req-99100607-309b-47b9-ac9f-03ace8536f27 None None] Set router efb7cde0-5bb9-4376-a0c6-6504b082a988 gateway port host: dv-cinder-830089-1-smb {{(pid=109302) _build_routers_list /opt/stack/neutron/neutron/db/l3_dvr_db.py:906}}
Feb 20 20:44:21.817079 dv-cinder-830089-1-smb neutron-server[109299]: DEBUG neutron.pecan_wsgi.hooks.policy_enforcement [req-14fa2549-0854-4e17-9fe2-59024549a3d6 req-79f01904-16b5-4d8c-8bcd-d884959272d8 service neutron] Attributes excluded by policy engine: ['standard_attr_id'] {{(pid=109299) _exclude_attributes_by_policy /opt/stack/neutron/neutron/pecan_wsgi/hooks/policy_enforcement.py:255}}
Feb 20 20:44:21.818461 dv-cinder-830089-1-smb neutron-server[109299]: INFO neutron.wsgi [req-14fa2549-0854-4e17-9fe2-59024549a3d6 req-79f01904-16b5-4d8c-8bcd-d884959272d8 service neutron] 10.222.0.99 "GET /v2.0/ports?tenant_id=7373eaecf1d446458b57f784ec338be2&device_id=6d9b3262-a953-472d-9349-674bfb581f28 HTTP/1.1" status: 200 len: 1130 time: 0.1783118
Feb 20 20:44:21.838992 dv-cinder-830089-1-smb neutron-server[109299]: DEBUG neutron.pecan_wsgi.hooks.policy_enforcement [req-57386f2c-f0f2-4dca-8fa4-0a984ebd250b req-e65d215f-86a0-4058-81db-47b98b47dcd2 tempest-ServerRescueNegativeTestJSON-887203116 tempest-ServerRescueNegativeTestJSON-887203116-project] Attributes excluded by policy engine: ['standard_attr_id', 'binding:profile', 'binding:host_id', 'binding:vif_type', 'binding:vif_details'] {{(pid=109299) _exclude_attributes_by_policy /opt/stack/neutron/neutron/pecan_wsgi/hooks/policy_enforcement.py:255}}
Feb 20 20:44:21.840944 dv-cinder-830089-1-smb neutron-server[109299]: INFO neutron.wsgi [req-57386f2c-f0f2-4dca-8fa4-0a984ebd250b req-e65d215f-86a0-4058-81db-47b98b47dcd2 tempest-ServerRescueNegativeTestJSON-887203116 tempest-ServerRescueNegativeTestJSON-887203116-project] 10.222.0.87 "GET /v2.0/ports?device_id=c768300a-eeaf-4bd8-bef9-dffc1f34a39b HTTP/1.1" status: 200 len: 946 time: 0.1248522
Feb 20 20:44:22.032994 dv-cinder-830089-1-smb neutron-server[109299]: INFO neutron.wsgi [req-57386f2c-f0f2-4dca-8fa4-0a984ebd250b req-11ed2310-d4d3-4011-a207-38f3ac5f6aa6 tempest-ServerRescueNegativeTestJSON-887203116 tempest-ServerRescueNegativeTestJSON-887203116-project] 10.222.0.87 "GET /v2.0/security-groups?id=d1b5db71-b06e-455c-be36-bf765e1ebad5&fields=id&fields=name HTTP/1.1" status: 200 len: 286 time: 0.1802928
Feb 20 20:44:22.060549 dv-cinder-830089-1-smb neutron-server[109299]: DEBUG neutron.pecan_wsgi.hooks.policy_enforcement [req-14fa2549-0854-4e17-9fe2-59024549a3d6 req-5c3b9293-2518-49a1-aadd-bce1aa85f517 service neutron] Attributes excluded by policy engine: ['standard_attr_id', 'vlan_transparent'] {{(pid=109299) _exclude_attributes_by_policy /opt/stack/neutron/neutron/pecan_wsgi/hooks/policy_enforcement.py:255}}
Feb 20 20:44:22.060549 dv-cinder-830089-1-smb neutron-server[109299]: INFO neutron.wsgi [req-14fa2549-0854-4e17-9fe2-59024549a3d6 req-5c3b9293-2518-49a1-aadd-bce1aa85f517 service neutron] 10.222.0.99 "GET /v2.0/networks?id=e74adcec-60da-4466-bfc9-ac8377d5130d HTTP/1.1" status: 200 len: 918 time: 0.2110991
Feb 20 20:44:22.164461 dv-cinder-830089-1-smb neutron-server[109302]: DEBUG neutron.db.l3_hamode_db [None req-99100607-309b-47b9-ac9f-03ace8536f27 None None] neutron.services.l3_router.l3_router_plugin.L3RouterPlugin method _process_sync_ha_data called with arguments (, [{'id': 'efb7cde0-5bb9-4376-a0c6-6504b082a988', 'name': 'tempest-AttachVolumeShelveTestJSON-1355220863-router', 'tenant_id': '7373eaecf1d446458b57f784ec338be2', 'admin_state_up': True, 'status': 'ACTIVE', 'external_gateway_info': {'network_id': '3e3518dd-57b0-4159-8ada-6f82ebd4cc5a', 'external_fixed_ips': [{'subnet_id': '46f8eecc-2134-46eb-8f70-ba535ffb3eb7', 'ip_address': '172.28.0.209'}], 'enable_snat': True}, 'gw_port_id': '6e125ce9-5e00-4128-b6df-7a568e5aa2a9', 'description': '', 'availability_zones': ['nova'], 'distributed': False, 'ha': False, 'ha_vr_id': 0, 'availability_zone_hints': [], 'routes': [], 'flavor_id': None, 'tags': [], 'created_at': '2022-02-20T20:43:28Z', 'updated_at': '2022-02-20T20:43:39Z', 'revision_number': 4, 'project_id': '7373eaecf1d446458b57f784ec338be2', 'gw_port': {'id': '6e125ce9-5e00-4128-b6df-7a568e5aa2a9', 'name': '', 'network_id': '3e3518dd-57b0-4159-8ada-6f82ebd4cc5a', 'tenant_id': '', 'mac_address': 'fa:16:3e:8f:63:74', 'admin_state_up': True, 'status': 'ACTIVE', 'device_id': 'efb7cde0-5bb9-4376-a0c6-6504b082a988', 'device_owner': 'network:router_gateway', 'standard_attr_id': 67, 'fixed_ips': [{'subnet_id': '46f8eecc-2134-46eb-8f70-ba535ffb3eb7', 'ip_address': '172.28.0.209', 'prefixlen': 24}], 'allowed_address_pairs': [], 'extra_dhcp_opts': [], 'security_groups': [], 'description': '', 'binding:vnic_type': 'normal', 'binding:profile': {}, 'binding:host_id': 'dv-cinder-830089-1-smb', 'binding:vif_type': 'ovs', 'binding:vif_details': {'connectivity': 'l2', 'port_filter': True, 'ovs_hybrid_plug': False, 'datapath_type': 'system', 'bridge_name': 'br-int', 'bound_drivers': {'0': 'openvswitch'}}, 'port_security_enabled': False, 'tags': [], 'created_at': '2022-02-20T20:43:29Z', 'updated_at': '2022-02-20T20:43:42Z', 'revision_number': 4, 'project_id': '', 'subnets': [{'id': '46f8eecc-2134-46eb-8f70-ba535ffb3eb7', 'cidr': '172.28.0.0/24', 'gateway_ip': '172.28.0.1', 'dns_nameservers': [], 'ipv6_ra_mode': None, 'subnetpool_id': None}], 'extra_subnets': [], 'address_scopes': {4: None, 6: None}, 'mtu': 1500}, 'enable_snat': True, 'gw_port_host': 'dv-cinder-830089-1-smb', '_floatingips': [{'id': '3af67d7a-ea6d-4963-96bc-04500da783e8', 'tenant_id': '7373eaecf1d446458b57f784ec338be2', 'floating_ip_address': '172.28.0.92', 'floating_network_id': '3e3518dd-57b0-4159-8ada-6f82ebd4cc5a', 'router_id': 'efb7cde0-5bb9-4376-a0c6-6504b082a988', 'port_id': '2b3930dd-3e6f-4c72-b02b-2a53d464da97', 'fixed_ip_address': '172.20.0.10', 'status': 'DOWN', 'standard_attr_id': 133, 'description': '', 'qos_policy_id': None, 'qos_network_policy_id': None, 'port_details': {'name': '', 'network_id': 'e74adcec-60da-4466-bfc9-ac8377d5130d', 'mac_address': 'fa:16:3e:92:87:bd', 'admin_state_up': True, 'status': 'ACTIVE', 'device_id': '6d9b3262-a953-472d-9349-674bfb581f28', 'device_owner': 'compute:nova'}, 'dns_domain': '', 'dns_name': '', 'tags': [], 'created_at': '2022-02-20T20:43:54Z', 'updated_at': '2022-02-20T20:44:20Z', 'revision_number': 1, 'project_id': '7373eaecf1d446458b57f784ec338be2', 'fixed_ip_address_scope': None}], '_interfaces': [{'id': '8c239391-020c-409c-97b4-aa4b40706270', 'name': '', 'network_id': 'e74adcec-60da-4466-bfc9-ac8377d5130d', 'tenant_id': '7373eaecf1d446458b57f784ec338be2', 'mac_address': 'fa:16:3e:5d:b8:70', 'admin_state_up': True, 'status': 'ACTIVE', 'device_id': 'efb7cde0-5bb9-4376-a0c6-6504b082a988', 'device_owner': 'network:router_interface', 'standard_attr_id': 87, 'fixed_ips': [{'subnet_id': '59a196fb-9758-4f22-b373-90fccd129cd0', 'ip_address': '172.20.0.1', 'prefixlen': 28}], 'allowed_address_pairs': [], 'extra_dhcp_opts': [], 'security_groups': [], 'description': '', 'binding:vnic_type': 'normal', 'binding:profile': {}, 'binding:host_id': 'dv-cinder-830089-1-smb', 'binding:vif_type': 'ovs', 'binding:vif_details': {'connectivity': 'l2', 'port_filter': True, 'ovs_hybrid_plug': False, 'datapath_type': 'system', 'bridge_name': 'br-int', 'bound_drivers': {'0': 'openvswitch'}}, 'port_security_enabled': False, 'tags': [], 'created_at': '2022-02-20T20:43:36Z', 'updated_at': '2022-02-20T20:43:47Z', 'revision_number': 5, 'project_id': '7373eaecf1d446458b57f784ec338be2', 'subnets': [{'id': '59a196fb-9758-4f22-b373-90fccd129cd0', 'cidr': '172.20.0.0/28', 'gateway_ip': '172.20.0.1', 'dns_nameservers': [], 'ipv6_ra_mode': None, 'subnetpool_id': None}], 'extra_subnets': [], 'address_scopes': {4: None, 6: None}, 'mtu': 1500}]}], 'dv-cinder-830089-1-smb', False) {} {{(pid=109302) wrapper /usr/local/lib/python3.8/dist-packages/oslo_log/helpers.py:65}}
Feb 20 20:44:22.188481 dv-cinder-830089-1-smb neutron-server[109299]: INFO neutron.wsgi [req-14fa2549-0854-4e17-9fe2-59024549a3d6 req-262aa5dd-22d2-4633-8101-08884cde248c service neutron] 10.222.0.99 "GET /v2.0/floatingips?fixed_ip_address=172.20.0.10&port_id=2b3930dd-3e6f-4c72-b02b-2a53d464da97 HTTP/1.1" status: 200 len: 999 time: 0.1247780
Feb 20 20:44:22.208232 dv-cinder-830089-1-smb neutron-server[109302]: DEBUG neutron.api.rpc.handlers.l3_rpc [None req-99100607-309b-47b9-ac9f-03ace8536f27 None None] Checking router: efb7cde0-5bb9-4376-a0c6-6504b082a988 for host: dv-cinder-830089-1-smb {{(pid=109302) _ensure_host_set_on_ports /opt/stack/neutron/neutron/api/rpc/handlers/l3_rpc.py:155}}
Feb 20 20:44:22.221513 dv-cinder-830089-1-smb neutron-server[109302]: DEBUG neutron.db.l3_dvrscheduler_db [None req-99100607-309b-47b9-ac9f-03ace8536f27 None None] Routers {'efb7cde0-5bb9-4376-a0c6-6504b082a988'} bound to L3 agent in host dv-cinder-830089-1-smb {{(pid=109302) _get_router_ids_for_agent /opt/stack/neutron/neutron/db/l3_dvrscheduler_db.py:421}}
Feb 20 20:44:22.222319 dv-cinder-830089-1-smb neutron-server[109302]: DEBUG neutron.db.l3_hamode_db [None req-99100607-309b-47b9-ac9f-03ace8536f27 None None] neutron.services.l3_router.l3_router_plugin.L3RouterPlugin method get_ha_sync_data_for_host called with arguments (, 'dv-cinder-830089-1-smb', Agent(admin_state_up=True,agent_type='L3 agent',availability_zone='nova',binary='neutron-l3-agent',configurations={"agent_mode": "legacy", "ex_gw_ports": 4, "extensions": [], "floating_ips": 0, "handle_internal_only_routers": true, "interface_driver": "openvswitch", "interfaces": 3, "log_agent_heartbeats": false, "routers": 4},created_at=2022-02-20T20:34:56Z,description=,heartbeat_timestamp=2022-02-20T20:43:56Z,host='dv-cinder-830089-1-smb',id=97eb0646-9915-4265-9b65-b5561df1f7f5,load=0,resource_versions=,resources_synced=,started_at=2022-02-20T20:34:56Z,topic='l3_agent')) {'router_ids': ['efb7cde0-5bb9-4376-a0c6-6504b082a988'], 'active': True} {{(pid=109302) wrapper /usr/local/lib/python3.8/dist-packages/oslo_log/helpers.py:65}}
Feb 20 20:44:22.331700 dv-cinder-830089-1-smb neutron-server[109299]: DEBUG neutron.pecan_wsgi.hooks.policy_enforcement [req-14fa2549-0854-4e17-9fe2-59024549a3d6 req-059433c8-66d8-4f65-aed5-93e7eadf7b79 service neutron] Attributes excluded by policy engine: ['standard_attr_id', 'shared'] {{(pid=109299) _exclude_attributes_by_policy /opt/stack/neutron/neutron/pecan_wsgi/hooks/policy_enforcement.py:255}}
Feb 20 20:44:22.333828 dv-cinder-830089-1-smb neutron-server[109299]: INFO neutron.wsgi [req-14fa2549-0854-4e17-9fe2-59024549a3d6 req-059433c8-66d8-4f65-aed5-93e7eadf7b79 service neutron] 10.222.0.99 "GET /v2.0/subnets?id=59a196fb-9758-4f22-b373-90fccd129cd0 HTTP/1.1" status: 200 len: 856 time: 0.1350522
Feb 20 20:44:22.445799 dv-cinder-830089-1-smb neutron-server[109302]: DEBUG neutron.db.l3_dvr_db [None req-99100607-309b-47b9-ac9f-03ace8536f27 None None] Set router efb7cde0-5bb9-4376-a0c6-6504b082a988 gateway port host: dv-cinder-830089-1-smb {{(pid=109302) _build_routers_list /opt/stack/neutron/neutron/db/l3_dvr_db.py:906}}
Feb 20 20:44:22.450140 dv-cinder-830089-1-smb neutron-server[109299]: DEBUG neutron.pecan_wsgi.hooks.policy_enforcement [req-14fa2549-0854-4e17-9fe2-59024549a3d6 req-498b3cd5-b949-4247-9912-1d9f4de1480d service neutron] Attributes excluded by policy engine: ['standard_attr_id'] {{(pid=109299) _exclude_attributes_by_policy /opt/stack/neutron/neutron/pecan_wsgi/hooks/policy_enforcement.py:255}}
Feb 20 20:44:22.451902 dv-cinder-830089-1-smb neutron-server[109299]: INFO neutron.wsgi [req-14fa2549-0854-4e17-9fe2-59024549a3d6 req-498b3cd5-b949-4247-9912-1d9f4de1480d service neutron] 10.222.0.99 "GET /v2.0/ports?network_id=e74adcec-60da-4466-bfc9-ac8377d5130d&device_owner=network%3Adhcp HTTP/1.1" status: 200 len: 1210 time: 0.1104076
Feb 20 20:44:22.571601 dv-cinder-830089-1-smb neutron-server[109299]: INFO neutron.wsgi [req-14fa2549-0854-4e17-9fe2-59024549a3d6 req-713316b1-ca29-453c-a9d7-0f34ae07e461 service neutron] 10.222.0.99 "GET /v2.0/networks/e74adcec-60da-4466-bfc9-ac8377d5130d?fields=segments HTTP/1.1" status: 200 len: 212 time: 0.1116316
Feb 20 20:44:22.705330 dv-cinder-830089-1-smb neutron-server[109299]: INFO neutron.wsgi [req-14fa2549-0854-4e17-9fe2-59024549a3d6 req-575ebe5e-a880-4bf0-82c1-90d574056ac0 service neutron] 10.222.0.99 "GET /v2.0/networks/e74adcec-60da-4466-bfc9-ac8377d5130d?fields=provider%3Aphysical_network&fields=provider%3Anetwork_type HTTP/1.1" status: 200 len: 281 time: 0.1273284
