Apr 12 11:00:41.097475 dv-cinder-830088-4-iscsi neutron-server[103257]: DEBUG neutron.api.v2.base [None req-75c74991-f546-4d1f-9482-6a0a4bded056 admin admin] Request body: {'network': {'name': 'tempest-DeleteServersTestJSON-685548583-network', 'tenant_id': '69a133bd5ba947f5a9073d8c0e14336a'}} {{(pid=103257) prepare_request_body /opt/stack/neutron/neutron/api/v2/base.py:729}}
Apr 12 11:00:41.124151 dv-cinder-830088-4-iscsi neutron-server[103258]: DEBUG neutron_lib.callbacks.manager [None req-79bcde90-3ce5-4793-b524-7e74004c4fdc admin admin] Publish callbacks [] for security_group (None), before_create {{(pid=103258) _notify_loop /usr/local/lib/python3.8/dist-packages/neutron_lib/callbacks/manager.py:176}}
Apr 12 11:00:41.125907 dv-cinder-830088-4-iscsi neutron-server[103258]: DEBUG neutron.api.rpc.handlers.resources_rpc [None req-a7aee064-3a7c-4724-8ade-73afb54d65d9 admin admin] Pushing event updated for resources: {'Subnet': ['ID=342bfb33-54ce-4b31-b1d9-ee13f5d2ec00,revision_number=0']} {{(pid=103258) push /opt/stack/neutron/neutron/api/rpc/handlers/resources_rpc.py:237}}
Apr 12 11:00:41.126048 dv-cinder-830088-4-iscsi neutron-server[103257]: DEBUG neutron.pecan_wsgi.hooks.quota_enforcement [None req-75c74991-f546-4d1f-9482-6a0a4bded056 admin admin] Made reservation on behalf of 69a133bd5ba947f5a9073d8c0e14336a for: {'network': 1} {{(pid=103257) before /opt/stack/neutron/neutron/pecan_wsgi/hooks/quota_enforcement.py:53}}
Apr 12 11:00:41.128583 dv-cinder-830088-4-iscsi neutron-server[103257]: DEBUG neutron_lib.callbacks.manager [None req-75c74991-f546-4d1f-9482-6a0a4bded056 admin admin] Publish callbacks ['neutron.plugins.ml2.plugin.SecurityGroupDbMixin._ensure_default_security_group_handler-1535343'] for network (None), before_create {{(pid=103257) _notify_loop /usr/local/lib/python3.8/dist-packages/neutron_lib/callbacks/manager.py:176}}
Apr 12 11:00:41.135551 dv-cinder-830088-4-iscsi neutron-server[103258]: DEBUG neutron.api.rpc.callbacks.version_manager [None req-a7aee064-3a7c-4724-8ade-73afb54d65d9 admin admin] Version for resource type AddressGroup changed None to 1.2 on consumer Open vSwitch agent@dv-cinder-830088-4-iscsi {{(pid=103258) _set_version /opt/stack/neutron/neutron/api/rpc/callbacks/version_manager.py:113}}
Apr 12 11:00:41.135889 dv-cinder-830088-4-iscsi neutron-server[103258]: DEBUG neutron.api.rpc.callbacks.version_manager [None req-a7aee064-3a7c-4724-8ade-73afb54d65d9 admin admin] Version for resource type Agent changed None to 1.1 on consumer Open vSwitch agent@dv-cinder-830088-4-iscsi {{(pid=103258) _set_version /opt/stack/neutron/neutron/api/rpc/callbacks/version_manager.py:113}}
Apr 12 11:00:41.136531 dv-cinder-830088-4-iscsi neutron-server[103258]: DEBUG neutron.api.rpc.callbacks.version_manager [None req-a7aee064-3a7c-4724-8ade-73afb54d65d9 admin admin] Version for resource type ConntrackHelper changed None to 1.0 on consumer Open vSwitch agent@dv-cinder-830088-4-iscsi {{(pid=103258) _set_version /opt/stack/neutron/neutron/api/rpc/callbacks/version_manager.py:113}}
Apr 12 11:00:41.137511 dv-cinder-830088-4-iscsi neutron-server[103258]: DEBUG neutron.api.rpc.callbacks.version_manager [None req-a7aee064-3a7c-4724-8ade-73afb54d65d9 admin admin] Version for resource type LocalIPAssociation changed None to 1.0 on consumer Open vSwitch agent@dv-cinder-830088-4-iscsi {{(pid=103258) _set_version /opt/stack/neutron/neutron/api/rpc/callbacks/version_manager.py:113}}
Apr 12 11:00:41.137988 dv-cinder-830088-4-iscsi neutron-server[103258]: DEBUG neutron.api.rpc.callbacks.version_manager [None req-a7aee064-3a7c-4724-8ade-73afb54d65d9 admin admin] Version for resource type Log changed None to 1.0 on consumer Open vSwitch agent@dv-cinder-830088-4-iscsi {{(pid=103258) _set_version /opt/stack/neutron/neutron/api/rpc/callbacks/version_manager.py:113}}
Apr 12 11:00:41.138473 dv-cinder-830088-4-iscsi neutron-server[103258]: DEBUG neutron.api.rpc.callbacks.version_manager [None req-a7aee064-3a7c-4724-8ade-73afb54d65d9 admin admin] Version for resource type NDPProxy changed None to 1.0 on consumer Open vSwitch agent@dv-cinder-830088-4-iscsi {{(pid=103258) _set_version /opt/stack/neutron/neutron/api/rpc/callbacks/version_manager.py:113}}
Apr 12 11:00:41.138969 dv-cinder-830088-4-iscsi neutron-server[103258]: DEBUG neutron.api.rpc.callbacks.version_manager [None req-a7aee064-3a7c-4724-8ade-73afb54d65d9 admin admin] Version for resource type Network changed None to 1.1 on consumer Open vSwitch agent@dv-cinder-830088-4-iscsi {{(pid=103258) _set_version /opt/stack/neutron/neutron/api/rpc/callbacks/version_manager.py:113}}
Apr 12 11:00:41.139398 dv-cinder-830088-4-iscsi neutron-server[103257]: DEBUG neutron_lib.callbacks.manager [None req-75c74991-f546-4d1f-9482-6a0a4bded056 admin admin] Publish callbacks [] for security_group (None), before_create {{(pid=103257) _notify_loop /usr/local/lib/python3.8/dist-packages/neutron_lib/callbacks/manager.py:176}}
Apr 12 11:00:41.139557 dv-cinder-830088-4-iscsi neutron-server[103258]: DEBUG neutron.api.rpc.callbacks.version_manager [None req-a7aee064-3a7c-4724-8ade-73afb54d65d9 admin admin] Version for resource type Port changed None to 1.7 on consumer Open vSwitch agent@dv-cinder-830088-4-iscsi {{(pid=103258) _set_version /opt/stack/neutron/neutron/api/rpc/callbacks/version_manager.py:113}}
Apr 12 11:00:41.139766 dv-cinder-830088-4-iscsi neutron-server[103258]: DEBUG neutron.api.rpc.callbacks.version_manager [None req-a7aee064-3a7c-4724-8ade-73afb54d65d9 admin admin] Version for resource type PortForwarding changed None to 1.3 on consumer Open vSwitch agent@dv-cinder-830088-4-iscsi {{(pid=103258) _set_version /opt/stack/neutron/neutron/api/rpc/callbacks/version_manager.py:113}}
Apr 12 11:00:41.140091 dv-cinder-830088-4-iscsi neutron-server[103258]: DEBUG neutron.api.rpc.callbacks.version_manager [None req-a7aee064-3a7c-4724-8ade-73afb54d65d9 admin admin] Version for resource type QosPolicy changed None to 1.10 on consumer Open vSwitch agent@dv-cinder-830088-4-iscsi {{(pid=103258) _set_version /opt/stack/neutron/neutron/api/rpc/callbacks/version_manager.py:113}}
Apr 12 11:00:41.140432 dv-cinder-830088-4-iscsi neutron-server[103258]: DEBUG neutron.api.rpc.callbacks.version_manager [None req-a7aee064-3a7c-4724-8ade-73afb54d65d9 admin admin] Version for resource type SecurityGroup changed None to 1.5 on consumer Open vSwitch agent@dv-cinder-830088-4-iscsi {{(pid=103258) _set_version /opt/stack/neutron/neutron/api/rpc/callbacks/version_manager.py:113}}
Apr 12 11:00:41.140763 dv-cinder-830088-4-iscsi neutron-server[103258]: DEBUG neutron.api.rpc.callbacks.version_manager [None req-a7aee064-3a7c-4724-8ade-73afb54d65d9 admin admin] Version for resource type SecurityGroupRule changed None to 1.2 on consumer Open vSwitch agent@dv-cinder-830088-4-iscsi {{(pid=103258) _set_version /opt/stack/neutron/neutron/api/rpc/callbacks/version_manager.py:113}}
Apr 12 11:00:41.141242 dv-cinder-830088-4-iscsi neutron-server[103258]: DEBUG neutron.api.rpc.callbacks.version_manager [None req-a7aee064-3a7c-4724-8ade-73afb54d65d9 admin admin] Version for resource type SubPort changed None to 1.0 on consumer Open vSwitch agent@dv-cinder-830088-4-iscsi {{(pid=103258) _set_version /opt/stack/neutron/neutron/api/rpc/callbacks/version_manager.py:113}}
Apr 12 11:00:41.141725 dv-cinder-830088-4-iscsi neutron-server[103258]: DEBUG neutron.api.rpc.callbacks.version_manager [None req-a7aee064-3a7c-4724-8ade-73afb54d65d9 admin admin] Version for resource type Subnet changed None to 1.1 on consumer Open vSwitch agent@dv-cinder-830088-4-iscsi {{(pid=103258) _set_version /opt/stack/neutron/neutron/api/rpc/callbacks/version_manager.py:113}}
Apr 12 11:00:41.142201 dv-cinder-830088-4-iscsi neutron-server[103258]: DEBUG neutron.api.rpc.callbacks.version_manager [None req-a7aee064-3a7c-4724-8ade-73afb54d65d9 admin admin] Version for resource type Trunk changed None to 1.1 on consumer Open vSwitch agent@dv-cinder-830088-4-iscsi {{(pid=103258) _set_version /opt/stack/neutron/neutron/api/rpc/callbacks/version_manager.py:113}}
Apr 12 11:00:41.143444 dv-cinder-830088-4-iscsi neutron-server[103258]: DEBUG neutron.api.rpc.callbacks.version_manager [None req-a7aee064-3a7c-4724-8ade-73afb54d65d9 admin admin] Tracked resource versions report:
Apr 12 11:00:41.143444 dv-cinder-830088-4-iscsi neutron-server[103258]: pushed versions:
Apr 12 11:00:41.143444 dv-cinder-830088-4-iscsi neutron-server[103258]: { 'AddressGroup': {'1.2'},
Apr 12 11:00:41.143444 dv-cinder-830088-4-iscsi neutron-server[103258]: 'Agent': {'1.1'},
Apr 12 11:00:41.143444 dv-cinder-830088-4-iscsi neutron-server[103258]: 'ConntrackHelper': {'1.0'},
Apr 12 11:00:41.143444 dv-cinder-830088-4-iscsi neutron-server[103258]: 'LocalIPAssociation': {'1.0'},
Apr 12 11:00:41.143444 dv-cinder-830088-4-iscsi neutron-server[103258]: 'Log': {'1.0'},
Apr 12 11:00:41.143444 dv-cinder-830088-4-iscsi neutron-server[103258]: 'NDPProxy': {'1.0'},
Apr 12 11:00:41.143444 dv-cinder-830088-4-iscsi neutron-server[103258]: 'Network': {'1.1'},
Apr 12 11:00:41.143444 dv-cinder-830088-4-iscsi neutron-server[103258]: 'Port': {'1.7'},
Apr 12 11:00:41.143444 dv-cinder-830088-4-iscsi neutron-server[103258]: 'PortForwarding': {'1.3'},
Apr 12 11:00:41.143444 dv-cinder-830088-4-iscsi neutron-server[103258]: 'QosPolicy': {'1.10'},
Apr 12 11:00:41.143444 dv-cinder-830088-4-iscsi neutron-server[103258]: 'SecurityGroup': {'1.5'},
Apr 12 11:00:41.143444 dv-cinder-830088-4-iscsi neutron-server[103258]: 'SecurityGroupRule': {'1.2'},
Apr 12 11:00:41.143444 dv-cinder-830088-4-iscsi neutron-server[103258]: 'SubPort': {'1.0'},
Apr 12 11:00:41.143444 dv-cinder-830088-4-iscsi neutron-server[103258]: 'Subnet': {'1.1'},
Apr 12 11:00:41.143444 dv-cinder-830088-4-iscsi neutron-server[103258]: 'Trunk': {'1.1'}}
Apr 12 11:00:41.143444 dv-cinder-830088-4-iscsi neutron-server[103258]: consumer versions:
Apr 12 11:00:41.143444 dv-cinder-830088-4-iscsi neutron-server[103258]: { DHCP agent@dv-cinder-830088-4-iscsi: {},
Apr 12 11:00:41.143444 dv-cinder-830088-4-iscsi neutron-server[103258]: HyperV agent@hv-cinder-83008: {},
Apr 12 11:00:41.143444 dv-cinder-830088-4-iscsi neutron-server[103258]: L3 agent@dv-cinder-830088-4-iscsi: {},
Apr 12 11:00:41.143444 dv-cinder-830088-4-iscsi neutron-server[103258]: Metadata agent@dv-cinder-830088-4-iscsi: {},
Apr 12 11:00:41.143444 dv-cinder-830088-4-iscsi neutron-server[103258]: Metering agent@dv-cinder-830088-4-iscsi: {},
Apr 12 11:00:41.143444 dv-cinder-830088-4-iscsi neutron-server[103258]: Open vSwitch agent@dv-cinder-830088-4-iscsi: { 'AddressGroup': '1.2',
Apr 12 11:00:41.143444 dv-cinder-830088-4-iscsi neutron-server[103258]: 'Agent': '1.1',
Apr 12 11:00:41.143444 dv-cinder-830088-4-iscsi neutron-server[103258]: 'ConntrackHelper': '1.0',
Apr 12 11:00:41.143444 dv-cinder-830088-4-iscsi neutron-server[103258]: 'LocalIPAssociation': '1.0',
Apr 12 11:00:41.143444 dv-cinder-830088-4-iscsi neutron-server[103258]: 'Log': '1.0',
Apr 12 11:00:41.143444 dv-cinder-830088-4-iscsi neutron-server[103258]: 'NDPProxy': '1.0',
Apr 12 11:00:41.143444 dv-cinder-830088-4-iscsi neutron-server[103258]: 'Network': '1.1',
Apr 12 11:00:41.143444 dv-cinder-830088-4-iscsi neutron-server[103258]: 'Port': '1.7',
Apr 12 11:00:41.143444 dv-cinder-830088-4-iscsi neutron-server[103258]: 'PortForwarding': '1.3',
Apr 12 11:00:41.143444 dv-cinder-830088-4-iscsi neutron-server[103258]: 'QosPolicy': '1.10',
Apr 12 11:00:41.143444 dv-cinder-830088-4-iscsi neutron-server[103258]: 'SecurityGroup': '1.5',
Apr 12 11:00:41.143444 dv-cinder-830088-4-iscsi neutron-server[103258]: 'SecurityGroupRule': '1.2',
Apr 12 11:00:41.143444 dv-cinder-830088-4-iscsi neutron-server[103258]: 'SubPort': '1.0',
Apr 12 11:00:41.143444 dv-cinder-830088-4-iscsi neutron-server[103258]: 'Subnet': '1.1',
Apr 12 11:00:41.143444 dv-cinder-830088-4-iscsi neutron-server[103258]: 'Trunk': '1.1'}}
Apr 12 11:00:41.143444 dv-cinder-830088-4-iscsi neutron-server[103258]: {{(pid=103258) report /opt/stack/neutron/neutron/api/rpc/callbacks/version_manager.py:175}}
Apr 12 11:00:41.180749 dv-cinder-830088-4-iscsi neutron-server[103257]: DEBUG neutron.api.v2.base [None req-9acc56da-dd92-4336-a0be-d31143e8c87d admin admin] Request body: {'network': {'name': 'tempest-EncryptedVolumesExtendAttachedTest-1043609897-network', 'tenant_id': '75424b41fe614e43b36439027f6b86e5'}} {{(pid=103257) prepare_request_body /opt/stack/neutron/neutron/api/v2/base.py:729}}
Apr 12 11:00:41.217740 dv-cinder-830088-4-iscsi neutron-server[103257]: DEBUG neutron.pecan_wsgi.hooks.quota_enforcement [None req-9acc56da-dd92-4336-a0be-d31143e8c87d admin admin] Made reservation on behalf of 75424b41fe614e43b36439027f6b86e5 for: {'network': 1} {{(pid=103257) before /opt/stack/neutron/neutron/pecan_wsgi/hooks/quota_enforcement.py:53}}
Apr 12 11:00:41.220363 dv-cinder-830088-4-iscsi neutron-server[103257]: DEBUG neutron_lib.callbacks.manager [None req-9acc56da-dd92-4336-a0be-d31143e8c87d admin admin] Publish callbacks ['neutron.plugins.ml2.plugin.SecurityGroupDbMixin._ensure_default_security_group_handler-1535343'] for network (None), before_create {{(pid=103257) _notify_loop /usr/local/lib/python3.8/dist-packages/neutron_lib/callbacks/manager.py:176}}
Apr 12 11:00:41.225586 dv-cinder-830088-4-iscsi neutron-server[103258]: DEBUG neutron.plugins.ml2.drivers.mech_agent [None req-a7aee064-3a7c-4724-8ade-73afb54d65d9 admin admin] Checking segment: {'id': '7235212e-5ea9-4475-b7e8-0ed6cc0af829', 'network_type': 'vlan', 'physical_network': 'physnet1', 'segmentation_id': 511, 'network_id': '8605bce6-3955-4448-bd79-8ef881f45c6d'} for mappings: {'physnet1': 'br-data'} with network types: ['local', 'flat', 'vlan'] {{(pid=103258) check_segment_for_agent /opt/stack/neutron/neutron/plugins/ml2/drivers/mech_agent.py:373}}
Apr 12 11:00:41.225879 dv-cinder-830088-4-iscsi neutron-server[103258]: DEBUG neutron.scheduler.dhcp_agent_scheduler [None req-a7aee064-3a7c-4724-8ade-73afb54d65d9 admin admin] Network hostable DHCP agents. Network: 8605bce6-3955-4448-bd79-8ef881f45c6d, hostable agents: ['0a0a44e5-732d-48d9-a8ad-b47e7b7c1a86'], hosted agents: [] {{(pid=103258) _get_network_hostable_dhcp_agents /opt/stack/neutron/neutron/scheduler/dhcp_agent_scheduler.py:329}}
Apr 12 11:00:41.236574 dv-cinder-830088-4-iscsi neutron-server[103257]: DEBUG neutron_lib.callbacks.manager [None req-9acc56da-dd92-4336-a0be-d31143e8c87d admin admin] Publish callbacks [] for security_group (None), before_create {{(pid=103257) _notify_loop /usr/local/lib/python3.8/dist-packages/neutron_lib/callbacks/manager.py:176}}
Apr 12 11:00:41.244975 dv-cinder-830088-4-iscsi neutron-server[103258]: DEBUG neutron_lib.callbacks.manager [None req-2587d2b8-1fe9-4953-a8a5-73b6dbc1dabc admin admin] Publish callbacks ['neutron.plugins.ml2.ovo_rpc._ObjectChangeHandler.handle_event-439037', 'neutron.api.rpc.agentnotifiers.dhcp_rpc_agent_api.DhcpAgentNotifyAPI._native_event_send_dhcp_notification-586207'] for subnet (a03f1c9e-6c63-496e-9600-bb0a8351c93d), after_create {{(pid=103258) _notify_loop /usr/local/lib/python3.8/dist-packages/neutron_lib/callbacks/manager.py:176}}
Apr 12 11:00:41.285713 dv-cinder-830088-4-iscsi neutron-server[103257]: DEBUG neutron_lib.callbacks.manager [None req-75c74991-f546-4d1f-9482-6a0a4bded056 admin admin] Publish callbacks [] for security_group (19a2dc3b-a298-4013-89f3-f5eb3f383f02), precommit_create {{(pid=103257) _notify_loop /usr/local/lib/python3.8/dist-packages/neutron_lib/callbacks/manager.py:176}}
Apr 12 11:00:41.298262 dv-cinder-830088-4-iscsi neutron-server[103257]: DEBUG neutron_lib.callbacks.manager [None req-75c74991-f546-4d1f-9482-6a0a4bded056 admin admin] Publish callbacks ['neutron.plugins.ml2.ovo_rpc._ObjectChangeHandler.handle_event-415253'] for security_group (19a2dc3b-a298-4013-89f3-f5eb3f383f02), after_create {{(pid=103257) _notify_loop /usr/local/lib/python3.8/dist-packages/neutron_lib/callbacks/manager.py:176}}
Apr 12 11:00:41.320226 dv-cinder-830088-4-iscsi neutron-server[103258]: DEBUG neutron.scheduler.dhcp_agent_scheduler [None req-a7aee064-3a7c-4724-8ade-73afb54d65d9 admin admin] Network 8605bce6-3955-4448-bd79-8ef881f45c6d is scheduled to be hosted by DHCP agent 0a0a44e5-732d-48d9-a8ad-b47e7b7c1a86 with binding_index 1 {{(pid=103258) bind /opt/stack/neutron/neutron/scheduler/dhcp_agent_scheduler.py:227}}
Apr 12 11:00:41.336049 dv-cinder-830088-4-iscsi neutron-server[103258]: DEBUG neutron.api.rpc.handlers.resources_rpc [None req-2587d2b8-1fe9-4953-a8a5-73b6dbc1dabc admin admin] Pushing event updated for resources: {'Subnet': ['ID=a03f1c9e-6c63-496e-9600-bb0a8351c93d,revision_number=0']} {{(pid=103258) push /opt/stack/neutron/neutron/api/rpc/handlers/resources_rpc.py:237}}
Apr 12 11:00:41.337948 dv-cinder-830088-4-iscsi neutron-server[103257]: DEBUG neutron.plugins.ml2.drivers.helpers [None req-75c74991-f546-4d1f-9482-6a0a4bded056 admin admin] vlan segment allocate from pool success with {'physical_network': 'physnet1', 'vlan_id': 549} {{(pid=103257) allocate_partially_specified_segment /opt/stack/neutron/neutron/plugins/ml2/drivers/helpers.py:153}}
Apr 12 11:00:41.353416 dv-cinder-830088-4-iscsi neutron-server[103258]: DEBUG neutron.scheduler.base_scheduler [None req-a7aee064-3a7c-4724-8ade-73afb54d65d9 admin admin] Resources bound (agent type, host, resource id): (DHCP agent, dv-cinder-830088-4-iscsi, 8605bce6-3955-4448-bd79-8ef881f45c6d) {{(pid=103258) schedule /opt/stack/neutron/neutron/scheduler/base_scheduler.py:57}}
Apr 12 11:00:41.367216 dv-cinder-830088-4-iscsi neutron-server[103258]: DEBUG neutron.pecan_wsgi.hooks.policy_enforcement [None req-a7aee064-3a7c-4724-8ade-73afb54d65d9 admin admin] Attributes excluded by policy engine: ['standard_attr_id', 'shared', 'network'] {{(pid=103258) _exclude_attributes_by_policy /opt/stack/neutron/neutron/pecan_wsgi/hooks/policy_enforcement.py:255}}
Apr 12 11:00:41.367817 dv-cinder-830088-4-iscsi neutron-server[103258]: DEBUG neutron_lib.callbacks.manager [None req-a7aee064-3a7c-4724-8ade-73afb54d65d9 admin admin] Publish callbacks ['neutron.api.rpc.agentnotifiers.dhcp_rpc_agent_api.DhcpAgentNotifyAPI._send_dhcp_notification-586029'] for subnet (None), before_response {{(pid=103258) _notify_loop /usr/local/lib/python3.8/dist-packages/neutron_lib/callbacks/manager.py:176}}
Apr 12 11:00:41.368077 dv-cinder-830088-4-iscsi neutron-server[103259]: DEBUG neutron.api.rpc.handlers.dhcp_rpc [None req-403863eb-5ddb-496d-a759-a624b6c62deb None None] Network 8605bce6-3955-4448-bd79-8ef881f45c6d requested from dv-cinder-830088-4-iscsi {{(pid=103259) get_network_info /opt/stack/neutron/neutron/api/rpc/handlers/dhcp_rpc.py:191}}
Apr 12 11:00:41.402587 dv-cinder-830088-4-iscsi neutron-server[103258]: DEBUG neutron_lib.callbacks.manager [None req-79bcde90-3ce5-4793-b524-7e74004c4fdc admin admin] Publish callbacks [] for security_group (71e266af-b8f1-4bac-99bb-ae1f9d008a63), precommit_create {{(pid=103258) _notify_loop /usr/local/lib/python3.8/dist-packages/neutron_lib/callbacks/manager.py:176}}
Apr 12 11:00:41.404373 dv-cinder-830088-4-iscsi neutron-server[103258]: DEBUG neutron.plugins.ml2.drivers.mech_agent [None req-2587d2b8-1fe9-4953-a8a5-73b6dbc1dabc admin admin] Checking segment: {'id': '2248de7c-bd9a-4119-9ea3-2adf7f860546', 'network_type': 'vlan', 'physical_network': 'physnet1', 'segmentation_id': 546, 'network_id': '5283658c-f0e4-41df-8b22-61e61a4f7877'} for mappings: {'physnet1': 'br-data'} with network types: ['local', 'flat', 'vlan'] {{(pid=103258) check_segment_for_agent /opt/stack/neutron/neutron/plugins/ml2/drivers/mech_agent.py:373}}
Apr 12 11:00:41.404864 dv-cinder-830088-4-iscsi neutron-server[103258]: DEBUG neutron.scheduler.dhcp_agent_scheduler [None req-2587d2b8-1fe9-4953-a8a5-73b6dbc1dabc admin admin] Network hostable DHCP agents. Network: 5283658c-f0e4-41df-8b22-61e61a4f7877, hostable agents: ['0a0a44e5-732d-48d9-a8ad-b47e7b7c1a86'], hosted agents: [] {{(pid=103258) _get_network_hostable_dhcp_agents /opt/stack/neutron/neutron/scheduler/dhcp_agent_scheduler.py:329}}
Apr 12 11:00:41.414499 dv-cinder-830088-4-iscsi neutron-server[103258]: INFO neutron.wsgi [None req-a7aee064-3a7c-4724-8ade-73afb54d65d9 admin admin] 10.222.0.39 "POST /v2.0/subnets HTTP/1.1" status: 201 len: 850 time: 0.8436177
Apr 12 11:00:41.414499 dv-cinder-830088-4-iscsi neutron-server[103258]: DEBUG neutron_lib.callbacks.manager [None req-79bcde90-3ce5-4793-b524-7e74004c4fdc admin admin] Publish callbacks ['neutron.plugins.ml2.ovo_rpc._ObjectChangeHandler.handle_event-415253'] for security_group (71e266af-b8f1-4bac-99bb-ae1f9d008a63), after_create {{(pid=103258) _notify_loop /usr/local/lib/python3.8/dist-packages/neutron_lib/callbacks/manager.py:176}}
Apr 12 11:00:41.418786 dv-cinder-830088-4-iscsi neutron-server[103258]: DEBUG neutron.wsgi [-] (103258) accepted ('10.222.0.39', 48854) {{(pid=103258) server /usr/local/lib/python3.8/dist-packages/eventlet/wsgi.py:1004}}
Apr 12 11:00:41.426945 dv-cinder-830088-4-iscsi neutron-server[103258]: DEBUG neutron.api.v2.base [None req-bdfd8f08-6b9d-43fc-970f-53024ed0a000 admin admin] Request body: {'router': {'name': 'tempest-AttachVolumeNegativeTest-942964669-router', 'tenant_id': 'e581060642574053bd171680bd4e15a9', 'external_gateway_info': {'network_id': '3b7be5f2-485b-4c85-8f98-fb200971b61c'}}} {{(pid=103258) prepare_request_body /opt/stack/neutron/neutron/api/v2/base.py:729}}
Apr 12 11:00:41.464135 dv-cinder-830088-4-iscsi neutron-server[103257]: DEBUG neutron.api.v2.base [None req-41cc842f-299c-493b-8f8f-4ef4df3b2656 admin admin] Request body: {'network': {'name': 'tempest-ServerRescueNegativeTestJSON-1877816747-network', 'tenant_id': '87551ef1ad8e4190b7a3b1c3469382df'}} {{(pid=103257) prepare_request_body /opt/stack/neutron/neutron/api/v2/base.py:729}}
Apr 12 11:00:41.478485 dv-cinder-830088-4-iscsi neutron-server[103258]: DEBUG neutron.scheduler.dhcp_agent_scheduler [None req-2587d2b8-1fe9-4953-a8a5-73b6dbc1dabc admin admin] Network 5283658c-f0e4-41df-8b22-61e61a4f7877 is scheduled to be hosted by DHCP agent 0a0a44e5-732d-48d9-a8ad-b47e7b7c1a86 with binding_index 1 {{(pid=103258) bind /opt/stack/neutron/neutron/scheduler/dhcp_agent_scheduler.py:227}}
Apr 12 11:00:41.487049 dv-cinder-830088-4-iscsi neutron-server[103258]: DEBUG neutron.api.rpc.handlers.resources_rpc [None req-79bcde90-3ce5-4793-b524-7e74004c4fdc admin admin] Pushing event updated for resources: {'SecurityGroup': ['ID=71e266af-b8f1-4bac-99bb-ae1f9d008a63,revision_number=1']} {{(pid=103258) push /opt/stack/neutron/neutron/api/rpc/handlers/resources_rpc.py:237}}
Apr 12 11:00:41.487924 dv-cinder-830088-4-iscsi neutron-server[103257]: DEBUG neutron_lib.callbacks.manager [None req-75c74991-f546-4d1f-9482-6a0a4bded056 admin admin] Publish callbacks ['neutron.plugins.ml2.plugin.Ml2Plugin._handle_segment_change-1531021'] for segment (331144d7-7890-4b14-baab-10c11a274824), precommit_create {{(pid=103257) _notify_loop /usr/local/lib/python3.8/dist-packages/neutron_lib/callbacks/manager.py:176}}
Apr 12 11:00:41.488522 dv-cinder-830088-4-iscsi neutron-server[103257]: INFO neutron.db.segments_db [None req-75c74991-f546-4d1f-9482-6a0a4bded056 admin admin] Added segment 331144d7-7890-4b14-baab-10c11a274824 of type vlan for network 332a1fd1-5c8d-44a4-a602-cb07d1316e56
Apr 12 11:00:41.490828 dv-cinder-830088-4-iscsi neutron-server[103257]: DEBUG neutron.api.rpc.handlers.resources_rpc [None req-75c74991-f546-4d1f-9482-6a0a4bded056 admin admin] Pushing event updated for resources: {'SecurityGroup': ['ID=19a2dc3b-a298-4013-89f3-f5eb3f383f02,revision_number=1']} {{(pid=103257) push /opt/stack/neutron/neutron/api/rpc/handlers/resources_rpc.py:237}}
Apr 12 11:00:41.494254 dv-cinder-830088-4-iscsi neutron-server[103258]: DEBUG neutron.scheduler.base_scheduler [None req-2587d2b8-1fe9-4953-a8a5-73b6dbc1dabc admin admin] Resources bound (agent type, host, resource id): (DHCP agent, dv-cinder-830088-4-iscsi, 5283658c-f0e4-41df-8b22-61e61a4f7877) {{(pid=103258) schedule /opt/stack/neutron/neutron/scheduler/base_scheduler.py:57}}
Apr 12 11:00:41.498455 dv-cinder-830088-4-iscsi neutron-server[103258]: DEBUG neutron_lib.callbacks.manager [None req-bdfd8f08-6b9d-43fc-970f-53024ed0a000 admin admin] Publish callbacks ['neutron.services.l3_router.l3_router_plugin.L3_HA_NAT_db_mixin._before_router_create_handler-518224', 'neutron.services.l3_router.service_providers.driver_controller.DriverController._check_router_request-14475'] for router (b40e7d0d-8f57-424d-96be-54b6f118e1d9), before_create {{(pid=103258) _notify_loop /usr/local/lib/python3.8/dist-packages/neutron_lib/callbacks/manager.py:176}}
Apr 12 11:00:41.499604 dv-cinder-830088-4-iscsi neutron-server[103258]: DEBUG neutron_lib.callbacks.manager [None req-bdfd8f08-6b9d-43fc-970f-53024ed0a000 admin admin] Publish callbacks ['neutron.services.l3_router.l3_router_plugin.L3_HA_NAT_db_mixin._precommit_router_create-519904', 'neutron.services.l3_router.l3_router_plugin.DVRResourceOperationHandler._set_distributed_flag-577883', 'neutron.services.l3_router.l3_router_plugin.RouterAvailabilityZoneMixin._process_az_request-347708', 'neutron.services.l3_router.service_providers.driver_controller.DriverController._set_router_provider-14482'] for router (b40e7d0d-8f57-424d-96be-54b6f118e1d9), precommit_create {{(pid=103258) _notify_loop /usr/local/lib/python3.8/dist-packages/neutron_lib/callbacks/manager.py:176}}
Apr 12 11:00:41.504199 dv-cinder-830088-4-iscsi neutron-server[103258]: DEBUG neutron.pecan_wsgi.hooks.policy_enforcement [None req-2587d2b8-1fe9-4953-a8a5-73b6dbc1dabc admin admin] Attributes excluded by policy engine: ['standard_attr_id', 'shared', 'network'] {{(pid=103258) _exclude_attributes_by_policy /opt/stack/neutron/neutron/pecan_wsgi/hooks/policy_enforcement.py:255}}
Apr 12 11:00:41.504799 dv-cinder-830088-4-iscsi neutron-server[103258]: DEBUG neutron_lib.callbacks.manager [None req-2587d2b8-1fe9-4953-a8a5-73b6dbc1dabc admin admin] Publish callbacks ['neutron.api.rpc.agentnotifiers.dhcp_rpc_agent_api.DhcpAgentNotifyAPI._send_dhcp_notification-586029'] for subnet (None), before_response {{(pid=103258) _notify_loop /usr/local/lib/python3.8/dist-packages/neutron_lib/callbacks/manager.py:176}}
Apr 12 11:00:41.529044 dv-cinder-830088-4-iscsi neutron-server[103258]: INFO neutron.wsgi [None req-2587d2b8-1fe9-4953-a8a5-73b6dbc1dabc admin admin] 10.222.0.39 "POST /v2.0/subnets HTTP/1.1" status: 201 len: 846 time: 0.7309744
Apr 12 11:00:41.548054 dv-cinder-830088-4-iscsi neutron-server[103257]: DEBUG neutron.wsgi [-] (103257) accepted ('10.222.0.39', 48858) {{(pid=103257) server /usr/local/lib/python3.8/dist-packages/eventlet/wsgi.py:1004}}
Apr 12 11:00:41.553078 dv-cinder-830088-4-iscsi neutron-server[103257]: DEBUG neutron.api.v2.base [None req-b47c5f47-6ffd-4fe3-b714-ce842584ed7d admin admin] Request body: {'router': {'name': 'tempest-AttachVolumeTestJSON-423602201-router', 'tenant_id': 'd41e564f85554bef9013a0082cd0196d', 'external_gateway_info': {'network_id': '3b7be5f2-485b-4c85-8f98-fb200971b61c'}}} {{(pid=103257) prepare_request_body /opt/stack/neutron/neutron/api/v2/base.py:729}}
Apr 12 11:00:41.592168 dv-cinder-830088-4-iscsi neutron-server[103257]: DEBUG neutron_lib.callbacks.manager [None req-75c74991-f546-4d1f-9482-6a0a4bded056 admin admin] Publish callbacks ['neutron.services.auto_allocate.db._ensure_external_network_default_value_callback-8777667466078'] for network (332a1fd1-5c8d-44a4-a602-cb07d1316e56), precommit_create {{(pid=103257) _notify_loop /usr/local/lib/python3.8/dist-packages/neutron_lib/callbacks/manager.py:176}}
Apr 12 11:00:41.602961 dv-cinder-830088-4-iscsi neutron-server[103259]: DEBUG neutron.api.rpc.handlers.dhcp_rpc [None req-f79d66fe-4d62-4e74-989e-434106dfe600 None None] Network 5283658c-f0e4-41df-8b22-61e61a4f7877 requested from dv-cinder-830088-4-iscsi {{(pid=103259) get_network_info /opt/stack/neutron/neutron/api/rpc/handlers/dhcp_rpc.py:191}}
Apr 12 11:00:41.603504 dv-cinder-830088-4-iscsi neutron-server[103257]: DEBUG neutron_lib.callbacks.manager [None req-9acc56da-dd92-4336-a0be-d31143e8c87d admin admin] Publish callbacks [] for security_group (11028088-a4cb-47f9-98f8-cef8b779765e), precommit_create {{(pid=103257) _notify_loop /usr/local/lib/python3.8/dist-packages/neutron_lib/callbacks/manager.py:176}}
Apr 12 11:00:41.612577 dv-cinder-830088-4-iscsi neutron-server[103257]: DEBUG neutron.pecan_wsgi.hooks.quota_enforcement [None req-41cc842f-299c-493b-8f8f-4ef4df3b2656 admin admin] Made reservation on behalf of 87551ef1ad8e4190b7a3b1c3469382df for: {'network': 1} {{(pid=103257) before /opt/stack/neutron/neutron/pecan_wsgi/hooks/quota_enforcement.py:53}}
Apr 12 11:00:41.615996 dv-cinder-830088-4-iscsi neutron-server[103257]: DEBUG neutron_lib.callbacks.manager [None req-41cc842f-299c-493b-8f8f-4ef4df3b2656 admin admin] Publish callbacks ['neutron.plugins.ml2.plugin.SecurityGroupDbMixin._ensure_default_security_group_handler-1535343'] for network (None), before_create {{(pid=103257) _notify_loop /usr/local/lib/python3.8/dist-packages/neutron_lib/callbacks/manager.py:176}}
Apr 12 11:00:41.621657 dv-cinder-830088-4-iscsi neutron-server[103257]: DEBUG neutron_lib.callbacks.manager [None req-9acc56da-dd92-4336-a0be-d31143e8c87d admin admin] Publish callbacks ['neutron.plugins.ml2.ovo_rpc._ObjectChangeHandler.handle_event-415253'] for security_group (11028088-a4cb-47f9-98f8-cef8b779765e), after_create {{(pid=103257) _notify_loop /usr/local/lib/python3.8/dist-packages/neutron_lib/callbacks/manager.py:176}}
Apr 12 11:00:41.632227 dv-cinder-830088-4-iscsi neutron-server[103258]: DEBUG neutron_lib.callbacks.manager [None req-bdfd8f08-6b9d-43fc-970f-53024ed0a000 admin admin] Publish callbacks [] for router_controller (b40e7d0d-8f57-424d-96be-54b6f118e1d9), precommit_add_association {{(pid=103258) _notify_loop /usr/local/lib/python3.8/dist-packages/neutron_lib/callbacks/manager.py:176}}
Apr 12 11:00:41.672381 dv-cinder-830088-4-iscsi neutron-server[103257]: DEBUG neutron.api.rpc.handlers.resources_rpc [None req-9acc56da-dd92-4336-a0be-d31143e8c87d admin admin] Pushing event updated for resources: {'SecurityGroup': ['ID=11028088-a4cb-47f9-98f8-cef8b779765e,revision_number=1']} {{(pid=103257) push /opt/stack/neutron/neutron/api/rpc/handlers/resources_rpc.py:237}}
Apr 12 11:00:41.675346 dv-cinder-830088-4-iscsi neutron-server[103257]: DEBUG neutron_lib.callbacks.manager [None req-b47c5f47-6ffd-4fe3-b714-ce842584ed7d admin admin] Publish callbacks ['neutron.services.l3_router.l3_router_plugin.L3_HA_NAT_db_mixin._before_router_create_handler-518224', 'neutron.services.l3_router.service_providers.driver_controller.DriverController._check_router_request-14475'] for router (373bcbcc-c4aa-4514-9206-351c9dcda33b), before_create {{(pid=103257) _notify_loop /usr/local/lib/python3.8/dist-packages/neutron_lib/callbacks/manager.py:176}}
Apr 12 11:00:41.676917 dv-cinder-830088-4-iscsi neutron-server[103257]: DEBUG neutron_lib.callbacks.manager [None req-b47c5f47-6ffd-4fe3-b714-ce842584ed7d admin admin] Publish callbacks ['neutron.services.l3_router.l3_router_plugin.L3_HA_NAT_db_mixin._precommit_router_create-519904', 'neutron.services.l3_router.l3_router_plugin.DVRResourceOperationHandler._set_distributed_flag-577883', 'neutron.services.l3_router.l3_router_plugin.RouterAvailabilityZoneMixin._process_az_request-347708', 'neutron.services.l3_router.service_providers.driver_controller.DriverController._set_router_provider-14482'] for router (373bcbcc-c4aa-4514-9206-351c9dcda33b), precommit_create {{(pid=103257) _notify_loop /usr/local/lib/python3.8/dist-packages/neutron_lib/callbacks/manager.py:176}}
Apr 12 11:00:41.751330 dv-cinder-830088-4-iscsi neutron-server[103259]: DEBUG neutron.api.rpc.handlers.dhcp_rpc [None req-aed9f2c2-1f45-4a36-bdcb-ae06a66af6c2 None None] Create dhcp port {'port': {'name': '', 'admin_state_up': True, 'device_id': 'dhcp428fab94-ffe0-5fd5-8965-378eceeea6ce-8605bce6-3955-4448-bd79-8ef881f45c6d', 'network_id': '8605bce6-3955-4448-bd79-8ef881f45c6d', 'project_id': 'e581060642574053bd171680bd4e15a9', 'fixed_ips': [{'subnet_id': '342bfb33-54ce-4b31-b1d9-ee13f5d2ec00'}]}} from dv-cinder-830088-4-iscsi. {{(pid=103259) create_dhcp_port /opt/stack/neutron/neutron/api/rpc/handlers/dhcp_rpc.py:268}}
Apr 12 11:00:41.753119 dv-cinder-830088-4-iscsi neutron-server[103259]: DEBUG neutron_lib.callbacks.manager [None req-aed9f2c2-1f45-4a36-bdcb-ae06a66af6c2 None None] Publish callbacks ['neutron.plugins.ml2.plugin.SecurityGroupDbMixin._ensure_default_security_group_handler-1535343'] for port (None), before_create {{(pid=103259) _notify_loop /usr/local/lib/python3.8/dist-packages/neutron_lib/callbacks/manager.py:176}}
Apr 12 11:00:41.755948 dv-cinder-830088-4-iscsi neutron-server[103259]: DEBUG neutron_lib.callbacks.manager [None req-ae6c308c-a92e-4424-a7f8-d6a17e5174ef None None] Publish callbacks ['neutron.services.segments.db._update_segment_host_mapping_for_agent-8777667879581', 'neutron.plugins.ml2.plugin.Ml2Plugin._retry_binding_revived_agents-1343690'] for agent (742b2e09-86ec-4663-b086-f6b891926c3e), after_update {{(pid=103259) _notify_loop /usr/local/lib/python3.8/dist-packages/neutron_lib/callbacks/manager.py:176}}
Apr 12 11:00:41.781044 dv-cinder-830088-4-iscsi neutron-server[103257]: DEBUG neutron_lib.callbacks.manager [None req-41cc842f-299c-493b-8f8f-4ef4df3b2656 admin admin] Publish callbacks [] for security_group (None), before_create {{(pid=103257) _notify_loop /usr/local/lib/python3.8/dist-packages/neutron_lib/callbacks/manager.py:176}}
Apr 12 11:00:41.792314 dv-cinder-830088-4-iscsi neutron-server[103257]: DEBUG neutron_lib.callbacks.manager [None req-b47c5f47-6ffd-4fe3-b714-ce842584ed7d admin admin] Publish callbacks [] for router_controller (373bcbcc-c4aa-4514-9206-351c9dcda33b), precommit_add_association {{(pid=103257) _notify_loop /usr/local/lib/python3.8/dist-packages/neutron_lib/callbacks/manager.py:176}}
Apr 12 11:00:41.801919 dv-cinder-830088-4-iscsi neutron-server[103257]: DEBUG neutron.plugins.ml2.drivers.helpers [None req-9acc56da-dd92-4336-a0be-d31143e8c87d admin admin] vlan segment allocate from pool success with {'physical_network': 'physnet1', 'vlan_id': 547} {{(pid=103257) allocate_partially_specified_segment /opt/stack/neutron/neutron/plugins/ml2/drivers/helpers.py:153}}
Apr 12 11:00:41.815821 dv-cinder-830088-4-iscsi neutron-server[103257]: DEBUG neutron_lib.callbacks.manager [None req-75c74991-f546-4d1f-9482-6a0a4bded056 admin admin] Publish callbacks ['neutron.plugins.ml2.ovo_rpc._ObjectChangeHandler.handle_event-415428', 'neutron.api.rpc.agentnotifiers.dhcp_rpc_agent_api.DhcpAgentNotifyAPI._native_event_send_dhcp_notification-586207'] for network (332a1fd1-5c8d-44a4-a602-cb07d1316e56), after_create {{(pid=103257) _notify_loop /usr/local/lib/python3.8/dist-packages/neutron_lib/callbacks/manager.py:176}}
Apr 12 11:00:41.816775 dv-cinder-830088-4-iscsi neutron-server[103257]: DEBUG neutron.pecan_wsgi.hooks.policy_enforcement [None req-75c74991-f546-4d1f-9482-6a0a4bded056 admin admin] Attributes excluded by policy engine: ['standard_attr_id', 'vlan_transparent'] {{(pid=103257) _exclude_attributes_by_policy /opt/stack/neutron/neutron/pecan_wsgi/hooks/policy_enforcement.py:255}}
Apr 12 11:00:41.817348 dv-cinder-830088-4-iscsi neutron-server[103257]: DEBUG neutron_lib.callbacks.manager [None req-75c74991-f546-4d1f-9482-6a0a4bded056 admin admin] Publish callbacks ['neutron.api.rpc.agentnotifiers.dhcp_rpc_agent_api.DhcpAgentNotifyAPI._send_dhcp_notification-586029'] for network (None), before_response {{(pid=103257) _notify_loop /usr/local/lib/python3.8/dist-packages/neutron_lib/callbacks/manager.py:176}}
Apr 12 11:00:41.835493 dv-cinder-830088-4-iscsi neutron-server[103259]: DEBUG neutron.api.rpc.handlers.dhcp_rpc [None req-746db600-597b-4919-96a9-ed9b280be601 None None] Create dhcp port {'port': {'name': '', 'admin_state_up': True, 'device_id': 'dhcp428fab94-ffe0-5fd5-8965-378eceeea6ce-5283658c-f0e4-41df-8b22-61e61a4f7877', 'network_id': '5283658c-f0e4-41df-8b22-61e61a4f7877', 'project_id': 'd41e564f85554bef9013a0082cd0196d', 'fixed_ips': [{'subnet_id': 'a03f1c9e-6c63-496e-9600-bb0a8351c93d'}]}} from dv-cinder-830088-4-iscsi. {{(pid=103259) create_dhcp_port /opt/stack/neutron/neutron/api/rpc/handlers/dhcp_rpc.py:268}}
Apr 12 11:00:41.836795 dv-cinder-830088-4-iscsi neutron-server[103259]: DEBUG neutron_lib.callbacks.manager [None req-746db600-597b-4919-96a9-ed9b280be601 None None] Publish callbacks ['neutron.plugins.ml2.plugin.SecurityGroupDbMixin._ensure_default_security_group_handler-1535343'] for port (None), before_create {{(pid=103259) _notify_loop /usr/local/lib/python3.8/dist-packages/neutron_lib/callbacks/manager.py:176}}
Apr 12 11:00:41.865964 dv-cinder-830088-4-iscsi neutron-server[103258]: DEBUG neutron_lib.db.api [None req-79bcde90-3ce5-4793-b524-7e74004c4fdc admin admin] Retry wrapper got retriable exception: Unable to create the network. No available network found in maximum allowed attempts. {{(pid=103258) wrapped /usr/local/lib/python3.8/dist-packages/neutron_lib/db/api.py:183}}
Apr 12 11:00:41.867437 dv-cinder-830088-4-iscsi neutron-server[103258]: DEBUG oslo_db.api [None req-79bcde90-3ce5-4793-b524-7e74004c4fdc admin admin] Performing DB retry for function neutron.plugins.ml2.plugin.Ml2Plugin.create_network {{(pid=103258) wrapper /usr/local/lib/python3.8/dist-packages/oslo_db/api.py:155}}
Apr 12 11:00:41.867579 dv-cinder-830088-4-iscsi neutron-server[103257]: DEBUG neutron_lib.callbacks.manager [None req-9acc56da-dd92-4336-a0be-d31143e8c87d admin admin] Publish callbacks ['neutron.plugins.ml2.plugin.Ml2Plugin._handle_segment_change-1531021'] for segment (4c15674f-8283-408b-9e82-280deac4c22c), precommit_create {{(pid=103257) _notify_loop /usr/local/lib/python3.8/dist-packages/neutron_lib/callbacks/manager.py:176}}
Apr 12 11:00:41.867856 dv-cinder-830088-4-iscsi neutron-server[103257]: INFO neutron.db.segments_db [None req-9acc56da-dd92-4336-a0be-d31143e8c87d admin admin] Added segment 4c15674f-8283-408b-9e82-280deac4c22c of type vlan for network d1e362ee-b2c2-477f-803d-bd6d1dea50ab
Apr 12 11:00:42.009186 dv-cinder-830088-4-iscsi neutron-server[103258]: DEBUG neutron_lib.callbacks.manager [None req-bdfd8f08-6b9d-43fc-970f-53024ed0a000 admin admin] Publish callbacks [] for router_gateway (b40e7d0d-8f57-424d-96be-54b6f118e1d9), precommit_update {{(pid=103258) _notify_loop /usr/local/lib/python3.8/dist-packages/neutron_lib/callbacks/manager.py:176}}
Apr 12 11:00:42.041123 dv-cinder-830088-4-iscsi neutron-server[103257]: INFO neutron.wsgi [None req-75c74991-f546-4d1f-9482-6a0a4bded056 admin admin] 10.222.0.39 "POST /v2.0/networks HTTP/1.1" status: 201 len: 884 time: 1.2777538
Apr 12 11:00:42.044707 dv-cinder-830088-4-iscsi neutron-server[103257]: DEBUG neutron.wsgi [-] (103257) accepted ('10.222.0.39', 48880) {{(pid=103257) server /usr/local/lib/python3.8/dist-packages/eventlet/wsgi.py:1004}}
Apr 12 11:00:42.061016 dv-cinder-830088-4-iscsi neutron-server[103257]: DEBUG neutron.api.v2.base [None req-44b41e4b-c7cc-47e4-bead-89ad557fa61f admin admin] Request body: {'subnet': {'network_id': '332a1fd1-5c8d-44a4-a602-cb07d1316e56', 'cidr': '172.20.0.0/28', 'name': 'tempest-DeleteServersTestJSON-685548583-subnet', 'tenant_id': '69a133bd5ba947f5a9073d8c0e14336a', 'enable_dhcp': False, 'ip_version': 4}} {{(pid=103257) prepare_request_body /opt/stack/neutron/neutron/api/v2/base.py:729}}
Apr 12 11:00:42.070749 dv-cinder-830088-4-iscsi neutron-server[103257]: DEBUG neutron_lib.callbacks.manager [None req-9acc56da-dd92-4336-a0be-d31143e8c87d admin admin] Publish callbacks ['neutron.services.auto_allocate.db._ensure_external_network_default_value_callback-8777667466078'] for network (d1e362ee-b2c2-477f-803d-bd6d1dea50ab), precommit_create {{(pid=103257) _notify_loop /usr/local/lib/python3.8/dist-packages/neutron_lib/callbacks/manager.py:176}}
Apr 12 11:00:42.074222 dv-cinder-830088-4-iscsi neutron-server[103257]: DEBUG neutron.api.rpc.handlers.resources_rpc [None req-75c74991-f546-4d1f-9482-6a0a4bded056 admin admin] Pushing event updated for resources: {'Network': ['ID=332a1fd1-5c8d-44a4-a602-cb07d1316e56,revision_number=1']} {{(pid=103257) push /opt/stack/neutron/neutron/api/rpc/handlers/resources_rpc.py:237}}
Apr 12 11:00:42.161207 dv-cinder-830088-4-iscsi neutron-server[103259]: DEBUG neutron.plugins.ml2.rpc [None req-e4b062a6-7a21-4431-be77-3c7776c11043 None None] Network 332a1fd1-5c8d-44a4-a602-cb07d1316e56 details requested by agent ovs-agent-dv-cinder-830088-4-iscsi with host dv-cinder-830088-4-iscsi {{(pid=103259) get_network_details /opt/stack/neutron/neutron/plugins/ml2/rpc.py:248}}
Apr 12 11:00:42.172089 dv-cinder-830088-4-iscsi neutron-server[103257]: DEBUG neutron_lib.callbacks.manager [None req-b47c5f47-6ffd-4fe3-b714-ce842584ed7d admin admin] Publish callbacks [] for router_gateway (373bcbcc-c4aa-4514-9206-351c9dcda33b), precommit_update {{(pid=103257) _notify_loop /usr/local/lib/python3.8/dist-packages/neutron_lib/callbacks/manager.py:176}}
Apr 12 11:00:42.184268 dv-cinder-830088-4-iscsi neutron-server[103259]: DEBUG neutron.db.db_base_plugin_common [None req-746db600-597b-4919-96a9-ed9b280be601 None None] Allocated IP 172.20.0.2 (5283658c-f0e4-41df-8b22-61e61a4f7877/a03f1c9e-6c63-496e-9600-bb0a8351c93d/033b5712-b772-4ad6-8c5d-9bbf24283c0c) {{(pid=103259) _store_ip_allocation /opt/stack/neutron/neutron/db/db_base_plugin_common.py:131}}
Apr 12 11:00:42.196543 dv-cinder-830088-4-iscsi neutron-server[103257]: DEBUG neutron.pecan_wsgi.hooks.quota_enforcement [None req-44b41e4b-c7cc-47e4-bead-89ad557fa61f admin admin] Made reservation on behalf of 69a133bd5ba947f5a9073d8c0e14336a for: {'subnet': 1} {{(pid=103257) before /opt/stack/neutron/neutron/pecan_wsgi/hooks/quota_enforcement.py:53}}
Apr 12 11:00:42.199855 dv-cinder-830088-4-iscsi neutron-server[103257]: DEBUG neutron_lib.callbacks.manager [None req-44b41e4b-c7cc-47e4-bead-89ad557fa61f admin admin] Publish callbacks [] for subnet (None), before_create {{(pid=103257) _notify_loop /usr/local/lib/python3.8/dist-packages/neutron_lib/callbacks/manager.py:176}}
Apr 12 11:00:42.246006 dv-cinder-830088-4-iscsi neutron-server[103257]: DEBUG neutron_lib.callbacks.manager [None req-9acc56da-dd92-4336-a0be-d31143e8c87d admin admin] Publish callbacks ['neutron.plugins.ml2.ovo_rpc._ObjectChangeHandler.handle_event-415428', 'neutron.api.rpc.agentnotifiers.dhcp_rpc_agent_api.DhcpAgentNotifyAPI._native_event_send_dhcp_notification-586207'] for network (d1e362ee-b2c2-477f-803d-bd6d1dea50ab), after_create {{(pid=103257) _notify_loop /usr/local/lib/python3.8/dist-packages/neutron_lib/callbacks/manager.py:176}}
Apr 12 11:00:42.247450 dv-cinder-830088-4-iscsi neutron-server[103257]: DEBUG neutron.pecan_wsgi.hooks.policy_enforcement [None req-9acc56da-dd92-4336-a0be-d31143e8c87d admin admin] Attributes excluded by policy engine: ['standard_attr_id', 'vlan_transparent'] {{(pid=103257) _exclude_attributes_by_policy /opt/stack/neutron/neutron/pecan_wsgi/hooks/policy_enforcement.py:255}}
Apr 12 11:00:42.248247 dv-cinder-830088-4-iscsi neutron-server[103257]: DEBUG neutron_lib.callbacks.manager [None req-9acc56da-dd92-4336-a0be-d31143e8c87d admin admin] Publish callbacks ['neutron.api.rpc.agentnotifiers.dhcp_rpc_agent_api.DhcpAgentNotifyAPI._send_dhcp_notification-586029'] for network (None), before_response {{(pid=103257) _notify_loop /usr/local/lib/python3.8/dist-packages/neutron_lib/callbacks/manager.py:176}}
Apr 12 11:00:42.271107 dv-cinder-830088-4-iscsi neutron-server[103258]: DEBUG neutron_lib.callbacks.manager [None req-bdfd8f08-6b9d-43fc-970f-53024ed0a000 admin admin] Publish callbacks [] for router_gateway (b40e7d0d-8f57-424d-96be-54b6f118e1d9), before_create {{(pid=103258) _notify_loop /usr/local/lib/python3.8/dist-packages/neutron_lib/callbacks/manager.py:176}}
Apr 12 11:00:42.307764 dv-cinder-830088-4-iscsi neutron-server[103258]: DEBUG neutron_lib.callbacks.manager [None req-bdfd8f08-6b9d-43fc-970f-53024ed0a000 admin admin] Publish callbacks ['neutron.plugins.ml2.plugin.SecurityGroupDbMixin._ensure_default_security_group_handler-1535343'] for port (None), before_create {{(pid=103258) _notify_loop /usr/local/lib/python3.8/dist-packages/neutron_lib/callbacks/manager.py:176}}
Apr 12 11:00:42.332633 dv-cinder-830088-4-iscsi neutron-server[103257]: DEBUG neutron_lib.callbacks.manager [None req-41cc842f-299c-493b-8f8f-4ef4df3b2656 admin admin] Publish callbacks [] for security_group (d3f9b1f1-6368-4c51-964e-16ec3a7a3785), precommit_create {{(pid=103257) _notify_loop /usr/local/lib/python3.8/dist-packages/neutron_lib/callbacks/manager.py:176}}
Apr 12 11:00:42.369287 dv-cinder-830088-4-iscsi neutron-server[103258]: DEBUG neutron_lib.callbacks.manager [None req-79bcde90-3ce5-4793-b524-7e74004c4fdc admin admin] Publish callbacks ['neutron.plugins.ml2.plugin.SecurityGroupDbMixin._ensure_default_security_group_handler-1535343'] for network (None), before_create {{(pid=103258) _notify_loop /usr/local/lib/python3.8/dist-packages/neutron_lib/callbacks/manager.py:176}}
Apr 12 11:00:42.382487 dv-cinder-830088-4-iscsi neutron-server[103259]: DEBUG neutron_lib.callbacks.manager [None req-746db600-597b-4919-96a9-ed9b280be601 None None] Publish callbacks [] for port (033b5712-b772-4ad6-8c5d-9bbf24283c0c), precommit_create {{(pid=103259) _notify_loop /usr/local/lib/python3.8/dist-packages/neutron_lib/callbacks/manager.py:176}}
Apr 12 11:00:42.403952 dv-cinder-830088-4-iscsi neutron-server[103257]: DEBUG neutron_lib.callbacks.manager [None req-41cc842f-299c-493b-8f8f-4ef4df3b2656 admin admin] Publish callbacks ['neutron.plugins.ml2.ovo_rpc._ObjectChangeHandler.handle_event-415253'] for security_group (d3f9b1f1-6368-4c51-964e-16ec3a7a3785), after_create {{(pid=103257) _notify_loop /usr/local/lib/python3.8/dist-packages/neutron_lib/callbacks/manager.py:176}}
Apr 12 11:00:42.408314 dv-cinder-830088-4-iscsi neutron-server[103259]: DEBUG neutron_lib.callbacks.manager [None req-746db600-597b-4919-96a9-ed9b280be601 None None] Publish callbacks ['neutron.plugins.ml2.plugin.SecurityGroupServerNotifierRpcMixin._notify_sg_on_port_change-1534861', 'neutron.plugins.ml2.ovo_rpc._ObjectChangeHandler.handle_event-124669', 'neutron.api.rpc.agentnotifiers.dhcp_rpc_agent_api.DhcpAgentNotifyAPI._native_event_send_dhcp_notification-586207', 'neutron.db.l3_dvrscheduler_db._notify_l3_agent_new_port-8777667450152'] for port (033b5712-b772-4ad6-8c5d-9bbf24283c0c), after_create {{(pid=103259) _notify_loop /usr/local/lib/python3.8/dist-packages/neutron_lib/callbacks/manager.py:176}}
Apr 12 11:00:42.451531 dv-cinder-830088-4-iscsi neutron-server[103258]: DEBUG neutron.wsgi [-] (103258) accepted ('10.222.0.39', 48900) {{(pid=103258) server /usr/local/lib/python3.8/dist-packages/eventlet/wsgi.py:1004}}
Apr 12 11:00:42.452211 dv-cinder-830088-4-iscsi neutron-server[103257]: INFO neutron.wsgi [None req-9acc56da-dd92-4336-a0be-d31143e8c87d admin admin] 10.222.0.39 "POST /v2.0/networks HTTP/1.1" status: 201 len: 898 time: 1.5883353
Apr 12 11:00:42.457124 dv-cinder-830088-4-iscsi neutron-server[103258]: DEBUG neutron.api.v2.base [None req-303ad3e0-2890-48b7-8932-04f85def62b2 admin admin] Request body: {'subnet': {'network_id': 'd1e362ee-b2c2-477f-803d-bd6d1dea50ab', 'cidr': '172.20.0.0/28', 'name': 'tempest-EncryptedVolumesExtendAttachedTest-1043609897-subnet', 'tenant_id': '75424b41fe614e43b36439027f6b86e5', 'enable_dhcp': False, 'ip_version': 4}} {{(pid=103258) prepare_request_body /opt/stack/neutron/neutron/api/v2/base.py:729}}
Apr 12 11:00:42.463400 dv-cinder-830088-4-iscsi neutron-server[103259]: DEBUG neutron.scheduler.dhcp_agent_scheduler [None req-746db600-597b-4919-96a9-ed9b280be601 None None] Network 5283658c-f0e4-41df-8b22-61e61a4f7877 is already hosted by enough agents. {{(pid=103259) _get_dhcp_agents_hosting_network /opt/stack/neutron/neutron/scheduler/dhcp_agent_scheduler.py:275}}
Apr 12 11:00:42.493707 dv-cinder-830088-4-iscsi neutron-server[103258]: DEBUG neutron.plugins.ml2.drivers.helpers [None req-79bcde90-3ce5-4793-b524-7e74004c4fdc admin admin] vlan segment allocate from pool success with {'physical_network': 'physnet1', 'vlan_id': 506} {{(pid=103258) allocate_partially_specified_segment /opt/stack/neutron/neutron/plugins/ml2/drivers/helpers.py:153}}
Apr 12 11:00:42.504560 dv-cinder-830088-4-iscsi neutron-server[103259]: DEBUG neutron.db.db_base_plugin_common [None req-aed9f2c2-1f45-4a36-bdcb-ae06a66af6c2 None None] Allocated IP 172.20.0.2 (8605bce6-3955-4448-bd79-8ef881f45c6d/342bfb33-54ce-4b31-b1d9-ee13f5d2ec00/b6aa9733-5ca7-474e-8346-2268021e91a6) {{(pid=103259) _store_ip_allocation /opt/stack/neutron/neutron/db/db_base_plugin_common.py:131}}
Apr 12 11:00:42.507468 dv-cinder-830088-4-iscsi neutron-server[103259]: DEBUG neutron.scheduler.base_scheduler [None req-746db600-597b-4919-96a9-ed9b280be601 None None] Resources bound (agent type, host, resource id): {{(pid=103259) schedule /opt/stack/neutron/neutron/scheduler/base_scheduler.py:57}}
Apr 12 11:00:42.518893 dv-cinder-830088-4-iscsi neutron-server[103259]: DEBUG neutron.db.l3_dvrscheduler_db [None req-746db600-597b-4919-96a9-ed9b280be601 None None] Received port after_create {{(pid=103259) _notify_l3_agent_new_port /opt/stack/neutron/neutron/db/l3_dvrscheduler_db.py:536}}
Apr 12 11:00:42.521163 dv-cinder-830088-4-iscsi neutron-server[103258]: DEBUG neutron_lib.callbacks.manager [None req-79bcde90-3ce5-4793-b524-7e74004c4fdc admin admin] Publish callbacks ['neutron.plugins.ml2.plugin.Ml2Plugin._handle_segment_change-1531021'] for segment (af155c35-6d9d-4cb5-9da1-9790843f44dc), precommit_create {{(pid=103258) _notify_loop /usr/local/lib/python3.8/dist-packages/neutron_lib/callbacks/manager.py:176}}
Apr 12 11:00:42.521698 dv-cinder-830088-4-iscsi neutron-server[103258]: INFO neutron.db.segments_db [None req-79bcde90-3ce5-4793-b524-7e74004c4fdc admin admin] Added segment af155c35-6d9d-4cb5-9da1-9790843f44dc of type vlan for network 5fe71604-a19f-4748-9dc5-7cc9d7ecf6be
