Feb 20 20:59:05.712188 dv-cinder-830088-1-iscsi devstack@n-api.service[116638]: DEBUG oslo_concurrency.lockutils [None req-e328c761-0afb-4854-a66e-b927c5e85436 tempest-AttachVolumeShelveTestJSON-1512511368 tempest-AttachVolumeShelveTestJSON-1512511368-project] Lock "095d7516-3603-4618-b32e-a2ea368a1517" "released" by "nova.context.set_target_cell..get_or_set_cached_cell_and_set_connections" :: held 0.003s {{(pid=116638) inner /usr/local/lib/python3.8/dist-packages/oslo_concurrency/lockutils.py:400}}
Feb 20 20:59:05.715763 dv-cinder-830088-1-iscsi devstack@n-api.service[116638]: DEBUG oslo_concurrency.lockutils [None req-e328c761-0afb-4854-a66e-b927c5e85436 tempest-AttachVolumeShelveTestJSON-1512511368 tempest-AttachVolumeShelveTestJSON-1512511368-project] Lock "095d7516-3603-4618-b32e-a2ea368a1517" acquired by "nova.context.set_target_cell..get_or_set_cached_cell_and_set_connections" :: waited 0.000s {{(pid=116638) inner /usr/local/lib/python3.8/dist-packages/oslo_concurrency/lockutils.py:386}}
Feb 20 20:59:05.716438 dv-cinder-830088-1-iscsi devstack@n-api.service[116638]: DEBUG oslo_concurrency.lockutils [None req-e328c761-0afb-4854-a66e-b927c5e85436 tempest-AttachVolumeShelveTestJSON-1512511368 tempest-AttachVolumeShelveTestJSON-1512511368-project] Lock "095d7516-3603-4618-b32e-a2ea368a1517" "released" by "nova.context.set_target_cell..get_or_set_cached_cell_and_set_connections" :: held 0.001s {{(pid=116638) inner /usr/local/lib/python3.8/dist-packages/oslo_concurrency/lockutils.py:400}}
Feb 20 20:59:05.900661 dv-cinder-830088-1-iscsi devstack@n-api.service[116637]: DEBUG nova.policy [None req-572d24bf-2c7e-45d1-bcd7-736711f726e3 tempest-ServerRescueNegativeTestJSON-733818872 tempest-ServerRescueNegativeTestJSON-733818872-project] Policy check for os_compute_api:os-extended-server-attributes failed with credentials {'is_admin': False, 'user_id': 'da5869aa051e4415aa5453e30e91d435', 'user_domain_id': 'default', 'system_scope': None, 'domain_id': None, 'project_id': '09c6d47e4a5f4d7896bbf6d3240b4269', 'project_domain_id': 'default', 'roles': ['member', 'reader'], 'is_admin_project': True, 'service_user_id': None, 'service_user_domain_id': None, 'service_project_id': None, 'service_project_domain_id': None, 'service_roles': []} {{(pid=116637) authorize /opt/stack/nova/nova/policy.py:199}}
Feb 20 20:59:05.912407 dv-cinder-830088-1-iscsi devstack@n-api.service[116637]: INFO nova.api.openstack.requestlog [None req-572d24bf-2c7e-45d1-bcd7-736711f726e3 tempest-ServerRescueNegativeTestJSON-733818872 tempest-ServerRescueNegativeTestJSON-733818872-project] 10.222.0.71 "GET /compute/v2.1/servers/24f25c67-dfe8-4412-a717-bc3c38731841" status: 200 len: 1522 microversion: 2.1 time: 0.334258
Feb 20 20:59:05.913626 dv-cinder-830088-1-iscsi devstack@n-api.service[116637]: [pid: 116637|app: 0|req: 106/210] 10.222.0.71 () {58 vars in 1235 bytes} [Sun Feb 20 20:59:05 2022] GET /compute/v2.1/servers/24f25c67-dfe8-4412-a717-bc3c38731841 => generated 1522 bytes in 336 msecs (HTTP/1.1 200) 9 headers in 358 bytes (1 switches on core 0)
Feb 20 20:59:05.988652 dv-cinder-830088-1-iscsi devstack@n-api.service[116638]: DEBUG nova.policy [None req-e328c761-0afb-4854-a66e-b927c5e85436 tempest-AttachVolumeShelveTestJSON-1512511368 tempest-AttachVolumeShelveTestJSON-1512511368-project] Policy check for os_compute_api:os-extended-server-attributes failed with credentials {'is_admin': False, 'user_id': '7194a410c6f446b49694ed4e34de46f0', 'user_domain_id': 'default', 'system_scope': None, 'domain_id': None, 'project_id': '8ec4afa0a0be4d868f145f52d0360574', 'project_domain_id': 'default', 'roles': ['member', 'reader'], 'is_admin_project': True, 'service_user_id': None, 'service_user_domain_id': None, 'service_project_id': None, 'service_project_domain_id': None, 'service_roles': []} {{(pid=116638) authorize /opt/stack/nova/nova/policy.py:199}}
Feb 20 20:59:06.001412 dv-cinder-830088-1-iscsi devstack@n-api.service[116638]: DEBUG nova.policy [None req-e328c761-0afb-4854-a66e-b927c5e85436 tempest-AttachVolumeShelveTestJSON-1512511368 tempest-AttachVolumeShelveTestJSON-1512511368-project] Policy check for os_compute_api:servers:show:host_status failed with credentials {'is_admin': False, 'user_id': '7194a410c6f446b49694ed4e34de46f0', 'user_domain_id': 'default', 'system_scope': None, 'domain_id': None, 'project_id': '8ec4afa0a0be4d868f145f52d0360574', 'project_domain_id': 'default', 'roles': ['member', 'reader'], 'is_admin_project': True, 'service_user_id': None, 'service_user_domain_id': None, 'service_project_id': None, 'service_project_domain_id': None, 'service_roles': []} {{(pid=116638) authorize /opt/stack/nova/nova/policy.py:199}}
Feb 20 20:59:06.003060 dv-cinder-830088-1-iscsi devstack@n-api.service[116638]: DEBUG nova.policy [None req-e328c761-0afb-4854-a66e-b927c5e85436 tempest-AttachVolumeShelveTestJSON-1512511368 tempest-AttachVolumeShelveTestJSON-1512511368-project] Policy check for os_compute_api:servers:show:host_status:unknown-only failed with credentials {'is_admin': False, 'user_id': '7194a410c6f446b49694ed4e34de46f0', 'user_domain_id': 'default', 'system_scope': None, 'domain_id': None, 'project_id': '8ec4afa0a0be4d868f145f52d0360574', 'project_domain_id': 'default', 'roles': ['member', 'reader'], 'is_admin_project': True, 'service_user_id': None, 'service_user_domain_id': None, 'service_project_id': None, 'service_project_domain_id': None, 'service_roles': []} {{(pid=116638) authorize /opt/stack/nova/nova/policy.py:199}}
Feb 20 20:59:06.004301 dv-cinder-830088-1-iscsi devstack@n-api.service[116638]: INFO nova.api.openstack.requestlog [None req-e328c761-0afb-4854-a66e-b927c5e85436 tempest-AttachVolumeShelveTestJSON-1512511368 tempest-AttachVolumeShelveTestJSON-1512511368-project] 10.222.0.71 "GET /compute/v2.1/servers/b1c8aa1b-57e6-47a6-8e19-f4aadaae88b3" status: 200 len: 1724 microversion: 2.20 time: 0.323833
Feb 20 20:59:06.004879 dv-cinder-830088-1-iscsi devstack@n-api.service[116638]: [pid: 116638|app: 0|req: 105/211] 10.222.0.71 () {60 vars in 1276 bytes} [Sun Feb 20 20:59:05 2022] GET /compute/v2.1/servers/b1c8aa1b-57e6-47a6-8e19-f4aadaae88b3 => generated 1724 bytes in 325 msecs (HTTP/1.1 200) 9 headers in 360 bytes (1 switches on core 0)
Feb 20 20:59:06.015097 dv-cinder-830088-1-iscsi devstack@n-api.service[116637]: DEBUG nova.api.openstack.wsgi [None req-6e7d32ef-d1c6-412d-bf48-2e8ce4fe9456 tempest-VolumesActionsTest-1914424490 tempest-VolumesActionsTest-1914424490-project] Action: 'create', calling method: >, body: {"server": {"name": "tempest-VolumesActionsTest-instance-270764210", "imageRef": "99cbc07d-d493-467f-abf6-6a963ba10190", "flavorRef": "452", "networks": [{"uuid": "0bbe88be-40a0-44cc-b096-bc2f31563232"}]}} {{(pid=116637) _process_stack /opt/stack/nova/nova/api/openstack/wsgi.py:511}}
Feb 20 20:59:06.079404 dv-cinder-830088-1-iscsi devstack@n-api.service[116637]: DEBUG nova.network.neutron [None req-6e7d32ef-d1c6-412d-bf48-2e8ce4fe9456 tempest-VolumesActionsTest-1914424490 tempest-VolumesActionsTest-1914424490-project] validate_networks() for [('0bbe88be-40a0-44cc-b096-bc2f31563232', None, None, None, None, None)] {{(pid=116637) validate_networks /opt/stack/nova/nova/network/neutron.py:2633}}
Feb 20 20:59:06.094001 dv-cinder-830088-1-iscsi devstack@n-api.service[116638]: DEBUG nova.api.openstack.wsgi [None req-618fd89f-cfb2-4169-ac7f-daa652e69e36 tempest-AttachVolumeTestJSON-538396741 tempest-AttachVolumeTestJSON-538396741-project] Action: 'create', calling method: >, body: {"volumeAttachment": {"volumeId": "85c27c15-9ae5-40c1-a2ba-fed84e369013"}} {{(pid=116638) _process_stack /opt/stack/nova/nova/api/openstack/wsgi.py:511}}
Feb 20 20:59:06.098440 dv-cinder-830088-1-iscsi devstack@n-api.service[116638]: DEBUG nova.compute.api [None req-618fd89f-cfb2-4169-ac7f-daa652e69e36 tempest-AttachVolumeTestJSON-538396741 tempest-AttachVolumeTestJSON-538396741-project] [instance: e1e2eb60-359a-4227-bf73-bfa7cb882307] Fetching instance by UUID {{(pid=116638) get /opt/stack/nova/nova/compute/api.py:2865}}
Feb 20 20:59:06.123089 dv-cinder-830088-1-iscsi devstack@n-api.service[116638]: DEBUG oslo_concurrency.lockutils [None req-618fd89f-cfb2-4169-ac7f-daa652e69e36 tempest-AttachVolumeTestJSON-538396741 tempest-AttachVolumeTestJSON-538396741-project] Lock "095d7516-3603-4618-b32e-a2ea368a1517" acquired by "nova.context.set_target_cell..get_or_set_cached_cell_and_set_connections" :: waited 0.000s {{(pid=116638) inner /usr/local/lib/python3.8/dist-packages/oslo_concurrency/lockutils.py:386}}
Feb 20 20:59:06.123483 dv-cinder-830088-1-iscsi devstack@n-api.service[116638]: DEBUG oslo_concurrency.lockutils [None req-618fd89f-cfb2-4169-ac7f-daa652e69e36 tempest-AttachVolumeTestJSON-538396741 tempest-AttachVolumeTestJSON-538396741-project] Lock "095d7516-3603-4618-b32e-a2ea368a1517" "released" by "nova.context.set_target_cell..get_or_set_cached_cell_and_set_connections" :: held 0.001s {{(pid=116638) inner /usr/local/lib/python3.8/dist-packages/oslo_concurrency/lockutils.py:400}}
Feb 20 20:59:06.125065 dv-cinder-830088-1-iscsi devstack@n-api.service[116638]: DEBUG oslo_concurrency.lockutils [None req-618fd89f-cfb2-4169-ac7f-daa652e69e36 tempest-AttachVolumeTestJSON-538396741 tempest-AttachVolumeTestJSON-538396741-project] Lock "095d7516-3603-4618-b32e-a2ea368a1517" acquired by "nova.context.set_target_cell..get_or_set_cached_cell_and_set_connections" :: waited 0.000s {{(pid=116638) inner /usr/local/lib/python3.8/dist-packages/oslo_concurrency/lockutils.py:386}}
Feb 20 20:59:06.125504 dv-cinder-830088-1-iscsi devstack@n-api.service[116638]: DEBUG oslo_concurrency.lockutils [None req-618fd89f-cfb2-4169-ac7f-daa652e69e36 tempest-AttachVolumeTestJSON-538396741 tempest-AttachVolumeTestJSON-538396741-project] Lock "095d7516-3603-4618-b32e-a2ea368a1517" "released" by "nova.context.set_target_cell..get_or_set_cached_cell_and_set_connections" :: held 0.001s {{(pid=116638) inner /usr/local/lib/python3.8/dist-packages/oslo_concurrency/lockutils.py:400}}
Feb 20 20:59:06.574557 dv-cinder-830088-1-iscsi devstack@n-api.service[116638]: INFO nova.api.openstack.requestlog [None req-618fd89f-cfb2-4169-ac7f-daa652e69e36 tempest-AttachVolumeTestJSON-538396741 tempest-AttachVolumeTestJSON-538396741-project] 10.222.0.71 "POST /compute/v2.1/servers/e1e2eb60-359a-4227-bf73-bfa7cb882307/os-volume_attachments" status: 200 len: 194 microversion: 2.1 time: 0.485122
Feb 20 20:59:06.580057 dv-cinder-830088-1-iscsi devstack@n-api.service[116638]: [pid: 116638|app: 0|req: 106/212] 10.222.0.71 () {60 vars in 1322 bytes} [Sun Feb 20 20:59:06 2022] POST /compute/v2.1/servers/e1e2eb60-359a-4227-bf73-bfa7cb882307/os-volume_attachments => generated 194 bytes in 491 msecs (HTTP/1.1 200) 9 headers in 357 bytes (1 switches on core 0)
Feb 20 20:59:06.639352 dv-cinder-830088-1-iscsi devstack@n-api.service[116637]: DEBUG nova.virt.hardware [None req-6e7d32ef-d1c6-412d-bf48-2e8ce4fe9456 tempest-VolumesActionsTest-1914424490 tempest-VolumesActionsTest-1914424490-project] Flavor limits 0:0:0 {{(pid=116637) get_cpu_topology_constraints /opt/stack/nova/nova/virt/hardware.py:343}}
Feb 20 20:59:06.640049 dv-cinder-830088-1-iscsi devstack@n-api.service[116637]: DEBUG nova.virt.hardware [None req-6e7d32ef-d1c6-412d-bf48-2e8ce4fe9456 tempest-VolumesActionsTest-1914424490 tempest-VolumesActionsTest-1914424490-project] Image limits 0:0:0 {{(pid=116637) get_cpu_topology_constraints /opt/stack/nova/nova/virt/hardware.py:347}}
Feb 20 20:59:06.645241 dv-cinder-830088-1-iscsi devstack@n-api.service[116637]: DEBUG nova.virt.hardware [None req-6e7d32ef-d1c6-412d-bf48-2e8ce4fe9456 tempest-VolumesActionsTest-1914424490 tempest-VolumesActionsTest-1914424490-project] Flavor pref 0:0:0 {{(pid=116637) get_cpu_topology_constraints /opt/stack/nova/nova/virt/hardware.py:383}}
Feb 20 20:59:06.645241 dv-cinder-830088-1-iscsi devstack@n-api.service[116637]: DEBUG nova.virt.hardware [None req-6e7d32ef-d1c6-412d-bf48-2e8ce4fe9456 tempest-VolumesActionsTest-1914424490 tempest-VolumesActionsTest-1914424490-project] Image pref 0:0:0 {{(pid=116637) get_cpu_topology_constraints /opt/stack/nova/nova/virt/hardware.py:387}}
Feb 20 20:59:06.645241 dv-cinder-830088-1-iscsi devstack@n-api.service[116637]: DEBUG nova.virt.hardware [None req-6e7d32ef-d1c6-412d-bf48-2e8ce4fe9456 tempest-VolumesActionsTest-1914424490 tempest-VolumesActionsTest-1914424490-project] Chose sockets=0, cores=0, threads=0; limits were sockets=65536, cores=65536, threads=65536 {{(pid=116637) get_cpu_topology_constraints /opt/stack/nova/nova/virt/hardware.py:425}}
Feb 20 20:59:06.655035 dv-cinder-830088-1-iscsi devstack@n-api.service[116637]: DEBUG oslo_concurrency.lockutils [None req-6e7d32ef-d1c6-412d-bf48-2e8ce4fe9456 tempest-VolumesActionsTest-1914424490 tempest-VolumesActionsTest-1914424490-project] Lock "00000000-0000-0000-0000-000000000000" acquired by "nova.context.set_target_cell..get_or_set_cached_cell_and_set_connections" :: waited 0.000s {{(pid=116637) inner /usr/local/lib/python3.8/dist-packages/oslo_concurrency/lockutils.py:386}}
Feb 20 20:59:06.655701 dv-cinder-830088-1-iscsi devstack@n-api.service[116637]: DEBUG oslo_concurrency.lockutils [None req-6e7d32ef-d1c6-412d-bf48-2e8ce4fe9456 tempest-VolumesActionsTest-1914424490 tempest-VolumesActionsTest-1914424490-project] Lock "00000000-0000-0000-0000-000000000000" "released" by "nova.context.set_target_cell..get_or_set_cached_cell_and_set_connections" :: held 0.001s {{(pid=116637) inner /usr/local/lib/python3.8/dist-packages/oslo_concurrency/lockutils.py:400}}
Feb 20 20:59:06.657635 dv-cinder-830088-1-iscsi devstack@n-api.service[116637]: DEBUG oslo_concurrency.lockutils [None req-6e7d32ef-d1c6-412d-bf48-2e8ce4fe9456 tempest-VolumesActionsTest-1914424490 tempest-VolumesActionsTest-1914424490-project] Lock "095d7516-3603-4618-b32e-a2ea368a1517" acquired by "nova.context.set_target_cell..get_or_set_cached_cell_and_set_connections" :: waited 0.000s {{(pid=116637) inner /usr/local/lib/python3.8/dist-packages/oslo_concurrency/lockutils.py:386}}
Feb 20 20:59:06.658512 dv-cinder-830088-1-iscsi devstack@n-api.service[116637]: DEBUG oslo_concurrency.lockutils [None req-6e7d32ef-d1c6-412d-bf48-2e8ce4fe9456 tempest-VolumesActionsTest-1914424490 tempest-VolumesActionsTest-1914424490-project] Lock "095d7516-3603-4618-b32e-a2ea368a1517" "released" by "nova.context.set_target_cell..get_or_set_cached_cell_and_set_connections" :: held 0.001s {{(pid=116637) inner /usr/local/lib/python3.8/dist-packages/oslo_concurrency/lockutils.py:400}}
Feb 20 20:59:06.683504 dv-cinder-830088-1-iscsi devstack@n-api.service[116637]: DEBUG nova.quota [None req-6e7d32ef-d1c6-412d-bf48-2e8ce4fe9456 tempest-VolumesActionsTest-1914424490 tempest-VolumesActionsTest-1914424490-project] Getting quotas for project 4b3f097d6e81462395a84ab4c2b2e285. Resources: {'instances', 'ram', 'cores'} {{(pid=116637) _get_quotas /opt/stack/nova/nova/quota.py:387}}
Feb 20 20:59:06.688886 dv-cinder-830088-1-iscsi devstack@n-api.service[116637]: DEBUG nova.quota [None req-6e7d32ef-d1c6-412d-bf48-2e8ce4fe9456 tempest-VolumesActionsTest-1914424490 tempest-VolumesActionsTest-1914424490-project] Getting quotas for user 6f0e809134f344259befac3c57231598 and project 4b3f097d6e81462395a84ab4c2b2e285. Resources: {'instances', 'ram', 'cores'} {{(pid=116637) _get_quotas /opt/stack/nova/nova/quota.py:377}}
Feb 20 20:59:06.702447 dv-cinder-830088-1-iscsi devstack@n-api.service[116637]: DEBUG nova.compute.api [None req-6e7d32ef-d1c6-412d-bf48-2e8ce4fe9456 tempest-VolumesActionsTest-1914424490 tempest-VolumesActionsTest-1914424490-project] Going to run 1 instances... {{(pid=116637) _provision_instances /opt/stack/nova/nova/compute/api.py:1350}}
Feb 20 20:59:06.704876 dv-cinder-830088-1-iscsi devstack@n-api.service[116637]: DEBUG nova.compute.api [None req-6e7d32ef-d1c6-412d-bf48-2e8ce4fe9456 tempest-VolumesActionsTest-1914424490 tempest-VolumesActionsTest-1914424490-project] [instance: ddb90dab-edca-408e-a00e-2d9500eb7f0a] block_device_mapping [BlockDeviceMapping(attachment_id=,boot_index=0,connection_info=None,created_at=,delete_on_termination=True,deleted=,deleted_at=,destination_type='local',device_name=None,device_type='disk',disk_bus=None,guest_format=None,id=,image_id='99cbc07d-d493-467f-abf6-6a963ba10190',instance=,instance_uuid=,no_device=False,snapshot_id=None,source_type='image',tag=None,updated_at=,uuid=,volume_id=None,volume_size=None,volume_type=None)] {{(pid=116637) _bdm_validate_set_size_and_instance /opt/stack/nova/nova/compute/api.py:1757}}
Feb 20 20:59:06.791407 dv-cinder-830088-1-iscsi devstack@n-api.service[116637]: INFO nova.api.openstack.requestlog [None req-6e7d32ef-d1c6-412d-bf48-2e8ce4fe9456 tempest-VolumesActionsTest-1914424490 tempest-VolumesActionsTest-1914424490-project] 10.222.0.71 "POST /compute/v2.1/servers" status: 202 len: 380 microversion: 2.1 time: 0.779930
Feb 20 20:59:06.795819 dv-cinder-830088-1-iscsi devstack@n-api.service[116637]: [pid: 116637|app: 0|req: 107/213] 10.222.0.71 () {60 vars in 1146 bytes} [Sun Feb 20 20:59:06 2022] POST /compute/v2.1/servers => generated 380 bytes in 785 msecs (HTTP/1.1 202) 10 headers in 451 bytes (1 switches on core 0)
Feb 20 20:59:06.807624 dv-cinder-830088-1-iscsi devstack@n-api.service[116638]: DEBUG nova.api.openstack.wsgi [None req-72a50e1c-4266-45b1-a523-f0db8d830fa3 tempest-VolumesActionsTest-1914424490 tempest-VolumesActionsTest-1914424490-project] Calling method '>' {{(pid=116638) _process_stack /opt/stack/nova/nova/api/openstack/wsgi.py:513}}
Feb 20 20:59:06.810162 dv-cinder-830088-1-iscsi devstack@n-api.service[116638]: DEBUG nova.compute.api [None req-72a50e1c-4266-45b1-a523-f0db8d830fa3 tempest-VolumesActionsTest-1914424490 tempest-VolumesActionsTest-1914424490-project] [instance: ddb90dab-edca-408e-a00e-2d9500eb7f0a] Fetching instance by UUID {{(pid=116638) get /opt/stack/nova/nova/compute/api.py:2865}}
Feb 20 20:59:06.874839 dv-cinder-830088-1-iscsi devstack@n-api.service[116638]: DEBUG nova.policy [None req-72a50e1c-4266-45b1-a523-f0db8d830fa3 tempest-VolumesActionsTest-1914424490 tempest-VolumesActionsTest-1914424490-project] Policy check for os_compute_api:os-extended-server-attributes failed with credentials {'is_admin': False, 'user_id': '6f0e809134f344259befac3c57231598', 'user_domain_id': 'default', 'system_scope': None, 'domain_id': None, 'project_id': '4b3f097d6e81462395a84ab4c2b2e285', 'project_domain_id': 'default', 'roles': ['member', 'reader'], 'is_admin_project': True, 'service_user_id': None, 'service_user_domain_id': None, 'service_project_id': None, 'service_project_domain_id': None, 'service_roles': []} {{(pid=116638) authorize /opt/stack/nova/nova/policy.py:199}}
Feb 20 20:59:06.884407 dv-cinder-830088-1-iscsi devstack@n-api.service[116638]: INFO nova.api.openstack.requestlog [None req-72a50e1c-4266-45b1-a523-f0db8d830fa3 tempest-VolumesActionsTest-1914424490 tempest-VolumesActionsTest-1914424490-project] 10.222.0.71 "GET /compute/v2.1/servers/ddb90dab-edca-408e-a00e-2d9500eb7f0a" status: 200 len: 1213 microversion: 2.1 time: 0.080161
Feb 20 20:59:06.884407 dv-cinder-830088-1-iscsi devstack@n-api.service[116638]: [pid: 116638|app: 0|req: 107/214] 10.222.0.71 () {58 vars in 1235 bytes} [Sun Feb 20 20:59:06 2022] GET /compute/v2.1/servers/ddb90dab-edca-408e-a00e-2d9500eb7f0a => generated 1213 bytes in 82 msecs (HTTP/1.1 200) 9 headers in 358 bytes (1 switches on core 0)
Feb 20 20:59:06.934352 dv-cinder-830088-1-iscsi devstack@n-api.service[116637]: DEBUG nova.api.openstack.wsgi [None req-fbd8192b-927e-46cf-8bb1-8f00746ee666 tempest-ServerRescueNegativeTestJSON-733818872 tempest-ServerRescueNegativeTestJSON-733818872-project] Calling method '>' {{(pid=116637) _process_stack /opt/stack/nova/nova/api/openstack/wsgi.py:513}}
Feb 20 20:59:06.935400 dv-cinder-830088-1-iscsi devstack@n-api.service[116637]: DEBUG nova.compute.api [None req-fbd8192b-927e-46cf-8bb1-8f00746ee666 tempest-ServerRescueNegativeTestJSON-733818872 tempest-ServerRescueNegativeTestJSON-733818872-project] [instance: 24f25c67-dfe8-4412-a717-bc3c38731841] Fetching instance by UUID {{(pid=116637) get /opt/stack/nova/nova/compute/api.py:2865}}
Feb 20 20:59:06.948243 dv-cinder-830088-1-iscsi devstack@n-api.service[116637]: DEBUG oslo_concurrency.lockutils [None req-fbd8192b-927e-46cf-8bb1-8f00746ee666 tempest-ServerRescueNegativeTestJSON-733818872 tempest-ServerRescueNegativeTestJSON-733818872-project] Lock "095d7516-3603-4618-b32e-a2ea368a1517" acquired by "nova.context.set_target_cell..get_or_set_cached_cell_and_set_connections" :: waited 0.000s {{(pid=116637) inner /usr/local/lib/python3.8/dist-packages/oslo_concurrency/lockutils.py:386}}
Feb 20 20:59:06.949752 dv-cinder-830088-1-iscsi devstack@n-api.service[116637]: DEBUG oslo_concurrency.lockutils [None req-fbd8192b-927e-46cf-8bb1-8f00746ee666 tempest-ServerRescueNegativeTestJSON-733818872 tempest-ServerRescueNegativeTestJSON-733818872-project] Lock "095d7516-3603-4618-b32e-a2ea368a1517" "released" by "nova.context.set_target_cell..get_or_set_cached_cell_and_set_connections" :: held 0.002s {{(pid=116637) inner /usr/local/lib/python3.8/dist-packages/oslo_concurrency/lockutils.py:400}}
Feb 20 20:59:06.951072 dv-cinder-830088-1-iscsi devstack@n-api.service[116637]: DEBUG oslo_concurrency.lockutils [None req-fbd8192b-927e-46cf-8bb1-8f00746ee666 tempest-ServerRescueNegativeTestJSON-733818872 tempest-ServerRescueNegativeTestJSON-733818872-project] Lock "095d7516-3603-4618-b32e-a2ea368a1517" acquired by "nova.context.set_target_cell..get_or_set_cached_cell_and_set_connections" :: waited 0.000s {{(pid=116637) inner /usr/local/lib/python3.8/dist-packages/oslo_concurrency/lockutils.py:386}}
Feb 20 20:59:06.951707 dv-cinder-830088-1-iscsi devstack@n-api.service[116637]: DEBUG oslo_concurrency.lockutils [None req-fbd8192b-927e-46cf-8bb1-8f00746ee666 tempest-ServerRescueNegativeTestJSON-733818872 tempest-ServerRescueNegativeTestJSON-733818872-project] Lock "095d7516-3603-4618-b32e-a2ea368a1517" "released" by "nova.context.set_target_cell..get_or_set_cached_cell_and_set_connections" :: held 0.001s {{(pid=116637) inner /usr/local/lib/python3.8/dist-packages/oslo_concurrency/lockutils.py:400}}
Feb 20 20:59:07.025084 dv-cinder-830088-1-iscsi devstack@n-api.service[116638]: DEBUG nova.api.openstack.wsgi [None req-d6165a8f-06b5-4f33-b6ca-c09b60d1b1b1 tempest-AttachVolumeShelveTestJSON-1512511368 tempest-AttachVolumeShelveTestJSON-1512511368-project] Calling method '>' {{(pid=116638) _process_stack /opt/stack/nova/nova/api/openstack/wsgi.py:513}}
Feb 20 20:59:07.025939 dv-cinder-830088-1-iscsi devstack@n-api.service[116638]: DEBUG nova.compute.api [None req-d6165a8f-06b5-4f33-b6ca-c09b60d1b1b1 tempest-AttachVolumeShelveTestJSON-1512511368 tempest-AttachVolumeShelveTestJSON-1512511368-project] [instance: b1c8aa1b-57e6-47a6-8e19-f4aadaae88b3] Fetching instance by UUID {{(pid=116638) get /opt/stack/nova/nova/compute/api.py:2865}}
Feb 20 20:59:07.034357 dv-cinder-830088-1-iscsi devstack@n-api.service[116638]: DEBUG oslo_concurrency.lockutils [None req-d6165a8f-06b5-4f33-b6ca-c09b60d1b1b1 tempest-AttachVolumeShelveTestJSON-1512511368 tempest-AttachVolumeShelveTestJSON-1512511368-project] Lock "095d7516-3603-4618-b32e-a2ea368a1517" acquired by "nova.context.set_target_cell..get_or_set_cached_cell_and_set_connections" :: waited 0.000s {{(pid=116638) inner /usr/local/lib/python3.8/dist-packages/oslo_concurrency/lockutils.py:386}}
Feb 20 20:59:07.035857 dv-cinder-830088-1-iscsi devstack@n-api.service[116638]: DEBUG oslo_concurrency.lockutils [None req-d6165a8f-06b5-4f33-b6ca-c09b60d1b1b1 tempest-AttachVolumeShelveTestJSON-1512511368 tempest-AttachVolumeShelveTestJSON-1512511368-project] Lock "095d7516-3603-4618-b32e-a2ea368a1517" "released" by "nova.context.set_target_cell..get_or_set_cached_cell_and_set_connections" :: held 0.001s {{(pid=116638) inner /usr/local/lib/python3.8/dist-packages/oslo_concurrency/lockutils.py:400}}
Feb 20 20:59:07.037045 dv-cinder-830088-1-iscsi devstack@n-api.service[116638]: DEBUG oslo_concurrency.lockutils [None req-d6165a8f-06b5-4f33-b6ca-c09b60d1b1b1 tempest-AttachVolumeShelveTestJSON-1512511368 tempest-AttachVolumeShelveTestJSON-1512511368-project] Lock "095d7516-3603-4618-b32e-a2ea368a1517" acquired by "nova.context.set_target_cell..get_or_set_cached_cell_and_set_connections" :: waited 0.000s {{(pid=116638) inner /usr/local/lib/python3.8/dist-packages/oslo_concurrency/lockutils.py:386}}
Feb 20 20:59:07.037679 dv-cinder-830088-1-iscsi devstack@n-api.service[116638]: DEBUG oslo_concurrency.lockutils [None req-d6165a8f-06b5-4f33-b6ca-c09b60d1b1b1 tempest-AttachVolumeShelveTestJSON-1512511368 tempest-AttachVolumeShelveTestJSON-1512511368-project] Lock "095d7516-3603-4618-b32e-a2ea368a1517" "released" by "nova.context.set_target_cell..get_or_set_cached_cell_and_set_connections" :: held 0.001s {{(pid=116638) inner /usr/local/lib/python3.8/dist-packages/oslo_concurrency/lockutils.py:400}}
Feb 20 20:59:07.338820 dv-cinder-830088-1-iscsi devstack@n-api.service[116637]: DEBUG nova.policy [None req-fbd8192b-927e-46cf-8bb1-8f00746ee666 tempest-ServerRescueNegativeTestJSON-733818872 tempest-ServerRescueNegativeTestJSON-733818872-project] Policy check for os_compute_api:os-extended-server-attributes failed with credentials {'is_admin': False, 'user_id': 'da5869aa051e4415aa5453e30e91d435', 'user_domain_id': 'default', 'system_scope': None, 'domain_id': None, 'project_id': '09c6d47e4a5f4d7896bbf6d3240b4269', 'project_domain_id': 'default', 'roles': ['member', 'reader'], 'is_admin_project': True, 'service_user_id': None, 'service_user_domain_id': None, 'service_project_id': None, 'service_project_domain_id': None, 'service_roles': []} {{(pid=116637) authorize /opt/stack/nova/nova/policy.py:199}}
Feb 20 20:59:07.349665 dv-cinder-830088-1-iscsi devstack@n-api.service[116637]: INFO nova.api.openstack.requestlog [None req-fbd8192b-927e-46cf-8bb1-8f00746ee666 tempest-ServerRescueNegativeTestJSON-733818872 tempest-ServerRescueNegativeTestJSON-733818872-project] 10.222.0.71 "GET /compute/v2.1/servers/24f25c67-dfe8-4412-a717-bc3c38731841" status: 200 len: 1522 microversion: 2.1 time: 0.423821
Feb 20 20:59:07.355450 dv-cinder-830088-1-iscsi devstack@n-api.service[116637]: [pid: 116637|app: 0|req: 108/215] 10.222.0.71 () {58 vars in 1235 bytes} [Sun Feb 20 20:59:06 2022] GET /compute/v2.1/servers/24f25c67-dfe8-4412-a717-bc3c38731841 => generated 1522 bytes in 430 msecs (HTTP/1.1 200) 9 headers in 358 bytes (1 switches on core 0)
Feb 20 20:59:07.431370 dv-cinder-830088-1-iscsi devstack@n-api.service[116638]: DEBUG nova.policy [None req-d6165a8f-06b5-4f33-b6ca-c09b60d1b1b1 tempest-AttachVolumeShelveTestJSON-1512511368 tempest-AttachVolumeShelveTestJSON-1512511368-project] Policy check for os_compute_api:os-extended-server-attributes failed with credentials {'is_admin': False, 'user_id': '7194a410c6f446b49694ed4e34de46f0', 'user_domain_id': 'default', 'system_scope': None, 'domain_id': None, 'project_id': '8ec4afa0a0be4d868f145f52d0360574', 'project_domain_id': 'default', 'roles': ['member', 'reader'], 'is_admin_project': True, 'service_user_id': None, 'service_user_domain_id': None, 'service_project_id': None, 'service_project_domain_id': None, 'service_roles': []} {{(pid=116638) authorize /opt/stack/nova/nova/policy.py:199}}
Feb 20 20:59:07.445032 dv-cinder-830088-1-iscsi devstack@n-api.service[116638]: DEBUG nova.policy [None req-d6165a8f-06b5-4f33-b6ca-c09b60d1b1b1 tempest-AttachVolumeShelveTestJSON-1512511368 tempest-AttachVolumeShelveTestJSON-1512511368-project] Policy check for os_compute_api:servers:show:host_status failed with credentials {'is_admin': False, 'user_id': '7194a410c6f446b49694ed4e34de46f0', 'user_domain_id': 'default', 'system_scope': None, 'domain_id': None, 'project_id': '8ec4afa0a0be4d868f145f52d0360574', 'project_domain_id': 'default', 'roles': ['member', 'reader'], 'is_admin_project': True, 'service_user_id': None, 'service_user_domain_id': None, 'service_project_id': None, 'service_project_domain_id': None, 'service_roles': []} {{(pid=116638) authorize /opt/stack/nova/nova/policy.py:199}}
Feb 20 20:59:07.449034 dv-cinder-830088-1-iscsi devstack@n-api.service[116638]: DEBUG nova.policy [None req-d6165a8f-06b5-4f33-b6ca-c09b60d1b1b1 tempest-AttachVolumeShelveTestJSON-1512511368 tempest-AttachVolumeShelveTestJSON-1512511368-project] Policy check for os_compute_api:servers:show:host_status:unknown-only failed with credentials {'is_admin': False, 'user_id': '7194a410c6f446b49694ed4e34de46f0', 'user_domain_id': 'default', 'system_scope': None, 'domain_id': None, 'project_id': '8ec4afa0a0be4d868f145f52d0360574', 'project_domain_id': 'default', 'roles': ['member', 'reader'], 'is_admin_project': True, 'service_user_id': None, 'service_user_domain_id': None, 'service_project_id': None, 'service_project_domain_id': None, 'service_roles': []} {{(pid=116638) authorize /opt/stack/nova/nova/policy.py:199}}
Feb 20 20:59:07.450283 dv-cinder-830088-1-iscsi devstack@n-api.service[116638]: INFO nova.api.openstack.requestlog [None req-d6165a8f-06b5-4f33-b6ca-c09b60d1b1b1 tempest-AttachVolumeShelveTestJSON-1512511368 tempest-AttachVolumeShelveTestJSON-1512511368-project] 10.222.0.71 "GET /compute/v2.1/servers/b1c8aa1b-57e6-47a6-8e19-f4aadaae88b3" status: 200 len: 1724 microversion: 2.20 time: 0.429156
Feb 20 20:59:07.453280 dv-cinder-830088-1-iscsi devstack@n-api.service[116638]: [pid: 116638|app: 0|req: 108/216] 10.222.0.71 () {60 vars in 1276 bytes} [Sun Feb 20 20:59:07 2022] GET /compute/v2.1/servers/b1c8aa1b-57e6-47a6-8e19-f4aadaae88b3 => generated 1724 bytes in 433 msecs (HTTP/1.1 200) 9 headers in 360 bytes (1 switches on core 0)
Feb 20 20:59:07.901708 dv-cinder-830088-1-iscsi devstack@n-api.service[116637]: DEBUG nova.api.openstack.wsgi [None req-4789e1d3-49a5-46ba-be63-b2ab34115ebc tempest-VolumesActionsTest-1914424490 tempest-VolumesActionsTest-1914424490-project] Calling method '>' {{(pid=116637) _process_stack /opt/stack/nova/nova/api/openstack/wsgi.py:513}}
Feb 20 20:59:07.902479 dv-cinder-830088-1-iscsi devstack@n-api.service[116637]: DEBUG nova.compute.api [None req-4789e1d3-49a5-46ba-be63-b2ab34115ebc tempest-VolumesActionsTest-1914424490 tempest-VolumesActionsTest-1914424490-project] [instance: ddb90dab-edca-408e-a00e-2d9500eb7f0a] Fetching instance by UUID {{(pid=116637) get /opt/stack/nova/nova/compute/api.py:2865}}
Feb 20 20:59:07.915792 dv-cinder-830088-1-iscsi devstack@n-api.service[116637]: DEBUG oslo_concurrency.lockutils [None req-4789e1d3-49a5-46ba-be63-b2ab34115ebc tempest-VolumesActionsTest-1914424490 tempest-VolumesActionsTest-1914424490-project] Lock "095d7516-3603-4618-b32e-a2ea368a1517" acquired by "nova.context.set_target_cell..get_or_set_cached_cell_and_set_connections" :: waited 0.005s {{(pid=116637) inner /usr/local/lib/python3.8/dist-packages/oslo_concurrency/lockutils.py:386}}
Feb 20 20:59:07.917667 dv-cinder-830088-1-iscsi devstack@n-api.service[116637]: DEBUG oslo_concurrency.lockutils [None req-4789e1d3-49a5-46ba-be63-b2ab34115ebc tempest-VolumesActionsTest-1914424490 tempest-VolumesActionsTest-1914424490-project] Lock "095d7516-3603-4618-b32e-a2ea368a1517" "released" by "nova.context.set_target_cell..get_or_set_cached_cell_and_set_connections" :: held 0.002s {{(pid=116637) inner /usr/local/lib/python3.8/dist-packages/oslo_concurrency/lockutils.py:400}}
Feb 20 20:59:07.919372 dv-cinder-830088-1-iscsi devstack@n-api.service[116637]: DEBUG oslo_concurrency.lockutils [None req-4789e1d3-49a5-46ba-be63-b2ab34115ebc tempest-VolumesActionsTest-1914424490 tempest-VolumesActionsTest-1914424490-project] Lock "095d7516-3603-4618-b32e-a2ea368a1517" acquired by "nova.context.set_target_cell..get_or_set_cached_cell_and_set_connections" :: waited 0.000s {{(pid=116637) inner /usr/local/lib/python3.8/dist-packages/oslo_concurrency/lockutils.py:386}}
Feb 20 20:59:07.919804 dv-cinder-830088-1-iscsi devstack@n-api.service[116637]: DEBUG oslo_concurrency.lockutils [None req-4789e1d3-49a5-46ba-be63-b2ab34115ebc tempest-VolumesActionsTest-1914424490 tempest-VolumesActionsTest-1914424490-project] Lock "095d7516-3603-4618-b32e-a2ea368a1517" "released" by "nova.context.set_target_cell..get_or_set_cached_cell_and_set_connections" :: held 0.000s {{(pid=116637) inner /usr/local/lib/python3.8/dist-packages/oslo_concurrency/lockutils.py:400}}
Feb 20 20:59:08.017041 dv-cinder-830088-1-iscsi devstack@n-api.service[116637]: DEBUG nova.policy [None req-4789e1d3-49a5-46ba-be63-b2ab34115ebc tempest-VolumesActionsTest-1914424490 tempest-VolumesActionsTest-1914424490-project] Policy check for os_compute_api:os-extended-server-attributes failed with credentials {'is_admin': False, 'user_id': '6f0e809134f344259befac3c57231598', 'user_domain_id': 'default', 'system_scope': None, 'domain_id': None, 'project_id': '4b3f097d6e81462395a84ab4c2b2e285', 'project_domain_id': 'default', 'roles': ['member', 'reader'], 'is_admin_project': True, 'service_user_id': None, 'service_user_domain_id': None, 'service_project_id': None, 'service_project_domain_id': None, 'service_roles': []} {{(pid=116637) authorize /opt/stack/nova/nova/policy.py:199}}
Feb 20 20:59:08.031300 dv-cinder-830088-1-iscsi devstack@n-api.service[116637]: INFO nova.api.openstack.requestlog [None req-4789e1d3-49a5-46ba-be63-b2ab34115ebc tempest-VolumesActionsTest-1914424490 tempest-VolumesActionsTest-1914424490-project] 10.222.0.71 "GET /compute/v2.1/servers/ddb90dab-edca-408e-a00e-2d9500eb7f0a" status: 200 len: 1265 microversion: 2.1 time: 0.135096
Feb 20 20:59:08.031964 dv-cinder-830088-1-iscsi devstack@n-api.service[116637]: [pid: 116637|app: 0|req: 109/217] 10.222.0.71 () {58 vars in 1235 bytes} [Sun Feb 20 20:59:07 2022] GET /compute/v2.1/servers/ddb90dab-edca-408e-a00e-2d9500eb7f0a => generated 1265 bytes in 137 msecs (HTTP/1.1 200) 9 headers in 358 bytes (1 switches on core 0)
Feb 20 20:59:08.367751 dv-cinder-830088-1-iscsi devstack@n-api.service[116638]: DEBUG nova.api.openstack.wsgi [None req-3b4e2d95-9a2a-4943-8299-2a8d14b77e9e tempest-ServerRescueNegativeTestJSON-733818872 tempest-ServerRescueNegativeTestJSON-733818872-project] Calling method '>' {{(pid=116638) _process_stack /opt/stack/nova/nova/api/openstack/wsgi.py:513}}
Feb 20 20:59:08.369078 dv-cinder-830088-1-iscsi devstack@n-api.service[116638]: DEBUG nova.compute.api [None req-3b4e2d95-9a2a-4943-8299-2a8d14b77e9e tempest-ServerRescueNegativeTestJSON-733818872 tempest-ServerRescueNegativeTestJSON-733818872-project] [instance: 24f25c67-dfe8-4412-a717-bc3c38731841] Fetching instance by UUID {{(pid=116638) get /opt/stack/nova/nova/compute/api.py:2865}}
Feb 20 20:59:08.379015 dv-cinder-830088-1-iscsi devstack@n-api.service[116638]: DEBUG oslo_concurrency.lockutils [None req-3b4e2d95-9a2a-4943-8299-2a8d14b77e9e tempest-ServerRescueNegativeTestJSON-733818872 tempest-ServerRescueNegativeTestJSON-733818872-project] Lock "095d7516-3603-4618-b32e-a2ea368a1517" acquired by "nova.context.set_target_cell..get_or_set_cached_cell_and_set_connections" :: waited 0.000s {{(pid=116638) inner /usr/local/lib/python3.8/dist-packages/oslo_concurrency/lockutils.py:386}}
Feb 20 20:59:08.381112 dv-cinder-830088-1-iscsi devstack@n-api.service[116638]: DEBUG oslo_concurrency.lockutils [None req-3b4e2d95-9a2a-4943-8299-2a8d14b77e9e tempest-ServerRescueNegativeTestJSON-733818872 tempest-ServerRescueNegativeTestJSON-733818872-project] Lock "095d7516-3603-4618-b32e-a2ea368a1517" "released" by "nova.context.set_target_cell..get_or_set_cached_cell_and_set_connections" :: held 0.002s {{(pid=116638) inner /usr/local/lib/python3.8/dist-packages/oslo_concurrency/lockutils.py:400}}
Feb 20 20:59:08.382638 dv-cinder-830088-1-iscsi devstack@n-api.service[116638]: DEBUG oslo_concurrency.lockutils [None req-3b4e2d95-9a2a-4943-8299-2a8d14b77e9e tempest-ServerRescueNegativeTestJSON-733818872 tempest-ServerRescueNegativeTestJSON-733818872-project] Lock "095d7516-3603-4618-b32e-a2ea368a1517" acquired by "nova.context.set_target_cell..get_or_set_cached_cell_and_set_connections" :: waited 0.000s {{(pid=116638) inner /usr/local/lib/python3.8/dist-packages/oslo_concurrency/lockutils.py:386}}
Feb 20 20:59:08.386132 dv-cinder-830088-1-iscsi devstack@n-api.service[116638]: DEBUG oslo_concurrency.lockutils [None req-3b4e2d95-9a2a-4943-8299-2a8d14b77e9e tempest-ServerRescueNegativeTestJSON-733818872 tempest-ServerRescueNegativeTestJSON-733818872-project] Lock "095d7516-3603-4618-b32e-a2ea368a1517" "released" by "nova.context.set_target_cell..get_or_set_cached_cell_and_set_connections" :: held 0.003s {{(pid=116638) inner /usr/local/lib/python3.8/dist-packages/oslo_concurrency/lockutils.py:400}}
Feb 20 20:59:08.444392 dv-cinder-830088-1-iscsi devstack@n-api.service[116637]: DEBUG nova.api.openstack.wsgi [None req-1b07e231-d91f-46b1-9aa7-ad70c807c9a8 tempest-AttachVolumeNegativeTest-636341038 tempest-AttachVolumeNegativeTest-636341038-project] Action: 'create', calling method: >, body: {"volumeAttachment": {"volumeId": "0895b844-5216-443a-827f-69d8ea512568"}} {{(pid=116637) _process_stack /opt/stack/nova/nova/api/openstack/wsgi.py:511}}
Feb 20 20:59:08.445601 dv-cinder-830088-1-iscsi devstack@n-api.service[116637]: DEBUG nova.compute.api [None req-1b07e231-d91f-46b1-9aa7-ad70c807c9a8 tempest-AttachVolumeNegativeTest-636341038 tempest-AttachVolumeNegativeTest-636341038-project] [instance: e20d9b86-2345-4386-a8e8-0dcc91559deb] Fetching instance by UUID {{(pid=116637) get /opt/stack/nova/nova/compute/api.py:2865}}
Feb 20 20:59:08.453621 dv-cinder-830088-1-iscsi devstack@n-api.service[116637]: DEBUG oslo_concurrency.lockutils [None req-1b07e231-d91f-46b1-9aa7-ad70c807c9a8 tempest-AttachVolumeNegativeTest-636341038 tempest-AttachVolumeNegativeTest-636341038-project] Lock "095d7516-3603-4618-b32e-a2ea368a1517" acquired by "nova.context.set_target_cell..get_or_set_cached_cell_and_set_connections" :: waited 0.000s {{(pid=116637) inner /usr/local/lib/python3.8/dist-packages/oslo_concurrency/lockutils.py:386}}
Feb 20 20:59:08.454075 dv-cinder-830088-1-iscsi devstack@n-api.service[116637]: DEBUG oslo_concurrency.lockutils [None req-1b07e231-d91f-46b1-9aa7-ad70c807c9a8 tempest-AttachVolumeNegativeTest-636341038 tempest-AttachVolumeNegativeTest-636341038-project] Lock "095d7516-3603-4618-b32e-a2ea368a1517" "released" by "nova.context.set_target_cell..get_or_set_cached_cell_and_set_connections" :: held 0.001s {{(pid=116637) inner /usr/local/lib/python3.8/dist-packages/oslo_concurrency/lockutils.py:400}}
Feb 20 20:59:08.454869 dv-cinder-830088-1-iscsi devstack@n-api.service[116637]: DEBUG oslo_concurrency.lockutils [None req-1b07e231-d91f-46b1-9aa7-ad70c807c9a8 tempest-AttachVolumeNegativeTest-636341038 tempest-AttachVolumeNegativeTest-636341038-project] Lock "095d7516-3603-4618-b32e-a2ea368a1517" acquired by "nova.context.set_target_cell..get_or_set_cached_cell_and_set_connections" :: waited 0.000s {{(pid=116637) inner /usr/local/lib/python3.8/dist-packages/oslo_concurrency/lockutils.py:386}}
Feb 20 20:59:08.455310 dv-cinder-830088-1-iscsi devstack@n-api.service[116637]: DEBUG oslo_concurrency.lockutils [None req-1b07e231-d91f-46b1-9aa7-ad70c807c9a8 tempest-AttachVolumeNegativeTest-636341038 tempest-AttachVolumeNegativeTest-636341038-project] Lock "095d7516-3603-4618-b32e-a2ea368a1517" "released" by "nova.context.set_target_cell..get_or_set_cached_cell_and_set_connections" :: held 0.000s {{(pid=116637) inner /usr/local/lib/python3.8/dist-packages/oslo_concurrency/lockutils.py:400}}
Feb 20 20:59:08.621632 dv-cinder-830088-1-iscsi devstack@n-api.service[116637]: INFO nova.api.openstack.wsgi [None req-1b07e231-d91f-46b1-9aa7-ad70c807c9a8 tempest-AttachVolumeNegativeTest-636341038 tempest-AttachVolumeNegativeTest-636341038-project] HTTP exception thrown: Invalid volume: volume 0895b844-5216-443a-827f-69d8ea512568 is already attached to instances: e20d9b86-2345-4386-a8e8-0dcc91559deb
Feb 20 20:59:08.623116 dv-cinder-830088-1-iscsi devstack@n-api.service[116637]: DEBUG nova.api.openstack.wsgi [None req-1b07e231-d91f-46b1-9aa7-ad70c807c9a8 tempest-AttachVolumeNegativeTest-636341038 tempest-AttachVolumeNegativeTest-636341038-project] Returning 400 to user: Invalid volume: volume 0895b844-5216-443a-827f-69d8ea512568 is already attached to instances: e20d9b86-2345-4386-a8e8-0dcc91559deb {{(pid=116637) __call__ /opt/stack/nova/nova/api/openstack/wsgi.py:936}}
Feb 20 20:59:08.624006 dv-cinder-830088-1-iscsi devstack@n-api.service[116637]: INFO nova.api.openstack.requestlog [None req-1b07e231-d91f-46b1-9aa7-ad70c807c9a8 tempest-AttachVolumeNegativeTest-636341038 tempest-AttachVolumeNegativeTest-636341038-project] 10.222.0.71 "POST /compute/v2.1/servers/e20d9b86-2345-4386-a8e8-0dcc91559deb/os-volume_attachments" status: 400 len: 174 microversion: 2.1 time: 0.186804
Feb 20 20:59:08.628432 dv-cinder-830088-1-iscsi devstack@n-api.service[116637]: [pid: 116637|app: 0|req: 110/218] 10.222.0.71 () {60 vars in 1322 bytes} [Sun Feb 20 20:59:08 2022] POST /compute/v2.1/servers/e20d9b86-2345-4386-a8e8-0dcc91559deb/os-volume_attachments => generated 174 bytes in 188 msecs (HTTP/1.1 400) 9 headers in 381 bytes (1 switches on core 0)
Feb 20 20:59:08.643552 dv-cinder-830088-1-iscsi devstack@n-api.service[116637]: DEBUG nova.api.openstack.wsgi [None req-160b852a-485f-4e03-8a56-7601e49bc924 tempest-AttachVolumeShelveTestJSON-1512511368 tempest-AttachVolumeShelveTestJSON-1512511368-project] Calling method '>' {{(pid=116637) _process_stack /opt/stack/nova/nova/api/openstack/wsgi.py:513}}
Feb 20 20:59:08.644738 dv-cinder-830088-1-iscsi devstack@n-api.service[116637]: DEBUG nova.compute.api [None req-160b852a-485f-4e03-8a56-7601e49bc924 tempest-AttachVolumeShelveTestJSON-1512511368 tempest-AttachVolumeShelveTestJSON-1512511368-project] [instance: b1c8aa1b-57e6-47a6-8e19-f4aadaae88b3] Fetching instance by UUID {{(pid=116637) get /opt/stack/nova/nova/compute/api.py:2865}}
Feb 20 20:59:08.674761 dv-cinder-830088-1-iscsi devstack@n-api.service[116637]: DEBUG oslo_concurrency.lockutils [None req-160b852a-485f-4e03-8a56-7601e49bc924 tempest-AttachVolumeShelveTestJSON-1512511368 tempest-AttachVolumeShelveTestJSON-1512511368-project] Lock "095d7516-3603-4618-b32e-a2ea368a1517" acquired by "nova.context.set_target_cell..get_or_set_cached_cell_and_set_connections" :: waited 0.000s {{(pid=116637) inner /usr/local/lib/python3.8/dist-packages/oslo_concurrency/lockutils.py:386}}
Feb 20 20:59:08.675128 dv-cinder-830088-1-iscsi devstack@n-api.service[116637]: DEBUG oslo_concurrency.lockutils [None req-160b852a-485f-4e03-8a56-7601e49bc924 tempest-AttachVolumeShelveTestJSON-1512511368 tempest-AttachVolumeShelveTestJSON-1512511368-project] Lock "095d7516-3603-4618-b32e-a2ea368a1517" "released" by "nova.context.set_target_cell..get_or_set_cached_cell_and_set_connections" :: held 0.001s {{(pid=116637) inner /usr/local/lib/python3.8/dist-packages/oslo_concurrency/lockutils.py:400}}
Feb 20 20:59:08.676751 dv-cinder-830088-1-iscsi devstack@n-api.service[116637]: DEBUG oslo_concurrency.lockutils [None req-160b852a-485f-4e03-8a56-7601e49bc924 tempest-AttachVolumeShelveTestJSON-1512511368 tempest-AttachVolumeShelveTestJSON-1512511368-project] Lock "095d7516-3603-4618-b32e-a2ea368a1517" acquired by "nova.context.set_target_cell..get_or_set_cached_cell_and_set_connections" :: waited 0.001s {{(pid=116637) inner /usr/local/lib/python3.8/dist-packages/oslo_concurrency/lockutils.py:386}}
Feb 20 20:59:08.677191 dv-cinder-830088-1-iscsi devstack@n-api.service[116637]: DEBUG oslo_concurrency.lockutils [None req-160b852a-485f-4e03-8a56-7601e49bc924 tempest-AttachVolumeShelveTestJSON-1512511368 tempest-AttachVolumeShelveTestJSON-1512511368-project] Lock "095d7516-3603-4618-b32e-a2ea368a1517" "released" by "nova.context.set_target_cell..get_or_set_cached_cell_and_set_connections" :: held 0.001s {{(pid=116637) inner /usr/local/lib/python3.8/dist-packages/oslo_concurrency/lockutils.py:400}}
Feb 20 20:59:09.172446 dv-cinder-830088-1-iscsi devstack@n-api.service[116638]: DEBUG nova.policy [None req-3b4e2d95-9a2a-4943-8299-2a8d14b77e9e tempest-ServerRescueNegativeTestJSON-733818872 tempest-ServerRescueNegativeTestJSON-733818872-project] Policy check for os_compute_api:os-extended-server-attributes failed with credentials {'is_admin': False, 'user_id': 'da5869aa051e4415aa5453e30e91d435', 'user_domain_id': 'default', 'system_scope': None, 'domain_id': None, 'project_id': '09c6d47e4a5f4d7896bbf6d3240b4269', 'project_domain_id': 'default', 'roles': ['member', 'reader'], 'is_admin_project': True, 'service_user_id': None, 'service_user_domain_id': None, 'service_project_id': None, 'service_project_domain_id': None, 'service_roles': []} {{(pid=116638) authorize /opt/stack/nova/nova/policy.py:199}}
Feb 20 20:59:09.178656 dv-cinder-830088-1-iscsi devstack@n-api.service[116637]: DEBUG nova.policy [None req-160b852a-485f-4e03-8a56-7601e49bc924 tempest-AttachVolumeShelveTestJSON-1512511368 tempest-AttachVolumeShelveTestJSON-1512511368-project] Policy check for os_compute_api:os-extended-server-attributes failed with credentials {'is_admin': False, 'user_id': '7194a410c6f446b49694ed4e34de46f0', 'user_domain_id': 'default', 'system_scope': None, 'domain_id': None, 'project_id': '8ec4afa0a0be4d868f145f52d0360574', 'project_domain_id': 'default', 'roles': ['member', 'reader'], 'is_admin_project': True, 'service_user_id': None, 'service_user_domain_id': None, 'service_project_id': None, 'service_project_domain_id': None, 'service_roles': []} {{(pid=116637) authorize /opt/stack/nova/nova/policy.py:199}}
Feb 20 20:59:09.182688 dv-cinder-830088-1-iscsi devstack@n-api.service[116638]: INFO nova.api.openstack.requestlog [None req-3b4e2d95-9a2a-4943-8299-2a8d14b77e9e tempest-ServerRescueNegativeTestJSON-733818872 tempest-ServerRescueNegativeTestJSON-733818872-project] 10.222.0.71 "GET /compute/v2.1/servers/24f25c67-dfe8-4412-a717-bc3c38731841" status: 200 len: 1522 microversion: 2.1 time: 0.819756
Feb 20 20:59:09.193890 dv-cinder-830088-1-iscsi devstack@n-api.service[116638]: [pid: 116638|app: 0|req: 109/219] 10.222.0.71 () {58 vars in 1235 bytes} [Sun Feb 20 20:59:08 2022] GET /compute/v2.1/servers/24f25c67-dfe8-4412-a717-bc3c38731841 => generated 1522 bytes in 831 msecs (HTTP/1.1 200) 9 headers in 358 bytes (1 switches on core 0)
Feb 20 20:59:09.194286 dv-cinder-830088-1-iscsi devstack@n-api.service[116637]: DEBUG nova.policy [None req-160b852a-485f-4e03-8a56-7601e49bc924 tempest-AttachVolumeShelveTestJSON-1512511368 tempest-AttachVolumeShelveTestJSON-1512511368-project] Policy check for os_compute_api:servers:show:host_status failed with credentials {'is_admin': False, 'user_id': '7194a410c6f446b49694ed4e34de46f0', 'user_domain_id': 'default', 'system_scope': None, 'domain_id': None, 'project_id': '8ec4afa0a0be4d868f145f52d0360574', 'project_domain_id': 'default', 'roles': ['member', 'reader'], 'is_admin_project': True, 'service_user_id': None, 'service_user_domain_id': None, 'service_project_id': None, 'service_project_domain_id': None, 'service_roles': []} {{(pid=116637) authorize /opt/stack/nova/nova/policy.py:199}}
Feb 20 20:59:09.196061 dv-cinder-830088-1-iscsi devstack@n-api.service[116637]: DEBUG nova.policy [None req-160b852a-485f-4e03-8a56-7601e49bc924 tempest-AttachVolumeShelveTestJSON-1512511368 tempest-AttachVolumeShelveTestJSON-1512511368-project] Policy check for os_compute_api:servers:show:host_status:unknown-only failed with credentials {'is_admin': False, 'user_id': '7194a410c6f446b49694ed4e34de46f0', 'user_domain_id': 'default', 'system_scope': None, 'domain_id': None, 'project_id': '8ec4afa0a0be4d868f145f52d0360574', 'project_domain_id': 'default', 'roles': ['member', 'reader'], 'is_admin_project': True, 'service_user_id': None, 'service_user_domain_id': None, 'service_project_id': None, 'service_project_domain_id': None, 'service_roles': []} {{(pid=116637) authorize /opt/stack/nova/nova/policy.py:199}}
Feb 20 20:59:09.197572 dv-cinder-830088-1-iscsi devstack@n-api.service[116637]: INFO nova.api.openstack.requestlog [None req-160b852a-485f-4e03-8a56-7601e49bc924 tempest-AttachVolumeShelveTestJSON-1512511368 tempest-AttachVolumeShelveTestJSON-1512511368-project] 10.222.0.71 "GET /compute/v2.1/servers/b1c8aa1b-57e6-47a6-8e19-f4aadaae88b3" status: 200 len: 1724 microversion: 2.20 time: 0.570926
Feb 20 20:59:09.198240 dv-cinder-830088-1-iscsi devstack@n-api.service[116637]: [pid: 116637|app: 0|req: 111/220] 10.222.0.71 () {60 vars in 1276 bytes} [Sun Feb 20 20:59:08 2022] GET /compute/v2.1/servers/b1c8aa1b-57e6-47a6-8e19-f4aadaae88b3 => generated 1724 bytes in 572 msecs (HTTP/1.1 200) 9 headers in 360 bytes (1 switches on core 0)
Feb 20 20:59:09.200150 dv-cinder-830088-1-iscsi devstack@n-api.service[116638]: DEBUG nova.api.openstack.wsgi [None req-8cde0783-c16f-40de-9fe2-f871efd29db3 tempest-AttachVolumeNegativeTest-636341038 tempest-AttachVolumeNegativeTest-636341038-project] Calling method '>' {{(pid=116638) _process_stack /opt/stack/nova/nova/api/openstack/wsgi.py:513}}
Feb 20 20:59:09.200752 dv-cinder-830088-1-iscsi devstack@n-api.service[116638]: DEBUG nova.compute.api [None req-8cde0783-c16f-40de-9fe2-f871efd29db3 tempest-AttachVolumeNegativeTest-636341038 tempest-AttachVolumeNegativeTest-636341038-project] [instance: e20d9b86-2345-4386-a8e8-0dcc91559deb] Fetching instance by UUID {{(pid=116638) get /opt/stack/nova/nova/compute/api.py:2865}}
Feb 20 20:59:09.205273 dv-cinder-830088-1-iscsi devstack@n-api.service[116637]: DEBUG nova.api.openstack.wsgi [None req-4dfb4a1a-b4e7-4636-b764-bddfc201b051 tempest-VolumesActionsTest-1914424490 tempest-VolumesActionsTest-1914424490-project] Calling method '>' {{(pid=116637) _process_stack /opt/stack/nova/nova/api/openstack/wsgi.py:513}}
