Mar 08 18:50:15.324114 dv-cinder-830087-3-smb devstack@c-api.service[116998]: DEBUG cinder.api.middleware.request_id [None req-88a32737-a0dd-4bca-9b04-7c8cb3f8e81a None None] RequestId filter calling following filter/app {{(pid=116998) _context_setter /opt/stack/cinder/cinder/api/middleware/request_id.py:62}}
Mar 08 18:50:15.328255 dv-cinder-830087-3-smb devstack@c-api.service[116998]: INFO cinder.api.openstack.wsgi [None req-88a32737-a0dd-4bca-9b04-7c8cb3f8e81a tempest-VolumesTransfersV355Test-1050130642 tempest-VolumesTransfersV355Test-1050130642-project-admin] GET http://10.222.0.43/volume/v3/43fc85b658314e48bc24c83a1d18cee1/volumes/f981c59f-db76-4e57-833d-0c3c3b23fb87
Mar 08 18:50:15.328844 dv-cinder-830087-3-smb devstack@c-api.service[116998]: DEBUG cinder.api.openstack.wsgi [None req-88a32737-a0dd-4bca-9b04-7c8cb3f8e81a tempest-VolumesTransfersV355Test-1050130642 tempest-VolumesTransfersV355Test-1050130642-project-admin] Empty body provided in request {{(pid=116998) get_body /opt/stack/cinder/cinder/api/openstack/wsgi.py:715}}
Mar 08 18:50:15.329296 dv-cinder-830087-3-smb devstack@c-api.service[116998]: DEBUG cinder.api.openstack.wsgi [None req-88a32737-a0dd-4bca-9b04-7c8cb3f8e81a tempest-VolumesTransfersV355Test-1050130642 tempest-VolumesTransfersV355Test-1050130642-project-admin] Calling method 'show' {{(pid=116998) _process_stack /opt/stack/cinder/cinder/api/openstack/wsgi.py:868}}
Mar 08 18:50:15.341292 dv-cinder-830087-3-smb devstack@c-api.service[116998]: INFO cinder.api.openstack.wsgi [None req-88a32737-a0dd-4bca-9b04-7c8cb3f8e81a tempest-VolumesTransfersV355Test-1050130642 tempest-VolumesTransfersV355Test-1050130642-project-admin] http://10.222.0.43/volume/v3/43fc85b658314e48bc24c83a1d18cee1/volumes/f981c59f-db76-4e57-833d-0c3c3b23fb87 returned with HTTP 404
Mar 08 18:50:15.346861 dv-cinder-830087-3-smb devstack@c-api.service[116998]: [pid: 116998|app: 0|req: 169/362] 10.222.0.43 () {60 vars in 1365 bytes} [Tue Mar 8 18:50:15 2022] GET /volume/v3/43fc85b658314e48bc24c83a1d18cee1/volumes/f981c59f-db76-4e57-833d-0c3c3b23fb87 => generated 109 bytes in 19 msecs (HTTP/1.1 404) 7 headers in 293 bytes (2 switches on core 0)
Mar 08 18:50:15.349332 dv-cinder-830087-3-smb devstack@c-api.service[116998]: DEBUG cinder.api.middleware.request_id [None req-0cba0916-fd99-41ab-b66a-ba96fc46225a None None] RequestId filter calling following filter/app {{(pid=116998) _context_setter /opt/stack/cinder/cinder/api/middleware/request_id.py:62}}
Mar 08 18:50:15.359214 dv-cinder-830087-3-smb devstack@c-api.service[116998]: INFO cinder.api.openstack.wsgi [None req-0cba0916-fd99-41ab-b66a-ba96fc46225a tempest-VolumesTransfersV355Test-456396919 tempest-VolumesTransfersV355Test-456396919-project] POST http://10.222.0.43/volume/v3/2e6c40dcaf9746858552177a8c88bdd5/volumes
Mar 08 18:50:15.359344 dv-cinder-830087-3-smb devstack@c-api.service[116998]: DEBUG cinder.api.openstack.wsgi [None req-0cba0916-fd99-41ab-b66a-ba96fc46225a tempest-VolumesTransfersV355Test-456396919 tempest-VolumesTransfersV355Test-456396919-project] Action: 'create', calling method: create, body: {"volume": {"size": 1, "name": "tempest-VolumesTransfersV355Test-Volume-33277350"}} {{(pid=116998) _process_stack /opt/stack/cinder/cinder/api/openstack/wsgi.py:866}}
Mar 08 18:50:15.360296 dv-cinder-830087-3-smb devstack@c-api.service[116998]: DEBUG cinder.api.v3.volumes [None req-0cba0916-fd99-41ab-b66a-ba96fc46225a tempest-VolumesTransfersV355Test-456396919 tempest-VolumesTransfersV355Test-456396919-project] Create volume request body: {'volume': {'size': 1, 'name': 'tempest-VolumesTransfersV355Test-Volume-33277350'}} {{(pid=116998) create /opt/stack/cinder/cinder/api/v3/volumes.py:298}}
Mar 08 18:50:15.360616 dv-cinder-830087-3-smb devstack@c-api.service[116998]: INFO cinder.api.v3.volumes [None req-0cba0916-fd99-41ab-b66a-ba96fc46225a tempest-VolumesTransfersV355Test-456396919 tempest-VolumesTransfersV355Test-456396919-project] Create volume of 1 GB
Mar 08 18:50:15.368275 dv-cinder-830087-3-smb devstack@c-api.service[116998]: INFO cinder.volume.api [None req-0cba0916-fd99-41ab-b66a-ba96fc46225a tempest-VolumesTransfersV355Test-456396919 tempest-VolumesTransfersV355Test-456396919-project] Availability Zones retrieved successfully.
Mar 08 18:50:15.385286 dv-cinder-830087-3-smb devstack@c-api.service[116998]: DEBUG cinder.volume.api [None req-0cba0916-fd99-41ab-b66a-ba96fc46225a tempest-VolumesTransfersV355Test-456396919 tempest-VolumesTransfersV355Test-456396919-project] Flow 'volume_create_api' (c3d1fcdb-6d10-4612-b73e-520626597bd3) transitioned into state 'RUNNING' from state 'PENDING' {{(pid=116998) _flow_receiver /usr/local/lib/python3.8/dist-packages/taskflow/listeners/logging.py:141}}
Mar 08 18:50:15.388530 dv-cinder-830087-3-smb devstack@c-api.service[116998]: DEBUG cinder.volume.api [None req-0cba0916-fd99-41ab-b66a-ba96fc46225a tempest-VolumesTransfersV355Test-456396919 tempest-VolumesTransfersV355Test-456396919-project] Task 'cinder.volume.flows.api.create_volume.ExtractVolumeRequestTask;volume:create' (783f3f3c-1075-45aa-a7ef-17352e9f8282) transitioned into state 'RUNNING' from state 'PENDING' {{(pid=116998) _task_receiver /usr/local/lib/python3.8/dist-packages/taskflow/listeners/logging.py:190}}
Mar 08 18:50:15.391050 dv-cinder-830087-3-smb devstack@c-api.service[116998]: DEBUG cinder.volume.flows.api.create_volume [None req-0cba0916-fd99-41ab-b66a-ba96fc46225a tempest-VolumesTransfersV355Test-456396919 tempest-VolumesTransfersV355Test-456396919-project] Validating volume size '1' using validate_int {{(pid=116998) _extract_size /opt/stack/cinder/cinder/volume/flows/api/create_volume.py:225}}
Mar 08 18:50:15.430035 dv-cinder-830087-3-smb devstack@c-api.service[116998]: DEBUG cinder.volume.api [None req-0cba0916-fd99-41ab-b66a-ba96fc46225a tempest-VolumesTransfersV355Test-456396919 tempest-VolumesTransfersV355Test-456396919-project] Task 'cinder.volume.flows.api.create_volume.ExtractVolumeRequestTask;volume:create' (783f3f3c-1075-45aa-a7ef-17352e9f8282) transitioned into state 'SUCCESS' from state 'RUNNING' with result '{'size': 1, 'snapshot_id': None, 'source_volid': None, 'volume_type': VolumeType(created_at=2022-03-08T18:32:58Z,deleted=False,deleted_at=None,description='Default Volume Type',extra_specs={},id=4d536a79-b5e5-4444-8b44-943e0acacbdc,is_public=True,name='__DEFAULT__',projects=[],qos_specs=,qos_specs_id=None,updated_at=2022-03-08T18:32:58Z), 'volume_type_id': '4d536a79-b5e5-4444-8b44-943e0acacbdc', 'encryption_key_id': None, 'qos_specs': None, 'consistencygroup_id': None, 'cgsnapshot_id': None, 'group_id': None, 'replication_status': 'disabled', 'refresh_az': False, 'backup_id': None, 'multiattach': False, 'availability_zones': ['nova']}' {{(pid=116998) _task_receiver /usr/local/lib/python3.8/dist-packages/taskflow/listeners/logging.py:178}}
Mar 08 18:50:15.432610 dv-cinder-830087-3-smb devstack@c-api.service[116998]: DEBUG cinder.volume.api [None req-0cba0916-fd99-41ab-b66a-ba96fc46225a tempest-VolumesTransfersV355Test-456396919 tempest-VolumesTransfersV355Test-456396919-project] Task 'cinder.volume.flows.api.create_volume.QuotaReserveTask;volume:create' (040d948c-b0f4-4f14-8444-3049df6127f4) transitioned into state 'RUNNING' from state 'PENDING' {{(pid=116998) _task_receiver /usr/local/lib/python3.8/dist-packages/taskflow/listeners/logging.py:190}}
Mar 08 18:50:15.558751 dv-cinder-830087-3-smb devstack@c-api.service[116999]: DEBUG cinder.quota [None req-0f21221d-2463-462a-bf6d-898cb8320e0e tempest-VolumeQuotasAdminTestJSON-1343466283 tempest-VolumeQuotasAdminTestJSON-1343466283-project] Created reservations ['35e8be27-822c-40d7-8bde-901cc97dd933', 'b6339662-c40c-4d98-877a-5379d47a5f17', '3bea0395-104f-4201-85dc-0500754b625a', '3a38b7f0-c384-4ada-ac9f-049771339adb'] {{(pid=116999) reserve /opt/stack/cinder/cinder/quota.py:755}}
Mar 08 18:50:15.592944 dv-cinder-830087-3-smb devstack@c-api.service[116999]: INFO cinder.volume.api [None req-0f21221d-2463-462a-bf6d-898cb8320e0e tempest-VolumeQuotasAdminTestJSON-1343466283 tempest-VolumeQuotasAdminTestJSON-1343466283-project] Transfer volume completed successfully.
Mar 08 18:50:15.644595 dv-cinder-830087-3-smb devstack@c-api.service[116998]: DEBUG cinder.quota [None req-0cba0916-fd99-41ab-b66a-ba96fc46225a tempest-VolumesTransfersV355Test-456396919 tempest-VolumesTransfersV355Test-456396919-project] Created reservations ['61f0d929-b4e0-4a83-8368-97801cf6a68b', '0b484847-9f77-4e39-970d-9216948880ca', '64d92bbd-7f44-489d-9452-7a80263946bb', 'b5312309-0a4f-4bb7-960d-99be6197791e'] {{(pid=116998) reserve /opt/stack/cinder/cinder/quota.py:755}}
Mar 08 18:50:15.646339 dv-cinder-830087-3-smb devstack@c-api.service[116998]: DEBUG cinder.volume.api [None req-0cba0916-fd99-41ab-b66a-ba96fc46225a tempest-VolumesTransfersV355Test-456396919 tempest-VolumesTransfersV355Test-456396919-project] Task 'cinder.volume.flows.api.create_volume.QuotaReserveTask;volume:create' (040d948c-b0f4-4f14-8444-3049df6127f4) transitioned into state 'SUCCESS' from state 'RUNNING' with result '{'reservations': ['61f0d929-b4e0-4a83-8368-97801cf6a68b', '0b484847-9f77-4e39-970d-9216948880ca', '64d92bbd-7f44-489d-9452-7a80263946bb', 'b5312309-0a4f-4bb7-960d-99be6197791e']}' {{(pid=116998) _task_receiver /usr/local/lib/python3.8/dist-packages/taskflow/listeners/logging.py:178}}
Mar 08 18:50:15.648396 dv-cinder-830087-3-smb devstack@c-api.service[116998]: DEBUG cinder.volume.api [None req-0cba0916-fd99-41ab-b66a-ba96fc46225a tempest-VolumesTransfersV355Test-456396919 tempest-VolumesTransfersV355Test-456396919-project] Task 'cinder.volume.flows.api.create_volume.EntryCreateTask;volume:create' (45b85a15-6c96-49f7-9d78-845f1c01810f) transitioned into state 'RUNNING' from state 'PENDING' {{(pid=116998) _task_receiver /usr/local/lib/python3.8/dist-packages/taskflow/listeners/logging.py:190}}
Mar 08 18:50:15.764649 dv-cinder-830087-3-smb devstack@c-api.service[116998]: DEBUG cinder.volume.api [None req-0cba0916-fd99-41ab-b66a-ba96fc46225a tempest-VolumesTransfersV355Test-456396919 tempest-VolumesTransfersV355Test-456396919-project] Task 'cinder.volume.flows.api.create_volume.EntryCreateTask;volume:create' (45b85a15-6c96-49f7-9d78-845f1c01810f) transitioned into state 'SUCCESS' from state 'RUNNING' with result '{'volume_id': 'cb60c705-350d-4abf-81ae-36548a61e822', 'volume_properties': VolumeProperties(attach_status='detached',availability_zone='nova',cgsnapshot_id=None,consistencygroup_id=None,display_description=None,display_name='tempest-VolumesTransfersV355Test-Volume-33277350',encryption_key_id=None,group_id=None,group_type_id=,metadata={},multiattach=False,project_id='2e6c40dcaf9746858552177a8c88bdd5',qos_specs=None,replication_status=,reservations=['61f0d929-b4e0-4a83-8368-97801cf6a68b','0b484847-9f77-4e39-970d-9216948880ca','64d92bbd-7f44-489d-9452-7a80263946bb','b5312309-0a4f-4bb7-960d-99be6197791e'],size=1,snapshot_id=None,source_replicaid=,source_volid=None,status='creating',user_id='665c2f609ca546248178405a58d454fa',volume_type_id=4d536a79-b5e5-4444-8b44-943e0acacbdc), 'volume': Volume(_name_id=None,admin_metadata=,attach_status='detached',availability_zone='nova',bootable=False,cluster=,cluster_name=None,consistencygroup=,consistencygroup_id=None,created_at=2022-03-08T18:50:15Z,deleted=False,deleted_at=None,display_description=None,display_name='tempest-VolumesTransfersV355Test-Volume-33277350',ec2_id=None,encryption_key_id=None,glance_metadata=,group=,group_id=None,host=None,id=cb60c705-350d-4abf-81ae-36548a61e822,launched_at=None,metadata={},migration_status=None,multiattach=False,previous_status=None,project_id='2e6c40dcaf9746858552177a8c88bdd5',provider_auth=None,provider_geometry=None,provider_id=None,provider_location=None,replication_driver_data=None,replication_extended_status=None,replication_status=None,scheduled_at=None,service_uuid=None,shared_targets=True,size=1,snapshot_id=None,snapshots=,source_volid=None,status='creating',terminated_at=None,updated_at=None,use_quota=True,user_id='665c2f609ca546248178405a58d454fa',volume_attachment=VolumeAttachmentList,volume_type=VolumeType(4d536a79-b5e5-4444-8b44-943e0acacbdc),volume_type_id=4d536a79-b5e5-4444-8b44-943e0acacbdc)}' {{(pid=116998) _task_receiver /usr/local/lib/python3.8/dist-packages/taskflow/listeners/logging.py:178}}
Mar 08 18:50:15.767026 dv-cinder-830087-3-smb devstack@c-api.service[116998]: DEBUG cinder.volume.api [None req-0cba0916-fd99-41ab-b66a-ba96fc46225a tempest-VolumesTransfersV355Test-456396919 tempest-VolumesTransfersV355Test-456396919-project] Task 'cinder.volume.flows.api.create_volume.QuotaCommitTask;volume:create' (5a51ad78-e492-41c3-8486-72b021666a7c) transitioned into state 'RUNNING' from state 'PENDING' {{(pid=116998) _task_receiver /usr/local/lib/python3.8/dist-packages/taskflow/listeners/logging.py:190}}
Mar 08 18:50:15.893358 dv-cinder-830087-3-smb devstack@c-api.service[116998]: DEBUG cinder.volume.api [None req-0cba0916-fd99-41ab-b66a-ba96fc46225a tempest-VolumesTransfersV355Test-456396919 tempest-VolumesTransfersV355Test-456396919-project] Task 'cinder.volume.flows.api.create_volume.QuotaCommitTask;volume:create' (5a51ad78-e492-41c3-8486-72b021666a7c) transitioned into state 'SUCCESS' from state 'RUNNING' with result '{'volume_properties': VolumeProperties(attach_status='detached',availability_zone='nova',cgsnapshot_id=None,consistencygroup_id=None,display_description=None,display_name='tempest-VolumesTransfersV355Test-Volume-33277350',encryption_key_id=None,group_id=None,group_type_id=,metadata={},multiattach=False,project_id='2e6c40dcaf9746858552177a8c88bdd5',qos_specs=None,replication_status=,reservations=['61f0d929-b4e0-4a83-8368-97801cf6a68b','0b484847-9f77-4e39-970d-9216948880ca','64d92bbd-7f44-489d-9452-7a80263946bb','b5312309-0a4f-4bb7-960d-99be6197791e'],size=1,snapshot_id=None,source_replicaid=,source_volid=None,status='creating',user_id='665c2f609ca546248178405a58d454fa',volume_type_id=4d536a79-b5e5-4444-8b44-943e0acacbdc)}' {{(pid=116998) _task_receiver /usr/local/lib/python3.8/dist-packages/taskflow/listeners/logging.py:178}}
Mar 08 18:50:15.895378 dv-cinder-830087-3-smb devstack@c-api.service[116998]: DEBUG cinder.volume.api [None req-0cba0916-fd99-41ab-b66a-ba96fc46225a tempest-VolumesTransfersV355Test-456396919 tempest-VolumesTransfersV355Test-456396919-project] Task 'cinder.volume.flows.api.create_volume.VolumeCastTask;volume:create' (1fa41caa-6c80-4ed5-9cd9-8575452d4005) transitioned into state 'RUNNING' from state 'PENDING' {{(pid=116998) _task_receiver /usr/local/lib/python3.8/dist-packages/taskflow/listeners/logging.py:190}}
Mar 08 18:50:15.995091 dv-cinder-830087-3-smb devstack@c-api.service[116998]: DEBUG cinder.volume.api [None req-0cba0916-fd99-41ab-b66a-ba96fc46225a tempest-VolumesTransfersV355Test-456396919 tempest-VolumesTransfersV355Test-456396919-project] Task 'cinder.volume.flows.api.create_volume.VolumeCastTask;volume:create' (1fa41caa-6c80-4ed5-9cd9-8575452d4005) transitioned into state 'SUCCESS' from state 'RUNNING' with result 'None' {{(pid=116998) _task_receiver /usr/local/lib/python3.8/dist-packages/taskflow/listeners/logging.py:178}}
Mar 08 18:50:15.997590 dv-cinder-830087-3-smb devstack@c-api.service[116998]: DEBUG cinder.volume.api [None req-0cba0916-fd99-41ab-b66a-ba96fc46225a tempest-VolumesTransfersV355Test-456396919 tempest-VolumesTransfersV355Test-456396919-project] Flow 'volume_create_api' (c3d1fcdb-6d10-4612-b73e-520626597bd3) transitioned into state 'SUCCESS' from state 'RUNNING' {{(pid=116998) _flow_receiver /usr/local/lib/python3.8/dist-packages/taskflow/listeners/logging.py:141}}
Mar 08 18:50:15.998483 dv-cinder-830087-3-smb devstack@c-api.service[116998]: INFO cinder.volume.api [None req-0cba0916-fd99-41ab-b66a-ba96fc46225a tempest-VolumesTransfersV355Test-456396919 tempest-VolumesTransfersV355Test-456396919-project] Create volume request issued successfully.
Mar 08 18:50:15.999755 dv-cinder-830087-3-smb devstack@c-api.service[116998]: INFO cinder.api.openstack.wsgi [None req-0cba0916-fd99-41ab-b66a-ba96fc46225a tempest-VolumesTransfersV355Test-456396919 tempest-VolumesTransfersV355Test-456396919-project] http://10.222.0.43/volume/v3/2e6c40dcaf9746858552177a8c88bdd5/volumes returned with HTTP 202
Mar 08 18:50:16.000595 dv-cinder-830087-3-smb devstack@c-api.service[116998]: [pid: 116998|app: 0|req: 170/363] 10.222.0.43 () {62 vars in 1275 bytes} [Tue Mar 8 18:50:15 2022] POST /volume/v3/2e6c40dcaf9746858552177a8c88bdd5/volumes => generated 886 bytes in 652 msecs (HTTP/1.1 202) 7 headers in 292 bytes (1 switches on core 0)
Mar 08 18:50:16.002066 dv-cinder-830087-3-smb devstack@c-api.service[116998]: DEBUG cinder.api.middleware.request_id [None req-7e8cd2a0-d2c1-45e0-a48f-6e1766534791 None None] RequestId filter calling following filter/app {{(pid=116998) _context_setter /opt/stack/cinder/cinder/api/middleware/request_id.py:62}}
Mar 08 18:50:16.006957 dv-cinder-830087-3-smb devstack@c-api.service[116998]: INFO cinder.api.openstack.wsgi [None req-7e8cd2a0-d2c1-45e0-a48f-6e1766534791 tempest-VolumesExtendTest-353571780 tempest-VolumesExtendTest-353571780-project] GET http://10.222.0.43/volume/v3/6637da81a53b42a99ff0d20d02b03fcd/volumes/8eed1951-9ede-400c-a8d8-9eb930ad99d4
Mar 08 18:50:16.008312 dv-cinder-830087-3-smb devstack@c-api.service[116998]: DEBUG cinder.api.openstack.wsgi [None req-7e8cd2a0-d2c1-45e0-a48f-6e1766534791 tempest-VolumesExtendTest-353571780 tempest-VolumesExtendTest-353571780-project] Empty body provided in request {{(pid=116998) get_body /opt/stack/cinder/cinder/api/openstack/wsgi.py:715}}
Mar 08 18:50:16.009578 dv-cinder-830087-3-smb devstack@c-api.service[116998]: DEBUG cinder.api.openstack.wsgi [None req-7e8cd2a0-d2c1-45e0-a48f-6e1766534791 tempest-VolumesExtendTest-353571780 tempest-VolumesExtendTest-353571780-project] Calling method 'show' {{(pid=116998) _process_stack /opt/stack/cinder/cinder/api/openstack/wsgi.py:868}}
Mar 08 18:50:16.025776 dv-cinder-830087-3-smb devstack@c-api.service[116998]: /usr/local/lib/python3.8/dist-packages/oslo_context/context.py:100: DeprecationWarning: Policy enforcement is depending on the value of is_admin. This key is deprecated. Please update your policy file to use the standard policy values.
Mar 08 18:50:16.025776 dv-cinder-830087-3-smb devstack@c-api.service[116998]: warnings.warn('Policy enforcement is depending on the value of '
Mar 08 18:50:16.032960 dv-cinder-830087-3-smb devstack@c-api.service[116998]: INFO cinder.volume.api [None req-7e8cd2a0-d2c1-45e0-a48f-6e1766534791 tempest-VolumesExtendTest-353571780 tempest-VolumesExtendTest-353571780-project] Volume info retrieved successfully.
Mar 08 18:50:16.041912 dv-cinder-830087-3-smb devstack@c-api.service[116998]: INFO cinder.api.openstack.wsgi [None req-7e8cd2a0-d2c1-45e0-a48f-6e1766534791 tempest-VolumesExtendTest-353571780 tempest-VolumesExtendTest-353571780-project] http://10.222.0.43/volume/v3/6637da81a53b42a99ff0d20d02b03fcd/volumes/8eed1951-9ede-400c-a8d8-9eb930ad99d4 returned with HTTP 200
Mar 08 18:50:16.042638 dv-cinder-830087-3-smb devstack@c-api.service[116998]: [pid: 116998|app: 0|req: 171/364] 10.222.0.43 () {58 vars in 1324 bytes} [Tue Mar 8 18:50:16 2022] GET /volume/v3/6637da81a53b42a99ff0d20d02b03fcd/volumes/8eed1951-9ede-400c-a8d8-9eb930ad99d4 => generated 969 bytes in 41 msecs (HTTP/1.1 200) 7 headers in 285 bytes (1 switches on core 0)
Mar 08 18:50:16.043795 dv-cinder-830087-3-smb devstack@c-api.service[116998]: DEBUG cinder.api.middleware.request_id [None req-51adecad-8636-4dfa-acd8-d5190b120ef9 None None] RequestId filter calling following filter/app {{(pid=116998) _context_setter /opt/stack/cinder/cinder/api/middleware/request_id.py:62}}
Mar 08 18:50:16.047186 dv-cinder-830087-3-smb devstack@c-api.service[116998]: INFO cinder.api.openstack.wsgi [None req-51adecad-8636-4dfa-acd8-d5190b120ef9 tempest-VolumesImageMetadata-1107039073 tempest-VolumesImageMetadata-1107039073-project] GET http://10.222.0.43/volume/v3/4be8d286430140c3818650347064f8f2/volumes/6c657435-3dc9-4bd7-87c1-7ed6a49a8f1a
Mar 08 18:50:16.047620 dv-cinder-830087-3-smb devstack@c-api.service[116998]: DEBUG cinder.api.openstack.wsgi [None req-51adecad-8636-4dfa-acd8-d5190b120ef9 tempest-VolumesImageMetadata-1107039073 tempest-VolumesImageMetadata-1107039073-project] Empty body provided in request {{(pid=116998) get_body /opt/stack/cinder/cinder/api/openstack/wsgi.py:715}}
Mar 08 18:50:16.048102 dv-cinder-830087-3-smb devstack@c-api.service[116998]: DEBUG cinder.api.openstack.wsgi [None req-51adecad-8636-4dfa-acd8-d5190b120ef9 tempest-VolumesImageMetadata-1107039073 tempest-VolumesImageMetadata-1107039073-project] Calling method 'show' {{(pid=116998) _process_stack /opt/stack/cinder/cinder/api/openstack/wsgi.py:868}}
Mar 08 18:50:16.061231 dv-cinder-830087-3-smb devstack@c-api.service[116998]: /usr/local/lib/python3.8/dist-packages/oslo_context/context.py:100: DeprecationWarning: Policy enforcement is depending on the value of is_admin. This key is deprecated. Please update your policy file to use the standard policy values.
Mar 08 18:50:16.061231 dv-cinder-830087-3-smb devstack@c-api.service[116998]: warnings.warn('Policy enforcement is depending on the value of '
Mar 08 18:50:16.068864 dv-cinder-830087-3-smb devstack@c-api.service[116998]: INFO cinder.volume.api [None req-51adecad-8636-4dfa-acd8-d5190b120ef9 tempest-VolumesImageMetadata-1107039073 tempest-VolumesImageMetadata-1107039073-project] Volume info retrieved successfully.
Mar 08 18:50:16.077490 dv-cinder-830087-3-smb devstack@c-api.service[116998]: INFO cinder.api.openstack.wsgi [None req-51adecad-8636-4dfa-acd8-d5190b120ef9 tempest-VolumesImageMetadata-1107039073 tempest-VolumesImageMetadata-1107039073-project] http://10.222.0.43/volume/v3/4be8d286430140c3818650347064f8f2/volumes/6c657435-3dc9-4bd7-87c1-7ed6a49a8f1a returned with HTTP 200
Mar 08 18:50:16.078276 dv-cinder-830087-3-smb devstack@c-api.service[116998]: [pid: 116998|app: 0|req: 172/365] 10.222.0.43 () {58 vars in 1324 bytes} [Tue Mar 8 18:50:16 2022] GET /volume/v3/4be8d286430140c3818650347064f8f2/volumes/6c657435-3dc9-4bd7-87c1-7ed6a49a8f1a => generated 912 bytes in 35 msecs (HTTP/1.1 200) 7 headers in 285 bytes (1 switches on core 0)
Mar 08 18:50:16.079577 dv-cinder-830087-3-smb devstack@c-api.service[116998]: DEBUG cinder.api.middleware.request_id [None req-b31e5e44-139b-4fa5-bfb6-7e6e8a25a9be None None] RequestId filter calling following filter/app {{(pid=116998) _context_setter /opt/stack/cinder/cinder/api/middleware/request_id.py:62}}
Mar 08 18:50:16.083723 dv-cinder-830087-3-smb devstack@c-api.service[116998]: INFO cinder.api.openstack.wsgi [None req-b31e5e44-139b-4fa5-bfb6-7e6e8a25a9be tempest-VolumesTransfersV355Test-456396919 tempest-VolumesTransfersV355Test-456396919-project] GET http://10.222.0.43/volume/v3/2e6c40dcaf9746858552177a8c88bdd5/volumes/cb60c705-350d-4abf-81ae-36548a61e822
Mar 08 18:50:16.084230 dv-cinder-830087-3-smb devstack@c-api.service[116998]: DEBUG cinder.api.openstack.wsgi [None req-b31e5e44-139b-4fa5-bfb6-7e6e8a25a9be tempest-VolumesTransfersV355Test-456396919 tempest-VolumesTransfersV355Test-456396919-project] Empty body provided in request {{(pid=116998) get_body /opt/stack/cinder/cinder/api/openstack/wsgi.py:715}}
Mar 08 18:50:16.084717 dv-cinder-830087-3-smb devstack@c-api.service[116998]: DEBUG cinder.api.openstack.wsgi [None req-b31e5e44-139b-4fa5-bfb6-7e6e8a25a9be tempest-VolumesTransfersV355Test-456396919 tempest-VolumesTransfersV355Test-456396919-project] Calling method 'show' {{(pid=116998) _process_stack /opt/stack/cinder/cinder/api/openstack/wsgi.py:868}}
Mar 08 18:50:16.097435 dv-cinder-830087-3-smb devstack@c-api.service[116998]: /usr/local/lib/python3.8/dist-packages/oslo_context/context.py:100: DeprecationWarning: Policy enforcement is depending on the value of is_admin. This key is deprecated. Please update your policy file to use the standard policy values.
Mar 08 18:50:16.097435 dv-cinder-830087-3-smb devstack@c-api.service[116998]: warnings.warn('Policy enforcement is depending on the value of '
Mar 08 18:50:16.104547 dv-cinder-830087-3-smb devstack@c-api.service[116998]: INFO cinder.volume.api [None req-b31e5e44-139b-4fa5-bfb6-7e6e8a25a9be tempest-VolumesTransfersV355Test-456396919 tempest-VolumesTransfersV355Test-456396919-project] Volume info retrieved successfully.
Mar 08 18:50:16.113062 dv-cinder-830087-3-smb devstack@c-api.service[116998]: INFO cinder.api.openstack.wsgi [None req-b31e5e44-139b-4fa5-bfb6-7e6e8a25a9be tempest-VolumesTransfersV355Test-456396919 tempest-VolumesTransfersV355Test-456396919-project] http://10.222.0.43/volume/v3/2e6c40dcaf9746858552177a8c88bdd5/volumes/cb60c705-350d-4abf-81ae-36548a61e822 returned with HTTP 200
Mar 08 18:50:16.114610 dv-cinder-830087-3-smb devstack@c-api.service[116998]: [pid: 116998|app: 0|req: 173/366] 10.222.0.43 () {60 vars in 1365 bytes} [Tue Mar 8 18:50:16 2022] GET /volume/v3/2e6c40dcaf9746858552177a8c88bdd5/volumes/cb60c705-350d-4abf-81ae-36548a61e822 => generated 954 bytes in 36 msecs (HTTP/1.1 200) 7 headers in 286 bytes (1 switches on core 0)
Mar 08 18:50:16.466988 dv-cinder-830087-3-smb devstack@c-api.service[116999]: INFO cinder.transfer.api [None req-0f21221d-2463-462a-bf6d-898cb8320e0e tempest-VolumeQuotasAdminTestJSON-1343466283 tempest-VolumeQuotasAdminTestJSON-1343466283-project] Volume 1aff9750-d775-4632-9980-511fbe9c6497 has been transferred.
Mar 08 18:50:16.481307 dv-cinder-830087-3-smb devstack@c-api.service[116999]: INFO cinder.api.openstack.wsgi [None req-0f21221d-2463-462a-bf6d-898cb8320e0e tempest-VolumeQuotasAdminTestJSON-1343466283 tempest-VolumeQuotasAdminTestJSON-1343466283-project] http://10.222.0.43/volume/v3/1a742fb1ba7043b1b544611fc26b6c14/os-volume-transfer/b85c68fd-f928-4f65-bedb-9434b7b59a08/accept returned with HTTP 202
Mar 08 18:50:16.482013 dv-cinder-830087-3-smb devstack@c-api.service[116999]: [pid: 116999|app: 0|req: 194/367] 10.222.0.43 () {60 vars in 1399 bytes} [Tue Mar 8 18:50:14 2022] POST /volume/v3/1a742fb1ba7043b1b544611fc26b6c14/os-volume-transfer/b85c68fd-f928-4f65-bedb-9434b7b59a08/accept => generated 431 bytes in 2047 msecs (HTTP/1.1 202) 7 headers in 291 bytes (1 switches on core 0)
Mar 08 18:50:16.489338 dv-cinder-830087-3-smb devstack@c-api.service[116998]: DEBUG cinder.api.middleware.request_id [None req-043a11e1-3b44-413d-91f1-59c8a8058bb7 None None] RequestId filter calling following filter/app {{(pid=116998) _context_setter /opt/stack/cinder/cinder/api/middleware/request_id.py:62}}
Mar 08 18:50:16.492916 dv-cinder-830087-3-smb devstack@c-api.service[116998]: INFO cinder.api.openstack.wsgi [None req-043a11e1-3b44-413d-91f1-59c8a8058bb7 tempest-VolumeQuotasAdminTestJSON-1343466283 tempest-VolumeQuotasAdminTestJSON-1343466283-project] GET http://10.222.0.43/volume/v3/1a742fb1ba7043b1b544611fc26b6c14/volumes/1aff9750-d775-4632-9980-511fbe9c6497
Mar 08 18:50:16.493360 dv-cinder-830087-3-smb devstack@c-api.service[116998]: DEBUG cinder.api.openstack.wsgi [None req-043a11e1-3b44-413d-91f1-59c8a8058bb7 tempest-VolumeQuotasAdminTestJSON-1343466283 tempest-VolumeQuotasAdminTestJSON-1343466283-project] Empty body provided in request {{(pid=116998) get_body /opt/stack/cinder/cinder/api/openstack/wsgi.py:715}}
Mar 08 18:50:16.493815 dv-cinder-830087-3-smb devstack@c-api.service[116998]: DEBUG cinder.api.openstack.wsgi [None req-043a11e1-3b44-413d-91f1-59c8a8058bb7 tempest-VolumeQuotasAdminTestJSON-1343466283 tempest-VolumeQuotasAdminTestJSON-1343466283-project] Calling method 'show' {{(pid=116998) _process_stack /opt/stack/cinder/cinder/api/openstack/wsgi.py:868}}
Mar 08 18:50:16.508150 dv-cinder-830087-3-smb devstack@c-api.service[116998]: /usr/local/lib/python3.8/dist-packages/oslo_context/context.py:100: DeprecationWarning: Policy enforcement is depending on the value of is_admin. This key is deprecated. Please update your policy file to use the standard policy values.
Mar 08 18:50:16.508150 dv-cinder-830087-3-smb devstack@c-api.service[116998]: warnings.warn('Policy enforcement is depending on the value of '
Mar 08 18:50:16.515763 dv-cinder-830087-3-smb devstack@c-api.service[116998]: INFO cinder.volume.api [None req-043a11e1-3b44-413d-91f1-59c8a8058bb7 tempest-VolumeQuotasAdminTestJSON-1343466283 tempest-VolumeQuotasAdminTestJSON-1343466283-project] Volume info retrieved successfully.
Mar 08 18:50:16.524855 dv-cinder-830087-3-smb devstack@c-api.service[116998]: INFO cinder.api.openstack.wsgi [None req-043a11e1-3b44-413d-91f1-59c8a8058bb7 tempest-VolumeQuotasAdminTestJSON-1343466283 tempest-VolumeQuotasAdminTestJSON-1343466283-project] http://10.222.0.43/volume/v3/1a742fb1ba7043b1b544611fc26b6c14/volumes/1aff9750-d775-4632-9980-511fbe9c6497 returned with HTTP 200
Mar 08 18:50:16.525592 dv-cinder-830087-3-smb devstack@c-api.service[116998]: [pid: 116998|app: 0|req: 174/368] 10.222.0.43 () {58 vars in 1324 bytes} [Tue Mar 8 18:50:16 2022] GET /volume/v3/1a742fb1ba7043b1b544611fc26b6c14/volumes/1aff9750-d775-4632-9980-511fbe9c6497 => generated 918 bytes in 38 msecs (HTTP/1.1 200) 7 headers in 285 bytes (1 switches on core 0)
Mar 08 18:50:16.553885 dv-cinder-830087-3-smb devstack@c-api.service[116999]: DEBUG cinder.api.middleware.request_id [None req-3fa43461-89f7-4a15-818f-be60a25887fc None None] RequestId filter calling following filter/app {{(pid=116999) _context_setter /opt/stack/cinder/cinder/api/middleware/request_id.py:62}}
Mar 08 18:50:16.559274 dv-cinder-830087-3-smb devstack@c-api.service[116999]: INFO cinder.api.openstack.wsgi [None req-3fa43461-89f7-4a15-818f-be60a25887fc tempest-VolumeQuotasAdminTestJSON-562862336 tempest-VolumeQuotasAdminTestJSON-562862336-project-admin] GET http://10.222.0.43/volume/v3/69534e7167aa475baa9490dbc4945a2d/os-quota-sets/51f43155c4ad49188f3f5898e22a56b0?usage=True
Mar 08 18:50:16.559986 dv-cinder-830087-3-smb devstack@c-api.service[116999]: DEBUG cinder.api.openstack.wsgi [None req-3fa43461-89f7-4a15-818f-be60a25887fc tempest-VolumeQuotasAdminTestJSON-562862336 tempest-VolumeQuotasAdminTestJSON-562862336-project-admin] Empty body provided in request {{(pid=116999) get_body /opt/stack/cinder/cinder/api/openstack/wsgi.py:715}}
Mar 08 18:50:16.560370 dv-cinder-830087-3-smb devstack@c-api.service[116999]: DEBUG cinder.api.openstack.wsgi [None req-3fa43461-89f7-4a15-818f-be60a25887fc tempest-VolumeQuotasAdminTestJSON-562862336 tempest-VolumeQuotasAdminTestJSON-562862336-project-admin] Calling method 'show' {{(pid=116999) _process_stack /opt/stack/cinder/cinder/api/openstack/wsgi.py:868}}
Mar 08 18:50:16.561111 dv-cinder-830087-3-smb devstack@c-api.service[116999]: /usr/local/lib/python3.8/dist-packages/oslo_context/context.py:100: DeprecationWarning: Policy enforcement is depending on the value of is_admin. This key is deprecated. Please update your policy file to use the standard policy values.
Mar 08 18:50:16.561111 dv-cinder-830087-3-smb devstack@c-api.service[116999]: warnings.warn('Policy enforcement is depending on the value of '
Mar 08 18:50:16.599077 dv-cinder-830087-3-smb devstack@c-api.service[116999]: INFO cinder.api.openstack.wsgi [None req-3fa43461-89f7-4a15-818f-be60a25887fc tempest-VolumeQuotasAdminTestJSON-562862336 tempest-VolumeQuotasAdminTestJSON-562862336-project-admin] http://10.222.0.43/volume/v3/69534e7167aa475baa9490dbc4945a2d/os-quota-sets/51f43155c4ad49188f3f5898e22a56b0?usage=True returned with HTTP 200
Mar 08 18:50:16.599872 dv-cinder-830087-3-smb devstack@c-api.service[116999]: [pid: 116999|app: 0|req: 195/369] 10.222.0.43 () {58 vars in 1351 bytes} [Tue Mar 8 18:50:16 2022] GET /volume/v3/69534e7167aa475baa9490dbc4945a2d/os-quota-sets/51f43155c4ad49188f3f5898e22a56b0?usage=True => generated 868 bytes in 57 msecs (HTTP/1.1 200) 7 headers in 285 bytes (1 switches on core 0)
Mar 08 18:50:16.610517 dv-cinder-830087-3-smb devstack@c-api.service[116998]: DEBUG cinder.api.middleware.request_id [None req-e0e2cd4b-9039-419f-8bd2-a64faecef380 None None] RequestId filter calling following filter/app {{(pid=116998) _context_setter /opt/stack/cinder/cinder/api/middleware/request_id.py:62}}
Mar 08 18:50:16.616293 dv-cinder-830087-3-smb devstack@c-api.service[116998]: INFO cinder.api.openstack.wsgi [None req-e0e2cd4b-9039-419f-8bd2-a64faecef380 tempest-VolumeQuotasAdminTestJSON-562862336 tempest-VolumeQuotasAdminTestJSON-562862336-project-admin] GET http://10.222.0.43/volume/v3/69534e7167aa475baa9490dbc4945a2d/os-quota-sets/1a742fb1ba7043b1b544611fc26b6c14?usage=True
Mar 08 18:50:16.617129 dv-cinder-830087-3-smb devstack@c-api.service[116998]: DEBUG cinder.api.openstack.wsgi [None req-e0e2cd4b-9039-419f-8bd2-a64faecef380 tempest-VolumeQuotasAdminTestJSON-562862336 tempest-VolumeQuotasAdminTestJSON-562862336-project-admin] Empty body provided in request {{(pid=116998) get_body /opt/stack/cinder/cinder/api/openstack/wsgi.py:715}}
Mar 08 18:50:16.617794 dv-cinder-830087-3-smb devstack@c-api.service[116998]: DEBUG cinder.api.openstack.wsgi [None req-e0e2cd4b-9039-419f-8bd2-a64faecef380 tempest-VolumeQuotasAdminTestJSON-562862336 tempest-VolumeQuotasAdminTestJSON-562862336-project-admin] Calling method 'show' {{(pid=116998) _process_stack /opt/stack/cinder/cinder/api/openstack/wsgi.py:868}}
Mar 08 18:50:16.674022 dv-cinder-830087-3-smb devstack@c-api.service[116998]: INFO cinder.api.openstack.wsgi [None req-e0e2cd4b-9039-419f-8bd2-a64faecef380 tempest-VolumeQuotasAdminTestJSON-562862336 tempest-VolumeQuotasAdminTestJSON-562862336-project-admin] http://10.222.0.43/volume/v3/69534e7167aa475baa9490dbc4945a2d/os-quota-sets/1a742fb1ba7043b1b544611fc26b6c14?usage=True returned with HTTP 200
Mar 08 18:50:16.686385 dv-cinder-830087-3-smb devstack@c-api.service[116999]: DEBUG cinder.api.middleware.request_id [None req-56661b09-58ac-4840-aa52-db7f8a663503 None None] RequestId filter calling following filter/app {{(pid=116999) _context_setter /opt/stack/cinder/cinder/api/middleware/request_id.py:62}}
Mar 08 18:50:16.690793 dv-cinder-830087-3-smb devstack@c-api.service[116999]: INFO cinder.api.openstack.wsgi [None req-56661b09-58ac-4840-aa52-db7f8a663503 tempest-VolumeQuotasAdminTestJSON-562862336 tempest-VolumeQuotasAdminTestJSON-562862336-project-admin] DELETE http://10.222.0.43/volume/v3/69534e7167aa475baa9490dbc4945a2d/volumes/1aff9750-d775-4632-9980-511fbe9c6497
Mar 08 18:50:16.692062 dv-cinder-830087-3-smb devstack@c-api.service[116999]: DEBUG cinder.api.openstack.wsgi [None req-56661b09-58ac-4840-aa52-db7f8a663503 tempest-VolumeQuotasAdminTestJSON-562862336 tempest-VolumeQuotasAdminTestJSON-562862336-project-admin] Empty body provided in request {{(pid=116999) get_body /opt/stack/cinder/cinder/api/openstack/wsgi.py:715}}
Mar 08 18:50:16.697799 dv-cinder-830087-3-smb devstack@c-api.service[116999]: DEBUG cinder.api.openstack.wsgi [None req-56661b09-58ac-4840-aa52-db7f8a663503 tempest-VolumeQuotasAdminTestJSON-562862336 tempest-VolumeQuotasAdminTestJSON-562862336-project-admin] Calling method 'delete' {{(pid=116999) _process_stack /opt/stack/cinder/cinder/api/openstack/wsgi.py:868}}
Mar 08 18:50:16.697799 dv-cinder-830087-3-smb devstack@c-api.service[116999]: INFO cinder.api.v3.volumes [None req-56661b09-58ac-4840-aa52-db7f8a663503 tempest-VolumeQuotasAdminTestJSON-562862336 tempest-VolumeQuotasAdminTestJSON-562862336-project-admin] Delete volume with id: 1aff9750-d775-4632-9980-511fbe9c6497
Mar 08 18:50:16.698186 dv-cinder-830087-3-smb devstack@c-api.service[116998]: [pid: 116998|app: 0|req: 175/370] 10.222.0.43 () {58 vars in 1351 bytes} [Tue Mar 8 18:50:16 2022] GET /volume/v3/69534e7167aa475baa9490dbc4945a2d/os-quota-sets/1a742fb1ba7043b1b544611fc26b6c14?usage=True => generated 868 bytes in 86 msecs (HTTP/1.1 200) 7 headers in 285 bytes (1 switches on core 0)
Mar 08 18:50:16.708931 dv-cinder-830087-3-smb devstack@c-api.service[116999]: /usr/local/lib/python3.8/dist-packages/oslo_context/context.py:100: DeprecationWarning: Policy enforcement is depending on the value of is_admin. This key is deprecated. Please update your policy file to use the standard policy values.
Mar 08 18:50:16.708931 dv-cinder-830087-3-smb devstack@c-api.service[116999]: warnings.warn('Policy enforcement is depending on the value of '
Mar 08 18:50:16.710039 dv-cinder-830087-3-smb devstack@c-api.service[116999]: INFO cinder.volume.api [None req-56661b09-58ac-4840-aa52-db7f8a663503 tempest-VolumeQuotasAdminTestJSON-562862336 tempest-VolumeQuotasAdminTestJSON-562862336-project-admin] Volume info retrieved successfully.
Mar 08 18:50:16.910813 dv-cinder-830087-3-smb devstack@c-api.service[116999]: INFO cinder.volume.api [None req-56661b09-58ac-4840-aa52-db7f8a663503 tempest-VolumeQuotasAdminTestJSON-562862336 tempest-VolumeQuotasAdminTestJSON-562862336-project-admin] Delete volume request issued successfully.
Mar 08 18:50:16.911259 dv-cinder-830087-3-smb devstack@c-api.service[116999]: INFO cinder.api.openstack.wsgi [None req-56661b09-58ac-4840-aa52-db7f8a663503 tempest-VolumeQuotasAdminTestJSON-562862336 tempest-VolumeQuotasAdminTestJSON-562862336-project-admin] http://10.222.0.43/volume/v3/69534e7167aa475baa9490dbc4945a2d/volumes/1aff9750-d775-4632-9980-511fbe9c6497 returned with HTTP 202
Mar 08 18:50:16.912739 dv-cinder-830087-3-smb devstack@c-api.service[116999]: [pid: 116999|app: 0|req: 196/371] 10.222.0.43 () {58 vars in 1327 bytes} [Tue Mar 8 18:50:16 2022] DELETE /volume/v3/69534e7167aa475baa9490dbc4945a2d/volumes/1aff9750-d775-4632-9980-511fbe9c6497 => generated 0 bytes in 227 msecs (HTTP/1.1 202) 6 headers in 233 bytes (1 switches on core 0)
Mar 08 18:50:16.917712 dv-cinder-830087-3-smb devstack@c-api.service[116998]: DEBUG cinder.api.middleware.request_id [None req-0d68a232-8aa5-4ed8-bea2-a8d55003fa16 None None] RequestId filter calling following filter/app {{(pid=116998) _context_setter /opt/stack/cinder/cinder/api/middleware/request_id.py:62}}
Mar 08 18:50:16.921911 dv-cinder-830087-3-smb devstack@c-api.service[116998]: INFO cinder.api.openstack.wsgi [None req-0d68a232-8aa5-4ed8-bea2-a8d55003fa16 tempest-VolumeQuotasAdminTestJSON-562862336 tempest-VolumeQuotasAdminTestJSON-562862336-project-admin] GET http://10.222.0.43/volume/v3/69534e7167aa475baa9490dbc4945a2d/volumes/1aff9750-d775-4632-9980-511fbe9c6497
Mar 08 18:50:16.922879 dv-cinder-830087-3-smb devstack@c-api.service[116998]: DEBUG cinder.api.openstack.wsgi [None req-0d68a232-8aa5-4ed8-bea2-a8d55003fa16 tempest-VolumeQuotasAdminTestJSON-562862336 tempest-VolumeQuotasAdminTestJSON-562862336-project-admin] Empty body provided in request {{(pid=116998) get_body /opt/stack/cinder/cinder/api/openstack/wsgi.py:715}}
Mar 08 18:50:16.923340 dv-cinder-830087-3-smb devstack@c-api.service[116998]: DEBUG cinder.api.openstack.wsgi [None req-0d68a232-8aa5-4ed8-bea2-a8d55003fa16 tempest-VolumeQuotasAdminTestJSON-562862336 tempest-VolumeQuotasAdminTestJSON-562862336-project-admin] Calling method 'show' {{(pid=116998) _process_stack /opt/stack/cinder/cinder/api/openstack/wsgi.py:868}}
Mar 08 18:50:16.939862 dv-cinder-830087-3-smb devstack@c-api.service[116998]: /usr/local/lib/python3.8/dist-packages/oslo_context/context.py:100: DeprecationWarning: Policy enforcement is depending on the value of is_admin. This key is deprecated. Please update your policy file to use the standard policy values.
Mar 08 18:50:16.939862 dv-cinder-830087-3-smb devstack@c-api.service[116998]: warnings.warn('Policy enforcement is depending on the value of '
Mar 08 18:50:16.950220 dv-cinder-830087-3-smb devstack@c-api.service[116998]: INFO cinder.volume.api [None req-0d68a232-8aa5-4ed8-bea2-a8d55003fa16 tempest-VolumeQuotasAdminTestJSON-562862336 tempest-VolumeQuotasAdminTestJSON-562862336-project-admin] Volume info retrieved successfully.
Mar 08 18:50:16.966851 dv-cinder-830087-3-smb devstack@c-api.service[116998]: INFO cinder.api.openstack.wsgi [None req-0d68a232-8aa5-4ed8-bea2-a8d55003fa16 tempest-VolumeQuotasAdminTestJSON-562862336 tempest-VolumeQuotasAdminTestJSON-562862336-project-admin] http://10.222.0.43/volume/v3/69534e7167aa475baa9490dbc4945a2d/volumes/1aff9750-d775-4632-9980-511fbe9c6497 returned with HTTP 200
Mar 08 18:50:16.968006 dv-cinder-830087-3-smb devstack@c-api.service[116998]: [pid: 116998|app: 0|req: 176/372] 10.222.0.43 () {58 vars in 1324 bytes} [Tue Mar 8 18:50:16 2022] GET /volume/v3/69534e7167aa475baa9490dbc4945a2d/volumes/1aff9750-d775-4632-9980-511fbe9c6497 => generated 1083 bytes in 52 msecs (HTTP/1.1 200) 7 headers in 286 bytes (1 switches on core 0)
Mar 08 18:50:17.057279 dv-cinder-830087-3-smb devstack@c-api.service[116999]: DEBUG cinder.api.middleware.request_id [None req-60259282-75c6-4168-8932-44842788de94 None None] RequestId filter calling following filter/app {{(pid=116999) _context_setter /opt/stack/cinder/cinder/api/middleware/request_id.py:62}}
Mar 08 18:50:17.061649 dv-cinder-830087-3-smb devstack@c-api.service[116999]: INFO cinder.api.openstack.wsgi [None req-60259282-75c6-4168-8932-44842788de94 tempest-VolumesExtendTest-353571780 tempest-VolumesExtendTest-353571780-project] GET http://10.222.0.43/volume/v3/6637da81a53b42a99ff0d20d02b03fcd/volumes/8eed1951-9ede-400c-a8d8-9eb930ad99d4
Mar 08 18:50:17.062166 dv-cinder-830087-3-smb devstack@c-api.service[116999]: DEBUG cinder.api.openstack.wsgi [None req-60259282-75c6-4168-8932-44842788de94 tempest-VolumesExtendTest-353571780 tempest-VolumesExtendTest-353571780-project] Empty body provided in request {{(pid=116999) get_body /opt/stack/cinder/cinder/api/openstack/wsgi.py:715}}
Mar 08 18:50:17.062686 dv-cinder-830087-3-smb devstack@c-api.service[116999]: DEBUG cinder.api.openstack.wsgi [None req-60259282-75c6-4168-8932-44842788de94 tempest-VolumesExtendTest-353571780 tempest-VolumesExtendTest-353571780-project] Calling method 'show' {{(pid=116999) _process_stack /opt/stack/cinder/cinder/api/openstack/wsgi.py:868}}
Mar 08 18:50:17.077045 dv-cinder-830087-3-smb devstack@c-api.service[116999]: /usr/local/lib/python3.8/dist-packages/oslo_context/context.py:100: DeprecationWarning: Policy enforcement is depending on the value of is_admin. This key is deprecated. Please update your policy file to use the standard policy values.
Mar 08 18:50:17.077045 dv-cinder-830087-3-smb devstack@c-api.service[116999]: warnings.warn('Policy enforcement is depending on the value of '
Mar 08 18:50:17.085612 dv-cinder-830087-3-smb devstack@c-api.service[116999]: INFO cinder.volume.api [None req-60259282-75c6-4168-8932-44842788de94 tempest-VolumesExtendTest-353571780 tempest-VolumesExtendTest-353571780-project] Volume info retrieved successfully.
Mar 08 18:50:17.092589 dv-cinder-830087-3-smb devstack@c-api.service[116998]: DEBUG cinder.api.middleware.request_id [None req-92e91689-556e-4478-8597-96c175dcca68 None None] RequestId filter calling following filter/app {{(pid=116998) _context_setter /opt/stack/cinder/cinder/api/middleware/request_id.py:62}}
Mar 08 18:50:17.097941 dv-cinder-830087-3-smb devstack@c-api.service[116998]: INFO cinder.api.openstack.wsgi [None req-92e91689-556e-4478-8597-96c175dcca68 tempest-VolumesImageMetadata-1107039073 tempest-VolumesImageMetadata-1107039073-project] GET http://10.222.0.43/volume/v3/4be8d286430140c3818650347064f8f2/volumes/6c657435-3dc9-4bd7-87c1-7ed6a49a8f1a
Mar 08 18:50:17.098184 dv-cinder-830087-3-smb devstack@c-api.service[116999]: INFO cinder.api.openstack.wsgi [None req-60259282-75c6-4168-8932-44842788de94 tempest-VolumesExtendTest-353571780 tempest-VolumesExtendTest-353571780-project] http://10.222.0.43/volume/v3/6637da81a53b42a99ff0d20d02b03fcd/volumes/8eed1951-9ede-400c-a8d8-9eb930ad99d4 returned with HTTP 200
Mar 08 18:50:17.098707 dv-cinder-830087-3-smb devstack@c-api.service[116998]: DEBUG cinder.api.openstack.wsgi [None req-92e91689-556e-4478-8597-96c175dcca68 tempest-VolumesImageMetadata-1107039073 tempest-VolumesImageMetadata-1107039073-project] Empty body provided in request {{(pid=116998) get_body /opt/stack/cinder/cinder/api/openstack/wsgi.py:715}}
Mar 08 18:50:17.104878 dv-cinder-830087-3-smb devstack@c-api.service[116999]: [pid: 116999|app: 0|req: 197/373] 10.222.0.43 () {58 vars in 1324 bytes} [Tue Mar 8 18:50:17 2022] GET /volume/v3/6637da81a53b42a99ff0d20d02b03fcd/volumes/8eed1951-9ede-400c-a8d8-9eb930ad99d4 => generated 969 bytes in 44 msecs (HTTP/1.1 200) 7 headers in 285 bytes (1 switches on core 0)
Mar 08 18:50:17.108760 dv-cinder-830087-3-smb devstack@c-api.service[116998]: DEBUG cinder.api.openstack.wsgi [None req-92e91689-556e-4478-8597-96c175dcca68 tempest-VolumesImageMetadata-1107039073 tempest-VolumesImageMetadata-1107039073-project] Calling method 'show' {{(pid=116998) _process_stack /opt/stack/cinder/cinder/api/openstack/wsgi.py:868}}
Mar 08 18:50:17.125586 dv-cinder-830087-3-smb devstack@c-api.service[116998]: /usr/local/lib/python3.8/dist-packages/oslo_context/context.py:100: DeprecationWarning: Policy enforcement is depending on the value of is_admin. This key is deprecated. Please update your policy file to use the standard policy values.
Mar 08 18:50:17.125586 dv-cinder-830087-3-smb devstack@c-api.service[116998]: warnings.warn('Policy enforcement is depending on the value of '
Mar 08 18:50:17.127618 dv-cinder-830087-3-smb devstack@c-api.service[116999]: DEBUG cinder.api.middleware.request_id [None req-bdd7187a-e373-4ee2-903e-9befbadd7440 None None] RequestId filter calling following filter/app {{(pid=116999) _context_setter /opt/stack/cinder/cinder/api/middleware/request_id.py:62}}
Mar 08 18:50:17.136927 dv-cinder-830087-3-smb devstack@c-api.service[116999]: INFO cinder.api.openstack.wsgi [None req-bdd7187a-e373-4ee2-903e-9befbadd7440 tempest-VolumesTransfersV355Test-456396919 tempest-VolumesTransfersV355Test-456396919-project] GET http://10.222.0.43/volume/v3/2e6c40dcaf9746858552177a8c88bdd5/volumes/cb60c705-350d-4abf-81ae-36548a61e822
Mar 08 18:50:17.139409 dv-cinder-830087-3-smb devstack@c-api.service[116998]: INFO cinder.volume.api [None req-92e91689-556e-4478-8597-96c175dcca68 tempest-VolumesImageMetadata-1107039073 tempest-VolumesImageMetadata-1107039073-project] Volume info retrieved successfully.
Mar 08 18:50:17.139542 dv-cinder-830087-3-smb devstack@c-api.service[116999]: DEBUG cinder.api.openstack.wsgi [None req-bdd7187a-e373-4ee2-903e-9befbadd7440 tempest-VolumesTransfersV355Test-456396919 tempest-VolumesTransfersV355Test-456396919-project] Empty body provided in request {{(pid=116999) get_body /opt/stack/cinder/cinder/api/openstack/wsgi.py:715}}
Mar 08 18:50:17.139542 dv-cinder-830087-3-smb devstack@c-api.service[116999]: DEBUG cinder.api.openstack.wsgi [None req-bdd7187a-e373-4ee2-903e-9befbadd7440 tempest-VolumesTransfersV355Test-456396919 tempest-VolumesTransfersV355Test-456396919-project] Calling method 'show' {{(pid=116999) _process_stack /opt/stack/cinder/cinder/api/openstack/wsgi.py:868}}
Mar 08 18:50:17.155211 dv-cinder-830087-3-smb devstack@c-api.service[116998]: INFO cinder.api.openstack.wsgi [None req-92e91689-556e-4478-8597-96c175dcca68 tempest-VolumesImageMetadata-1107039073 tempest-VolumesImageMetadata-1107039073-project] http://10.222.0.43/volume/v3/4be8d286430140c3818650347064f8f2/volumes/6c657435-3dc9-4bd7-87c1-7ed6a49a8f1a returned with HTTP 200
Mar 08 18:50:17.157025 dv-cinder-830087-3-smb devstack@c-api.service[116998]: [pid: 116998|app: 0|req: 177/374] 10.222.0.43 () {58 vars in 1324 bytes} [Tue Mar 8 18:50:17 2022] GET /volume/v3/4be8d286430140c3818650347064f8f2/volumes/6c657435-3dc9-4bd7-87c1-7ed6a49a8f1a => generated 912 bytes in 66 msecs (HTTP/1.1 200) 7 headers in 285 bytes (2 switches on core 0)
Mar 08 18:50:17.159945 dv-cinder-830087-3-smb devstack@c-api.service[116999]: /usr/local/lib/python3.8/dist-packages/oslo_context/context.py:100: DeprecationWarning: Policy enforcement is depending on the value of is_admin. This key is deprecated. Please update your policy file to use the standard policy values.
Mar 08 18:50:17.159945 dv-cinder-830087-3-smb devstack@c-api.service[116999]: warnings.warn('Policy enforcement is depending on the value of '
Mar 08 18:50:17.180896 dv-cinder-830087-3-smb devstack@c-api.service[116999]: INFO cinder.volume.api [None req-bdd7187a-e373-4ee2-903e-9befbadd7440 tempest-VolumesTransfersV355Test-456396919 tempest-VolumesTransfersV355Test-456396919-project] Volume info retrieved successfully.
Mar 08 18:50:17.191474 dv-cinder-830087-3-smb devstack@c-api.service[116999]: INFO cinder.api.openstack.wsgi [None req-bdd7187a-e373-4ee2-903e-9befbadd7440 tempest-VolumesTransfersV355Test-456396919 tempest-VolumesTransfersV355Test-456396919-project] http://10.222.0.43/volume/v3/2e6c40dcaf9746858552177a8c88bdd5/volumes/cb60c705-350d-4abf-81ae-36548a61e822 returned with HTTP 200
Mar 08 18:50:17.192832 dv-cinder-830087-3-smb devstack@c-api.service[116999]: [pid: 116999|app: 0|req: 198/375] 10.222.0.43 () {60 vars in 1365 bytes} [Tue Mar 8 18:50:17 2022] GET /volume/v3/2e6c40dcaf9746858552177a8c88bdd5/volumes/cb60c705-350d-4abf-81ae-36548a61e822 => generated 978 bytes in 67 msecs (HTTP/1.1 200) 7 headers in 286 bytes (1 switches on core 0)
Mar 08 18:50:17.980825 dv-cinder-830087-3-smb devstack@c-api.service[116998]: DEBUG cinder.api.middleware.request_id [None req-01d3b051-6813-4a5f-99ec-5157762ed75a None None] RequestId filter calling following filter/app {{(pid=116998) _context_setter /opt/stack/cinder/cinder/api/middleware/request_id.py:62}}
Mar 08 18:50:17.987945 dv-cinder-830087-3-smb devstack@c-api.service[116998]: INFO cinder.api.openstack.wsgi [None req-01d3b051-6813-4a5f-99ec-5157762ed75a tempest-VolumeQuotasAdminTestJSON-562862336 tempest-VolumeQuotasAdminTestJSON-562862336-project-admin] GET http://10.222.0.43/volume/v3/69534e7167aa475baa9490dbc4945a2d/volumes/1aff9750-d775-4632-9980-511fbe9c6497
Mar 08 18:50:17.988389 dv-cinder-830087-3-smb devstack@c-api.service[116998]: DEBUG cinder.api.openstack.wsgi [None req-01d3b051-6813-4a5f-99ec-5157762ed75a tempest-VolumeQuotasAdminTestJSON-562862336 tempest-VolumeQuotasAdminTestJSON-562862336-project-admin] Empty body provided in request {{(pid=116998) get_body /opt/stack/cinder/cinder/api/openstack/wsgi.py:715}}
